{"id":98659,"date":"2024-04-29T15:15:40","date_gmt":"2024-04-29T13:15:40","guid":{"rendered":"https:\/\/letrame.com\/catalogo\/producto\/el-mecanismo-ripperton\/"},"modified":"2024-04-29T15:15:46","modified_gmt":"2024-04-29T13:15:46","slug":"el-mecanismo-ripperton","status":"publish","type":"product","link":"https:\/\/letrame.com\/catalogo\/producto\/el-mecanismo-ripperton\/","title":{"rendered":"El mecanismo Ripperton"},"content":{"rendered":"<p><strong>ISBN<\/strong>: 978-84-1144-675-4<\/p>\n<p><strong>T\u00edtulo<\/strong>: El mecanismo Ripperton<br \/>\n<strong>Fecha<\/strong>: 2023<br \/>\n<strong>P\u00e1ginas<\/strong>: 408<\/p>\n<p><strong>SINOPSIS<\/strong><\/p>\n<p>El encuentro fortuito con un amor plat\u00f3nico de su juventud, tras veinte a\u00f1os de silencio y olvido, activar\u00e1 en Montesinos la evocaci\u00f3n de una \u00e9poca que, bajo la precisa perspectiva del tiempo y la experiencia, comenzar\u00e1 a mostrar las verdaderas fisuras de un orden que supon\u00eda inalterable. El hecho lo llevar\u00e1 a replantearse el mito que represent\u00f3 Emma, y con \u00e9l la validez de todo su mundo: el campo donde aplicar el sistema defensivo propiciado por el mecanismo Ripperton.<\/p>\n<p>Con la original estructura de una tesis en cuatro tiempos, la novela aborda, a trav\u00e9s de tres relaciones sentimentales, otras tantas manifestaciones del amor sensual: el amor idealizado, el amor ponderado y el amor patol\u00f3gico. Y a trav\u00e9s de la mordacidad, el sutil sentido del humor, la profundidad, y un omnipresente sentido po\u00e9tico se van desgranando las distintas partes de esa tesis infinita que constituyen las relaciones humanas, con todas sus complejas implicaciones.<\/p>\n","protected":false},"excerpt":{"rendered":"<p><strong>ISBN<\/strong>: 978-84-1144-675-4<\/p>\n<p><strong>SINOPSIS<\/strong><\/p>\n<p>El encuentro fortuito con un amor plat\u00f3nico de su juventud, tras veinte a\u00f1os de silencio y olvido, activar\u00e1 en Montesinos la evocaci\u00f3n de una \u00e9poca que, bajo la precisa perspectiva del tiempo y la experiencia, comenzar\u00e1 a mostrar las verdaderas fisuras de un orden que supon\u00eda inalterable. El hecho lo llevar\u00e1 a replantearse el mito que represent\u00f3 Emma, y con \u00e9l la validez de todo su mundo: el campo donde aplicar el sistema defensivo propiciado por el mecanismo Ripperton.<\/p>\n<p>Con la original estructura de una tesis en cuatro tiempos, la novela aborda, a trav\u00e9s de tres relaciones sentimentales, otras tantas manifestaciones del amor sensual: el amor idealizado, el amor ponderado y el amor patol\u00f3gico. Y a trav\u00e9s de la mordacidad, el sutil sentido del humor, la profundidad, y un omnipresente sentido po\u00e9tico se van desgranando las distintas partes de esa tesis infinita que constituyen las relaciones humanas, con todas sus complejas implicaciones.<\/p>\n","protected":false},"featured_media":98660,"comment_status":"closed","ping_status":"open","template":"","meta":{"_acf_changed":false},"libro":[],"product_brand":[],"product_cat":[16],"product_tag":[],"class_list":{"0":"post-98659","1":"product","2":"type-product","3":"status-publish","4":"has-post-thumbnail","6":"product_cat-novela","8":"first","9":"instock","10":"product-type-simple"},"acf":{"autor":[76233],"enlace_de_compra":"https:\/\/www.amazon.es\/El-mecanismo-Ripperton-1-Novela\/dp\/8411446751\/"},"yoast_head":"<!-- This site is optimized with the Yoast SEO plugin v27.4 - https:\/\/yoast.com\/product\/yoast-seo-wordpress\/ -->\n<title>El mecanismo Ripperton - Catalogo | Letrame Grupo Editorial<\/title>\n<meta name=\"robots\" content=\"index, follow, max-snippet:-1, max-image-preview:large, max-video-preview:-1\" \/>\n<link rel=\"canonical\" href=\"https:\/\/letrame.com\/catalogo\/producto\/el-mecanismo-ripperton\/\" \/>\n<meta property=\"og:locale\" content=\"es_ES\" \/>\n<meta property=\"og:type\" content=\"article\" \/>\n<meta property=\"og:title\" content=\"El mecanismo Ripperton - Catalogo | Letrame Grupo Editorial\" \/>\n<meta property=\"og:description\" content=\"ISBN: 978-84-1144-675-4 SINOPSIS El encuentro fortuito con un amor plat\u00f3nico de su juventud, tras veinte a\u00f1os de silencio y olvido, activar\u00e1 en Montesinos la evocaci\u00f3n de una \u00e9poca que, bajo la precisa perspectiva del tiempo y la experiencia, comenzar\u00e1 a mostrar las verdaderas fisuras de un orden que supon\u00eda inalterable. El hecho lo llevar\u00e1 a replantearse el mito que represent\u00f3 Emma, y con \u00e9l la validez de todo su mundo: el campo donde aplicar el sistema defensivo propiciado por el mecanismo Ripperton. Con la original estructura de una tesis en cuatro tiempos, la novela aborda, a trav\u00e9s de tres relaciones sentimentales, otras tantas manifestaciones del amor sensual: el amor idealizado, el amor ponderado y el amor patol\u00f3gico. Y a trav\u00e9s de la mordacidad, el sutil sentido del humor, la profundidad, y un omnipresente sentido po\u00e9tico se van desgranando las distintas partes de esa tesis infinita que constituyen las relaciones humanas, con todas sus complejas implicaciones.\" \/>\n<meta property=\"og:url\" content=\"https:\/\/letrame.com\/catalogo\/producto\/el-mecanismo-ripperton\/\" \/>\n<meta property=\"og:site_name\" content=\"Catalogo | Letrame Grupo Editorial\" \/>\n<meta property=\"article:modified_time\" content=\"2024-04-29T13:15:46+00:00\" \/>\n<meta property=\"og:image\" content=\"https:\/\/letrame.com\/catalogo\/wp-content\/uploads\/2024\/04\/reduportadaelmecanismo_1989mm-compressed.jpg\" \/>\n\t<meta property=\"og:image:width\" content=\"601\" \/>\n\t<meta property=\"og:image:height\" content=\"881\" \/>\n\t<meta property=\"og:image:type\" content=\"image\/jpeg\" \/>\n<meta name=\"twitter:card\" content=\"summary_large_image\" \/>\n<meta name=\"twitter:label1\" content=\"Tiempo de lectura\" \/>\n\t<meta name=\"twitter:data1\" content=\"1 minuto\" \/>\n<script type=\"application\/ld+json\" class=\"yoast-schema-graph\">{\"@context\":\"https:\\\/\\\/schema.org\",\"@graph\":[{\"@type\":\"WebPage\",\"@id\":\"https:\\\/\\\/letrame.com\\\/catalogo\\\/producto\\\/el-mecanismo-ripperton\\\/\",\"url\":\"https:\\\/\\\/letrame.com\\\/catalogo\\\/producto\\\/el-mecanismo-ripperton\\\/\",\"name\":\"El mecanismo Ripperton - Catalogo | Letrame Grupo Editorial\",\"isPartOf\":{\"@id\":\"https:\\\/\\\/letrame.com\\\/catalogo\\\/#website\"},\"primaryImageOfPage\":{\"@id\":\"https:\\\/\\\/letrame.com\\\/catalogo\\\/producto\\\/el-mecanismo-ripperton\\\/#primaryimage\"},\"image\":{\"@id\":\"https:\\\/\\\/letrame.com\\\/catalogo\\\/producto\\\/el-mecanismo-ripperton\\\/#primaryimage\"},\"thumbnailUrl\":\"https:\\\/\\\/letrame.com\\\/catalogo\\\/wp-content\\\/uploads\\\/2024\\\/04\\\/reduportadaelmecanismo_1989mm-compressed.jpg\",\"datePublished\":\"2024-04-29T13:15:40+00:00\",\"dateModified\":\"2024-04-29T13:15:46+00:00\",\"breadcrumb\":{\"@id\":\"https:\\\/\\\/letrame.com\\\/catalogo\\\/producto\\\/el-mecanismo-ripperton\\\/#breadcrumb\"},\"inLanguage\":\"es\",\"potentialAction\":[{\"@type\":\"ReadAction\",\"target\":[\"https:\\\/\\\/letrame.com\\\/catalogo\\\/producto\\\/el-mecanismo-ripperton\\\/\"]}]},{\"@type\":\"ImageObject\",\"inLanguage\":\"es\",\"@id\":\"https:\\\/\\\/letrame.com\\\/catalogo\\\/producto\\\/el-mecanismo-ripperton\\\/#primaryimage\",\"url\":\"https:\\\/\\\/letrame.com\\\/catalogo\\\/wp-content\\\/uploads\\\/2024\\\/04\\\/reduportadaelmecanismo_1989mm-compressed.jpg\",\"contentUrl\":\"https:\\\/\\\/letrame.com\\\/catalogo\\\/wp-content\\\/uploads\\\/2024\\\/04\\\/reduportadaelmecanismo_1989mm-compressed.jpg\",\"width\":601,\"height\":881},{\"@type\":\"BreadcrumbList\",\"@id\":\"https:\\\/\\\/letrame.com\\\/catalogo\\\/producto\\\/el-mecanismo-ripperton\\\/#breadcrumb\",\"itemListElement\":[{\"@type\":\"ListItem\",\"position\":1,\"name\":\"Portada\",\"item\":\"https:\\\/\\\/letrame.com\\\/catalogo\\\/\"},{\"@type\":\"ListItem\",\"position\":2,\"name\":\"Cat\u00e1logo\",\"item\":\"https:\\\/\\\/letrame.com\\\/catalogo\\\/\"},{\"@type\":\"ListItem\",\"position\":3,\"name\":\"El mecanismo Ripperton\"}]},{\"@type\":\"WebSite\",\"@id\":\"https:\\\/\\\/letrame.com\\\/catalogo\\\/#website\",\"url\":\"https:\\\/\\\/letrame.com\\\/catalogo\\\/\",\"name\":\"Catalogo | Letrame Grupo Editorial\",\"description\":\"\",\"publisher\":{\"@id\":\"https:\\\/\\\/letrame.com\\\/catalogo\\\/#organization\"},\"potentialAction\":[{\"@type\":\"SearchAction\",\"target\":{\"@type\":\"EntryPoint\",\"urlTemplate\":\"https:\\\/\\\/letrame.com\\\/catalogo\\\/?s={search_term_string}\"},\"query-input\":{\"@type\":\"PropertyValueSpecification\",\"valueRequired\":true,\"valueName\":\"search_term_string\"}}],\"inLanguage\":\"es\"},{\"@type\":\"Organization\",\"@id\":\"https:\\\/\\\/letrame.com\\\/catalogo\\\/#organization\",\"name\":\"Catalogo | Letrame Grupo Editorial\",\"url\":\"https:\\\/\\\/letrame.com\\\/catalogo\\\/\",\"logo\":{\"@type\":\"ImageObject\",\"inLanguage\":\"es\",\"@id\":\"https:\\\/\\\/letrame.com\\\/catalogo\\\/#\\\/schema\\\/logo\\\/image\\\/\",\"url\":\"https:\\\/\\\/letrame.com\\\/catalogo\\\/wp-content\\\/uploads\\\/2024\\\/03\\\/logo2.webp\",\"contentUrl\":\"https:\\\/\\\/letrame.com\\\/catalogo\\\/wp-content\\\/uploads\\\/2024\\\/03\\\/logo2.webp\",\"width\":394,\"height\":128,\"caption\":\"Catalogo | Letrame Grupo Editorial\"},\"image\":{\"@id\":\"https:\\\/\\\/letrame.com\\\/catalogo\\\/#\\\/schema\\\/logo\\\/image\\\/\"}}]}<\/script>\n<!-- \/ Yoast SEO plugin. -->","yoast_head_json":{"title":"El mecanismo Ripperton - Catalogo | Letrame Grupo Editorial","robots":{"index":"index","follow":"follow","max-snippet":"max-snippet:-1","max-image-preview":"max-image-preview:large","max-video-preview":"max-video-preview:-1"},"canonical":"https:\/\/letrame.com\/catalogo\/producto\/el-mecanismo-ripperton\/","og_locale":"es_ES","og_type":"article","og_title":"El mecanismo Ripperton - Catalogo | Letrame Grupo Editorial","og_description":"ISBN: 978-84-1144-675-4 SINOPSIS El encuentro fortuito con un amor plat\u00f3nico de su juventud, tras veinte a\u00f1os de silencio y olvido, activar\u00e1 en Montesinos la evocaci\u00f3n de una \u00e9poca que, bajo la precisa perspectiva del tiempo y la experiencia, comenzar\u00e1 a mostrar las verdaderas fisuras de un orden que supon\u00eda inalterable. El hecho lo llevar\u00e1 a replantearse el mito que represent\u00f3 Emma, y con \u00e9l la validez de todo su mundo: el campo donde aplicar el sistema defensivo propiciado por el mecanismo Ripperton. Con la original estructura de una tesis en cuatro tiempos, la novela aborda, a trav\u00e9s de tres relaciones sentimentales, otras tantas manifestaciones del amor sensual: el amor idealizado, el amor ponderado y el amor patol\u00f3gico. Y a trav\u00e9s de la mordacidad, el sutil sentido del humor, la profundidad, y un omnipresente sentido po\u00e9tico se van desgranando las distintas partes de esa tesis infinita que constituyen las relaciones humanas, con todas sus complejas implicaciones.","og_url":"https:\/\/letrame.com\/catalogo\/producto\/el-mecanismo-ripperton\/","og_site_name":"Catalogo | Letrame Grupo Editorial","article_modified_time":"2024-04-29T13:15:46+00:00","og_image":[{"width":601,"height":881,"url":"https:\/\/letrame.com\/catalogo\/wp-content\/uploads\/2024\/04\/reduportadaelmecanismo_1989mm-compressed.jpg","type":"image\/jpeg"}],"twitter_card":"summary_large_image","twitter_misc":{"Tiempo de lectura":"1 minuto"},"schema":{"@context":"https:\/\/schema.org","@graph":[{"@type":"WebPage","@id":"https:\/\/letrame.com\/catalogo\/producto\/el-mecanismo-ripperton\/","url":"https:\/\/letrame.com\/catalogo\/producto\/el-mecanismo-ripperton\/","name":"El mecanismo Ripperton - Catalogo | Letrame Grupo Editorial","isPartOf":{"@id":"https:\/\/letrame.com\/catalogo\/#website"},"primaryImageOfPage":{"@id":"https:\/\/letrame.com\/catalogo\/producto\/el-mecanismo-ripperton\/#primaryimage"},"image":{"@id":"https:\/\/letrame.com\/catalogo\/producto\/el-mecanismo-ripperton\/#primaryimage"},"thumbnailUrl":"https:\/\/letrame.com\/catalogo\/wp-content\/uploads\/2024\/04\/reduportadaelmecanismo_1989mm-compressed.jpg","datePublished":"2024-04-29T13:15:40+00:00","dateModified":"2024-04-29T13:15:46+00:00","breadcrumb":{"@id":"https:\/\/letrame.com\/catalogo\/producto\/el-mecanismo-ripperton\/#breadcrumb"},"inLanguage":"es","potentialAction":[{"@type":"ReadAction","target":["https:\/\/letrame.com\/catalogo\/producto\/el-mecanismo-ripperton\/"]}]},{"@type":"ImageObject","inLanguage":"es","@id":"https:\/\/letrame.com\/catalogo\/producto\/el-mecanismo-ripperton\/#primaryimage","url":"https:\/\/letrame.com\/catalogo\/wp-content\/uploads\/2024\/04\/reduportadaelmecanismo_1989mm-compressed.jpg","contentUrl":"https:\/\/letrame.com\/catalogo\/wp-content\/uploads\/2024\/04\/reduportadaelmecanismo_1989mm-compressed.jpg","width":601,"height":881},{"@type":"BreadcrumbList","@id":"https:\/\/letrame.com\/catalogo\/producto\/el-mecanismo-ripperton\/#breadcrumb","itemListElement":[{"@type":"ListItem","position":1,"name":"Portada","item":"https:\/\/letrame.com\/catalogo\/"},{"@type":"ListItem","position":2,"name":"Cat\u00e1logo","item":"https:\/\/letrame.com\/catalogo\/"},{"@type":"ListItem","position":3,"name":"El mecanismo Ripperton"}]},{"@type":"WebSite","@id":"https:\/\/letrame.com\/catalogo\/#website","url":"https:\/\/letrame.com\/catalogo\/","name":"Catalogo | Letrame Grupo Editorial","description":"","publisher":{"@id":"https:\/\/letrame.com\/catalogo\/#organization"},"potentialAction":[{"@type":"SearchAction","target":{"@type":"EntryPoint","urlTemplate":"https:\/\/letrame.com\/catalogo\/?s={search_term_string}"},"query-input":{"@type":"PropertyValueSpecification","valueRequired":true,"valueName":"search_term_string"}}],"inLanguage":"es"},{"@type":"Organization","@id":"https:\/\/letrame.com\/catalogo\/#organization","name":"Catalogo | Letrame Grupo Editorial","url":"https:\/\/letrame.com\/catalogo\/","logo":{"@type":"ImageObject","inLanguage":"es","@id":"https:\/\/letrame.com\/catalogo\/#\/schema\/logo\/image\/","url":"https:\/\/letrame.com\/catalogo\/wp-content\/uploads\/2024\/03\/logo2.webp","contentUrl":"https:\/\/letrame.com\/catalogo\/wp-content\/uploads\/2024\/03\/logo2.webp","width":394,"height":128,"caption":"Catalogo | Letrame Grupo Editorial"},"image":{"@id":"https:\/\/letrame.com\/catalogo\/#\/schema\/logo\/image\/"}}]}},"_links":{"self":[{"href":"https:\/\/letrame.com\/catalogo\/wp-json\/wp\/v2\/product\/98659","targetHints":{"allow":["GET"]}}],"collection":[{"href":"https:\/\/letrame.com\/catalogo\/wp-json\/wp\/v2\/product"}],"about":[{"href":"https:\/\/letrame.com\/catalogo\/wp-json\/wp\/v2\/types\/product"}],"replies":[{"embeddable":true,"href":"https:\/\/letrame.com\/catalogo\/wp-json\/wp\/v2\/comments?post=98659"}],"acf:post":[{"embeddable":true,"href":"https:\/\/letrame.com\/catalogo\/wp-json\/wp\/v2\/author_book\/76233"}],"wp:featuredmedia":[{"embeddable":true,"href":"https:\/\/letrame.com\/catalogo\/wp-json\/wp\/v2\/media\/98660"}],"wp:attachment":[{"href":"https:\/\/letrame.com\/catalogo\/wp-json\/wp\/v2\/media?parent=98659"}],"wp:term":[{"taxonomy":"libro","embeddable":true,"href":"https:\/\/letrame.com\/catalogo\/wp-json\/wp\/v2\/libro?post=98659"},{"taxonomy":"product_brand","embeddable":true,"href":"https:\/\/letrame.com\/catalogo\/wp-json\/wp\/v2\/product_brand?post=98659"},{"taxonomy":"product_cat","embeddable":true,"href":"https:\/\/letrame.com\/catalogo\/wp-json\/wp\/v2\/product_cat?post=98659"},{"taxonomy":"product_tag","embeddable":true,"href":"https:\/\/letrame.com\/catalogo\/wp-json\/wp\/v2\/product_tag?post=98659"}],"curies":[{"name":"wp","href":"https:\/\/api.w.org\/{rel}","templated":true}]}}