{"id":98649,"date":"2024-04-29T15:15:30","date_gmt":"2024-04-29T13:15:30","guid":{"rendered":"https:\/\/letrame.com\/catalogo\/producto\/sanacion-energetica-multiple\/"},"modified":"2024-04-29T15:15:30","modified_gmt":"2024-04-29T13:15:30","slug":"sanacion-energetica-multiple","status":"publish","type":"product","link":"https:\/\/letrame.com\/catalogo\/producto\/sanacion-energetica-multiple\/","title":{"rendered":"Sanaci\u00f3n energ\u00e9tica m\u00faltiple"},"content":{"rendered":"<p><strong>ISBN<\/strong>: 978-84-1144-608-2<\/p>\n<p><strong>T\u00edtulo<\/strong>: Sanaci\u00f3n energ\u00e9tica m\u00faltiple<br \/>\n<strong>Fecha<\/strong>: 2022<br \/>\n<strong>P\u00e1ginas<\/strong>: 170<\/p>\n<p><strong>SINOPSIS<\/strong><\/p>\n<p>Este libro comienza con la narraci\u00f3n de una vida a la vez sencilla y extraordinaria: la vida de su autora, Fulvia Mart\u00ednez, quien desde su ni\u00f1ez vislumbr\u00f3 la que ser\u00eda su misi\u00f3n terap\u00e9utica en la vida adulta, a trav\u00e9s de los juegos infantiles y la auto sanaci\u00f3n de los dolores que le dejaban los fuertes castigos f\u00edsicos que recib\u00eda tanto en la escuela, como en el hogar. Al exponer su vida en m\u00faltiples dimensiones: ni\u00f1a, adolescente, madre precoz, estudiante, actriz, docente, terapeuta y servidora, Mart\u00ednez lleva de la mano al lector para que descubra c\u00f3mo las piezas se van juntando de manera coherente, hasta evidenciar el v\u00ednculo entre los mundos espirituales y la existencia terrenal.<\/p>\n<p>A lo largo del libro resulta asombroso ver c\u00f3mo cada experiencia dolorosa, traum\u00e1tica o feliz, hace parte de un camino que desemboca en el servicio a la humanidad, desde la misi\u00f3n terap\u00e9utica. Despu\u00e9s del relato de sus experiencias personales, Fulvia Mart\u00ednez nos muestra el valor del servicio y los sucesos maravillosos que est\u00e1n al alcance de los seres humanos que se enfocan en su crecimiento personal: la transformaci\u00f3n de comunidades, el regreso del agua a un lago seco y muchas m\u00e1s vivencias con la Fundaci\u00f3n Sendero de Luz.<\/p>\n<p>El rico relato de la experiencia vital y del proceso espiritual que la acompa\u00f1a, da paso a la amplia obra terap\u00e9utica de la autora y presenta su novedosa t\u00e9cnica de Sanaci\u00f3n Energ\u00e9tica M\u00faltiple, que recibi\u00f3 directamente de su maestro espiritual a trav\u00e9s de los sue\u00f1os y es punto de llegada de m\u00e1s de treinta a\u00f1os de experiencia terap\u00e9utica y espiritual.<\/p>\n<p>Si los primeros cap\u00edtulos llevan a los lectores de asombro en asombro, es fascinante acercarse, as\u00ed sea tan solo un poco, al proceso de formaci\u00f3n que permite, a quienes cursan los respectivos talleres, prepararse\u00a0 para ser canal de sanaci\u00f3n en esta t\u00e9cnica terap\u00e9utica; un proceso que arranca desde el inicio milagroso de cada vida, el reconocimiento de las circunstancias que lo rodean, pasa por la creaci\u00f3n de nuevas realidades, desemboca en la capacidad de construir como alquimistas y culmina con la activaci\u00f3n de puntos energ\u00e9ticos.<\/p>\n<p>&nbsp;<\/p>\n<p>&nbsp;<\/p>\n","protected":false},"excerpt":{"rendered":"<p><strong>ISBN<\/strong>: 978-84-1144-608-2<\/p>\n<p><strong>SINOPSIS<\/strong><\/p>\n<p>Este libro comienza con la narraci\u00f3n de una vida a la vez sencilla y extraordinaria: la vida de su autora, Fulvia Mart\u00ednez, quien desde su ni\u00f1ez vislumbr\u00f3 la que ser\u00eda su misi\u00f3n terap\u00e9utica en la vida adulta, a trav\u00e9s de los juegos infantiles y la auto sanaci\u00f3n de los dolores que le dejaban los fuertes castigos f\u00edsicos que recib\u00eda tanto en la escuela, como en el hogar. Al exponer su vida en m\u00faltiples dimensiones: ni\u00f1a, adolescente, madre precoz, estudiante, actriz, docente, terapeuta y servidora, Mart\u00ednez lleva de la mano al lector para que descubra c\u00f3mo las piezas se van juntando de manera coherente, hasta evidenciar el v\u00ednculo entre los mundos espirituales y la existencia terrenal.<\/p>\n<p>A lo largo del libro resulta asombroso ver c\u00f3mo cada experiencia dolorosa, traum\u00e1tica o feliz, hace parte de un camino que desemboca en el servicio a la humanidad, desde la misi\u00f3n terap\u00e9utica. Despu\u00e9s del relato de sus experiencias personales, Fulvia Mart\u00ednez nos muestra el valor del servicio y los sucesos maravillosos que est\u00e1n al alcance de los seres humanos que se enfocan en su crecimiento personal: la transformaci\u00f3n de comunidades, el regreso del agua a un lago seco y muchas m\u00e1s vivencias con la Fundaci\u00f3n Sendero de Luz.<\/p>\n<p>El rico relato de la experiencia vital y del proceso espiritual que la acompa\u00f1a, da paso a la amplia obra terap\u00e9utica de la autora y presenta su novedosa t\u00e9cnica de Sanaci\u00f3n Energ\u00e9tica M\u00faltiple, que recibi\u00f3 directamente de su maestro espiritual a trav\u00e9s de los sue\u00f1os y es punto de llegada de m\u00e1s de treinta a\u00f1os de experiencia terap\u00e9utica y espiritual.<\/p>\n<p>Si los primeros cap\u00edtulos llevan a los lectores de asombro en asombro, es fascinante acercarse, as\u00ed sea tan solo un poco, al proceso de formaci\u00f3n que permite, a quienes cursan los respectivos talleres, prepararse\u00a0 para ser canal de sanaci\u00f3n en esta t\u00e9cnica terap\u00e9utica; un proceso que arranca desde el inicio milagroso de cada vida, el reconocimiento de las circunstancias que lo rodean, pasa por la creaci\u00f3n de nuevas realidades, desemboca en la capacidad de construir como alquimistas y culmina con la activaci\u00f3n de puntos energ\u00e9ticos.<\/p>\n<p>&nbsp;<\/p>\n<p>&nbsp;<\/p>\n","protected":false},"featured_media":98650,"comment_status":"closed","ping_status":"open","template":"","meta":{"_acf_changed":false},"libro":[],"product_brand":[],"product_cat":[26],"product_tag":[],"class_list":{"0":"post-98649","1":"product","2":"type-product","3":"status-publish","4":"has-post-thumbnail","6":"product_cat-sin-categoria","8":"first","9":"instock","10":"product-type-simple"},"acf":{"autor":[77088],"enlace_de_compra":""},"yoast_head":"<!-- This site is optimized with the Yoast SEO plugin v27.4 - https:\/\/yoast.com\/product\/yoast-seo-wordpress\/ -->\n<title>Sanaci\u00f3n energ\u00e9tica m\u00faltiple - Catalogo | Letrame Grupo Editorial<\/title>\n<meta name=\"robots\" content=\"index, follow, max-snippet:-1, max-image-preview:large, max-video-preview:-1\" \/>\n<link rel=\"canonical\" href=\"https:\/\/letrame.com\/catalogo\/producto\/sanacion-energetica-multiple\/\" \/>\n<meta property=\"og:locale\" content=\"es_ES\" \/>\n<meta property=\"og:type\" content=\"article\" \/>\n<meta property=\"og:title\" content=\"Sanaci\u00f3n energ\u00e9tica m\u00faltiple - Catalogo | Letrame Grupo Editorial\" \/>\n<meta property=\"og:description\" content=\"ISBN: 978-84-1144-608-2 SINOPSIS Este libro comienza con la narraci\u00f3n de una vida a la vez sencilla y extraordinaria: la vida de su autora, Fulvia Mart\u00ednez, quien desde su ni\u00f1ez vislumbr\u00f3 la que ser\u00eda su misi\u00f3n terap\u00e9utica en la vida adulta, a trav\u00e9s de los juegos infantiles y la auto sanaci\u00f3n de los dolores que le dejaban los fuertes castigos f\u00edsicos que recib\u00eda tanto en la escuela, como en el hogar. Al exponer su vida en m\u00faltiples dimensiones: ni\u00f1a, adolescente, madre precoz, estudiante, actriz, docente, terapeuta y servidora, Mart\u00ednez lleva de la mano al lector para que descubra c\u00f3mo las piezas se van juntando de manera coherente, hasta evidenciar el v\u00ednculo entre los mundos espirituales y la existencia terrenal. A lo largo del libro resulta asombroso ver c\u00f3mo cada experiencia dolorosa, traum\u00e1tica o feliz, hace parte de un camino que desemboca en el servicio a la humanidad, desde la misi\u00f3n terap\u00e9utica. Despu\u00e9s del relato de sus experiencias personales, Fulvia Mart\u00ednez nos muestra el valor del servicio y los sucesos maravillosos que est\u00e1n al alcance de los seres humanos que se enfocan en su crecimiento personal: la transformaci\u00f3n de comunidades, el regreso del agua a un lago seco y muchas m\u00e1s vivencias con la Fundaci\u00f3n Sendero de Luz. El rico relato de la experiencia vital y del proceso espiritual que la acompa\u00f1a, da paso a la amplia obra terap\u00e9utica de la autora y presenta su novedosa t\u00e9cnica de Sanaci\u00f3n Energ\u00e9tica M\u00faltiple, que recibi\u00f3 directamente de su maestro espiritual a trav\u00e9s de los sue\u00f1os y es punto de llegada de m\u00e1s de treinta a\u00f1os de experiencia terap\u00e9utica y espiritual. Si los primeros cap\u00edtulos llevan a los lectores de asombro en asombro, es fascinante acercarse, as\u00ed sea tan solo un poco, al proceso de formaci\u00f3n que permite, a quienes cursan los respectivos talleres, prepararse\u00a0 para ser canal de sanaci\u00f3n en esta t\u00e9cnica terap\u00e9utica; un proceso que arranca desde el inicio milagroso de cada vida, el reconocimiento de las circunstancias que lo rodean, pasa por la creaci\u00f3n de nuevas realidades, desemboca en la capacidad de construir como alquimistas y culmina con la activaci\u00f3n de puntos energ\u00e9ticos. &nbsp; &nbsp;\" \/>\n<meta property=\"og:url\" content=\"https:\/\/letrame.com\/catalogo\/producto\/sanacion-energetica-multiple\/\" \/>\n<meta property=\"og:site_name\" content=\"Catalogo | Letrame Grupo Editorial\" \/>\n<meta property=\"og:image\" content=\"https:\/\/letrame.com\/catalogo\/wp-content\/uploads\/2024\/04\/web_sanacionenergetica_10mm-compressed.jpg\" \/>\n\t<meta property=\"og:image:width\" content=\"601\" \/>\n\t<meta property=\"og:image:height\" content=\"881\" \/>\n\t<meta property=\"og:image:type\" content=\"image\/jpeg\" \/>\n<meta name=\"twitter:card\" content=\"summary_large_image\" \/>\n<meta name=\"twitter:label1\" content=\"Tiempo de lectura\" \/>\n\t<meta name=\"twitter:data1\" content=\"2 minutos\" \/>\n<script type=\"application\/ld+json\" class=\"yoast-schema-graph\">{\"@context\":\"https:\\\/\\\/schema.org\",\"@graph\":[{\"@type\":\"WebPage\",\"@id\":\"https:\\\/\\\/letrame.com\\\/catalogo\\\/producto\\\/sanacion-energetica-multiple\\\/\",\"url\":\"https:\\\/\\\/letrame.com\\\/catalogo\\\/producto\\\/sanacion-energetica-multiple\\\/\",\"name\":\"Sanaci\u00f3n energ\u00e9tica m\u00faltiple - Catalogo | Letrame Grupo Editorial\",\"isPartOf\":{\"@id\":\"https:\\\/\\\/letrame.com\\\/catalogo\\\/#website\"},\"primaryImageOfPage\":{\"@id\":\"https:\\\/\\\/letrame.com\\\/catalogo\\\/producto\\\/sanacion-energetica-multiple\\\/#primaryimage\"},\"image\":{\"@id\":\"https:\\\/\\\/letrame.com\\\/catalogo\\\/producto\\\/sanacion-energetica-multiple\\\/#primaryimage\"},\"thumbnailUrl\":\"https:\\\/\\\/letrame.com\\\/catalogo\\\/wp-content\\\/uploads\\\/2024\\\/04\\\/web_sanacionenergetica_10mm-compressed.jpg\",\"datePublished\":\"2024-04-29T13:15:30+00:00\",\"breadcrumb\":{\"@id\":\"https:\\\/\\\/letrame.com\\\/catalogo\\\/producto\\\/sanacion-energetica-multiple\\\/#breadcrumb\"},\"inLanguage\":\"es\",\"potentialAction\":[{\"@type\":\"ReadAction\",\"target\":[\"https:\\\/\\\/letrame.com\\\/catalogo\\\/producto\\\/sanacion-energetica-multiple\\\/\"]}]},{\"@type\":\"ImageObject\",\"inLanguage\":\"es\",\"@id\":\"https:\\\/\\\/letrame.com\\\/catalogo\\\/producto\\\/sanacion-energetica-multiple\\\/#primaryimage\",\"url\":\"https:\\\/\\\/letrame.com\\\/catalogo\\\/wp-content\\\/uploads\\\/2024\\\/04\\\/web_sanacionenergetica_10mm-compressed.jpg\",\"contentUrl\":\"https:\\\/\\\/letrame.com\\\/catalogo\\\/wp-content\\\/uploads\\\/2024\\\/04\\\/web_sanacionenergetica_10mm-compressed.jpg\",\"width\":601,\"height\":881},{\"@type\":\"BreadcrumbList\",\"@id\":\"https:\\\/\\\/letrame.com\\\/catalogo\\\/producto\\\/sanacion-energetica-multiple\\\/#breadcrumb\",\"itemListElement\":[{\"@type\":\"ListItem\",\"position\":1,\"name\":\"Portada\",\"item\":\"https:\\\/\\\/letrame.com\\\/catalogo\\\/\"},{\"@type\":\"ListItem\",\"position\":2,\"name\":\"Cat\u00e1logo\",\"item\":\"https:\\\/\\\/letrame.com\\\/catalogo\\\/\"},{\"@type\":\"ListItem\",\"position\":3,\"name\":\"Sanaci\u00f3n energ\u00e9tica m\u00faltiple\"}]},{\"@type\":\"WebSite\",\"@id\":\"https:\\\/\\\/letrame.com\\\/catalogo\\\/#website\",\"url\":\"https:\\\/\\\/letrame.com\\\/catalogo\\\/\",\"name\":\"Catalogo | Letrame Grupo Editorial\",\"description\":\"\",\"publisher\":{\"@id\":\"https:\\\/\\\/letrame.com\\\/catalogo\\\/#organization\"},\"potentialAction\":[{\"@type\":\"SearchAction\",\"target\":{\"@type\":\"EntryPoint\",\"urlTemplate\":\"https:\\\/\\\/letrame.com\\\/catalogo\\\/?s={search_term_string}\"},\"query-input\":{\"@type\":\"PropertyValueSpecification\",\"valueRequired\":true,\"valueName\":\"search_term_string\"}}],\"inLanguage\":\"es\"},{\"@type\":\"Organization\",\"@id\":\"https:\\\/\\\/letrame.com\\\/catalogo\\\/#organization\",\"name\":\"Catalogo | Letrame Grupo Editorial\",\"url\":\"https:\\\/\\\/letrame.com\\\/catalogo\\\/\",\"logo\":{\"@type\":\"ImageObject\",\"inLanguage\":\"es\",\"@id\":\"https:\\\/\\\/letrame.com\\\/catalogo\\\/#\\\/schema\\\/logo\\\/image\\\/\",\"url\":\"https:\\\/\\\/letrame.com\\\/catalogo\\\/wp-content\\\/uploads\\\/2024\\\/03\\\/logo2.webp\",\"contentUrl\":\"https:\\\/\\\/letrame.com\\\/catalogo\\\/wp-content\\\/uploads\\\/2024\\\/03\\\/logo2.webp\",\"width\":394,\"height\":128,\"caption\":\"Catalogo | Letrame Grupo Editorial\"},\"image\":{\"@id\":\"https:\\\/\\\/letrame.com\\\/catalogo\\\/#\\\/schema\\\/logo\\\/image\\\/\"}}]}<\/script>\n<!-- \/ Yoast SEO plugin. -->","yoast_head_json":{"title":"Sanaci\u00f3n energ\u00e9tica m\u00faltiple - Catalogo | Letrame Grupo Editorial","robots":{"index":"index","follow":"follow","max-snippet":"max-snippet:-1","max-image-preview":"max-image-preview:large","max-video-preview":"max-video-preview:-1"},"canonical":"https:\/\/letrame.com\/catalogo\/producto\/sanacion-energetica-multiple\/","og_locale":"es_ES","og_type":"article","og_title":"Sanaci\u00f3n energ\u00e9tica m\u00faltiple - Catalogo | Letrame Grupo Editorial","og_description":"ISBN: 978-84-1144-608-2 SINOPSIS Este libro comienza con la narraci\u00f3n de una vida a la vez sencilla y extraordinaria: la vida de su autora, Fulvia Mart\u00ednez, quien desde su ni\u00f1ez vislumbr\u00f3 la que ser\u00eda su misi\u00f3n terap\u00e9utica en la vida adulta, a trav\u00e9s de los juegos infantiles y la auto sanaci\u00f3n de los dolores que le dejaban los fuertes castigos f\u00edsicos que recib\u00eda tanto en la escuela, como en el hogar. Al exponer su vida en m\u00faltiples dimensiones: ni\u00f1a, adolescente, madre precoz, estudiante, actriz, docente, terapeuta y servidora, Mart\u00ednez lleva de la mano al lector para que descubra c\u00f3mo las piezas se van juntando de manera coherente, hasta evidenciar el v\u00ednculo entre los mundos espirituales y la existencia terrenal. A lo largo del libro resulta asombroso ver c\u00f3mo cada experiencia dolorosa, traum\u00e1tica o feliz, hace parte de un camino que desemboca en el servicio a la humanidad, desde la misi\u00f3n terap\u00e9utica. Despu\u00e9s del relato de sus experiencias personales, Fulvia Mart\u00ednez nos muestra el valor del servicio y los sucesos maravillosos que est\u00e1n al alcance de los seres humanos que se enfocan en su crecimiento personal: la transformaci\u00f3n de comunidades, el regreso del agua a un lago seco y muchas m\u00e1s vivencias con la Fundaci\u00f3n Sendero de Luz. El rico relato de la experiencia vital y del proceso espiritual que la acompa\u00f1a, da paso a la amplia obra terap\u00e9utica de la autora y presenta su novedosa t\u00e9cnica de Sanaci\u00f3n Energ\u00e9tica M\u00faltiple, que recibi\u00f3 directamente de su maestro espiritual a trav\u00e9s de los sue\u00f1os y es punto de llegada de m\u00e1s de treinta a\u00f1os de experiencia terap\u00e9utica y espiritual. Si los primeros cap\u00edtulos llevan a los lectores de asombro en asombro, es fascinante acercarse, as\u00ed sea tan solo un poco, al proceso de formaci\u00f3n que permite, a quienes cursan los respectivos talleres, prepararse\u00a0 para ser canal de sanaci\u00f3n en esta t\u00e9cnica terap\u00e9utica; un proceso que arranca desde el inicio milagroso de cada vida, el reconocimiento de las circunstancias que lo rodean, pasa por la creaci\u00f3n de nuevas realidades, desemboca en la capacidad de construir como alquimistas y culmina con la activaci\u00f3n de puntos energ\u00e9ticos. &nbsp; &nbsp;","og_url":"https:\/\/letrame.com\/catalogo\/producto\/sanacion-energetica-multiple\/","og_site_name":"Catalogo | Letrame Grupo Editorial","og_image":[{"width":601,"height":881,"url":"https:\/\/letrame.com\/catalogo\/wp-content\/uploads\/2024\/04\/web_sanacionenergetica_10mm-compressed.jpg","type":"image\/jpeg"}],"twitter_card":"summary_large_image","twitter_misc":{"Tiempo de lectura":"2 minutos"},"schema":{"@context":"https:\/\/schema.org","@graph":[{"@type":"WebPage","@id":"https:\/\/letrame.com\/catalogo\/producto\/sanacion-energetica-multiple\/","url":"https:\/\/letrame.com\/catalogo\/producto\/sanacion-energetica-multiple\/","name":"Sanaci\u00f3n energ\u00e9tica m\u00faltiple - Catalogo | Letrame Grupo Editorial","isPartOf":{"@id":"https:\/\/letrame.com\/catalogo\/#website"},"primaryImageOfPage":{"@id":"https:\/\/letrame.com\/catalogo\/producto\/sanacion-energetica-multiple\/#primaryimage"},"image":{"@id":"https:\/\/letrame.com\/catalogo\/producto\/sanacion-energetica-multiple\/#primaryimage"},"thumbnailUrl":"https:\/\/letrame.com\/catalogo\/wp-content\/uploads\/2024\/04\/web_sanacionenergetica_10mm-compressed.jpg","datePublished":"2024-04-29T13:15:30+00:00","breadcrumb":{"@id":"https:\/\/letrame.com\/catalogo\/producto\/sanacion-energetica-multiple\/#breadcrumb"},"inLanguage":"es","potentialAction":[{"@type":"ReadAction","target":["https:\/\/letrame.com\/catalogo\/producto\/sanacion-energetica-multiple\/"]}]},{"@type":"ImageObject","inLanguage":"es","@id":"https:\/\/letrame.com\/catalogo\/producto\/sanacion-energetica-multiple\/#primaryimage","url":"https:\/\/letrame.com\/catalogo\/wp-content\/uploads\/2024\/04\/web_sanacionenergetica_10mm-compressed.jpg","contentUrl":"https:\/\/letrame.com\/catalogo\/wp-content\/uploads\/2024\/04\/web_sanacionenergetica_10mm-compressed.jpg","width":601,"height":881},{"@type":"BreadcrumbList","@id":"https:\/\/letrame.com\/catalogo\/producto\/sanacion-energetica-multiple\/#breadcrumb","itemListElement":[{"@type":"ListItem","position":1,"name":"Portada","item":"https:\/\/letrame.com\/catalogo\/"},{"@type":"ListItem","position":2,"name":"Cat\u00e1logo","item":"https:\/\/letrame.com\/catalogo\/"},{"@type":"ListItem","position":3,"name":"Sanaci\u00f3n energ\u00e9tica m\u00faltiple"}]},{"@type":"WebSite","@id":"https:\/\/letrame.com\/catalogo\/#website","url":"https:\/\/letrame.com\/catalogo\/","name":"Catalogo | Letrame Grupo Editorial","description":"","publisher":{"@id":"https:\/\/letrame.com\/catalogo\/#organization"},"potentialAction":[{"@type":"SearchAction","target":{"@type":"EntryPoint","urlTemplate":"https:\/\/letrame.com\/catalogo\/?s={search_term_string}"},"query-input":{"@type":"PropertyValueSpecification","valueRequired":true,"valueName":"search_term_string"}}],"inLanguage":"es"},{"@type":"Organization","@id":"https:\/\/letrame.com\/catalogo\/#organization","name":"Catalogo | Letrame Grupo Editorial","url":"https:\/\/letrame.com\/catalogo\/","logo":{"@type":"ImageObject","inLanguage":"es","@id":"https:\/\/letrame.com\/catalogo\/#\/schema\/logo\/image\/","url":"https:\/\/letrame.com\/catalogo\/wp-content\/uploads\/2024\/03\/logo2.webp","contentUrl":"https:\/\/letrame.com\/catalogo\/wp-content\/uploads\/2024\/03\/logo2.webp","width":394,"height":128,"caption":"Catalogo | Letrame Grupo Editorial"},"image":{"@id":"https:\/\/letrame.com\/catalogo\/#\/schema\/logo\/image\/"}}]}},"_links":{"self":[{"href":"https:\/\/letrame.com\/catalogo\/wp-json\/wp\/v2\/product\/98649","targetHints":{"allow":["GET"]}}],"collection":[{"href":"https:\/\/letrame.com\/catalogo\/wp-json\/wp\/v2\/product"}],"about":[{"href":"https:\/\/letrame.com\/catalogo\/wp-json\/wp\/v2\/types\/product"}],"replies":[{"embeddable":true,"href":"https:\/\/letrame.com\/catalogo\/wp-json\/wp\/v2\/comments?post=98649"}],"acf:post":[{"embeddable":true,"href":"https:\/\/letrame.com\/catalogo\/wp-json\/wp\/v2\/author_book\/77088"}],"wp:featuredmedia":[{"embeddable":true,"href":"https:\/\/letrame.com\/catalogo\/wp-json\/wp\/v2\/media\/98650"}],"wp:attachment":[{"href":"https:\/\/letrame.com\/catalogo\/wp-json\/wp\/v2\/media?parent=98649"}],"wp:term":[{"taxonomy":"libro","embeddable":true,"href":"https:\/\/letrame.com\/catalogo\/wp-json\/wp\/v2\/libro?post=98649"},{"taxonomy":"product_brand","embeddable":true,"href":"https:\/\/letrame.com\/catalogo\/wp-json\/wp\/v2\/product_brand?post=98649"},{"taxonomy":"product_cat","embeddable":true,"href":"https:\/\/letrame.com\/catalogo\/wp-json\/wp\/v2\/product_cat?post=98649"},{"taxonomy":"product_tag","embeddable":true,"href":"https:\/\/letrame.com\/catalogo\/wp-json\/wp\/v2\/product_tag?post=98649"}],"curies":[{"name":"wp","href":"https:\/\/api.w.org\/{rel}","templated":true}]}}