{"id":98647,"date":"2024-04-29T15:15:11","date_gmt":"2024-04-29T13:15:11","guid":{"rendered":"https:\/\/letrame.com\/catalogo\/producto\/la-tabla-periodica-en-verso\/"},"modified":"2024-08-09T08:55:46","modified_gmt":"2024-08-09T06:55:46","slug":"la-tabla-periodica-en-verso","status":"publish","type":"product","link":"https:\/\/letrame.com\/catalogo\/producto\/la-tabla-periodica-en-verso\/","title":{"rendered":"La tabla peri\u00f3dica en verso"},"content":{"rendered":"<p><strong>ISBN<\/strong>: 978-84-1144-347-0<\/p>\n<p><strong>T\u00edtulo<\/strong>: <span data-sheets-value=\"{&quot;1&quot;:2,&quot;2&quot;:&quot;La tabla peri\u00f3dica en verso&quot;}\" data-sheets-userformat=\"{&quot;2&quot;:515,&quot;3&quot;:{&quot;1&quot;:0},&quot;4&quot;:{&quot;1&quot;:2,&quot;2&quot;:14281427},&quot;12&quot;:0}\">La tabla peri\u00f3dica en verso<\/span><br \/>\n<strong>Fecha<\/strong>: 2023<br \/>\n<strong>P\u00e1ginas<\/strong>: 52<\/p>\n<p><strong>SINOPSIS<\/strong><\/p>\n<p>\u00a1La ciencia a tu alcance en verso!<\/p>\n<p>Qu\u00edmica y poes\u00eda se mezclan en este libro,<\/p>\n<p>desarrollando en verso,<\/p>\n<p>cada detalle de la tabla peri\u00f3dica.<\/p>\n<p>&nbsp;<\/p>\n<p>El libro, estructurado en apartados,<\/p>\n<p>muestra \u00a0en cada uno de ellos y acompa\u00f1ado<\/p>\n<p>de ilustraciones, un aspecto importante<\/p>\n<p>de este gran descubrimiento de la qu\u00edmica.<\/p>\n<p>&nbsp;<\/p>\n<p>Se explica qu\u00e9 es, su origen,<\/p>\n<p>la relaci\u00f3n con el \u00e1tomo y estructura,<\/p>\n<p>c\u00f3mo aparecen los elementos clasificados<\/p>\n<p>por zonas, bloques, periodos y grupos.<\/p>\n<p>&nbsp;<\/p>\n<p>\u00bfQuieres conocer y aprender<\/p>\n<p>de una manera sencilla de la tabla peri\u00f3dica?<\/p>\n<p>No te pierdas este libro donde,<\/p>\n<p>adem\u00e1s de en verso, la encontrar\u00e1s resumida.<\/p>\n","protected":false},"excerpt":{"rendered":"<p><strong>ISBN<\/strong>: 978-84-1144-347-0<\/p>\n<p><strong>T\u00edtulo<\/strong>: <span data-sheets-value=\"{&quot;1&quot;:2,&quot;2&quot;:&quot;La tabla peri\u00f3dica en verso&quot;}\" data-sheets-userformat=\"{&quot;2&quot;:515,&quot;3&quot;:{&quot;1&quot;:0},&quot;4&quot;:{&quot;1&quot;:2,&quot;2&quot;:14281427},&quot;12&quot;:0}\">La tabla peri\u00f3dica en verso<\/span><br \/>\n<strong>Fecha<\/strong>: 2023<br \/>\n<strong>P\u00e1ginas<\/strong>: 52<\/p>\n<p><strong>SINOPSIS<\/strong><\/p>\n<p>\u00a1La ciencia a tu alcance en verso!<\/p>\n<p>Qu\u00edmica y poes\u00eda se mezclan en este libro,<\/p>\n<p>desarrollando en verso,<\/p>\n<p>cada detalle de la tabla peri\u00f3dica.<\/p>\n<p>&nbsp;<\/p>\n<p>El libro, estructurado en apartados,<\/p>\n<p>muestra \u00a0en cada uno de ellos y acompa\u00f1ado<\/p>\n<p>de ilustraciones, un aspecto importante<\/p>\n<p>de este gran descubrimiento de la qu\u00edmica.<\/p>\n<p>&nbsp;<\/p>\n<p>Se explica qu\u00e9 es, su origen,<\/p>\n<p>la relaci\u00f3n con el \u00e1tomo y estructura,<\/p>\n<p>c\u00f3mo aparecen los elementos clasificados<\/p>\n<p>por zonas, bloques, periodos y grupos.<\/p>\n<p>&nbsp;<\/p>\n<p>\u00bfQuieres conocer y aprender<\/p>\n<p>de una manera sencilla de la tabla peri\u00f3dica?<\/p>\n<p>No te pierdas este libro donde,<\/p>\n<p>adem\u00e1s de en verso, la encontrar\u00e1s resumida.<\/p>\n<p>&nbsp;<\/p>\n","protected":false},"featured_media":98648,"comment_status":"closed","ping_status":"closed","template":"","meta":{"_acf_changed":false},"libro":[],"product_brand":[],"product_cat":[20],"product_tag":[],"class_list":{"0":"post-98647","1":"product","2":"type-product","3":"status-publish","4":"has-post-thumbnail","6":"product_cat-poesia","8":"first","9":"instock","10":"product-type-simple"},"acf":{"autor":[77086],"enlace_de_compra":"https:\/\/amzn.to\/4dcYi83"},"yoast_head":"<!-- This site is optimized with the Yoast SEO plugin v26.6 - https:\/\/yoast.com\/wordpress\/plugins\/seo\/ -->\n<title>La tabla peri\u00f3dica en verso - Catalogo | Letrame Grupo Editorial<\/title>\n<meta name=\"robots\" content=\"index, follow, max-snippet:-1, max-image-preview:large, max-video-preview:-1\" \/>\n<link rel=\"canonical\" href=\"https:\/\/letrame.com\/catalogo\/producto\/la-tabla-periodica-en-verso\/\" \/>\n<meta property=\"og:locale\" content=\"es_ES\" \/>\n<meta property=\"og:type\" content=\"article\" \/>\n<meta property=\"og:title\" content=\"La tabla peri\u00f3dica en verso - Catalogo | Letrame Grupo Editorial\" \/>\n<meta property=\"og:description\" content=\"ISBN: 978-84-1144-347-0  T\u00edtulo: La tabla peri\u00f3dica en verso Fecha: 2023 P\u00e1ginas: 52  SINOPSIS  \u00a1La ciencia a tu alcance en verso!  Qu\u00edmica y poes\u00eda se mezclan en este libro,  desarrollando en verso,  cada detalle de la tabla peri\u00f3dica.  &nbsp;  El libro, estructurado en apartados,  muestra \u00a0en cada uno de ellos y acompa\u00f1ado  de ilustraciones, un aspecto importante  de este gran descubrimiento de la qu\u00edmica.  &nbsp;  Se explica qu\u00e9 es, su origen,  la relaci\u00f3n con el \u00e1tomo y estructura,  c\u00f3mo aparecen los elementos clasificados  por zonas, bloques, periodos y grupos.  &nbsp;  \u00bfQuieres conocer y aprender  de una manera sencilla de la tabla peri\u00f3dica?  No te pierdas este libro donde,  adem\u00e1s de en verso, la encontrar\u00e1s resumida.  &nbsp;\" \/>\n<meta property=\"og:url\" content=\"https:\/\/letrame.com\/catalogo\/producto\/la-tabla-periodica-en-verso\/\" \/>\n<meta property=\"og:site_name\" content=\"Catalogo | Letrame Grupo Editorial\" \/>\n<meta property=\"article:modified_time\" content=\"2024-08-09T06:55:46+00:00\" \/>\n<meta property=\"og:image\" content=\"https:\/\/letrame.com\/catalogo\/wp-content\/uploads\/2024\/04\/reduportadalatablaperiodica_381mm-compressed.jpg\" \/>\n\t<meta property=\"og:image:width\" content=\"609\" \/>\n\t<meta property=\"og:image:height\" content=\"415\" \/>\n\t<meta property=\"og:image:type\" content=\"image\/jpeg\" \/>\n<meta name=\"twitter:card\" content=\"summary_large_image\" \/>\n<meta name=\"twitter:label1\" content=\"Tiempo de lectura\" \/>\n\t<meta name=\"twitter:data1\" content=\"1 minuto\" \/>\n<script type=\"application\/ld+json\" class=\"yoast-schema-graph\">{\"@context\":\"https:\/\/schema.org\",\"@graph\":[{\"@type\":\"WebPage\",\"@id\":\"https:\/\/letrame.com\/catalogo\/producto\/la-tabla-periodica-en-verso\/\",\"url\":\"https:\/\/letrame.com\/catalogo\/producto\/la-tabla-periodica-en-verso\/\",\"name\":\"La tabla peri\u00f3dica en verso - Catalogo | Letrame Grupo Editorial\",\"isPartOf\":{\"@id\":\"https:\/\/letrame.com\/catalogo\/#website\"},\"primaryImageOfPage\":{\"@id\":\"https:\/\/letrame.com\/catalogo\/producto\/la-tabla-periodica-en-verso\/#primaryimage\"},\"image\":{\"@id\":\"https:\/\/letrame.com\/catalogo\/producto\/la-tabla-periodica-en-verso\/#primaryimage\"},\"thumbnailUrl\":\"https:\/\/letrame.com\/catalogo\/wp-content\/uploads\/2024\/04\/reduportadalatablaperiodica_381mm-compressed.jpg\",\"datePublished\":\"2024-04-29T13:15:11+00:00\",\"dateModified\":\"2024-08-09T06:55:46+00:00\",\"breadcrumb\":{\"@id\":\"https:\/\/letrame.com\/catalogo\/producto\/la-tabla-periodica-en-verso\/#breadcrumb\"},\"inLanguage\":\"es\",\"potentialAction\":[{\"@type\":\"ReadAction\",\"target\":[\"https:\/\/letrame.com\/catalogo\/producto\/la-tabla-periodica-en-verso\/\"]}]},{\"@type\":\"ImageObject\",\"inLanguage\":\"es\",\"@id\":\"https:\/\/letrame.com\/catalogo\/producto\/la-tabla-periodica-en-verso\/#primaryimage\",\"url\":\"https:\/\/letrame.com\/catalogo\/wp-content\/uploads\/2024\/04\/reduportadalatablaperiodica_381mm-compressed.jpg\",\"contentUrl\":\"https:\/\/letrame.com\/catalogo\/wp-content\/uploads\/2024\/04\/reduportadalatablaperiodica_381mm-compressed.jpg\",\"width\":609,\"height\":415},{\"@type\":\"BreadcrumbList\",\"@id\":\"https:\/\/letrame.com\/catalogo\/producto\/la-tabla-periodica-en-verso\/#breadcrumb\",\"itemListElement\":[{\"@type\":\"ListItem\",\"position\":1,\"name\":\"Portada\",\"item\":\"https:\/\/letrame.com\/catalogo\/\"},{\"@type\":\"ListItem\",\"position\":2,\"name\":\"Cat\u00e1logo\",\"item\":\"https:\/\/letrame.com\/catalogo\/\"},{\"@type\":\"ListItem\",\"position\":3,\"name\":\"La tabla peri\u00f3dica en verso\"}]},{\"@type\":\"WebSite\",\"@id\":\"https:\/\/letrame.com\/catalogo\/#website\",\"url\":\"https:\/\/letrame.com\/catalogo\/\",\"name\":\"Catalogo | Letrame Grupo Editorial\",\"description\":\"\",\"publisher\":{\"@id\":\"https:\/\/letrame.com\/catalogo\/#organization\"},\"potentialAction\":[{\"@type\":\"SearchAction\",\"target\":{\"@type\":\"EntryPoint\",\"urlTemplate\":\"https:\/\/letrame.com\/catalogo\/?s={search_term_string}\"},\"query-input\":{\"@type\":\"PropertyValueSpecification\",\"valueRequired\":true,\"valueName\":\"search_term_string\"}}],\"inLanguage\":\"es\"},{\"@type\":\"Organization\",\"@id\":\"https:\/\/letrame.com\/catalogo\/#organization\",\"name\":\"Catalogo | Letrame Grupo Editorial\",\"url\":\"https:\/\/letrame.com\/catalogo\/\",\"logo\":{\"@type\":\"ImageObject\",\"inLanguage\":\"es\",\"@id\":\"https:\/\/letrame.com\/catalogo\/#\/schema\/logo\/image\/\",\"url\":\"https:\/\/letrame.com\/catalogo\/wp-content\/uploads\/2024\/03\/logo2.webp\",\"contentUrl\":\"https:\/\/letrame.com\/catalogo\/wp-content\/uploads\/2024\/03\/logo2.webp\",\"width\":394,\"height\":128,\"caption\":\"Catalogo | Letrame Grupo Editorial\"},\"image\":{\"@id\":\"https:\/\/letrame.com\/catalogo\/#\/schema\/logo\/image\/\"}}]}<\/script>\n<!-- \/ Yoast SEO plugin. -->","yoast_head_json":{"title":"La tabla peri\u00f3dica en verso - Catalogo | Letrame Grupo Editorial","robots":{"index":"index","follow":"follow","max-snippet":"max-snippet:-1","max-image-preview":"max-image-preview:large","max-video-preview":"max-video-preview:-1"},"canonical":"https:\/\/letrame.com\/catalogo\/producto\/la-tabla-periodica-en-verso\/","og_locale":"es_ES","og_type":"article","og_title":"La tabla peri\u00f3dica en verso - Catalogo | Letrame Grupo Editorial","og_description":"ISBN: 978-84-1144-347-0  T\u00edtulo: La tabla peri\u00f3dica en verso Fecha: 2023 P\u00e1ginas: 52  SINOPSIS  \u00a1La ciencia a tu alcance en verso!  Qu\u00edmica y poes\u00eda se mezclan en este libro,  desarrollando en verso,  cada detalle de la tabla peri\u00f3dica.  &nbsp;  El libro, estructurado en apartados,  muestra \u00a0en cada uno de ellos y acompa\u00f1ado  de ilustraciones, un aspecto importante  de este gran descubrimiento de la qu\u00edmica.  &nbsp;  Se explica qu\u00e9 es, su origen,  la relaci\u00f3n con el \u00e1tomo y estructura,  c\u00f3mo aparecen los elementos clasificados  por zonas, bloques, periodos y grupos.  &nbsp;  \u00bfQuieres conocer y aprender  de una manera sencilla de la tabla peri\u00f3dica?  No te pierdas este libro donde,  adem\u00e1s de en verso, la encontrar\u00e1s resumida.  &nbsp;","og_url":"https:\/\/letrame.com\/catalogo\/producto\/la-tabla-periodica-en-verso\/","og_site_name":"Catalogo | Letrame Grupo Editorial","article_modified_time":"2024-08-09T06:55:46+00:00","og_image":[{"width":609,"height":415,"url":"https:\/\/letrame.com\/catalogo\/wp-content\/uploads\/2024\/04\/reduportadalatablaperiodica_381mm-compressed.jpg","type":"image\/jpeg"}],"twitter_card":"summary_large_image","twitter_misc":{"Tiempo de lectura":"1 minuto"},"schema":{"@context":"https:\/\/schema.org","@graph":[{"@type":"WebPage","@id":"https:\/\/letrame.com\/catalogo\/producto\/la-tabla-periodica-en-verso\/","url":"https:\/\/letrame.com\/catalogo\/producto\/la-tabla-periodica-en-verso\/","name":"La tabla peri\u00f3dica en verso - Catalogo | Letrame Grupo Editorial","isPartOf":{"@id":"https:\/\/letrame.com\/catalogo\/#website"},"primaryImageOfPage":{"@id":"https:\/\/letrame.com\/catalogo\/producto\/la-tabla-periodica-en-verso\/#primaryimage"},"image":{"@id":"https:\/\/letrame.com\/catalogo\/producto\/la-tabla-periodica-en-verso\/#primaryimage"},"thumbnailUrl":"https:\/\/letrame.com\/catalogo\/wp-content\/uploads\/2024\/04\/reduportadalatablaperiodica_381mm-compressed.jpg","datePublished":"2024-04-29T13:15:11+00:00","dateModified":"2024-08-09T06:55:46+00:00","breadcrumb":{"@id":"https:\/\/letrame.com\/catalogo\/producto\/la-tabla-periodica-en-verso\/#breadcrumb"},"inLanguage":"es","potentialAction":[{"@type":"ReadAction","target":["https:\/\/letrame.com\/catalogo\/producto\/la-tabla-periodica-en-verso\/"]}]},{"@type":"ImageObject","inLanguage":"es","@id":"https:\/\/letrame.com\/catalogo\/producto\/la-tabla-periodica-en-verso\/#primaryimage","url":"https:\/\/letrame.com\/catalogo\/wp-content\/uploads\/2024\/04\/reduportadalatablaperiodica_381mm-compressed.jpg","contentUrl":"https:\/\/letrame.com\/catalogo\/wp-content\/uploads\/2024\/04\/reduportadalatablaperiodica_381mm-compressed.jpg","width":609,"height":415},{"@type":"BreadcrumbList","@id":"https:\/\/letrame.com\/catalogo\/producto\/la-tabla-periodica-en-verso\/#breadcrumb","itemListElement":[{"@type":"ListItem","position":1,"name":"Portada","item":"https:\/\/letrame.com\/catalogo\/"},{"@type":"ListItem","position":2,"name":"Cat\u00e1logo","item":"https:\/\/letrame.com\/catalogo\/"},{"@type":"ListItem","position":3,"name":"La tabla peri\u00f3dica en verso"}]},{"@type":"WebSite","@id":"https:\/\/letrame.com\/catalogo\/#website","url":"https:\/\/letrame.com\/catalogo\/","name":"Catalogo | Letrame Grupo Editorial","description":"","publisher":{"@id":"https:\/\/letrame.com\/catalogo\/#organization"},"potentialAction":[{"@type":"SearchAction","target":{"@type":"EntryPoint","urlTemplate":"https:\/\/letrame.com\/catalogo\/?s={search_term_string}"},"query-input":{"@type":"PropertyValueSpecification","valueRequired":true,"valueName":"search_term_string"}}],"inLanguage":"es"},{"@type":"Organization","@id":"https:\/\/letrame.com\/catalogo\/#organization","name":"Catalogo | Letrame Grupo Editorial","url":"https:\/\/letrame.com\/catalogo\/","logo":{"@type":"ImageObject","inLanguage":"es","@id":"https:\/\/letrame.com\/catalogo\/#\/schema\/logo\/image\/","url":"https:\/\/letrame.com\/catalogo\/wp-content\/uploads\/2024\/03\/logo2.webp","contentUrl":"https:\/\/letrame.com\/catalogo\/wp-content\/uploads\/2024\/03\/logo2.webp","width":394,"height":128,"caption":"Catalogo | Letrame Grupo Editorial"},"image":{"@id":"https:\/\/letrame.com\/catalogo\/#\/schema\/logo\/image\/"}}]}},"_links":{"self":[{"href":"https:\/\/letrame.com\/catalogo\/wp-json\/wp\/v2\/product\/98647","targetHints":{"allow":["GET"]}}],"collection":[{"href":"https:\/\/letrame.com\/catalogo\/wp-json\/wp\/v2\/product"}],"about":[{"href":"https:\/\/letrame.com\/catalogo\/wp-json\/wp\/v2\/types\/product"}],"replies":[{"embeddable":true,"href":"https:\/\/letrame.com\/catalogo\/wp-json\/wp\/v2\/comments?post=98647"}],"acf:post":[{"embeddable":true,"href":"https:\/\/letrame.com\/catalogo\/wp-json\/wp\/v2\/author_book\/77086"}],"wp:featuredmedia":[{"embeddable":true,"href":"https:\/\/letrame.com\/catalogo\/wp-json\/wp\/v2\/media\/98648"}],"wp:attachment":[{"href":"https:\/\/letrame.com\/catalogo\/wp-json\/wp\/v2\/media?parent=98647"}],"wp:term":[{"taxonomy":"libro","embeddable":true,"href":"https:\/\/letrame.com\/catalogo\/wp-json\/wp\/v2\/libro?post=98647"},{"taxonomy":"product_brand","embeddable":true,"href":"https:\/\/letrame.com\/catalogo\/wp-json\/wp\/v2\/product_brand?post=98647"},{"taxonomy":"product_cat","embeddable":true,"href":"https:\/\/letrame.com\/catalogo\/wp-json\/wp\/v2\/product_cat?post=98647"},{"taxonomy":"product_tag","embeddable":true,"href":"https:\/\/letrame.com\/catalogo\/wp-json\/wp\/v2\/product_tag?post=98647"}],"curies":[{"name":"wp","href":"https:\/\/api.w.org\/{rel}","templated":true}]}}