{"id":98615,"date":"2024-04-29T15:13:51","date_gmt":"2024-04-29T13:13:51","guid":{"rendered":"https:\/\/letrame.com\/catalogo\/producto\/el-encriptado-universo-del-kung-fu\/"},"modified":"2024-04-29T15:13:51","modified_gmt":"2024-04-29T13:13:51","slug":"el-encriptado-universo-del-kung-fu","status":"publish","type":"product","link":"https:\/\/letrame.com\/catalogo\/producto\/el-encriptado-universo-del-kung-fu\/","title":{"rendered":"El encriptado universo del Kung fu"},"content":{"rendered":"<p><strong>ISBN<\/strong>: 978-84-1144-019-6<\/p>\n<p><strong>T\u00edtulo<\/strong>: El encriptado universo del Kung fu<br \/>\n<strong>Fecha<\/strong>: 2022<br \/>\n<strong>P\u00e1ginas<\/strong>: 725<\/p>\n<p><strong>SINOPSIS<\/strong><\/p>\n<p>Innumerables fuentes arqueol\u00f3gicas avalan la paternidad del imperio chino sobre la estructura del ajedrez y su demostrable conjunci\u00f3n con los sesenta y cuatro hexagramas del Yi Jing (El Libro de los Cambios &#8211; __). En un arduo vuelo por zonas geogr\u00e1ficas bien distantes, los vestigios literarios y orales, revelan un copioso substrato de informaciones alqu\u00edmicas, energ\u00e9ticas, astron\u00f3micas, matem\u00e1ticas, cabal\u00edsticas, pol\u00edticas y filos\u00f3ficas, depositadas en sus casillas.<\/p>\n<p>Las ra\u00edces devenidas del mediterr\u00e1neo le deben mucho m\u00e1s de lo que suponen a los axiomas matem\u00e1ticos del vetusto universo sumerio y egipcio.<\/p>\n<p>Las propias simientes teol\u00f3gicas, metaf\u00edsicas y aritm\u00e9ticas que unieron en otros tiempos a los hierofantes de las arenas con los estamentos de la c\u00e1bala hebrea, palpitan con inusitada fuerza en la cosmog\u00f3nica visi\u00f3n del pueblo chino.<\/p>\n<p>El ajedrez, visto como un arcano de conocimiento, viaj\u00f3 de las estepas del norte hasta el imperio persa, para luego penetrar en la pen\u00ednsula Ib\u00e9rica con el expansionismo musulm\u00e1n. Refugiados en sociedades secretas y castillos medievales, los templarios y los caballeros teut\u00f3nicos estuvieron matizando sobre el cuadriculado suelo, explosivas claves teol\u00f3gicas custodiadas en los monasterios cristianos.<\/p>\n<p>Gravitando alrededor de las antiguas teor\u00edas energ\u00e9ticas, filos\u00f3ficas y marciales del Kungfu, el ajedrez concentra los c\u00f3dices geopol\u00edticos y estrat\u00e9gicos del Sunzi Bingfa (____) matizados por los imperios occidentales y el emergente surgimiento de China. Muchos t\u00f3picos ser\u00e1n abordados en este volumen reinterpretando sus piezas y el propio orden del juego en<\/p>\n<p>correlaci\u00f3n a los problemas m\u00e1s acuciantes de nuestros d\u00edas.<\/p>\n<p>El autor hace renacer su pasi\u00f3n por el ajedrez, dando paso a un estudio comparativo de las estrategias de sus aperturas y defensas con las t\u00e9cnicas marciales chinas, lo cual lo lleva magistralmente a escalar una monta\u00f1a de saberes inexplorados.<\/p>\n","protected":false},"excerpt":{"rendered":"<p><strong>ISBN<\/strong>: 978-84-1144-019-6<\/p>\n<p><strong>SINOPSIS<\/strong><\/p>\n<p>Innumerables fuentes arqueol\u00f3gicas avalan la paternidad del imperio chino sobre la estructura del ajedrez y su demostrable conjunci\u00f3n con los sesenta y cuatro hexagramas del Yi Jing (El Libro de los Cambios &#8211; __). En un arduo vuelo por zonas geogr\u00e1ficas bien distantes, los vestigios literarios y orales, revelan un copioso substrato de informaciones alqu\u00edmicas, energ\u00e9ticas, astron\u00f3micas, matem\u00e1ticas, cabal\u00edsticas, pol\u00edticas y filos\u00f3ficas, depositadas en sus casillas.<\/p>\n<p>Las ra\u00edces devenidas del mediterr\u00e1neo le deben mucho m\u00e1s de lo que suponen a los axiomas matem\u00e1ticos del vetusto universo sumerio y egipcio.<\/p>\n<p>Las propias simientes teol\u00f3gicas, metaf\u00edsicas y aritm\u00e9ticas que unieron en otros tiempos a los hierofantes de las arenas con los estamentos de la c\u00e1bala hebrea, palpitan con inusitada fuerza en la cosmog\u00f3nica visi\u00f3n del pueblo chino.<\/p>\n<p>El ajedrez, visto como un arcano de conocimiento, viaj\u00f3 de las estepas del norte hasta el imperio persa, para luego penetrar en la pen\u00ednsula Ib\u00e9rica con el expansionismo musulm\u00e1n. Refugiados en sociedades secretas y castillos medievales, los templarios y los caballeros teut\u00f3nicos estuvieron matizando sobre el cuadriculado suelo, explosivas claves teol\u00f3gicas custodiadas en los monasterios cristianos.<\/p>\n<p>Gravitando alrededor de las antiguas teor\u00edas energ\u00e9ticas, filos\u00f3ficas y marciales del Kungfu, el ajedrez concentra los c\u00f3dices geopol\u00edticos y estrat\u00e9gicos del Sunzi Bingfa (____) matizados por los imperios occidentales y el emergente surgimiento de China. Muchos t\u00f3picos ser\u00e1n abordados en este volumen reinterpretando sus piezas y el propio orden del juego en<\/p>\n<p>correlaci\u00f3n a los problemas m\u00e1s acuciantes de nuestros d\u00edas.<\/p>\n<p>El autor hace renacer su pasi\u00f3n por el ajedrez, dando paso a un estudio comparativo de las estrategias de sus aperturas y defensas con las t\u00e9cnicas marciales chinas, lo cual lo lleva magistralmente a escalar una monta\u00f1a de saberes inexplorados.<\/p>\n","protected":false},"featured_media":98616,"comment_status":"closed","ping_status":"open","template":"","meta":{"_acf_changed":false},"libro":[],"product_brand":[],"product_cat":[26],"product_tag":[],"class_list":{"0":"post-98615","1":"product","2":"type-product","3":"status-publish","4":"has-post-thumbnail","6":"product_cat-sin-categoria","8":"first","9":"instock","10":"product-type-simple"},"acf":{"autor":[77053],"enlace_de_compra":""},"yoast_head":"<!-- This site is optimized with the Yoast SEO plugin v27.4 - https:\/\/yoast.com\/product\/yoast-seo-wordpress\/ -->\n<title>El encriptado universo del Kung fu - Catalogo | Letrame Grupo Editorial<\/title>\n<meta name=\"robots\" content=\"index, follow, max-snippet:-1, max-image-preview:large, max-video-preview:-1\" \/>\n<link rel=\"canonical\" href=\"https:\/\/letrame.com\/catalogo\/producto\/el-encriptado-universo-del-kung-fu\/\" \/>\n<meta property=\"og:locale\" content=\"es_ES\" \/>\n<meta property=\"og:type\" content=\"article\" \/>\n<meta property=\"og:title\" content=\"El encriptado universo del Kung fu - Catalogo | Letrame Grupo Editorial\" \/>\n<meta property=\"og:description\" content=\"ISBN: 978-84-1144-019-6 SINOPSIS Innumerables fuentes arqueol\u00f3gicas avalan la paternidad del imperio chino sobre la estructura del ajedrez y su demostrable conjunci\u00f3n con los sesenta y cuatro hexagramas del Yi Jing (El Libro de los Cambios - __). En un arduo vuelo por zonas geogr\u00e1ficas bien distantes, los vestigios literarios y orales, revelan un copioso substrato de informaciones alqu\u00edmicas, energ\u00e9ticas, astron\u00f3micas, matem\u00e1ticas, cabal\u00edsticas, pol\u00edticas y filos\u00f3ficas, depositadas en sus casillas. Las ra\u00edces devenidas del mediterr\u00e1neo le deben mucho m\u00e1s de lo que suponen a los axiomas matem\u00e1ticos del vetusto universo sumerio y egipcio. Las propias simientes teol\u00f3gicas, metaf\u00edsicas y aritm\u00e9ticas que unieron en otros tiempos a los hierofantes de las arenas con los estamentos de la c\u00e1bala hebrea, palpitan con inusitada fuerza en la cosmog\u00f3nica visi\u00f3n del pueblo chino. El ajedrez, visto como un arcano de conocimiento, viaj\u00f3 de las estepas del norte hasta el imperio persa, para luego penetrar en la pen\u00ednsula Ib\u00e9rica con el expansionismo musulm\u00e1n. Refugiados en sociedades secretas y castillos medievales, los templarios y los caballeros teut\u00f3nicos estuvieron matizando sobre el cuadriculado suelo, explosivas claves teol\u00f3gicas custodiadas en los monasterios cristianos. Gravitando alrededor de las antiguas teor\u00edas energ\u00e9ticas, filos\u00f3ficas y marciales del Kungfu, el ajedrez concentra los c\u00f3dices geopol\u00edticos y estrat\u00e9gicos del Sunzi Bingfa (____) matizados por los imperios occidentales y el emergente surgimiento de China. Muchos t\u00f3picos ser\u00e1n abordados en este volumen reinterpretando sus piezas y el propio orden del juego en correlaci\u00f3n a los problemas m\u00e1s acuciantes de nuestros d\u00edas. El autor hace renacer su pasi\u00f3n por el ajedrez, dando paso a un estudio comparativo de las estrategias de sus aperturas y defensas con las t\u00e9cnicas marciales chinas, lo cual lo lleva magistralmente a escalar una monta\u00f1a de saberes inexplorados.\" \/>\n<meta property=\"og:url\" content=\"https:\/\/letrame.com\/catalogo\/producto\/el-encriptado-universo-del-kung-fu\/\" \/>\n<meta property=\"og:site_name\" content=\"Catalogo | Letrame Grupo Editorial\" \/>\n<meta property=\"og:image\" content=\"https:\/\/letrame.com\/catalogo\/wp-content\/uploads\/2024\/04\/redportada_elencriptadomundo_345mm-compressed.jpg\" \/>\n\t<meta property=\"og:image:width\" content=\"601\" \/>\n\t<meta property=\"og:image:height\" content=\"849\" \/>\n\t<meta property=\"og:image:type\" content=\"image\/jpeg\" \/>\n<meta name=\"twitter:card\" content=\"summary_large_image\" \/>\n<meta name=\"twitter:label1\" content=\"Tiempo de lectura\" \/>\n\t<meta name=\"twitter:data1\" content=\"2 minutos\" \/>\n<script type=\"application\/ld+json\" class=\"yoast-schema-graph\">{\"@context\":\"https:\\\/\\\/schema.org\",\"@graph\":[{\"@type\":\"WebPage\",\"@id\":\"https:\\\/\\\/letrame.com\\\/catalogo\\\/producto\\\/el-encriptado-universo-del-kung-fu\\\/\",\"url\":\"https:\\\/\\\/letrame.com\\\/catalogo\\\/producto\\\/el-encriptado-universo-del-kung-fu\\\/\",\"name\":\"El encriptado universo del Kung fu - Catalogo | Letrame Grupo Editorial\",\"isPartOf\":{\"@id\":\"https:\\\/\\\/letrame.com\\\/catalogo\\\/#website\"},\"primaryImageOfPage\":{\"@id\":\"https:\\\/\\\/letrame.com\\\/catalogo\\\/producto\\\/el-encriptado-universo-del-kung-fu\\\/#primaryimage\"},\"image\":{\"@id\":\"https:\\\/\\\/letrame.com\\\/catalogo\\\/producto\\\/el-encriptado-universo-del-kung-fu\\\/#primaryimage\"},\"thumbnailUrl\":\"https:\\\/\\\/letrame.com\\\/catalogo\\\/wp-content\\\/uploads\\\/2024\\\/04\\\/redportada_elencriptadomundo_345mm-compressed.jpg\",\"datePublished\":\"2024-04-29T13:13:51+00:00\",\"breadcrumb\":{\"@id\":\"https:\\\/\\\/letrame.com\\\/catalogo\\\/producto\\\/el-encriptado-universo-del-kung-fu\\\/#breadcrumb\"},\"inLanguage\":\"es\",\"potentialAction\":[{\"@type\":\"ReadAction\",\"target\":[\"https:\\\/\\\/letrame.com\\\/catalogo\\\/producto\\\/el-encriptado-universo-del-kung-fu\\\/\"]}]},{\"@type\":\"ImageObject\",\"inLanguage\":\"es\",\"@id\":\"https:\\\/\\\/letrame.com\\\/catalogo\\\/producto\\\/el-encriptado-universo-del-kung-fu\\\/#primaryimage\",\"url\":\"https:\\\/\\\/letrame.com\\\/catalogo\\\/wp-content\\\/uploads\\\/2024\\\/04\\\/redportada_elencriptadomundo_345mm-compressed.jpg\",\"contentUrl\":\"https:\\\/\\\/letrame.com\\\/catalogo\\\/wp-content\\\/uploads\\\/2024\\\/04\\\/redportada_elencriptadomundo_345mm-compressed.jpg\",\"width\":601,\"height\":849},{\"@type\":\"BreadcrumbList\",\"@id\":\"https:\\\/\\\/letrame.com\\\/catalogo\\\/producto\\\/el-encriptado-universo-del-kung-fu\\\/#breadcrumb\",\"itemListElement\":[{\"@type\":\"ListItem\",\"position\":1,\"name\":\"Portada\",\"item\":\"https:\\\/\\\/letrame.com\\\/catalogo\\\/\"},{\"@type\":\"ListItem\",\"position\":2,\"name\":\"Cat\u00e1logo\",\"item\":\"https:\\\/\\\/letrame.com\\\/catalogo\\\/\"},{\"@type\":\"ListItem\",\"position\":3,\"name\":\"El encriptado universo del Kung fu\"}]},{\"@type\":\"WebSite\",\"@id\":\"https:\\\/\\\/letrame.com\\\/catalogo\\\/#website\",\"url\":\"https:\\\/\\\/letrame.com\\\/catalogo\\\/\",\"name\":\"Catalogo | Letrame Grupo Editorial\",\"description\":\"\",\"publisher\":{\"@id\":\"https:\\\/\\\/letrame.com\\\/catalogo\\\/#organization\"},\"potentialAction\":[{\"@type\":\"SearchAction\",\"target\":{\"@type\":\"EntryPoint\",\"urlTemplate\":\"https:\\\/\\\/letrame.com\\\/catalogo\\\/?s={search_term_string}\"},\"query-input\":{\"@type\":\"PropertyValueSpecification\",\"valueRequired\":true,\"valueName\":\"search_term_string\"}}],\"inLanguage\":\"es\"},{\"@type\":\"Organization\",\"@id\":\"https:\\\/\\\/letrame.com\\\/catalogo\\\/#organization\",\"name\":\"Catalogo | Letrame Grupo Editorial\",\"url\":\"https:\\\/\\\/letrame.com\\\/catalogo\\\/\",\"logo\":{\"@type\":\"ImageObject\",\"inLanguage\":\"es\",\"@id\":\"https:\\\/\\\/letrame.com\\\/catalogo\\\/#\\\/schema\\\/logo\\\/image\\\/\",\"url\":\"https:\\\/\\\/letrame.com\\\/catalogo\\\/wp-content\\\/uploads\\\/2024\\\/03\\\/logo2.webp\",\"contentUrl\":\"https:\\\/\\\/letrame.com\\\/catalogo\\\/wp-content\\\/uploads\\\/2024\\\/03\\\/logo2.webp\",\"width\":394,\"height\":128,\"caption\":\"Catalogo | Letrame Grupo Editorial\"},\"image\":{\"@id\":\"https:\\\/\\\/letrame.com\\\/catalogo\\\/#\\\/schema\\\/logo\\\/image\\\/\"}}]}<\/script>\n<!-- \/ Yoast SEO plugin. -->","yoast_head_json":{"title":"El encriptado universo del Kung fu - Catalogo | Letrame Grupo Editorial","robots":{"index":"index","follow":"follow","max-snippet":"max-snippet:-1","max-image-preview":"max-image-preview:large","max-video-preview":"max-video-preview:-1"},"canonical":"https:\/\/letrame.com\/catalogo\/producto\/el-encriptado-universo-del-kung-fu\/","og_locale":"es_ES","og_type":"article","og_title":"El encriptado universo del Kung fu - Catalogo | Letrame Grupo Editorial","og_description":"ISBN: 978-84-1144-019-6 SINOPSIS Innumerables fuentes arqueol\u00f3gicas avalan la paternidad del imperio chino sobre la estructura del ajedrez y su demostrable conjunci\u00f3n con los sesenta y cuatro hexagramas del Yi Jing (El Libro de los Cambios - __). En un arduo vuelo por zonas geogr\u00e1ficas bien distantes, los vestigios literarios y orales, revelan un copioso substrato de informaciones alqu\u00edmicas, energ\u00e9ticas, astron\u00f3micas, matem\u00e1ticas, cabal\u00edsticas, pol\u00edticas y filos\u00f3ficas, depositadas en sus casillas. Las ra\u00edces devenidas del mediterr\u00e1neo le deben mucho m\u00e1s de lo que suponen a los axiomas matem\u00e1ticos del vetusto universo sumerio y egipcio. Las propias simientes teol\u00f3gicas, metaf\u00edsicas y aritm\u00e9ticas que unieron en otros tiempos a los hierofantes de las arenas con los estamentos de la c\u00e1bala hebrea, palpitan con inusitada fuerza en la cosmog\u00f3nica visi\u00f3n del pueblo chino. El ajedrez, visto como un arcano de conocimiento, viaj\u00f3 de las estepas del norte hasta el imperio persa, para luego penetrar en la pen\u00ednsula Ib\u00e9rica con el expansionismo musulm\u00e1n. Refugiados en sociedades secretas y castillos medievales, los templarios y los caballeros teut\u00f3nicos estuvieron matizando sobre el cuadriculado suelo, explosivas claves teol\u00f3gicas custodiadas en los monasterios cristianos. Gravitando alrededor de las antiguas teor\u00edas energ\u00e9ticas, filos\u00f3ficas y marciales del Kungfu, el ajedrez concentra los c\u00f3dices geopol\u00edticos y estrat\u00e9gicos del Sunzi Bingfa (____) matizados por los imperios occidentales y el emergente surgimiento de China. Muchos t\u00f3picos ser\u00e1n abordados en este volumen reinterpretando sus piezas y el propio orden del juego en correlaci\u00f3n a los problemas m\u00e1s acuciantes de nuestros d\u00edas. El autor hace renacer su pasi\u00f3n por el ajedrez, dando paso a un estudio comparativo de las estrategias de sus aperturas y defensas con las t\u00e9cnicas marciales chinas, lo cual lo lleva magistralmente a escalar una monta\u00f1a de saberes inexplorados.","og_url":"https:\/\/letrame.com\/catalogo\/producto\/el-encriptado-universo-del-kung-fu\/","og_site_name":"Catalogo | Letrame Grupo Editorial","og_image":[{"width":601,"height":849,"url":"https:\/\/letrame.com\/catalogo\/wp-content\/uploads\/2024\/04\/redportada_elencriptadomundo_345mm-compressed.jpg","type":"image\/jpeg"}],"twitter_card":"summary_large_image","twitter_misc":{"Tiempo de lectura":"2 minutos"},"schema":{"@context":"https:\/\/schema.org","@graph":[{"@type":"WebPage","@id":"https:\/\/letrame.com\/catalogo\/producto\/el-encriptado-universo-del-kung-fu\/","url":"https:\/\/letrame.com\/catalogo\/producto\/el-encriptado-universo-del-kung-fu\/","name":"El encriptado universo del Kung fu - Catalogo | Letrame Grupo Editorial","isPartOf":{"@id":"https:\/\/letrame.com\/catalogo\/#website"},"primaryImageOfPage":{"@id":"https:\/\/letrame.com\/catalogo\/producto\/el-encriptado-universo-del-kung-fu\/#primaryimage"},"image":{"@id":"https:\/\/letrame.com\/catalogo\/producto\/el-encriptado-universo-del-kung-fu\/#primaryimage"},"thumbnailUrl":"https:\/\/letrame.com\/catalogo\/wp-content\/uploads\/2024\/04\/redportada_elencriptadomundo_345mm-compressed.jpg","datePublished":"2024-04-29T13:13:51+00:00","breadcrumb":{"@id":"https:\/\/letrame.com\/catalogo\/producto\/el-encriptado-universo-del-kung-fu\/#breadcrumb"},"inLanguage":"es","potentialAction":[{"@type":"ReadAction","target":["https:\/\/letrame.com\/catalogo\/producto\/el-encriptado-universo-del-kung-fu\/"]}]},{"@type":"ImageObject","inLanguage":"es","@id":"https:\/\/letrame.com\/catalogo\/producto\/el-encriptado-universo-del-kung-fu\/#primaryimage","url":"https:\/\/letrame.com\/catalogo\/wp-content\/uploads\/2024\/04\/redportada_elencriptadomundo_345mm-compressed.jpg","contentUrl":"https:\/\/letrame.com\/catalogo\/wp-content\/uploads\/2024\/04\/redportada_elencriptadomundo_345mm-compressed.jpg","width":601,"height":849},{"@type":"BreadcrumbList","@id":"https:\/\/letrame.com\/catalogo\/producto\/el-encriptado-universo-del-kung-fu\/#breadcrumb","itemListElement":[{"@type":"ListItem","position":1,"name":"Portada","item":"https:\/\/letrame.com\/catalogo\/"},{"@type":"ListItem","position":2,"name":"Cat\u00e1logo","item":"https:\/\/letrame.com\/catalogo\/"},{"@type":"ListItem","position":3,"name":"El encriptado universo del Kung fu"}]},{"@type":"WebSite","@id":"https:\/\/letrame.com\/catalogo\/#website","url":"https:\/\/letrame.com\/catalogo\/","name":"Catalogo | Letrame Grupo Editorial","description":"","publisher":{"@id":"https:\/\/letrame.com\/catalogo\/#organization"},"potentialAction":[{"@type":"SearchAction","target":{"@type":"EntryPoint","urlTemplate":"https:\/\/letrame.com\/catalogo\/?s={search_term_string}"},"query-input":{"@type":"PropertyValueSpecification","valueRequired":true,"valueName":"search_term_string"}}],"inLanguage":"es"},{"@type":"Organization","@id":"https:\/\/letrame.com\/catalogo\/#organization","name":"Catalogo | Letrame Grupo Editorial","url":"https:\/\/letrame.com\/catalogo\/","logo":{"@type":"ImageObject","inLanguage":"es","@id":"https:\/\/letrame.com\/catalogo\/#\/schema\/logo\/image\/","url":"https:\/\/letrame.com\/catalogo\/wp-content\/uploads\/2024\/03\/logo2.webp","contentUrl":"https:\/\/letrame.com\/catalogo\/wp-content\/uploads\/2024\/03\/logo2.webp","width":394,"height":128,"caption":"Catalogo | Letrame Grupo Editorial"},"image":{"@id":"https:\/\/letrame.com\/catalogo\/#\/schema\/logo\/image\/"}}]}},"_links":{"self":[{"href":"https:\/\/letrame.com\/catalogo\/wp-json\/wp\/v2\/product\/98615","targetHints":{"allow":["GET"]}}],"collection":[{"href":"https:\/\/letrame.com\/catalogo\/wp-json\/wp\/v2\/product"}],"about":[{"href":"https:\/\/letrame.com\/catalogo\/wp-json\/wp\/v2\/types\/product"}],"replies":[{"embeddable":true,"href":"https:\/\/letrame.com\/catalogo\/wp-json\/wp\/v2\/comments?post=98615"}],"acf:post":[{"embeddable":true,"href":"https:\/\/letrame.com\/catalogo\/wp-json\/wp\/v2\/author_book\/77053"}],"wp:featuredmedia":[{"embeddable":true,"href":"https:\/\/letrame.com\/catalogo\/wp-json\/wp\/v2\/media\/98616"}],"wp:attachment":[{"href":"https:\/\/letrame.com\/catalogo\/wp-json\/wp\/v2\/media?parent=98615"}],"wp:term":[{"taxonomy":"libro","embeddable":true,"href":"https:\/\/letrame.com\/catalogo\/wp-json\/wp\/v2\/libro?post=98615"},{"taxonomy":"product_brand","embeddable":true,"href":"https:\/\/letrame.com\/catalogo\/wp-json\/wp\/v2\/product_brand?post=98615"},{"taxonomy":"product_cat","embeddable":true,"href":"https:\/\/letrame.com\/catalogo\/wp-json\/wp\/v2\/product_cat?post=98615"},{"taxonomy":"product_tag","embeddable":true,"href":"https:\/\/letrame.com\/catalogo\/wp-json\/wp\/v2\/product_tag?post=98615"}],"curies":[{"name":"wp","href":"https:\/\/api.w.org\/{rel}","templated":true}]}}