{"id":98613,"date":"2024-04-29T15:13:41","date_gmt":"2024-04-29T13:13:41","guid":{"rendered":"https:\/\/letrame.com\/catalogo\/producto\/mi-amigo-el-mendigo\/"},"modified":"2024-04-29T15:13:47","modified_gmt":"2024-04-29T13:13:47","slug":"mi-amigo-el-mendigo","status":"publish","type":"product","link":"https:\/\/letrame.com\/catalogo\/producto\/mi-amigo-el-mendigo\/","title":{"rendered":"Mi amigo el mendigo"},"content":{"rendered":"<p><strong>ISBN<\/strong>: 978-84-1144-674-7<\/p>\n<p><strong>T\u00edtulo<\/strong>: <span data-sheets-value=\"{&quot;1&quot;:2,&quot;2&quot;:&quot;Mi amigo el mendigo&quot;}\" data-sheets-userformat=\"{&quot;2&quot;:515,&quot;3&quot;:{&quot;1&quot;:0},&quot;4&quot;:{&quot;1&quot;:2,&quot;2&quot;:14281427},&quot;12&quot;:0}\">Mi amigo el mendigo<\/span><br \/>\n<strong>Fecha<\/strong>: 2023<br \/>\n<strong>P\u00e1ginas<\/strong>: 114<\/p>\n<p><strong>SINOPSIS<\/strong><\/p>\n<p>Un ejecutivo deprimido porque no encuentra sentido a su vida conoce casualmente a un curioso mendigo que le va explicando poco a poco su forma de entender la existencia y, en consecuencia, transmiti\u00e9ndole sus conocimientos sobre algunos de los grandes temas universales: la soledad, la consciencia, el pensamiento, el miedo, el amor, la creaci\u00f3n, Dios, el apego, el dolor, la enfermedad y la muerte. La atracci\u00f3n que la sabidur\u00eda, el amor y el ejemplo de vida del mendigo ejercen sobre el ejecutivo es tal que en este se produce una catarsis impulsada por una hermosa amistad, una catarsis que culmina con un sorprendente final.<\/p>\n<p><em>Mi amigo el mendigo<\/em> es un relato de transformaci\u00f3n interior que nos recuerda lo que verdaderamente es importante dentro del mundo de incongruencia, materialismo e infelicidad en el que generalmente nos movemos. Una novela corta que profundiza en la condici\u00f3n humana y que constituye una valiosa y original gu\u00eda para alcanzar la plenitud, que empieza dentro de nosotros mismos. Un texto para leer despacio, saboreando las ideas que con sencillez, cari\u00f1o y belleza tejen sus palabras con el \u00fanico objetivo de mostrarnos la forma de disfrutar del maravilloso misterio que es la vida.<\/p>\n<p>Como dice el mendigo: \u00abTodo lo que existe a tu alrededor puede destruirse, pero, si preservas inc\u00f3lume tu jard\u00edn secreto, ese al que nadie m\u00e1s puede llegar, estar\u00e1s siempre en el para\u00edso\u00bb.<\/p>\n","protected":false},"excerpt":{"rendered":"<p><strong>ISBN<\/strong>: 978-84-1144-674-7<\/p>\n<p><strong>SINOPSIS<\/strong><\/p>\n<p>Un ejecutivo deprimido porque no encuentra sentido a su vida conoce casualmente a un curioso mendigo que le va explicando poco a poco su forma de entender la existencia y, en consecuencia, transmiti\u00e9ndole sus conocimientos sobre algunos de los grandes temas universales: la soledad, la consciencia, el pensamiento, el miedo, el amor, la creaci\u00f3n, Dios, el apego, el dolor, la enfermedad y la muerte. La atracci\u00f3n que la sabidur\u00eda, el amor y el ejemplo de vida del mendigo ejercen sobre el ejecutivo es tal que en este se produce una catarsis impulsada por una hermosa amistad, una catarsis que culmina con un sorprendente final.<\/p>\n<p><em>Mi amigo el mendigo<\/em> es un relato de transformaci\u00f3n interior que nos recuerda lo que verdaderamente es importante dentro del mundo de incongruencia, materialismo e infelicidad en el que generalmente nos movemos. Una novela corta que profundiza en la condici\u00f3n humana y que constituye una valiosa y original gu\u00eda para alcanzar la plenitud, que empieza dentro de nosotros mismos. Un texto para leer despacio, saboreando las ideas que con sencillez, cari\u00f1o y belleza tejen sus palabras con el \u00fanico objetivo de mostrarnos la forma de disfrutar del maravilloso misterio que es la vida.<\/p>\n<p>Como dice el mendigo: \u00abTodo lo que existe a tu alrededor puede destruirse, pero, si preservas inc\u00f3lume tu jard\u00edn secreto, ese al que nadie m\u00e1s puede llegar, estar\u00e1s siempre en el para\u00edso\u00bb.<\/p>\n","protected":false},"featured_media":98614,"comment_status":"closed","ping_status":"open","template":"","meta":{"_acf_changed":false},"libro":[],"product_brand":[],"product_cat":[26],"product_tag":[],"class_list":{"0":"post-98613","1":"product","2":"type-product","3":"status-publish","4":"has-post-thumbnail","6":"product_cat-sin-categoria","8":"first","9":"instock","10":"product-type-simple"},"acf":{"autor":[77052],"enlace_de_compra":"https:\/\/www.amazon.es\/Mi-amigo-mendigo-Noel-Goicoechea\/dp\/8411446743\/"},"yoast_head":"<!-- This site is optimized with the Yoast SEO plugin v26.6 - https:\/\/yoast.com\/wordpress\/plugins\/seo\/ -->\n<title>Mi amigo el mendigo - Catalogo | Letrame Grupo Editorial<\/title>\n<meta name=\"robots\" content=\"index, follow, max-snippet:-1, max-image-preview:large, max-video-preview:-1\" \/>\n<link rel=\"canonical\" href=\"https:\/\/letrame.com\/catalogo\/producto\/mi-amigo-el-mendigo\/\" \/>\n<meta property=\"og:locale\" content=\"es_ES\" \/>\n<meta property=\"og:type\" content=\"article\" \/>\n<meta property=\"og:title\" content=\"Mi amigo el mendigo - Catalogo | Letrame Grupo Editorial\" \/>\n<meta property=\"og:description\" content=\"ISBN: 978-84-1144-674-7 SINOPSIS Un ejecutivo deprimido porque no encuentra sentido a su vida conoce casualmente a un curioso mendigo que le va explicando poco a poco su forma de entender la existencia y, en consecuencia, transmiti\u00e9ndole sus conocimientos sobre algunos de los grandes temas universales: la soledad, la consciencia, el pensamiento, el miedo, el amor, la creaci\u00f3n, Dios, el apego, el dolor, la enfermedad y la muerte. La atracci\u00f3n que la sabidur\u00eda, el amor y el ejemplo de vida del mendigo ejercen sobre el ejecutivo es tal que en este se produce una catarsis impulsada por una hermosa amistad, una catarsis que culmina con un sorprendente final. Mi amigo el mendigo es un relato de transformaci\u00f3n interior que nos recuerda lo que verdaderamente es importante dentro del mundo de incongruencia, materialismo e infelicidad en el que generalmente nos movemos. Una novela corta que profundiza en la condici\u00f3n humana y que constituye una valiosa y original gu\u00eda para alcanzar la plenitud, que empieza dentro de nosotros mismos. Un texto para leer despacio, saboreando las ideas que con sencillez, cari\u00f1o y belleza tejen sus palabras con el \u00fanico objetivo de mostrarnos la forma de disfrutar del maravilloso misterio que es la vida. Como dice el mendigo: \u00abTodo lo que existe a tu alrededor puede destruirse, pero, si preservas inc\u00f3lume tu jard\u00edn secreto, ese al que nadie m\u00e1s puede llegar, estar\u00e1s siempre en el para\u00edso\u00bb.\" \/>\n<meta property=\"og:url\" content=\"https:\/\/letrame.com\/catalogo\/producto\/mi-amigo-el-mendigo\/\" \/>\n<meta property=\"og:site_name\" content=\"Catalogo | Letrame Grupo Editorial\" \/>\n<meta property=\"article:modified_time\" content=\"2024-04-29T13:13:47+00:00\" \/>\n<meta property=\"og:image\" content=\"https:\/\/letrame.com\/catalogo\/wp-content\/uploads\/2024\/04\/web_miamigoelmendigo_633mm-compressed.jpg\" \/>\n\t<meta property=\"og:image:width\" content=\"601\" \/>\n\t<meta property=\"og:image:height\" content=\"841\" \/>\n\t<meta property=\"og:image:type\" content=\"image\/jpeg\" \/>\n<meta name=\"twitter:card\" content=\"summary_large_image\" \/>\n<meta name=\"twitter:label1\" content=\"Tiempo de lectura\" \/>\n\t<meta name=\"twitter:data1\" content=\"1 minuto\" \/>\n<script type=\"application\/ld+json\" class=\"yoast-schema-graph\">{\"@context\":\"https:\/\/schema.org\",\"@graph\":[{\"@type\":\"WebPage\",\"@id\":\"https:\/\/letrame.com\/catalogo\/producto\/mi-amigo-el-mendigo\/\",\"url\":\"https:\/\/letrame.com\/catalogo\/producto\/mi-amigo-el-mendigo\/\",\"name\":\"Mi amigo el mendigo - Catalogo | Letrame Grupo Editorial\",\"isPartOf\":{\"@id\":\"https:\/\/letrame.com\/catalogo\/#website\"},\"primaryImageOfPage\":{\"@id\":\"https:\/\/letrame.com\/catalogo\/producto\/mi-amigo-el-mendigo\/#primaryimage\"},\"image\":{\"@id\":\"https:\/\/letrame.com\/catalogo\/producto\/mi-amigo-el-mendigo\/#primaryimage\"},\"thumbnailUrl\":\"https:\/\/letrame.com\/catalogo\/wp-content\/uploads\/2024\/04\/web_miamigoelmendigo_633mm-compressed.jpg\",\"datePublished\":\"2024-04-29T13:13:41+00:00\",\"dateModified\":\"2024-04-29T13:13:47+00:00\",\"breadcrumb\":{\"@id\":\"https:\/\/letrame.com\/catalogo\/producto\/mi-amigo-el-mendigo\/#breadcrumb\"},\"inLanguage\":\"es\",\"potentialAction\":[{\"@type\":\"ReadAction\",\"target\":[\"https:\/\/letrame.com\/catalogo\/producto\/mi-amigo-el-mendigo\/\"]}]},{\"@type\":\"ImageObject\",\"inLanguage\":\"es\",\"@id\":\"https:\/\/letrame.com\/catalogo\/producto\/mi-amigo-el-mendigo\/#primaryimage\",\"url\":\"https:\/\/letrame.com\/catalogo\/wp-content\/uploads\/2024\/04\/web_miamigoelmendigo_633mm-compressed.jpg\",\"contentUrl\":\"https:\/\/letrame.com\/catalogo\/wp-content\/uploads\/2024\/04\/web_miamigoelmendigo_633mm-compressed.jpg\",\"width\":601,\"height\":841},{\"@type\":\"BreadcrumbList\",\"@id\":\"https:\/\/letrame.com\/catalogo\/producto\/mi-amigo-el-mendigo\/#breadcrumb\",\"itemListElement\":[{\"@type\":\"ListItem\",\"position\":1,\"name\":\"Portada\",\"item\":\"https:\/\/letrame.com\/catalogo\/\"},{\"@type\":\"ListItem\",\"position\":2,\"name\":\"Cat\u00e1logo\",\"item\":\"https:\/\/letrame.com\/catalogo\/\"},{\"@type\":\"ListItem\",\"position\":3,\"name\":\"Mi amigo el mendigo\"}]},{\"@type\":\"WebSite\",\"@id\":\"https:\/\/letrame.com\/catalogo\/#website\",\"url\":\"https:\/\/letrame.com\/catalogo\/\",\"name\":\"Catalogo | Letrame Grupo Editorial\",\"description\":\"\",\"publisher\":{\"@id\":\"https:\/\/letrame.com\/catalogo\/#organization\"},\"potentialAction\":[{\"@type\":\"SearchAction\",\"target\":{\"@type\":\"EntryPoint\",\"urlTemplate\":\"https:\/\/letrame.com\/catalogo\/?s={search_term_string}\"},\"query-input\":{\"@type\":\"PropertyValueSpecification\",\"valueRequired\":true,\"valueName\":\"search_term_string\"}}],\"inLanguage\":\"es\"},{\"@type\":\"Organization\",\"@id\":\"https:\/\/letrame.com\/catalogo\/#organization\",\"name\":\"Catalogo | Letrame Grupo Editorial\",\"url\":\"https:\/\/letrame.com\/catalogo\/\",\"logo\":{\"@type\":\"ImageObject\",\"inLanguage\":\"es\",\"@id\":\"https:\/\/letrame.com\/catalogo\/#\/schema\/logo\/image\/\",\"url\":\"https:\/\/letrame.com\/catalogo\/wp-content\/uploads\/2024\/03\/logo2.webp\",\"contentUrl\":\"https:\/\/letrame.com\/catalogo\/wp-content\/uploads\/2024\/03\/logo2.webp\",\"width\":394,\"height\":128,\"caption\":\"Catalogo | Letrame Grupo Editorial\"},\"image\":{\"@id\":\"https:\/\/letrame.com\/catalogo\/#\/schema\/logo\/image\/\"}}]}<\/script>\n<!-- \/ Yoast SEO plugin. -->","yoast_head_json":{"title":"Mi amigo el mendigo - Catalogo | Letrame Grupo Editorial","robots":{"index":"index","follow":"follow","max-snippet":"max-snippet:-1","max-image-preview":"max-image-preview:large","max-video-preview":"max-video-preview:-1"},"canonical":"https:\/\/letrame.com\/catalogo\/producto\/mi-amigo-el-mendigo\/","og_locale":"es_ES","og_type":"article","og_title":"Mi amigo el mendigo - Catalogo | Letrame Grupo Editorial","og_description":"ISBN: 978-84-1144-674-7 SINOPSIS Un ejecutivo deprimido porque no encuentra sentido a su vida conoce casualmente a un curioso mendigo que le va explicando poco a poco su forma de entender la existencia y, en consecuencia, transmiti\u00e9ndole sus conocimientos sobre algunos de los grandes temas universales: la soledad, la consciencia, el pensamiento, el miedo, el amor, la creaci\u00f3n, Dios, el apego, el dolor, la enfermedad y la muerte. La atracci\u00f3n que la sabidur\u00eda, el amor y el ejemplo de vida del mendigo ejercen sobre el ejecutivo es tal que en este se produce una catarsis impulsada por una hermosa amistad, una catarsis que culmina con un sorprendente final. Mi amigo el mendigo es un relato de transformaci\u00f3n interior que nos recuerda lo que verdaderamente es importante dentro del mundo de incongruencia, materialismo e infelicidad en el que generalmente nos movemos. Una novela corta que profundiza en la condici\u00f3n humana y que constituye una valiosa y original gu\u00eda para alcanzar la plenitud, que empieza dentro de nosotros mismos. Un texto para leer despacio, saboreando las ideas que con sencillez, cari\u00f1o y belleza tejen sus palabras con el \u00fanico objetivo de mostrarnos la forma de disfrutar del maravilloso misterio que es la vida. Como dice el mendigo: \u00abTodo lo que existe a tu alrededor puede destruirse, pero, si preservas inc\u00f3lume tu jard\u00edn secreto, ese al que nadie m\u00e1s puede llegar, estar\u00e1s siempre en el para\u00edso\u00bb.","og_url":"https:\/\/letrame.com\/catalogo\/producto\/mi-amigo-el-mendigo\/","og_site_name":"Catalogo | Letrame Grupo Editorial","article_modified_time":"2024-04-29T13:13:47+00:00","og_image":[{"width":601,"height":841,"url":"https:\/\/letrame.com\/catalogo\/wp-content\/uploads\/2024\/04\/web_miamigoelmendigo_633mm-compressed.jpg","type":"image\/jpeg"}],"twitter_card":"summary_large_image","twitter_misc":{"Tiempo de lectura":"1 minuto"},"schema":{"@context":"https:\/\/schema.org","@graph":[{"@type":"WebPage","@id":"https:\/\/letrame.com\/catalogo\/producto\/mi-amigo-el-mendigo\/","url":"https:\/\/letrame.com\/catalogo\/producto\/mi-amigo-el-mendigo\/","name":"Mi amigo el mendigo - Catalogo | Letrame Grupo Editorial","isPartOf":{"@id":"https:\/\/letrame.com\/catalogo\/#website"},"primaryImageOfPage":{"@id":"https:\/\/letrame.com\/catalogo\/producto\/mi-amigo-el-mendigo\/#primaryimage"},"image":{"@id":"https:\/\/letrame.com\/catalogo\/producto\/mi-amigo-el-mendigo\/#primaryimage"},"thumbnailUrl":"https:\/\/letrame.com\/catalogo\/wp-content\/uploads\/2024\/04\/web_miamigoelmendigo_633mm-compressed.jpg","datePublished":"2024-04-29T13:13:41+00:00","dateModified":"2024-04-29T13:13:47+00:00","breadcrumb":{"@id":"https:\/\/letrame.com\/catalogo\/producto\/mi-amigo-el-mendigo\/#breadcrumb"},"inLanguage":"es","potentialAction":[{"@type":"ReadAction","target":["https:\/\/letrame.com\/catalogo\/producto\/mi-amigo-el-mendigo\/"]}]},{"@type":"ImageObject","inLanguage":"es","@id":"https:\/\/letrame.com\/catalogo\/producto\/mi-amigo-el-mendigo\/#primaryimage","url":"https:\/\/letrame.com\/catalogo\/wp-content\/uploads\/2024\/04\/web_miamigoelmendigo_633mm-compressed.jpg","contentUrl":"https:\/\/letrame.com\/catalogo\/wp-content\/uploads\/2024\/04\/web_miamigoelmendigo_633mm-compressed.jpg","width":601,"height":841},{"@type":"BreadcrumbList","@id":"https:\/\/letrame.com\/catalogo\/producto\/mi-amigo-el-mendigo\/#breadcrumb","itemListElement":[{"@type":"ListItem","position":1,"name":"Portada","item":"https:\/\/letrame.com\/catalogo\/"},{"@type":"ListItem","position":2,"name":"Cat\u00e1logo","item":"https:\/\/letrame.com\/catalogo\/"},{"@type":"ListItem","position":3,"name":"Mi amigo el mendigo"}]},{"@type":"WebSite","@id":"https:\/\/letrame.com\/catalogo\/#website","url":"https:\/\/letrame.com\/catalogo\/","name":"Catalogo | Letrame Grupo Editorial","description":"","publisher":{"@id":"https:\/\/letrame.com\/catalogo\/#organization"},"potentialAction":[{"@type":"SearchAction","target":{"@type":"EntryPoint","urlTemplate":"https:\/\/letrame.com\/catalogo\/?s={search_term_string}"},"query-input":{"@type":"PropertyValueSpecification","valueRequired":true,"valueName":"search_term_string"}}],"inLanguage":"es"},{"@type":"Organization","@id":"https:\/\/letrame.com\/catalogo\/#organization","name":"Catalogo | Letrame Grupo Editorial","url":"https:\/\/letrame.com\/catalogo\/","logo":{"@type":"ImageObject","inLanguage":"es","@id":"https:\/\/letrame.com\/catalogo\/#\/schema\/logo\/image\/","url":"https:\/\/letrame.com\/catalogo\/wp-content\/uploads\/2024\/03\/logo2.webp","contentUrl":"https:\/\/letrame.com\/catalogo\/wp-content\/uploads\/2024\/03\/logo2.webp","width":394,"height":128,"caption":"Catalogo | Letrame Grupo Editorial"},"image":{"@id":"https:\/\/letrame.com\/catalogo\/#\/schema\/logo\/image\/"}}]}},"_links":{"self":[{"href":"https:\/\/letrame.com\/catalogo\/wp-json\/wp\/v2\/product\/98613","targetHints":{"allow":["GET"]}}],"collection":[{"href":"https:\/\/letrame.com\/catalogo\/wp-json\/wp\/v2\/product"}],"about":[{"href":"https:\/\/letrame.com\/catalogo\/wp-json\/wp\/v2\/types\/product"}],"replies":[{"embeddable":true,"href":"https:\/\/letrame.com\/catalogo\/wp-json\/wp\/v2\/comments?post=98613"}],"acf:post":[{"embeddable":true,"href":"https:\/\/letrame.com\/catalogo\/wp-json\/wp\/v2\/author_book\/77052"}],"wp:featuredmedia":[{"embeddable":true,"href":"https:\/\/letrame.com\/catalogo\/wp-json\/wp\/v2\/media\/98614"}],"wp:attachment":[{"href":"https:\/\/letrame.com\/catalogo\/wp-json\/wp\/v2\/media?parent=98613"}],"wp:term":[{"taxonomy":"libro","embeddable":true,"href":"https:\/\/letrame.com\/catalogo\/wp-json\/wp\/v2\/libro?post=98613"},{"taxonomy":"product_brand","embeddable":true,"href":"https:\/\/letrame.com\/catalogo\/wp-json\/wp\/v2\/product_brand?post=98613"},{"taxonomy":"product_cat","embeddable":true,"href":"https:\/\/letrame.com\/catalogo\/wp-json\/wp\/v2\/product_cat?post=98613"},{"taxonomy":"product_tag","embeddable":true,"href":"https:\/\/letrame.com\/catalogo\/wp-json\/wp\/v2\/product_tag?post=98613"}],"curies":[{"name":"wp","href":"https:\/\/api.w.org\/{rel}","templated":true}]}}