{"id":98611,"date":"2024-04-29T15:13:41","date_gmt":"2024-04-29T13:13:41","guid":{"rendered":"https:\/\/letrame.com\/catalogo\/producto\/volver-a-vivir\/"},"modified":"2024-04-29T15:13:44","modified_gmt":"2024-04-29T13:13:44","slug":"volver-a-vivir","status":"publish","type":"product","link":"https:\/\/letrame.com\/catalogo\/producto\/volver-a-vivir\/","title":{"rendered":"Volver a vivir"},"content":{"rendered":"<p><strong>ISBN<\/strong>: 978-84-1144-617-4<\/p>\n<p><strong>T\u00edtulo<\/strong>: Volver a vivir<br \/>\n<strong>Fecha<\/strong>: 2023<br \/>\n<strong>P\u00e1ginas<\/strong>: 238<\/p>\n<p><strong>SINOPSIS<\/strong><\/p>\n<p>A sus 11 a\u00f1os tuvo que tomar una decisi\u00f3n que m\u00e1s tarde lamentar\u00eda.<\/p>\n<p>Las ansias de sentirse valorado y ser alguien lo condujo a dar un giro radical que cambiar\u00eda su vida para siempre.<\/p>\n<p>A\u00fan adolescente logr\u00f3 ingresar a una Instituci\u00f3n policial que le hizo ver que el juego de ni\u00f1os en las calles hab\u00eda terminado y que ahora las balas que rozaban su cabeza eran de verdad. Ese ingreso precipitado a ese mundo le permiti\u00f3 romper paradigmas, pero tambi\u00e9n lo condujo a vivir experiencias inimaginables en el coraz\u00f3n de la selva, donde el deseo de supervivencia\u00a0 llega al l\u00edmite.<\/p>\n<p>El protagonista nos narra vivencias en diferentes lugares que trasmiten emociones, admiraci\u00f3n e indignaci\u00f3n, cuando transgredi\u00e9ndose las reglas, la codicia y la ambici\u00f3n por el dinero sentencian a muerte a una persona, reflejando la decadencia del ser humano.<\/p>\n<p>Nos traslada al lugar de los hechos donde sucedieron ataques terroristas y una emboscada fatal. Violencia y demencia cubierta con el manto: \u00ablos fines justifican los medios\u00bb (Nicol\u00e1s Maquiavelo).<\/p>\n<p>Adem\u00e1s describe la satisfacci\u00f3n que se siente al salvar una vida, pero tambi\u00e9n la frustraci\u00f3n y la impotencia cuando el esfuerzo por lograrlo no es suficiente.<\/p>\n<p>&nbsp;<\/p>\n<p>&nbsp;<\/p>\n","protected":false},"excerpt":{"rendered":"<p><strong>ISBN<\/strong>: 978-84-1144-617-4<\/p>\n<p><strong>SINOPSIS<\/strong><\/p>\n<p>A sus 11 a\u00f1os tuvo que tomar una decisi\u00f3n que m\u00e1s tarde lamentar\u00eda.<\/p>\n<p>Las ansias de sentirse valorado y ser alguien lo condujo a dar un giro radical que cambiar\u00eda su vida para siempre.<\/p>\n<p>A\u00fan adolescente logr\u00f3 ingresar a una Instituci\u00f3n policial que le hizo ver que el juego de ni\u00f1os en las calles hab\u00eda terminado y que ahora las balas que rozaban su cabeza eran de verdad. Ese ingreso precipitado a ese mundo le permiti\u00f3 romper paradigmas, pero tambi\u00e9n lo condujo a vivir experiencias inimaginables en el coraz\u00f3n de la selva, donde el deseo de supervivencia\u00a0 llega al l\u00edmite.<\/p>\n<p>El protagonista nos narra vivencias en diferentes lugares que trasmiten emociones, admiraci\u00f3n e indignaci\u00f3n, cuando transgredi\u00e9ndose las reglas, la codicia y la ambici\u00f3n por el dinero sentencian a muerte a una persona, reflejando la decadencia del ser humano.<\/p>\n<p>Nos traslada al lugar de los hechos donde sucedieron ataques terroristas y una emboscada fatal. Violencia y demencia cubierta con el manto: \u00ablos fines justifican los medios\u00bb (Nicol\u00e1s Maquiavelo).<\/p>\n<p>Adem\u00e1s describe la satisfacci\u00f3n que se siente al salvar una vida, pero tambi\u00e9n la frustraci\u00f3n y la impotencia cuando el esfuerzo por lograrlo no es suficiente.<\/p>\n","protected":false},"featured_media":98612,"comment_status":"closed","ping_status":"open","template":"","meta":{"_acf_changed":false},"libro":[],"product_brand":[],"product_cat":[26],"product_tag":[],"class_list":{"0":"post-98611","1":"product","2":"type-product","3":"status-publish","4":"has-post-thumbnail","6":"product_cat-sin-categoria","8":"first","9":"instock","10":"product-type-simple"},"acf":{"autor":[77051],"enlace_de_compra":"https:\/\/libreria.tirant.com\/es\/libro\/volver-a-vivir-zeta-9788411446174"},"yoast_head":"<!-- This site is optimized with the Yoast SEO plugin v27.4 - https:\/\/yoast.com\/product\/yoast-seo-wordpress\/ -->\n<title>Volver a vivir - Catalogo | Letrame Grupo Editorial<\/title>\n<meta name=\"robots\" content=\"index, follow, max-snippet:-1, max-image-preview:large, max-video-preview:-1\" \/>\n<link rel=\"canonical\" href=\"https:\/\/letrame.com\/catalogo\/producto\/volver-a-vivir\/\" \/>\n<meta property=\"og:locale\" content=\"es_ES\" \/>\n<meta property=\"og:type\" content=\"article\" \/>\n<meta property=\"og:title\" content=\"Volver a vivir - Catalogo | Letrame Grupo Editorial\" \/>\n<meta property=\"og:description\" content=\"ISBN: 978-84-1144-617-4 SINOPSIS A sus 11 a\u00f1os tuvo que tomar una decisi\u00f3n que m\u00e1s tarde lamentar\u00eda. Las ansias de sentirse valorado y ser alguien lo condujo a dar un giro radical que cambiar\u00eda su vida para siempre. A\u00fan adolescente logr\u00f3 ingresar a una Instituci\u00f3n policial que le hizo ver que el juego de ni\u00f1os en las calles hab\u00eda terminado y que ahora las balas que rozaban su cabeza eran de verdad. Ese ingreso precipitado a ese mundo le permiti\u00f3 romper paradigmas, pero tambi\u00e9n lo condujo a vivir experiencias inimaginables en el coraz\u00f3n de la selva, donde el deseo de supervivencia\u00a0 llega al l\u00edmite. El protagonista nos narra vivencias en diferentes lugares que trasmiten emociones, admiraci\u00f3n e indignaci\u00f3n, cuando transgredi\u00e9ndose las reglas, la codicia y la ambici\u00f3n por el dinero sentencian a muerte a una persona, reflejando la decadencia del ser humano. Nos traslada al lugar de los hechos donde sucedieron ataques terroristas y una emboscada fatal. Violencia y demencia cubierta con el manto: \u00ablos fines justifican los medios\u00bb (Nicol\u00e1s Maquiavelo). Adem\u00e1s describe la satisfacci\u00f3n que se siente al salvar una vida, pero tambi\u00e9n la frustraci\u00f3n y la impotencia cuando el esfuerzo por lograrlo no es suficiente.\" \/>\n<meta property=\"og:url\" content=\"https:\/\/letrame.com\/catalogo\/producto\/volver-a-vivir\/\" \/>\n<meta property=\"og:site_name\" content=\"Catalogo | Letrame Grupo Editorial\" \/>\n<meta property=\"article:modified_time\" content=\"2024-04-29T13:13:44+00:00\" \/>\n<meta property=\"og:image\" content=\"https:\/\/letrame.com\/catalogo\/wp-content\/uploads\/2024\/04\/web_vovleravivir_121mm-compressed-2.jpg\" \/>\n\t<meta property=\"og:image:width\" content=\"601\" \/>\n\t<meta property=\"og:image:height\" content=\"881\" \/>\n\t<meta property=\"og:image:type\" content=\"image\/jpeg\" \/>\n<meta name=\"twitter:card\" content=\"summary_large_image\" \/>\n<meta name=\"twitter:label1\" content=\"Tiempo de lectura\" \/>\n\t<meta name=\"twitter:data1\" content=\"1 minuto\" \/>\n<script type=\"application\/ld+json\" class=\"yoast-schema-graph\">{\"@context\":\"https:\\\/\\\/schema.org\",\"@graph\":[{\"@type\":\"WebPage\",\"@id\":\"https:\\\/\\\/letrame.com\\\/catalogo\\\/producto\\\/volver-a-vivir\\\/\",\"url\":\"https:\\\/\\\/letrame.com\\\/catalogo\\\/producto\\\/volver-a-vivir\\\/\",\"name\":\"Volver a vivir - Catalogo | Letrame Grupo Editorial\",\"isPartOf\":{\"@id\":\"https:\\\/\\\/letrame.com\\\/catalogo\\\/#website\"},\"primaryImageOfPage\":{\"@id\":\"https:\\\/\\\/letrame.com\\\/catalogo\\\/producto\\\/volver-a-vivir\\\/#primaryimage\"},\"image\":{\"@id\":\"https:\\\/\\\/letrame.com\\\/catalogo\\\/producto\\\/volver-a-vivir\\\/#primaryimage\"},\"thumbnailUrl\":\"https:\\\/\\\/letrame.com\\\/catalogo\\\/wp-content\\\/uploads\\\/2024\\\/04\\\/web_vovleravivir_121mm-compressed-2.jpg\",\"datePublished\":\"2024-04-29T13:13:41+00:00\",\"dateModified\":\"2024-04-29T13:13:44+00:00\",\"breadcrumb\":{\"@id\":\"https:\\\/\\\/letrame.com\\\/catalogo\\\/producto\\\/volver-a-vivir\\\/#breadcrumb\"},\"inLanguage\":\"es\",\"potentialAction\":[{\"@type\":\"ReadAction\",\"target\":[\"https:\\\/\\\/letrame.com\\\/catalogo\\\/producto\\\/volver-a-vivir\\\/\"]}]},{\"@type\":\"ImageObject\",\"inLanguage\":\"es\",\"@id\":\"https:\\\/\\\/letrame.com\\\/catalogo\\\/producto\\\/volver-a-vivir\\\/#primaryimage\",\"url\":\"https:\\\/\\\/letrame.com\\\/catalogo\\\/wp-content\\\/uploads\\\/2024\\\/04\\\/web_vovleravivir_121mm-compressed-2.jpg\",\"contentUrl\":\"https:\\\/\\\/letrame.com\\\/catalogo\\\/wp-content\\\/uploads\\\/2024\\\/04\\\/web_vovleravivir_121mm-compressed-2.jpg\",\"width\":601,\"height\":881},{\"@type\":\"BreadcrumbList\",\"@id\":\"https:\\\/\\\/letrame.com\\\/catalogo\\\/producto\\\/volver-a-vivir\\\/#breadcrumb\",\"itemListElement\":[{\"@type\":\"ListItem\",\"position\":1,\"name\":\"Portada\",\"item\":\"https:\\\/\\\/letrame.com\\\/catalogo\\\/\"},{\"@type\":\"ListItem\",\"position\":2,\"name\":\"Cat\u00e1logo\",\"item\":\"https:\\\/\\\/letrame.com\\\/catalogo\\\/\"},{\"@type\":\"ListItem\",\"position\":3,\"name\":\"Volver a vivir\"}]},{\"@type\":\"WebSite\",\"@id\":\"https:\\\/\\\/letrame.com\\\/catalogo\\\/#website\",\"url\":\"https:\\\/\\\/letrame.com\\\/catalogo\\\/\",\"name\":\"Catalogo | Letrame Grupo Editorial\",\"description\":\"\",\"publisher\":{\"@id\":\"https:\\\/\\\/letrame.com\\\/catalogo\\\/#organization\"},\"potentialAction\":[{\"@type\":\"SearchAction\",\"target\":{\"@type\":\"EntryPoint\",\"urlTemplate\":\"https:\\\/\\\/letrame.com\\\/catalogo\\\/?s={search_term_string}\"},\"query-input\":{\"@type\":\"PropertyValueSpecification\",\"valueRequired\":true,\"valueName\":\"search_term_string\"}}],\"inLanguage\":\"es\"},{\"@type\":\"Organization\",\"@id\":\"https:\\\/\\\/letrame.com\\\/catalogo\\\/#organization\",\"name\":\"Catalogo | Letrame Grupo Editorial\",\"url\":\"https:\\\/\\\/letrame.com\\\/catalogo\\\/\",\"logo\":{\"@type\":\"ImageObject\",\"inLanguage\":\"es\",\"@id\":\"https:\\\/\\\/letrame.com\\\/catalogo\\\/#\\\/schema\\\/logo\\\/image\\\/\",\"url\":\"https:\\\/\\\/letrame.com\\\/catalogo\\\/wp-content\\\/uploads\\\/2024\\\/03\\\/logo2.webp\",\"contentUrl\":\"https:\\\/\\\/letrame.com\\\/catalogo\\\/wp-content\\\/uploads\\\/2024\\\/03\\\/logo2.webp\",\"width\":394,\"height\":128,\"caption\":\"Catalogo | Letrame Grupo Editorial\"},\"image\":{\"@id\":\"https:\\\/\\\/letrame.com\\\/catalogo\\\/#\\\/schema\\\/logo\\\/image\\\/\"}}]}<\/script>\n<!-- \/ Yoast SEO plugin. -->","yoast_head_json":{"title":"Volver a vivir - Catalogo | Letrame Grupo Editorial","robots":{"index":"index","follow":"follow","max-snippet":"max-snippet:-1","max-image-preview":"max-image-preview:large","max-video-preview":"max-video-preview:-1"},"canonical":"https:\/\/letrame.com\/catalogo\/producto\/volver-a-vivir\/","og_locale":"es_ES","og_type":"article","og_title":"Volver a vivir - Catalogo | Letrame Grupo Editorial","og_description":"ISBN: 978-84-1144-617-4 SINOPSIS A sus 11 a\u00f1os tuvo que tomar una decisi\u00f3n que m\u00e1s tarde lamentar\u00eda. Las ansias de sentirse valorado y ser alguien lo condujo a dar un giro radical que cambiar\u00eda su vida para siempre. A\u00fan adolescente logr\u00f3 ingresar a una Instituci\u00f3n policial que le hizo ver que el juego de ni\u00f1os en las calles hab\u00eda terminado y que ahora las balas que rozaban su cabeza eran de verdad. Ese ingreso precipitado a ese mundo le permiti\u00f3 romper paradigmas, pero tambi\u00e9n lo condujo a vivir experiencias inimaginables en el coraz\u00f3n de la selva, donde el deseo de supervivencia\u00a0 llega al l\u00edmite. El protagonista nos narra vivencias en diferentes lugares que trasmiten emociones, admiraci\u00f3n e indignaci\u00f3n, cuando transgredi\u00e9ndose las reglas, la codicia y la ambici\u00f3n por el dinero sentencian a muerte a una persona, reflejando la decadencia del ser humano. Nos traslada al lugar de los hechos donde sucedieron ataques terroristas y una emboscada fatal. Violencia y demencia cubierta con el manto: \u00ablos fines justifican los medios\u00bb (Nicol\u00e1s Maquiavelo). Adem\u00e1s describe la satisfacci\u00f3n que se siente al salvar una vida, pero tambi\u00e9n la frustraci\u00f3n y la impotencia cuando el esfuerzo por lograrlo no es suficiente.","og_url":"https:\/\/letrame.com\/catalogo\/producto\/volver-a-vivir\/","og_site_name":"Catalogo | Letrame Grupo Editorial","article_modified_time":"2024-04-29T13:13:44+00:00","og_image":[{"width":601,"height":881,"url":"https:\/\/letrame.com\/catalogo\/wp-content\/uploads\/2024\/04\/web_vovleravivir_121mm-compressed-2.jpg","type":"image\/jpeg"}],"twitter_card":"summary_large_image","twitter_misc":{"Tiempo de lectura":"1 minuto"},"schema":{"@context":"https:\/\/schema.org","@graph":[{"@type":"WebPage","@id":"https:\/\/letrame.com\/catalogo\/producto\/volver-a-vivir\/","url":"https:\/\/letrame.com\/catalogo\/producto\/volver-a-vivir\/","name":"Volver a vivir - Catalogo | Letrame Grupo Editorial","isPartOf":{"@id":"https:\/\/letrame.com\/catalogo\/#website"},"primaryImageOfPage":{"@id":"https:\/\/letrame.com\/catalogo\/producto\/volver-a-vivir\/#primaryimage"},"image":{"@id":"https:\/\/letrame.com\/catalogo\/producto\/volver-a-vivir\/#primaryimage"},"thumbnailUrl":"https:\/\/letrame.com\/catalogo\/wp-content\/uploads\/2024\/04\/web_vovleravivir_121mm-compressed-2.jpg","datePublished":"2024-04-29T13:13:41+00:00","dateModified":"2024-04-29T13:13:44+00:00","breadcrumb":{"@id":"https:\/\/letrame.com\/catalogo\/producto\/volver-a-vivir\/#breadcrumb"},"inLanguage":"es","potentialAction":[{"@type":"ReadAction","target":["https:\/\/letrame.com\/catalogo\/producto\/volver-a-vivir\/"]}]},{"@type":"ImageObject","inLanguage":"es","@id":"https:\/\/letrame.com\/catalogo\/producto\/volver-a-vivir\/#primaryimage","url":"https:\/\/letrame.com\/catalogo\/wp-content\/uploads\/2024\/04\/web_vovleravivir_121mm-compressed-2.jpg","contentUrl":"https:\/\/letrame.com\/catalogo\/wp-content\/uploads\/2024\/04\/web_vovleravivir_121mm-compressed-2.jpg","width":601,"height":881},{"@type":"BreadcrumbList","@id":"https:\/\/letrame.com\/catalogo\/producto\/volver-a-vivir\/#breadcrumb","itemListElement":[{"@type":"ListItem","position":1,"name":"Portada","item":"https:\/\/letrame.com\/catalogo\/"},{"@type":"ListItem","position":2,"name":"Cat\u00e1logo","item":"https:\/\/letrame.com\/catalogo\/"},{"@type":"ListItem","position":3,"name":"Volver a vivir"}]},{"@type":"WebSite","@id":"https:\/\/letrame.com\/catalogo\/#website","url":"https:\/\/letrame.com\/catalogo\/","name":"Catalogo | Letrame Grupo Editorial","description":"","publisher":{"@id":"https:\/\/letrame.com\/catalogo\/#organization"},"potentialAction":[{"@type":"SearchAction","target":{"@type":"EntryPoint","urlTemplate":"https:\/\/letrame.com\/catalogo\/?s={search_term_string}"},"query-input":{"@type":"PropertyValueSpecification","valueRequired":true,"valueName":"search_term_string"}}],"inLanguage":"es"},{"@type":"Organization","@id":"https:\/\/letrame.com\/catalogo\/#organization","name":"Catalogo | Letrame Grupo Editorial","url":"https:\/\/letrame.com\/catalogo\/","logo":{"@type":"ImageObject","inLanguage":"es","@id":"https:\/\/letrame.com\/catalogo\/#\/schema\/logo\/image\/","url":"https:\/\/letrame.com\/catalogo\/wp-content\/uploads\/2024\/03\/logo2.webp","contentUrl":"https:\/\/letrame.com\/catalogo\/wp-content\/uploads\/2024\/03\/logo2.webp","width":394,"height":128,"caption":"Catalogo | Letrame Grupo Editorial"},"image":{"@id":"https:\/\/letrame.com\/catalogo\/#\/schema\/logo\/image\/"}}]}},"_links":{"self":[{"href":"https:\/\/letrame.com\/catalogo\/wp-json\/wp\/v2\/product\/98611","targetHints":{"allow":["GET"]}}],"collection":[{"href":"https:\/\/letrame.com\/catalogo\/wp-json\/wp\/v2\/product"}],"about":[{"href":"https:\/\/letrame.com\/catalogo\/wp-json\/wp\/v2\/types\/product"}],"replies":[{"embeddable":true,"href":"https:\/\/letrame.com\/catalogo\/wp-json\/wp\/v2\/comments?post=98611"}],"acf:post":[{"embeddable":true,"href":"https:\/\/letrame.com\/catalogo\/wp-json\/wp\/v2\/author_book\/77051"}],"wp:featuredmedia":[{"embeddable":true,"href":"https:\/\/letrame.com\/catalogo\/wp-json\/wp\/v2\/media\/98612"}],"wp:attachment":[{"href":"https:\/\/letrame.com\/catalogo\/wp-json\/wp\/v2\/media?parent=98611"}],"wp:term":[{"taxonomy":"libro","embeddable":true,"href":"https:\/\/letrame.com\/catalogo\/wp-json\/wp\/v2\/libro?post=98611"},{"taxonomy":"product_brand","embeddable":true,"href":"https:\/\/letrame.com\/catalogo\/wp-json\/wp\/v2\/product_brand?post=98611"},{"taxonomy":"product_cat","embeddable":true,"href":"https:\/\/letrame.com\/catalogo\/wp-json\/wp\/v2\/product_cat?post=98611"},{"taxonomy":"product_tag","embeddable":true,"href":"https:\/\/letrame.com\/catalogo\/wp-json\/wp\/v2\/product_tag?post=98611"}],"curies":[{"name":"wp","href":"https:\/\/api.w.org\/{rel}","templated":true}]}}