{"id":98548,"date":"2024-04-29T15:10:26","date_gmt":"2024-04-29T13:10:26","guid":{"rendered":"https:\/\/letrame.com\/catalogo\/producto\/herbario-medicinal-urbano\/"},"modified":"2024-04-29T15:10:29","modified_gmt":"2024-04-29T13:10:29","slug":"herbario-medicinal-urbano","status":"publish","type":"product","link":"https:\/\/letrame.com\/catalogo\/producto\/herbario-medicinal-urbano\/","title":{"rendered":"Herbario medicinal urbano"},"content":{"rendered":"<p><strong>ISBN<\/strong>: 978-84-1144-580-1<\/p>\n<p><strong>T\u00edtulo<\/strong>: Herbario medicinal urbano<br \/>\n<strong>Fecha<\/strong>: 2023<br \/>\n<strong>P\u00e1ginas<\/strong>: 624<\/p>\n<p><strong>SINOPSIS<\/strong><\/p>\n<p>Hola, queridos amigos silvestres. Bienvenidos a un herbario \u00fanico y diferente. Como ya podr\u00e9is intuir tan s\u00f3lo con la portada, este herbario no pretende ser una perfecta gu\u00eda de identificaci\u00f3n bot\u00e1nica, ni tampoco un riguroso tratado de fitoterapia, pero s\u00ed una apasionante y original compilaci\u00f3n de casi 200 plantas medicinales que podemos encontrar simplemente paseando por nuestras ciudades, pueblos y caminos. Conoceremos sus caracter\u00edsticas, sus historias y leyendas, y, por supuesto, todos sus usos medicinales. Un herbario muy completo e ilustrado con bellas fotograf\u00edas que nos muestran las plantas en su estado m\u00e1s puro, sin artificios ni retoques de postal.<\/p>\n<p>Quiero presentaros a esas desconocidas que decoran grietas de asfalto, muros, paredes, bordes de aceras, que visten nuestros jardines y que crecen en medio de escombreras y terrenos bald\u00edos. Llevan siglos a nuestro lado, sirvi\u00e9ndonos de alimento, consuelo o medicina y cada una cuenta una historia \u00fanica. Adem\u00e1s, en este herbario he querido acercaros especies ornamentales, especies t\u00f3xicas, que crecen tanto silvestres como plantas, y \u00e1rboles.<\/p>\n<p>Dicen que no se puede amar aquello que no se conoce, as\u00ed que espero de coraz\u00f3n que este herbario sea una ventana al apasionante mundo de las plantas medicinales.<\/p>\n","protected":false},"excerpt":{"rendered":"<p><strong>ISBN<\/strong>: 978-84-1144-580-1<\/p>\n<p><strong>SINOPSIS<\/strong><\/p>\n<p>Hola, queridos amigos silvestres. Bienvenidos a un herbario \u00fanico y diferente. Como ya podr\u00e9is intuir tan s\u00f3lo con la portada, este herbario no pretende ser una perfecta gu\u00eda de identificaci\u00f3n bot\u00e1nica, ni tampoco un riguroso tratado de fitoterapia, pero s\u00ed una apasionante y original compilaci\u00f3n de casi 200 plantas medicinales que podemos encontrar simplemente paseando por nuestras ciudades, pueblos y caminos. Conoceremos sus caracter\u00edsticas, sus historias y leyendas, y, por supuesto, todos sus usos medicinales. Un herbario muy completo e ilustrado con bellas fotograf\u00edas que nos muestran las plantas en su estado m\u00e1s puro, sin artificios ni retoques de postal.<\/p>\n<p>Quiero presentaros a esas desconocidas que decoran grietas de asfalto, muros, paredes, bordes de aceras, que visten nuestros jardines y que crecen en medio de escombreras y terrenos bald\u00edos. Llevan siglos a nuestro lado, sirvi\u00e9ndonos de alimento, consuelo o medicina y cada una cuenta una historia \u00fanica. Adem\u00e1s, en este herbario he querido acercaros especies ornamentales, especies t\u00f3xicas, que crecen tanto silvestres como plantas, y \u00e1rboles.<\/p>\n<p>Dicen que no se puede amar aquello que no se conoce, as\u00ed que espero de coraz\u00f3n que este herbario sea una ventana al apasionante mundo de las plantas medicinales.<\/p>\n","protected":false},"featured_media":98549,"comment_status":"closed","ping_status":"open","template":"","meta":{"_acf_changed":false},"libro":[],"product_brand":[],"product_cat":[26],"product_tag":[],"class_list":{"0":"post-98548","1":"product","2":"type-product","3":"status-publish","4":"has-post-thumbnail","6":"product_cat-sin-categoria","8":"first","9":"instock","10":"product-type-simple"},"acf":{"autor":[76994],"enlace_de_compra":""},"yoast_head":"<!-- This site is optimized with the Yoast SEO plugin v27.4 - https:\/\/yoast.com\/product\/yoast-seo-wordpress\/ -->\n<title>Herbario medicinal urbano - Catalogo | Letrame Grupo Editorial<\/title>\n<meta name=\"robots\" content=\"index, follow, max-snippet:-1, max-image-preview:large, max-video-preview:-1\" \/>\n<link rel=\"canonical\" href=\"https:\/\/letrame.com\/catalogo\/producto\/herbario-medicinal-urbano\/\" \/>\n<meta property=\"og:locale\" content=\"es_ES\" \/>\n<meta property=\"og:type\" content=\"article\" \/>\n<meta property=\"og:title\" content=\"Herbario medicinal urbano - Catalogo | Letrame Grupo Editorial\" \/>\n<meta property=\"og:description\" content=\"ISBN: 978-84-1144-580-1 SINOPSIS Hola, queridos amigos silvestres. Bienvenidos a un herbario \u00fanico y diferente. Como ya podr\u00e9is intuir tan s\u00f3lo con la portada, este herbario no pretende ser una perfecta gu\u00eda de identificaci\u00f3n bot\u00e1nica, ni tampoco un riguroso tratado de fitoterapia, pero s\u00ed una apasionante y original compilaci\u00f3n de casi 200 plantas medicinales que podemos encontrar simplemente paseando por nuestras ciudades, pueblos y caminos. Conoceremos sus caracter\u00edsticas, sus historias y leyendas, y, por supuesto, todos sus usos medicinales. Un herbario muy completo e ilustrado con bellas fotograf\u00edas que nos muestran las plantas en su estado m\u00e1s puro, sin artificios ni retoques de postal. Quiero presentaros a esas desconocidas que decoran grietas de asfalto, muros, paredes, bordes de aceras, que visten nuestros jardines y que crecen en medio de escombreras y terrenos bald\u00edos. Llevan siglos a nuestro lado, sirvi\u00e9ndonos de alimento, consuelo o medicina y cada una cuenta una historia \u00fanica. Adem\u00e1s, en este herbario he querido acercaros especies ornamentales, especies t\u00f3xicas, que crecen tanto silvestres como plantas, y \u00e1rboles. Dicen que no se puede amar aquello que no se conoce, as\u00ed que espero de coraz\u00f3n que este herbario sea una ventana al apasionante mundo de las plantas medicinales.\" \/>\n<meta property=\"og:url\" content=\"https:\/\/letrame.com\/catalogo\/producto\/herbario-medicinal-urbano\/\" \/>\n<meta property=\"og:site_name\" content=\"Catalogo | Letrame Grupo Editorial\" \/>\n<meta property=\"article:modified_time\" content=\"2024-04-29T13:10:29+00:00\" \/>\n<meta property=\"og:image\" content=\"https:\/\/letrame.com\/catalogo\/wp-content\/uploads\/2024\/04\/redportada_herbariomedicinal_339mm-1-compressed.jpg\" \/>\n\t<meta property=\"og:image:width\" content=\"601\" \/>\n\t<meta property=\"og:image:height\" content=\"849\" \/>\n\t<meta property=\"og:image:type\" content=\"image\/jpeg\" \/>\n<meta name=\"twitter:card\" content=\"summary_large_image\" \/>\n<meta name=\"twitter:label1\" content=\"Tiempo de lectura\" \/>\n\t<meta name=\"twitter:data1\" content=\"1 minuto\" \/>\n<script type=\"application\/ld+json\" class=\"yoast-schema-graph\">{\"@context\":\"https:\\\/\\\/schema.org\",\"@graph\":[{\"@type\":\"WebPage\",\"@id\":\"https:\\\/\\\/letrame.com\\\/catalogo\\\/producto\\\/herbario-medicinal-urbano\\\/\",\"url\":\"https:\\\/\\\/letrame.com\\\/catalogo\\\/producto\\\/herbario-medicinal-urbano\\\/\",\"name\":\"Herbario medicinal urbano - Catalogo | Letrame Grupo Editorial\",\"isPartOf\":{\"@id\":\"https:\\\/\\\/letrame.com\\\/catalogo\\\/#website\"},\"primaryImageOfPage\":{\"@id\":\"https:\\\/\\\/letrame.com\\\/catalogo\\\/producto\\\/herbario-medicinal-urbano\\\/#primaryimage\"},\"image\":{\"@id\":\"https:\\\/\\\/letrame.com\\\/catalogo\\\/producto\\\/herbario-medicinal-urbano\\\/#primaryimage\"},\"thumbnailUrl\":\"https:\\\/\\\/letrame.com\\\/catalogo\\\/wp-content\\\/uploads\\\/2024\\\/04\\\/redportada_herbariomedicinal_339mm-1-compressed.jpg\",\"datePublished\":\"2024-04-29T13:10:26+00:00\",\"dateModified\":\"2024-04-29T13:10:29+00:00\",\"breadcrumb\":{\"@id\":\"https:\\\/\\\/letrame.com\\\/catalogo\\\/producto\\\/herbario-medicinal-urbano\\\/#breadcrumb\"},\"inLanguage\":\"es\",\"potentialAction\":[{\"@type\":\"ReadAction\",\"target\":[\"https:\\\/\\\/letrame.com\\\/catalogo\\\/producto\\\/herbario-medicinal-urbano\\\/\"]}]},{\"@type\":\"ImageObject\",\"inLanguage\":\"es\",\"@id\":\"https:\\\/\\\/letrame.com\\\/catalogo\\\/producto\\\/herbario-medicinal-urbano\\\/#primaryimage\",\"url\":\"https:\\\/\\\/letrame.com\\\/catalogo\\\/wp-content\\\/uploads\\\/2024\\\/04\\\/redportada_herbariomedicinal_339mm-1-compressed.jpg\",\"contentUrl\":\"https:\\\/\\\/letrame.com\\\/catalogo\\\/wp-content\\\/uploads\\\/2024\\\/04\\\/redportada_herbariomedicinal_339mm-1-compressed.jpg\",\"width\":601,\"height\":849},{\"@type\":\"BreadcrumbList\",\"@id\":\"https:\\\/\\\/letrame.com\\\/catalogo\\\/producto\\\/herbario-medicinal-urbano\\\/#breadcrumb\",\"itemListElement\":[{\"@type\":\"ListItem\",\"position\":1,\"name\":\"Portada\",\"item\":\"https:\\\/\\\/letrame.com\\\/catalogo\\\/\"},{\"@type\":\"ListItem\",\"position\":2,\"name\":\"Cat\u00e1logo\",\"item\":\"https:\\\/\\\/letrame.com\\\/catalogo\\\/\"},{\"@type\":\"ListItem\",\"position\":3,\"name\":\"Herbario medicinal urbano\"}]},{\"@type\":\"WebSite\",\"@id\":\"https:\\\/\\\/letrame.com\\\/catalogo\\\/#website\",\"url\":\"https:\\\/\\\/letrame.com\\\/catalogo\\\/\",\"name\":\"Catalogo | Letrame Grupo Editorial\",\"description\":\"\",\"publisher\":{\"@id\":\"https:\\\/\\\/letrame.com\\\/catalogo\\\/#organization\"},\"potentialAction\":[{\"@type\":\"SearchAction\",\"target\":{\"@type\":\"EntryPoint\",\"urlTemplate\":\"https:\\\/\\\/letrame.com\\\/catalogo\\\/?s={search_term_string}\"},\"query-input\":{\"@type\":\"PropertyValueSpecification\",\"valueRequired\":true,\"valueName\":\"search_term_string\"}}],\"inLanguage\":\"es\"},{\"@type\":\"Organization\",\"@id\":\"https:\\\/\\\/letrame.com\\\/catalogo\\\/#organization\",\"name\":\"Catalogo | Letrame Grupo Editorial\",\"url\":\"https:\\\/\\\/letrame.com\\\/catalogo\\\/\",\"logo\":{\"@type\":\"ImageObject\",\"inLanguage\":\"es\",\"@id\":\"https:\\\/\\\/letrame.com\\\/catalogo\\\/#\\\/schema\\\/logo\\\/image\\\/\",\"url\":\"https:\\\/\\\/letrame.com\\\/catalogo\\\/wp-content\\\/uploads\\\/2024\\\/03\\\/logo2.webp\",\"contentUrl\":\"https:\\\/\\\/letrame.com\\\/catalogo\\\/wp-content\\\/uploads\\\/2024\\\/03\\\/logo2.webp\",\"width\":394,\"height\":128,\"caption\":\"Catalogo | Letrame Grupo Editorial\"},\"image\":{\"@id\":\"https:\\\/\\\/letrame.com\\\/catalogo\\\/#\\\/schema\\\/logo\\\/image\\\/\"}}]}<\/script>\n<!-- \/ Yoast SEO plugin. -->","yoast_head_json":{"title":"Herbario medicinal urbano - Catalogo | Letrame Grupo Editorial","robots":{"index":"index","follow":"follow","max-snippet":"max-snippet:-1","max-image-preview":"max-image-preview:large","max-video-preview":"max-video-preview:-1"},"canonical":"https:\/\/letrame.com\/catalogo\/producto\/herbario-medicinal-urbano\/","og_locale":"es_ES","og_type":"article","og_title":"Herbario medicinal urbano - Catalogo | Letrame Grupo Editorial","og_description":"ISBN: 978-84-1144-580-1 SINOPSIS Hola, queridos amigos silvestres. Bienvenidos a un herbario \u00fanico y diferente. Como ya podr\u00e9is intuir tan s\u00f3lo con la portada, este herbario no pretende ser una perfecta gu\u00eda de identificaci\u00f3n bot\u00e1nica, ni tampoco un riguroso tratado de fitoterapia, pero s\u00ed una apasionante y original compilaci\u00f3n de casi 200 plantas medicinales que podemos encontrar simplemente paseando por nuestras ciudades, pueblos y caminos. Conoceremos sus caracter\u00edsticas, sus historias y leyendas, y, por supuesto, todos sus usos medicinales. Un herbario muy completo e ilustrado con bellas fotograf\u00edas que nos muestran las plantas en su estado m\u00e1s puro, sin artificios ni retoques de postal. Quiero presentaros a esas desconocidas que decoran grietas de asfalto, muros, paredes, bordes de aceras, que visten nuestros jardines y que crecen en medio de escombreras y terrenos bald\u00edos. Llevan siglos a nuestro lado, sirvi\u00e9ndonos de alimento, consuelo o medicina y cada una cuenta una historia \u00fanica. Adem\u00e1s, en este herbario he querido acercaros especies ornamentales, especies t\u00f3xicas, que crecen tanto silvestres como plantas, y \u00e1rboles. Dicen que no se puede amar aquello que no se conoce, as\u00ed que espero de coraz\u00f3n que este herbario sea una ventana al apasionante mundo de las plantas medicinales.","og_url":"https:\/\/letrame.com\/catalogo\/producto\/herbario-medicinal-urbano\/","og_site_name":"Catalogo | Letrame Grupo Editorial","article_modified_time":"2024-04-29T13:10:29+00:00","og_image":[{"width":601,"height":849,"url":"https:\/\/letrame.com\/catalogo\/wp-content\/uploads\/2024\/04\/redportada_herbariomedicinal_339mm-1-compressed.jpg","type":"image\/jpeg"}],"twitter_card":"summary_large_image","twitter_misc":{"Tiempo de lectura":"1 minuto"},"schema":{"@context":"https:\/\/schema.org","@graph":[{"@type":"WebPage","@id":"https:\/\/letrame.com\/catalogo\/producto\/herbario-medicinal-urbano\/","url":"https:\/\/letrame.com\/catalogo\/producto\/herbario-medicinal-urbano\/","name":"Herbario medicinal urbano - Catalogo | Letrame Grupo Editorial","isPartOf":{"@id":"https:\/\/letrame.com\/catalogo\/#website"},"primaryImageOfPage":{"@id":"https:\/\/letrame.com\/catalogo\/producto\/herbario-medicinal-urbano\/#primaryimage"},"image":{"@id":"https:\/\/letrame.com\/catalogo\/producto\/herbario-medicinal-urbano\/#primaryimage"},"thumbnailUrl":"https:\/\/letrame.com\/catalogo\/wp-content\/uploads\/2024\/04\/redportada_herbariomedicinal_339mm-1-compressed.jpg","datePublished":"2024-04-29T13:10:26+00:00","dateModified":"2024-04-29T13:10:29+00:00","breadcrumb":{"@id":"https:\/\/letrame.com\/catalogo\/producto\/herbario-medicinal-urbano\/#breadcrumb"},"inLanguage":"es","potentialAction":[{"@type":"ReadAction","target":["https:\/\/letrame.com\/catalogo\/producto\/herbario-medicinal-urbano\/"]}]},{"@type":"ImageObject","inLanguage":"es","@id":"https:\/\/letrame.com\/catalogo\/producto\/herbario-medicinal-urbano\/#primaryimage","url":"https:\/\/letrame.com\/catalogo\/wp-content\/uploads\/2024\/04\/redportada_herbariomedicinal_339mm-1-compressed.jpg","contentUrl":"https:\/\/letrame.com\/catalogo\/wp-content\/uploads\/2024\/04\/redportada_herbariomedicinal_339mm-1-compressed.jpg","width":601,"height":849},{"@type":"BreadcrumbList","@id":"https:\/\/letrame.com\/catalogo\/producto\/herbario-medicinal-urbano\/#breadcrumb","itemListElement":[{"@type":"ListItem","position":1,"name":"Portada","item":"https:\/\/letrame.com\/catalogo\/"},{"@type":"ListItem","position":2,"name":"Cat\u00e1logo","item":"https:\/\/letrame.com\/catalogo\/"},{"@type":"ListItem","position":3,"name":"Herbario medicinal urbano"}]},{"@type":"WebSite","@id":"https:\/\/letrame.com\/catalogo\/#website","url":"https:\/\/letrame.com\/catalogo\/","name":"Catalogo | Letrame Grupo Editorial","description":"","publisher":{"@id":"https:\/\/letrame.com\/catalogo\/#organization"},"potentialAction":[{"@type":"SearchAction","target":{"@type":"EntryPoint","urlTemplate":"https:\/\/letrame.com\/catalogo\/?s={search_term_string}"},"query-input":{"@type":"PropertyValueSpecification","valueRequired":true,"valueName":"search_term_string"}}],"inLanguage":"es"},{"@type":"Organization","@id":"https:\/\/letrame.com\/catalogo\/#organization","name":"Catalogo | Letrame Grupo Editorial","url":"https:\/\/letrame.com\/catalogo\/","logo":{"@type":"ImageObject","inLanguage":"es","@id":"https:\/\/letrame.com\/catalogo\/#\/schema\/logo\/image\/","url":"https:\/\/letrame.com\/catalogo\/wp-content\/uploads\/2024\/03\/logo2.webp","contentUrl":"https:\/\/letrame.com\/catalogo\/wp-content\/uploads\/2024\/03\/logo2.webp","width":394,"height":128,"caption":"Catalogo | Letrame Grupo Editorial"},"image":{"@id":"https:\/\/letrame.com\/catalogo\/#\/schema\/logo\/image\/"}}]}},"_links":{"self":[{"href":"https:\/\/letrame.com\/catalogo\/wp-json\/wp\/v2\/product\/98548","targetHints":{"allow":["GET"]}}],"collection":[{"href":"https:\/\/letrame.com\/catalogo\/wp-json\/wp\/v2\/product"}],"about":[{"href":"https:\/\/letrame.com\/catalogo\/wp-json\/wp\/v2\/types\/product"}],"replies":[{"embeddable":true,"href":"https:\/\/letrame.com\/catalogo\/wp-json\/wp\/v2\/comments?post=98548"}],"acf:post":[{"embeddable":true,"href":"https:\/\/letrame.com\/catalogo\/wp-json\/wp\/v2\/author_book\/76994"}],"wp:featuredmedia":[{"embeddable":true,"href":"https:\/\/letrame.com\/catalogo\/wp-json\/wp\/v2\/media\/98549"}],"wp:attachment":[{"href":"https:\/\/letrame.com\/catalogo\/wp-json\/wp\/v2\/media?parent=98548"}],"wp:term":[{"taxonomy":"libro","embeddable":true,"href":"https:\/\/letrame.com\/catalogo\/wp-json\/wp\/v2\/libro?post=98548"},{"taxonomy":"product_brand","embeddable":true,"href":"https:\/\/letrame.com\/catalogo\/wp-json\/wp\/v2\/product_brand?post=98548"},{"taxonomy":"product_cat","embeddable":true,"href":"https:\/\/letrame.com\/catalogo\/wp-json\/wp\/v2\/product_cat?post=98548"},{"taxonomy":"product_tag","embeddable":true,"href":"https:\/\/letrame.com\/catalogo\/wp-json\/wp\/v2\/product_tag?post=98548"}],"curies":[{"name":"wp","href":"https:\/\/api.w.org\/{rel}","templated":true}]}}