{"id":98538,"date":"2024-04-29T15:10:02","date_gmt":"2024-04-29T13:10:02","guid":{"rendered":"https:\/\/letrame.com\/catalogo\/producto\/el-rey-de-hielo\/"},"modified":"2024-08-09T10:35:19","modified_gmt":"2024-08-09T08:35:19","slug":"el-rey-de-hielo","status":"publish","type":"product","link":"https:\/\/letrame.com\/catalogo\/producto\/el-rey-de-hielo\/","title":{"rendered":"El rey de hielo"},"content":{"rendered":"<p><strong>ISBN<\/strong>: 978-84-1144-577-1<\/p>\n<p><strong>T\u00edtulo<\/strong>: El rey de hielo<br \/>\n<strong>Fecha<\/strong>: 2022<br \/>\n<strong>P\u00e1ginas<\/strong>: 412<\/p>\n<p><strong>SINOPSIS<\/strong><\/p>\n<p>En la segunda entrega de esta saga, han pasado a\u00f1os desde que Ramnusia y Ares Blackner se encontraron y se unieron como pareja, y tambi\u00e9n desde que lograron restablecer la paz entre los siete reinos. Se acerca la hora en la que la princesa Ayla Blackner, semidiosa lycana hija de ambos, y Asmodeo, el demonio pr\u00edncipe del infierno e hijo del mism\u00edsimo Lucifer al que Ayla ha sido destinada, deber\u00e1n consumar su uni\u00f3n.<\/p>\n<p>El \u00fanico problema es que no existe en los siete reinos otra criatura a la que Ayla desprecie m\u00e1s que a Asmodeo, a pesar de que este sea su <em>mate<\/em>. En un \u00faltimo intento de escapar a su destino, Ayla decidir\u00e1 pasar una temporada con su familia en la Tierra, pero Asmodeo, decidido a conquistarla, ir\u00e1 tras ella. \u00bfPodr\u00e1n los esfuerzos del rey del hielo y la voluntad de los dioses ganar el coraz\u00f3n de la princesa?<\/p>\n","protected":false},"excerpt":{"rendered":"<p><strong>ISBN<\/strong>: 978-84-1144-577-1<\/p>\n<p><strong>SINOPSIS<\/strong><\/p>\n<p>En la segunda entrega de esta saga, han pasado a\u00f1os desde que Ramnusia y Ares Blackner se encontraron y se unieron como pareja, y tambi\u00e9n desde que lograron restablecer la paz entre los siete reinos. Se acerca la hora en la que la princesa Ayla Blackner, semidiosa lycana hija de ambos, y Asmodeo, el demonio pr\u00edncipe del infierno e hijo del mism\u00edsimo Lucifer al que Ayla ha sido destinada, deber\u00e1n consumar su uni\u00f3n.<\/p>\n<p>El \u00fanico problema es que no existe en los siete reinos otra criatura a la que Ayla desprecie m\u00e1s que a Asmodeo, a pesar de que este sea su <em>mate<\/em>. En un \u00faltimo intento de escapar a su destino, Ayla decidir\u00e1 pasar una temporada con su familia en la Tierra, pero Asmodeo, decidido a conquistarla, ir\u00e1 tras ella. \u00bfPodr\u00e1n los esfuerzos del rey del hielo y la voluntad de los dioses ganar el coraz\u00f3n de la princesa?<\/p>\n","protected":false},"featured_media":98539,"comment_status":"closed","ping_status":"closed","template":"","meta":{"_acf_changed":false},"libro":[],"product_brand":[],"product_cat":[50],"product_tag":[],"class_list":{"0":"post-98538","1":"product","2":"type-product","3":"status-publish","4":"has-post-thumbnail","6":"product_cat-novela-romantica","8":"first","9":"instock","10":"product-type-simple"},"acf":{"autor":[77856],"enlace_de_compra":"https:\/\/amzn.to\/3ykMlhq"},"yoast_head":"<!-- This site is optimized with the Yoast SEO plugin v26.6 - https:\/\/yoast.com\/wordpress\/plugins\/seo\/ -->\n<title>El rey de hielo - Catalogo | Letrame Grupo Editorial<\/title>\n<meta name=\"robots\" content=\"index, follow, max-snippet:-1, max-image-preview:large, max-video-preview:-1\" \/>\n<link rel=\"canonical\" href=\"https:\/\/letrame.com\/catalogo\/producto\/el-rey-de-hielo\/\" \/>\n<meta property=\"og:locale\" content=\"es_ES\" \/>\n<meta property=\"og:type\" content=\"article\" \/>\n<meta property=\"og:title\" content=\"El rey de hielo - Catalogo | Letrame Grupo Editorial\" \/>\n<meta property=\"og:description\" content=\"ISBN: 978-84-1144-577-1  SINOPSIS  En la segunda entrega de esta saga, han pasado a\u00f1os desde que Ramnusia y Ares Blackner se encontraron y se unieron como pareja, y tambi\u00e9n desde que lograron restablecer la paz entre los siete reinos. Se acerca la hora en la que la princesa Ayla Blackner, semidiosa lycana hija de ambos, y Asmodeo, el demonio pr\u00edncipe del infierno e hijo del mism\u00edsimo Lucifer al que Ayla ha sido destinada, deber\u00e1n consumar su uni\u00f3n.  El \u00fanico problema es que no existe en los siete reinos otra criatura a la que Ayla desprecie m\u00e1s que a Asmodeo, a pesar de que este sea su mate. En un \u00faltimo intento de escapar a su destino, Ayla decidir\u00e1 pasar una temporada con su familia en la Tierra, pero Asmodeo, decidido a conquistarla, ir\u00e1 tras ella. \u00bfPodr\u00e1n los esfuerzos del rey del hielo y la voluntad de los dioses ganar el coraz\u00f3n de la princesa?\" \/>\n<meta property=\"og:url\" content=\"https:\/\/letrame.com\/catalogo\/producto\/el-rey-de-hielo\/\" \/>\n<meta property=\"og:site_name\" content=\"Catalogo | Letrame Grupo Editorial\" \/>\n<meta property=\"article:modified_time\" content=\"2024-08-09T08:35:19+00:00\" \/>\n<meta property=\"og:image\" content=\"https:\/\/letrame.com\/catalogo\/wp-content\/uploads\/2024\/04\/redportada_elreydelhielo_201mm-compressed.jpg\" \/>\n\t<meta property=\"og:image:width\" content=\"601\" \/>\n\t<meta property=\"og:image:height\" content=\"881\" \/>\n\t<meta property=\"og:image:type\" content=\"image\/jpeg\" \/>\n<meta name=\"twitter:card\" content=\"summary_large_image\" \/>\n<meta name=\"twitter:label1\" content=\"Tiempo de lectura\" \/>\n\t<meta name=\"twitter:data1\" content=\"1 minuto\" \/>\n<script type=\"application\/ld+json\" class=\"yoast-schema-graph\">{\"@context\":\"https:\/\/schema.org\",\"@graph\":[{\"@type\":\"WebPage\",\"@id\":\"https:\/\/letrame.com\/catalogo\/producto\/el-rey-de-hielo\/\",\"url\":\"https:\/\/letrame.com\/catalogo\/producto\/el-rey-de-hielo\/\",\"name\":\"El rey de hielo - Catalogo | Letrame Grupo Editorial\",\"isPartOf\":{\"@id\":\"https:\/\/letrame.com\/catalogo\/#website\"},\"primaryImageOfPage\":{\"@id\":\"https:\/\/letrame.com\/catalogo\/producto\/el-rey-de-hielo\/#primaryimage\"},\"image\":{\"@id\":\"https:\/\/letrame.com\/catalogo\/producto\/el-rey-de-hielo\/#primaryimage\"},\"thumbnailUrl\":\"https:\/\/letrame.com\/catalogo\/wp-content\/uploads\/2024\/04\/redportada_elreydelhielo_201mm-compressed.jpg\",\"datePublished\":\"2024-04-29T13:10:02+00:00\",\"dateModified\":\"2024-08-09T08:35:19+00:00\",\"breadcrumb\":{\"@id\":\"https:\/\/letrame.com\/catalogo\/producto\/el-rey-de-hielo\/#breadcrumb\"},\"inLanguage\":\"es\",\"potentialAction\":[{\"@type\":\"ReadAction\",\"target\":[\"https:\/\/letrame.com\/catalogo\/producto\/el-rey-de-hielo\/\"]}]},{\"@type\":\"ImageObject\",\"inLanguage\":\"es\",\"@id\":\"https:\/\/letrame.com\/catalogo\/producto\/el-rey-de-hielo\/#primaryimage\",\"url\":\"https:\/\/letrame.com\/catalogo\/wp-content\/uploads\/2024\/04\/redportada_elreydelhielo_201mm-compressed.jpg\",\"contentUrl\":\"https:\/\/letrame.com\/catalogo\/wp-content\/uploads\/2024\/04\/redportada_elreydelhielo_201mm-compressed.jpg\",\"width\":601,\"height\":881},{\"@type\":\"BreadcrumbList\",\"@id\":\"https:\/\/letrame.com\/catalogo\/producto\/el-rey-de-hielo\/#breadcrumb\",\"itemListElement\":[{\"@type\":\"ListItem\",\"position\":1,\"name\":\"Portada\",\"item\":\"https:\/\/letrame.com\/catalogo\/\"},{\"@type\":\"ListItem\",\"position\":2,\"name\":\"Cat\u00e1logo\",\"item\":\"https:\/\/letrame.com\/catalogo\/\"},{\"@type\":\"ListItem\",\"position\":3,\"name\":\"El rey de hielo\"}]},{\"@type\":\"WebSite\",\"@id\":\"https:\/\/letrame.com\/catalogo\/#website\",\"url\":\"https:\/\/letrame.com\/catalogo\/\",\"name\":\"Catalogo | Letrame Grupo Editorial\",\"description\":\"\",\"publisher\":{\"@id\":\"https:\/\/letrame.com\/catalogo\/#organization\"},\"potentialAction\":[{\"@type\":\"SearchAction\",\"target\":{\"@type\":\"EntryPoint\",\"urlTemplate\":\"https:\/\/letrame.com\/catalogo\/?s={search_term_string}\"},\"query-input\":{\"@type\":\"PropertyValueSpecification\",\"valueRequired\":true,\"valueName\":\"search_term_string\"}}],\"inLanguage\":\"es\"},{\"@type\":\"Organization\",\"@id\":\"https:\/\/letrame.com\/catalogo\/#organization\",\"name\":\"Catalogo | Letrame Grupo Editorial\",\"url\":\"https:\/\/letrame.com\/catalogo\/\",\"logo\":{\"@type\":\"ImageObject\",\"inLanguage\":\"es\",\"@id\":\"https:\/\/letrame.com\/catalogo\/#\/schema\/logo\/image\/\",\"url\":\"https:\/\/letrame.com\/catalogo\/wp-content\/uploads\/2024\/03\/logo2.webp\",\"contentUrl\":\"https:\/\/letrame.com\/catalogo\/wp-content\/uploads\/2024\/03\/logo2.webp\",\"width\":394,\"height\":128,\"caption\":\"Catalogo | Letrame Grupo Editorial\"},\"image\":{\"@id\":\"https:\/\/letrame.com\/catalogo\/#\/schema\/logo\/image\/\"}}]}<\/script>\n<!-- \/ Yoast SEO plugin. -->","yoast_head_json":{"title":"El rey de hielo - Catalogo | Letrame Grupo Editorial","robots":{"index":"index","follow":"follow","max-snippet":"max-snippet:-1","max-image-preview":"max-image-preview:large","max-video-preview":"max-video-preview:-1"},"canonical":"https:\/\/letrame.com\/catalogo\/producto\/el-rey-de-hielo\/","og_locale":"es_ES","og_type":"article","og_title":"El rey de hielo - Catalogo | Letrame Grupo Editorial","og_description":"ISBN: 978-84-1144-577-1  SINOPSIS  En la segunda entrega de esta saga, han pasado a\u00f1os desde que Ramnusia y Ares Blackner se encontraron y se unieron como pareja, y tambi\u00e9n desde que lograron restablecer la paz entre los siete reinos. Se acerca la hora en la que la princesa Ayla Blackner, semidiosa lycana hija de ambos, y Asmodeo, el demonio pr\u00edncipe del infierno e hijo del mism\u00edsimo Lucifer al que Ayla ha sido destinada, deber\u00e1n consumar su uni\u00f3n.  El \u00fanico problema es que no existe en los siete reinos otra criatura a la que Ayla desprecie m\u00e1s que a Asmodeo, a pesar de que este sea su mate. En un \u00faltimo intento de escapar a su destino, Ayla decidir\u00e1 pasar una temporada con su familia en la Tierra, pero Asmodeo, decidido a conquistarla, ir\u00e1 tras ella. \u00bfPodr\u00e1n los esfuerzos del rey del hielo y la voluntad de los dioses ganar el coraz\u00f3n de la princesa?","og_url":"https:\/\/letrame.com\/catalogo\/producto\/el-rey-de-hielo\/","og_site_name":"Catalogo | Letrame Grupo Editorial","article_modified_time":"2024-08-09T08:35:19+00:00","og_image":[{"width":601,"height":881,"url":"https:\/\/letrame.com\/catalogo\/wp-content\/uploads\/2024\/04\/redportada_elreydelhielo_201mm-compressed.jpg","type":"image\/jpeg"}],"twitter_card":"summary_large_image","twitter_misc":{"Tiempo de lectura":"1 minuto"},"schema":{"@context":"https:\/\/schema.org","@graph":[{"@type":"WebPage","@id":"https:\/\/letrame.com\/catalogo\/producto\/el-rey-de-hielo\/","url":"https:\/\/letrame.com\/catalogo\/producto\/el-rey-de-hielo\/","name":"El rey de hielo - Catalogo | Letrame Grupo Editorial","isPartOf":{"@id":"https:\/\/letrame.com\/catalogo\/#website"},"primaryImageOfPage":{"@id":"https:\/\/letrame.com\/catalogo\/producto\/el-rey-de-hielo\/#primaryimage"},"image":{"@id":"https:\/\/letrame.com\/catalogo\/producto\/el-rey-de-hielo\/#primaryimage"},"thumbnailUrl":"https:\/\/letrame.com\/catalogo\/wp-content\/uploads\/2024\/04\/redportada_elreydelhielo_201mm-compressed.jpg","datePublished":"2024-04-29T13:10:02+00:00","dateModified":"2024-08-09T08:35:19+00:00","breadcrumb":{"@id":"https:\/\/letrame.com\/catalogo\/producto\/el-rey-de-hielo\/#breadcrumb"},"inLanguage":"es","potentialAction":[{"@type":"ReadAction","target":["https:\/\/letrame.com\/catalogo\/producto\/el-rey-de-hielo\/"]}]},{"@type":"ImageObject","inLanguage":"es","@id":"https:\/\/letrame.com\/catalogo\/producto\/el-rey-de-hielo\/#primaryimage","url":"https:\/\/letrame.com\/catalogo\/wp-content\/uploads\/2024\/04\/redportada_elreydelhielo_201mm-compressed.jpg","contentUrl":"https:\/\/letrame.com\/catalogo\/wp-content\/uploads\/2024\/04\/redportada_elreydelhielo_201mm-compressed.jpg","width":601,"height":881},{"@type":"BreadcrumbList","@id":"https:\/\/letrame.com\/catalogo\/producto\/el-rey-de-hielo\/#breadcrumb","itemListElement":[{"@type":"ListItem","position":1,"name":"Portada","item":"https:\/\/letrame.com\/catalogo\/"},{"@type":"ListItem","position":2,"name":"Cat\u00e1logo","item":"https:\/\/letrame.com\/catalogo\/"},{"@type":"ListItem","position":3,"name":"El rey de hielo"}]},{"@type":"WebSite","@id":"https:\/\/letrame.com\/catalogo\/#website","url":"https:\/\/letrame.com\/catalogo\/","name":"Catalogo | Letrame Grupo Editorial","description":"","publisher":{"@id":"https:\/\/letrame.com\/catalogo\/#organization"},"potentialAction":[{"@type":"SearchAction","target":{"@type":"EntryPoint","urlTemplate":"https:\/\/letrame.com\/catalogo\/?s={search_term_string}"},"query-input":{"@type":"PropertyValueSpecification","valueRequired":true,"valueName":"search_term_string"}}],"inLanguage":"es"},{"@type":"Organization","@id":"https:\/\/letrame.com\/catalogo\/#organization","name":"Catalogo | Letrame Grupo Editorial","url":"https:\/\/letrame.com\/catalogo\/","logo":{"@type":"ImageObject","inLanguage":"es","@id":"https:\/\/letrame.com\/catalogo\/#\/schema\/logo\/image\/","url":"https:\/\/letrame.com\/catalogo\/wp-content\/uploads\/2024\/03\/logo2.webp","contentUrl":"https:\/\/letrame.com\/catalogo\/wp-content\/uploads\/2024\/03\/logo2.webp","width":394,"height":128,"caption":"Catalogo | Letrame Grupo Editorial"},"image":{"@id":"https:\/\/letrame.com\/catalogo\/#\/schema\/logo\/image\/"}}]}},"_links":{"self":[{"href":"https:\/\/letrame.com\/catalogo\/wp-json\/wp\/v2\/product\/98538","targetHints":{"allow":["GET"]}}],"collection":[{"href":"https:\/\/letrame.com\/catalogo\/wp-json\/wp\/v2\/product"}],"about":[{"href":"https:\/\/letrame.com\/catalogo\/wp-json\/wp\/v2\/types\/product"}],"replies":[{"embeddable":true,"href":"https:\/\/letrame.com\/catalogo\/wp-json\/wp\/v2\/comments?post=98538"}],"acf:post":[{"embeddable":true,"href":"https:\/\/letrame.com\/catalogo\/wp-json\/wp\/v2\/author_book\/77856"}],"wp:featuredmedia":[{"embeddable":true,"href":"https:\/\/letrame.com\/catalogo\/wp-json\/wp\/v2\/media\/98539"}],"wp:attachment":[{"href":"https:\/\/letrame.com\/catalogo\/wp-json\/wp\/v2\/media?parent=98538"}],"wp:term":[{"taxonomy":"libro","embeddable":true,"href":"https:\/\/letrame.com\/catalogo\/wp-json\/wp\/v2\/libro?post=98538"},{"taxonomy":"product_brand","embeddable":true,"href":"https:\/\/letrame.com\/catalogo\/wp-json\/wp\/v2\/product_brand?post=98538"},{"taxonomy":"product_cat","embeddable":true,"href":"https:\/\/letrame.com\/catalogo\/wp-json\/wp\/v2\/product_cat?post=98538"},{"taxonomy":"product_tag","embeddable":true,"href":"https:\/\/letrame.com\/catalogo\/wp-json\/wp\/v2\/product_tag?post=98538"}],"curies":[{"name":"wp","href":"https:\/\/api.w.org\/{rel}","templated":true}]}}