{"id":98499,"date":"2024-04-29T15:08:39","date_gmt":"2024-04-29T13:08:39","guid":{"rendered":"https:\/\/letrame.com\/catalogo\/producto\/clareza\/"},"modified":"2024-04-29T15:08:39","modified_gmt":"2024-04-29T13:08:39","slug":"clareza","status":"publish","type":"product","link":"https:\/\/letrame.com\/catalogo\/producto\/clareza\/","title":{"rendered":"Clareza"},"content":{"rendered":"<p><strong>ISBN<\/strong>: 978-84-1144-438-5<\/p>\n<p><strong>T\u00edtulo<\/strong>: Clareza<br \/>\n<strong>Fecha<\/strong>: 2022<br \/>\n<strong>P\u00e1ginas<\/strong>: 86<\/p>\n<p><strong>SINOPSIS<\/strong><\/p>\n<p>Clareza puede leerse como una biograf\u00eda po\u00e9tica. Con una voz \u00edntima, pero no por eso menos universal, Fernando Rocha recorre su vida (desde su ni\u00f1ez persiguiendo luci\u00e9rnagas a su madurez con acero en los pies \/ para reconocer el viento). Y lo hace de manera l\u00edrica, a trav\u00e9s de la palabra escrita.<\/p>\n<p>Escribir es un acto de resistencia, lo\u00a0 se\u00f1ala desde los ep\u00edgrafes del libro, y desarrolla\u00a0 la idea desde el primer poema, justamente titulado Lucha.<\/p>\n<p>Me preguntaba, al comenzar\u00a0 el libro, por qu\u00e9 su autor lo habr\u00eda titulado Clareza. Ya no. Aquel\u00a0 ni\u00f1o que persegu\u00eda luci\u00e9rnagas es hoy hombre, y en sus quehaceres cotidianos, en sus amores,\u00a0 su lucha y su creaci\u00f3n, sigue buscando la luz.<\/p>\n<p>Quiz\u00e1s el poeta solo sea un animal en pena \/ que alza los ojos y admira la poes\u00eda, pero ese animal sabe que<\/p>\n<p>La palabra elige el abismo<\/p>\n<p>de la escritura.<\/p>\n<p>Y salta\u2026<\/p>\n<p>Mariella Huelmo<\/p>\n","protected":false},"excerpt":{"rendered":"<p><strong>ISBN<\/strong>: 978-84-1144-438-5<\/p>\n<p><strong>SINOPSIS<\/strong><\/p>\n<p>Clareza puede leerse como una biograf\u00eda po\u00e9tica. Con una voz \u00edntima, pero no por eso menos universal, Fernando Rocha recorre su vida (desde su ni\u00f1ez persiguiendo luci\u00e9rnagas a su madurez con acero en los pies \/ para reconocer el viento). Y lo hace de manera l\u00edrica, a trav\u00e9s de la palabra escrita.<\/p>\n<p>Escribir es un acto de resistencia, lo\u00a0 se\u00f1ala desde los ep\u00edgrafes del libro, y desarrolla\u00a0 la idea desde el primer poema, justamente titulado Lucha.<\/p>\n<p>Me preguntaba, al comenzar\u00a0 el libro, por qu\u00e9 su autor lo habr\u00eda titulado Clareza. Ya no. Aquel\u00a0 ni\u00f1o que persegu\u00eda luci\u00e9rnagas es hoy hombre, y en sus quehaceres cotidianos, en sus amores,\u00a0 su lucha y su creaci\u00f3n, sigue buscando la luz.<\/p>\n<p>Quiz\u00e1s el poeta solo sea un animal en pena \/ que alza los ojos y admira la poes\u00eda, pero ese animal sabe que<\/p>\n<p>La palabra elige el abismo<\/p>\n<p>de la escritura.<\/p>\n<p>Y salta\u2026<\/p>\n<p>Mariella Huelmo<\/p>\n","protected":false},"featured_media":98500,"comment_status":"closed","ping_status":"open","template":"","meta":{"_acf_changed":false},"libro":[],"product_brand":[],"product_cat":[20,26],"product_tag":[],"class_list":{"0":"post-98499","1":"product","2":"type-product","3":"status-publish","4":"has-post-thumbnail","6":"product_cat-poesia","7":"product_cat-sin-categoria","9":"first","10":"instock","11":"product-type-simple"},"acf":{"autor":[76957],"enlace_de_compra":"https:\/\/www.amazon.es\/Clareza-01-Poes%C3%ADa-Fernando-Rocha\/dp\/8411444384\/"},"yoast_head":"<!-- This site is optimized with the Yoast SEO plugin v27.4 - https:\/\/yoast.com\/product\/yoast-seo-wordpress\/ -->\n<title>Clareza - Catalogo | Letrame Grupo Editorial<\/title>\n<meta name=\"robots\" content=\"index, follow, max-snippet:-1, max-image-preview:large, max-video-preview:-1\" \/>\n<link rel=\"canonical\" href=\"https:\/\/letrame.com\/catalogo\/producto\/clareza\/\" \/>\n<meta property=\"og:locale\" content=\"es_ES\" \/>\n<meta property=\"og:type\" content=\"article\" \/>\n<meta property=\"og:title\" content=\"Clareza - Catalogo | Letrame Grupo Editorial\" \/>\n<meta property=\"og:description\" content=\"ISBN: 978-84-1144-438-5 SINOPSIS Clareza puede leerse como una biograf\u00eda po\u00e9tica. Con una voz \u00edntima, pero no por eso menos universal, Fernando Rocha recorre su vida (desde su ni\u00f1ez persiguiendo luci\u00e9rnagas a su madurez con acero en los pies \/ para reconocer el viento). Y lo hace de manera l\u00edrica, a trav\u00e9s de la palabra escrita. Escribir es un acto de resistencia, lo\u00a0 se\u00f1ala desde los ep\u00edgrafes del libro, y desarrolla\u00a0 la idea desde el primer poema, justamente titulado Lucha. Me preguntaba, al comenzar\u00a0 el libro, por qu\u00e9 su autor lo habr\u00eda titulado Clareza. Ya no. Aquel\u00a0 ni\u00f1o que persegu\u00eda luci\u00e9rnagas es hoy hombre, y en sus quehaceres cotidianos, en sus amores,\u00a0 su lucha y su creaci\u00f3n, sigue buscando la luz. Quiz\u00e1s el poeta solo sea un animal en pena \/ que alza los ojos y admira la poes\u00eda, pero ese animal sabe que La palabra elige el abismo de la escritura. Y salta\u2026 Mariella Huelmo\" \/>\n<meta property=\"og:url\" content=\"https:\/\/letrame.com\/catalogo\/producto\/clareza\/\" \/>\n<meta property=\"og:site_name\" content=\"Catalogo | Letrame Grupo Editorial\" \/>\n<meta property=\"og:image\" content=\"https:\/\/letrame.com\/catalogo\/wp-content\/uploads\/2024\/04\/redportada_clareza_51mm-compressed.jpg\" \/>\n\t<meta property=\"og:image:width\" content=\"601\" \/>\n\t<meta property=\"og:image:height\" content=\"881\" \/>\n\t<meta property=\"og:image:type\" content=\"image\/jpeg\" \/>\n<meta name=\"twitter:card\" content=\"summary_large_image\" \/>\n<meta name=\"twitter:label1\" content=\"Tiempo de lectura\" \/>\n\t<meta name=\"twitter:data1\" content=\"1 minuto\" \/>\n<script type=\"application\/ld+json\" class=\"yoast-schema-graph\">{\"@context\":\"https:\\\/\\\/schema.org\",\"@graph\":[{\"@type\":\"WebPage\",\"@id\":\"https:\\\/\\\/letrame.com\\\/catalogo\\\/producto\\\/clareza\\\/\",\"url\":\"https:\\\/\\\/letrame.com\\\/catalogo\\\/producto\\\/clareza\\\/\",\"name\":\"Clareza - Catalogo | Letrame Grupo Editorial\",\"isPartOf\":{\"@id\":\"https:\\\/\\\/letrame.com\\\/catalogo\\\/#website\"},\"primaryImageOfPage\":{\"@id\":\"https:\\\/\\\/letrame.com\\\/catalogo\\\/producto\\\/clareza\\\/#primaryimage\"},\"image\":{\"@id\":\"https:\\\/\\\/letrame.com\\\/catalogo\\\/producto\\\/clareza\\\/#primaryimage\"},\"thumbnailUrl\":\"https:\\\/\\\/letrame.com\\\/catalogo\\\/wp-content\\\/uploads\\\/2024\\\/04\\\/redportada_clareza_51mm-compressed.jpg\",\"datePublished\":\"2024-04-29T13:08:39+00:00\",\"breadcrumb\":{\"@id\":\"https:\\\/\\\/letrame.com\\\/catalogo\\\/producto\\\/clareza\\\/#breadcrumb\"},\"inLanguage\":\"es\",\"potentialAction\":[{\"@type\":\"ReadAction\",\"target\":[\"https:\\\/\\\/letrame.com\\\/catalogo\\\/producto\\\/clareza\\\/\"]}]},{\"@type\":\"ImageObject\",\"inLanguage\":\"es\",\"@id\":\"https:\\\/\\\/letrame.com\\\/catalogo\\\/producto\\\/clareza\\\/#primaryimage\",\"url\":\"https:\\\/\\\/letrame.com\\\/catalogo\\\/wp-content\\\/uploads\\\/2024\\\/04\\\/redportada_clareza_51mm-compressed.jpg\",\"contentUrl\":\"https:\\\/\\\/letrame.com\\\/catalogo\\\/wp-content\\\/uploads\\\/2024\\\/04\\\/redportada_clareza_51mm-compressed.jpg\",\"width\":601,\"height\":881},{\"@type\":\"BreadcrumbList\",\"@id\":\"https:\\\/\\\/letrame.com\\\/catalogo\\\/producto\\\/clareza\\\/#breadcrumb\",\"itemListElement\":[{\"@type\":\"ListItem\",\"position\":1,\"name\":\"Portada\",\"item\":\"https:\\\/\\\/letrame.com\\\/catalogo\\\/\"},{\"@type\":\"ListItem\",\"position\":2,\"name\":\"Cat\u00e1logo\",\"item\":\"https:\\\/\\\/letrame.com\\\/catalogo\\\/\"},{\"@type\":\"ListItem\",\"position\":3,\"name\":\"Clareza\"}]},{\"@type\":\"WebSite\",\"@id\":\"https:\\\/\\\/letrame.com\\\/catalogo\\\/#website\",\"url\":\"https:\\\/\\\/letrame.com\\\/catalogo\\\/\",\"name\":\"Catalogo | Letrame Grupo Editorial\",\"description\":\"\",\"publisher\":{\"@id\":\"https:\\\/\\\/letrame.com\\\/catalogo\\\/#organization\"},\"potentialAction\":[{\"@type\":\"SearchAction\",\"target\":{\"@type\":\"EntryPoint\",\"urlTemplate\":\"https:\\\/\\\/letrame.com\\\/catalogo\\\/?s={search_term_string}\"},\"query-input\":{\"@type\":\"PropertyValueSpecification\",\"valueRequired\":true,\"valueName\":\"search_term_string\"}}],\"inLanguage\":\"es\"},{\"@type\":\"Organization\",\"@id\":\"https:\\\/\\\/letrame.com\\\/catalogo\\\/#organization\",\"name\":\"Catalogo | Letrame Grupo Editorial\",\"url\":\"https:\\\/\\\/letrame.com\\\/catalogo\\\/\",\"logo\":{\"@type\":\"ImageObject\",\"inLanguage\":\"es\",\"@id\":\"https:\\\/\\\/letrame.com\\\/catalogo\\\/#\\\/schema\\\/logo\\\/image\\\/\",\"url\":\"https:\\\/\\\/letrame.com\\\/catalogo\\\/wp-content\\\/uploads\\\/2024\\\/03\\\/logo2.webp\",\"contentUrl\":\"https:\\\/\\\/letrame.com\\\/catalogo\\\/wp-content\\\/uploads\\\/2024\\\/03\\\/logo2.webp\",\"width\":394,\"height\":128,\"caption\":\"Catalogo | Letrame Grupo Editorial\"},\"image\":{\"@id\":\"https:\\\/\\\/letrame.com\\\/catalogo\\\/#\\\/schema\\\/logo\\\/image\\\/\"}}]}<\/script>\n<!-- \/ Yoast SEO plugin. -->","yoast_head_json":{"title":"Clareza - Catalogo | Letrame Grupo Editorial","robots":{"index":"index","follow":"follow","max-snippet":"max-snippet:-1","max-image-preview":"max-image-preview:large","max-video-preview":"max-video-preview:-1"},"canonical":"https:\/\/letrame.com\/catalogo\/producto\/clareza\/","og_locale":"es_ES","og_type":"article","og_title":"Clareza - Catalogo | Letrame Grupo Editorial","og_description":"ISBN: 978-84-1144-438-5 SINOPSIS Clareza puede leerse como una biograf\u00eda po\u00e9tica. Con una voz \u00edntima, pero no por eso menos universal, Fernando Rocha recorre su vida (desde su ni\u00f1ez persiguiendo luci\u00e9rnagas a su madurez con acero en los pies \/ para reconocer el viento). Y lo hace de manera l\u00edrica, a trav\u00e9s de la palabra escrita. Escribir es un acto de resistencia, lo\u00a0 se\u00f1ala desde los ep\u00edgrafes del libro, y desarrolla\u00a0 la idea desde el primer poema, justamente titulado Lucha. Me preguntaba, al comenzar\u00a0 el libro, por qu\u00e9 su autor lo habr\u00eda titulado Clareza. Ya no. Aquel\u00a0 ni\u00f1o que persegu\u00eda luci\u00e9rnagas es hoy hombre, y en sus quehaceres cotidianos, en sus amores,\u00a0 su lucha y su creaci\u00f3n, sigue buscando la luz. Quiz\u00e1s el poeta solo sea un animal en pena \/ que alza los ojos y admira la poes\u00eda, pero ese animal sabe que La palabra elige el abismo de la escritura. Y salta\u2026 Mariella Huelmo","og_url":"https:\/\/letrame.com\/catalogo\/producto\/clareza\/","og_site_name":"Catalogo | Letrame Grupo Editorial","og_image":[{"width":601,"height":881,"url":"https:\/\/letrame.com\/catalogo\/wp-content\/uploads\/2024\/04\/redportada_clareza_51mm-compressed.jpg","type":"image\/jpeg"}],"twitter_card":"summary_large_image","twitter_misc":{"Tiempo de lectura":"1 minuto"},"schema":{"@context":"https:\/\/schema.org","@graph":[{"@type":"WebPage","@id":"https:\/\/letrame.com\/catalogo\/producto\/clareza\/","url":"https:\/\/letrame.com\/catalogo\/producto\/clareza\/","name":"Clareza - Catalogo | Letrame Grupo Editorial","isPartOf":{"@id":"https:\/\/letrame.com\/catalogo\/#website"},"primaryImageOfPage":{"@id":"https:\/\/letrame.com\/catalogo\/producto\/clareza\/#primaryimage"},"image":{"@id":"https:\/\/letrame.com\/catalogo\/producto\/clareza\/#primaryimage"},"thumbnailUrl":"https:\/\/letrame.com\/catalogo\/wp-content\/uploads\/2024\/04\/redportada_clareza_51mm-compressed.jpg","datePublished":"2024-04-29T13:08:39+00:00","breadcrumb":{"@id":"https:\/\/letrame.com\/catalogo\/producto\/clareza\/#breadcrumb"},"inLanguage":"es","potentialAction":[{"@type":"ReadAction","target":["https:\/\/letrame.com\/catalogo\/producto\/clareza\/"]}]},{"@type":"ImageObject","inLanguage":"es","@id":"https:\/\/letrame.com\/catalogo\/producto\/clareza\/#primaryimage","url":"https:\/\/letrame.com\/catalogo\/wp-content\/uploads\/2024\/04\/redportada_clareza_51mm-compressed.jpg","contentUrl":"https:\/\/letrame.com\/catalogo\/wp-content\/uploads\/2024\/04\/redportada_clareza_51mm-compressed.jpg","width":601,"height":881},{"@type":"BreadcrumbList","@id":"https:\/\/letrame.com\/catalogo\/producto\/clareza\/#breadcrumb","itemListElement":[{"@type":"ListItem","position":1,"name":"Portada","item":"https:\/\/letrame.com\/catalogo\/"},{"@type":"ListItem","position":2,"name":"Cat\u00e1logo","item":"https:\/\/letrame.com\/catalogo\/"},{"@type":"ListItem","position":3,"name":"Clareza"}]},{"@type":"WebSite","@id":"https:\/\/letrame.com\/catalogo\/#website","url":"https:\/\/letrame.com\/catalogo\/","name":"Catalogo | Letrame Grupo Editorial","description":"","publisher":{"@id":"https:\/\/letrame.com\/catalogo\/#organization"},"potentialAction":[{"@type":"SearchAction","target":{"@type":"EntryPoint","urlTemplate":"https:\/\/letrame.com\/catalogo\/?s={search_term_string}"},"query-input":{"@type":"PropertyValueSpecification","valueRequired":true,"valueName":"search_term_string"}}],"inLanguage":"es"},{"@type":"Organization","@id":"https:\/\/letrame.com\/catalogo\/#organization","name":"Catalogo | Letrame Grupo Editorial","url":"https:\/\/letrame.com\/catalogo\/","logo":{"@type":"ImageObject","inLanguage":"es","@id":"https:\/\/letrame.com\/catalogo\/#\/schema\/logo\/image\/","url":"https:\/\/letrame.com\/catalogo\/wp-content\/uploads\/2024\/03\/logo2.webp","contentUrl":"https:\/\/letrame.com\/catalogo\/wp-content\/uploads\/2024\/03\/logo2.webp","width":394,"height":128,"caption":"Catalogo | Letrame Grupo Editorial"},"image":{"@id":"https:\/\/letrame.com\/catalogo\/#\/schema\/logo\/image\/"}}]}},"_links":{"self":[{"href":"https:\/\/letrame.com\/catalogo\/wp-json\/wp\/v2\/product\/98499","targetHints":{"allow":["GET"]}}],"collection":[{"href":"https:\/\/letrame.com\/catalogo\/wp-json\/wp\/v2\/product"}],"about":[{"href":"https:\/\/letrame.com\/catalogo\/wp-json\/wp\/v2\/types\/product"}],"replies":[{"embeddable":true,"href":"https:\/\/letrame.com\/catalogo\/wp-json\/wp\/v2\/comments?post=98499"}],"acf:post":[{"embeddable":true,"href":"https:\/\/letrame.com\/catalogo\/wp-json\/wp\/v2\/author_book\/76957"}],"wp:featuredmedia":[{"embeddable":true,"href":"https:\/\/letrame.com\/catalogo\/wp-json\/wp\/v2\/media\/98500"}],"wp:attachment":[{"href":"https:\/\/letrame.com\/catalogo\/wp-json\/wp\/v2\/media?parent=98499"}],"wp:term":[{"taxonomy":"libro","embeddable":true,"href":"https:\/\/letrame.com\/catalogo\/wp-json\/wp\/v2\/libro?post=98499"},{"taxonomy":"product_brand","embeddable":true,"href":"https:\/\/letrame.com\/catalogo\/wp-json\/wp\/v2\/product_brand?post=98499"},{"taxonomy":"product_cat","embeddable":true,"href":"https:\/\/letrame.com\/catalogo\/wp-json\/wp\/v2\/product_cat?post=98499"},{"taxonomy":"product_tag","embeddable":true,"href":"https:\/\/letrame.com\/catalogo\/wp-json\/wp\/v2\/product_tag?post=98499"}],"curies":[{"name":"wp","href":"https:\/\/api.w.org\/{rel}","templated":true}]}}