{"id":98478,"date":"2024-04-29T15:07:10","date_gmt":"2024-04-29T13:07:10","guid":{"rendered":"https:\/\/letrame.com\/catalogo\/producto\/jalones-en-el-camino\/"},"modified":"2024-05-16T16:37:56","modified_gmt":"2024-05-16T14:37:56","slug":"jalones-en-el-camino","status":"publish","type":"product","link":"https:\/\/letrame.com\/catalogo\/producto\/jalones-en-el-camino\/","title":{"rendered":"Jalones en el camino"},"content":{"rendered":"<p><strong>ISBN<\/strong>: 978-84-1144-461-3<\/p>\n<p><strong>T\u00edtulo<\/strong>: Jalones en el camino<br \/>\n<strong>Fecha<\/strong>: 2023<br \/>\n<strong>P\u00e1ginas<\/strong>: 284<\/p>\n<p><strong>SINOPSIS<\/strong><\/p>\n<p><strong>\u00a0<\/strong>\u00a0Este libro recoge la mayor parte de los art\u00edculos que he escrito durante estos \u00faltimos a\u00f1os. Cada uno de ellos naci\u00f3 fruto de las reflexiones que me inspiraron determinadas lecturas, pel\u00edculas o noticias. Reflexiones, la mayor parte de ellas que surg\u00edan mientras paseaba por el bosque que tengo al lado de mi casa o en mis salidas al monte.<\/p>\n<p>Caminar en la naturaleza es una acci\u00f3n que no solo nos conforta el cuerpo sino que, de alg\u00fan modo, hace que nuestra mente se relaje y nos sintamos una peque\u00f1a parte de este hermoso planeta que habitamos. Fruto de ese relajarse surgen, como ocurre algunas veces al despertar a media noche, ideas, esbozos de temas, que nos sirven de acicate para acercarnos a determinadas lecturas, y finalmente para ordenarlas y escribirlas.<\/p>\n<p>Los que somos aficionados a la monta\u00f1a sabemos que esos hitos de piedra que van dejando otros monta\u00f1eros nos indican el camino que debemos seguir en nuestra ascensi\u00f3n. Son jalones en el camino que nos ayudan a alcanzar la cumbre por el camino, a veces no f\u00e1cilmente visible, m\u00e1s f\u00e1cil.<\/p>\n<p>Cada uno de los art\u00edculos de este libro intentan ser jalones o hitos que me he ido dejando a m\u00ed mismo para mejor transitar por el camino de la vida. Si adem\u00e1s ayudan a otros, me sentir\u00e9 muy honrado.<\/p>\n<p>Luis Su\u00e1rez Mari\u00f1o<\/p>\n","protected":false},"excerpt":{"rendered":"<p><strong>ISBN<\/strong>: 978-84-1144-461-3<\/p>\n<p><strong>SINOPSIS<\/strong><\/p>\n<p><strong>\u00a0<\/strong>\u00a0Este libro recoge la mayor parte de los art\u00edculos que he escrito durante estos \u00faltimos a\u00f1os. Cada uno de ellos naci\u00f3 fruto de las reflexiones que me inspiraron determinadas lecturas, pel\u00edculas o noticias. Reflexiones, la mayor parte de ellas que surg\u00edan mientras paseaba por el bosque que tengo al lado de mi casa o en mis salidas al monte.<\/p>\n<p>Caminar en la naturaleza es una acci\u00f3n que no solo nos conforta el cuerpo sino que, de alg\u00fan modo, hace que nuestra mente se relaje y nos sintamos una peque\u00f1a parte de este hermoso planeta que habitamos. Fruto de ese relajarse surgen, como ocurre algunas veces al despertar a media noche, ideas, esbozos de temas, que nos sirven de acicate para acercarnos a determinadas lecturas, y finalmente para ordenarlas y escribirlas.<\/p>\n<p>Los que somos aficionados a la monta\u00f1a sabemos que esos hitos de piedra que van dejando otros monta\u00f1eros nos indican el camino que debemos seguir en nuestra ascensi\u00f3n. Son jalones en el camino que nos ayudan a alcanzar la cumbre por el camino, a veces no f\u00e1cilmente visible, m\u00e1s f\u00e1cil.<\/p>\n<p>Cada uno de los art\u00edculos de este libro intentan ser jalones o hitos que me he ido dejando a m\u00ed mismo para mejor transitar por el camino de la vida. Si adem\u00e1s ayudan a otros, me sentir\u00e9 muy honrado.<\/p>\n<p>Luis Su\u00e1rez Mari\u00f1o<\/p>\n","protected":false},"featured_media":100421,"comment_status":"closed","ping_status":"closed","template":"","meta":{"_acf_changed":false},"libro":[],"product_brand":[],"product_cat":[18,23],"product_tag":[],"class_list":{"0":"post-98478","1":"product","2":"type-product","3":"status-publish","4":"has-post-thumbnail","6":"product_cat-autoayuda","7":"product_cat-ensayos","9":"first","10":"instock","11":"product-type-simple"},"acf":{"autor":[76939],"enlace_de_compra":""},"yoast_head":"<!-- This site is optimized with the Yoast SEO plugin v27.4 - https:\/\/yoast.com\/product\/yoast-seo-wordpress\/ -->\n<title>Jalones en el camino - Catalogo | Letrame Grupo Editorial<\/title>\n<meta name=\"robots\" content=\"index, follow, max-snippet:-1, max-image-preview:large, max-video-preview:-1\" \/>\n<link rel=\"canonical\" href=\"https:\/\/letrame.com\/catalogo\/producto\/jalones-en-el-camino\/\" \/>\n<meta property=\"og:locale\" content=\"es_ES\" \/>\n<meta property=\"og:type\" content=\"article\" \/>\n<meta property=\"og:title\" content=\"Jalones en el camino - Catalogo | Letrame Grupo Editorial\" \/>\n<meta property=\"og:description\" content=\"ISBN: 978-84-1144-461-3  SINOPSIS  \u00a0\u00a0Este libro recoge la mayor parte de los art\u00edculos que he escrito durante estos \u00faltimos a\u00f1os. Cada uno de ellos naci\u00f3 fruto de las reflexiones que me inspiraron determinadas lecturas, pel\u00edculas o noticias. Reflexiones, la mayor parte de ellas que surg\u00edan mientras paseaba por el bosque que tengo al lado de mi casa o en mis salidas al monte.  Caminar en la naturaleza es una acci\u00f3n que no solo nos conforta el cuerpo sino que, de alg\u00fan modo, hace que nuestra mente se relaje y nos sintamos una peque\u00f1a parte de este hermoso planeta que habitamos. Fruto de ese relajarse surgen, como ocurre algunas veces al despertar a media noche, ideas, esbozos de temas, que nos sirven de acicate para acercarnos a determinadas lecturas, y finalmente para ordenarlas y escribirlas.  Los que somos aficionados a la monta\u00f1a sabemos que esos hitos de piedra que van dejando otros monta\u00f1eros nos indican el camino que debemos seguir en nuestra ascensi\u00f3n. Son jalones en el camino que nos ayudan a alcanzar la cumbre por el camino, a veces no f\u00e1cilmente visible, m\u00e1s f\u00e1cil.  Cada uno de los art\u00edculos de este libro intentan ser jalones o hitos que me he ido dejando a m\u00ed mismo para mejor transitar por el camino de la vida. Si adem\u00e1s ayudan a otros, me sentir\u00e9 muy honrado.  Luis Su\u00e1rez Mari\u00f1o\" \/>\n<meta property=\"og:url\" content=\"https:\/\/letrame.com\/catalogo\/producto\/jalones-en-el-camino\/\" \/>\n<meta property=\"og:site_name\" content=\"Catalogo | Letrame Grupo Editorial\" \/>\n<meta property=\"article:modified_time\" content=\"2024-05-16T14:37:56+00:00\" \/>\n<meta property=\"og:image\" content=\"https:\/\/letrame.com\/catalogo\/wp-content\/uploads\/2024\/04\/redportada_jalonesencamino_1417mm-compressed.webp\" \/>\n\t<meta property=\"og:image:width\" content=\"601\" \/>\n\t<meta property=\"og:image:height\" content=\"881\" \/>\n\t<meta property=\"og:image:type\" content=\"image\/webp\" \/>\n<meta name=\"twitter:card\" content=\"summary_large_image\" \/>\n<meta name=\"twitter:label1\" content=\"Tiempo de lectura\" \/>\n\t<meta name=\"twitter:data1\" content=\"2 minutos\" \/>\n<script type=\"application\/ld+json\" class=\"yoast-schema-graph\">{\"@context\":\"https:\\\/\\\/schema.org\",\"@graph\":[{\"@type\":\"WebPage\",\"@id\":\"https:\\\/\\\/letrame.com\\\/catalogo\\\/producto\\\/jalones-en-el-camino\\\/\",\"url\":\"https:\\\/\\\/letrame.com\\\/catalogo\\\/producto\\\/jalones-en-el-camino\\\/\",\"name\":\"Jalones en el camino - Catalogo | Letrame Grupo Editorial\",\"isPartOf\":{\"@id\":\"https:\\\/\\\/letrame.com\\\/catalogo\\\/#website\"},\"primaryImageOfPage\":{\"@id\":\"https:\\\/\\\/letrame.com\\\/catalogo\\\/producto\\\/jalones-en-el-camino\\\/#primaryimage\"},\"image\":{\"@id\":\"https:\\\/\\\/letrame.com\\\/catalogo\\\/producto\\\/jalones-en-el-camino\\\/#primaryimage\"},\"thumbnailUrl\":\"https:\\\/\\\/letrame.com\\\/catalogo\\\/wp-content\\\/uploads\\\/2024\\\/04\\\/redportada_jalonesencamino_1417mm-compressed.webp\",\"datePublished\":\"2024-04-29T13:07:10+00:00\",\"dateModified\":\"2024-05-16T14:37:56+00:00\",\"breadcrumb\":{\"@id\":\"https:\\\/\\\/letrame.com\\\/catalogo\\\/producto\\\/jalones-en-el-camino\\\/#breadcrumb\"},\"inLanguage\":\"es\",\"potentialAction\":[{\"@type\":\"ReadAction\",\"target\":[\"https:\\\/\\\/letrame.com\\\/catalogo\\\/producto\\\/jalones-en-el-camino\\\/\"]}]},{\"@type\":\"ImageObject\",\"inLanguage\":\"es\",\"@id\":\"https:\\\/\\\/letrame.com\\\/catalogo\\\/producto\\\/jalones-en-el-camino\\\/#primaryimage\",\"url\":\"https:\\\/\\\/letrame.com\\\/catalogo\\\/wp-content\\\/uploads\\\/2024\\\/04\\\/redportada_jalonesencamino_1417mm-compressed.webp\",\"contentUrl\":\"https:\\\/\\\/letrame.com\\\/catalogo\\\/wp-content\\\/uploads\\\/2024\\\/04\\\/redportada_jalonesencamino_1417mm-compressed.webp\",\"width\":601,\"height\":881},{\"@type\":\"BreadcrumbList\",\"@id\":\"https:\\\/\\\/letrame.com\\\/catalogo\\\/producto\\\/jalones-en-el-camino\\\/#breadcrumb\",\"itemListElement\":[{\"@type\":\"ListItem\",\"position\":1,\"name\":\"Portada\",\"item\":\"https:\\\/\\\/letrame.com\\\/catalogo\\\/\"},{\"@type\":\"ListItem\",\"position\":2,\"name\":\"Cat\u00e1logo\",\"item\":\"https:\\\/\\\/letrame.com\\\/catalogo\\\/\"},{\"@type\":\"ListItem\",\"position\":3,\"name\":\"Jalones en el camino\"}]},{\"@type\":\"WebSite\",\"@id\":\"https:\\\/\\\/letrame.com\\\/catalogo\\\/#website\",\"url\":\"https:\\\/\\\/letrame.com\\\/catalogo\\\/\",\"name\":\"Catalogo | Letrame Grupo Editorial\",\"description\":\"\",\"publisher\":{\"@id\":\"https:\\\/\\\/letrame.com\\\/catalogo\\\/#organization\"},\"potentialAction\":[{\"@type\":\"SearchAction\",\"target\":{\"@type\":\"EntryPoint\",\"urlTemplate\":\"https:\\\/\\\/letrame.com\\\/catalogo\\\/?s={search_term_string}\"},\"query-input\":{\"@type\":\"PropertyValueSpecification\",\"valueRequired\":true,\"valueName\":\"search_term_string\"}}],\"inLanguage\":\"es\"},{\"@type\":\"Organization\",\"@id\":\"https:\\\/\\\/letrame.com\\\/catalogo\\\/#organization\",\"name\":\"Catalogo | Letrame Grupo Editorial\",\"url\":\"https:\\\/\\\/letrame.com\\\/catalogo\\\/\",\"logo\":{\"@type\":\"ImageObject\",\"inLanguage\":\"es\",\"@id\":\"https:\\\/\\\/letrame.com\\\/catalogo\\\/#\\\/schema\\\/logo\\\/image\\\/\",\"url\":\"https:\\\/\\\/letrame.com\\\/catalogo\\\/wp-content\\\/uploads\\\/2024\\\/03\\\/logo2.webp\",\"contentUrl\":\"https:\\\/\\\/letrame.com\\\/catalogo\\\/wp-content\\\/uploads\\\/2024\\\/03\\\/logo2.webp\",\"width\":394,\"height\":128,\"caption\":\"Catalogo | Letrame Grupo Editorial\"},\"image\":{\"@id\":\"https:\\\/\\\/letrame.com\\\/catalogo\\\/#\\\/schema\\\/logo\\\/image\\\/\"}}]}<\/script>\n<!-- \/ Yoast SEO plugin. -->","yoast_head_json":{"title":"Jalones en el camino - Catalogo | Letrame Grupo Editorial","robots":{"index":"index","follow":"follow","max-snippet":"max-snippet:-1","max-image-preview":"max-image-preview:large","max-video-preview":"max-video-preview:-1"},"canonical":"https:\/\/letrame.com\/catalogo\/producto\/jalones-en-el-camino\/","og_locale":"es_ES","og_type":"article","og_title":"Jalones en el camino - Catalogo | Letrame Grupo Editorial","og_description":"ISBN: 978-84-1144-461-3  SINOPSIS  \u00a0\u00a0Este libro recoge la mayor parte de los art\u00edculos que he escrito durante estos \u00faltimos a\u00f1os. Cada uno de ellos naci\u00f3 fruto de las reflexiones que me inspiraron determinadas lecturas, pel\u00edculas o noticias. Reflexiones, la mayor parte de ellas que surg\u00edan mientras paseaba por el bosque que tengo al lado de mi casa o en mis salidas al monte.  Caminar en la naturaleza es una acci\u00f3n que no solo nos conforta el cuerpo sino que, de alg\u00fan modo, hace que nuestra mente se relaje y nos sintamos una peque\u00f1a parte de este hermoso planeta que habitamos. Fruto de ese relajarse surgen, como ocurre algunas veces al despertar a media noche, ideas, esbozos de temas, que nos sirven de acicate para acercarnos a determinadas lecturas, y finalmente para ordenarlas y escribirlas.  Los que somos aficionados a la monta\u00f1a sabemos que esos hitos de piedra que van dejando otros monta\u00f1eros nos indican el camino que debemos seguir en nuestra ascensi\u00f3n. Son jalones en el camino que nos ayudan a alcanzar la cumbre por el camino, a veces no f\u00e1cilmente visible, m\u00e1s f\u00e1cil.  Cada uno de los art\u00edculos de este libro intentan ser jalones o hitos que me he ido dejando a m\u00ed mismo para mejor transitar por el camino de la vida. Si adem\u00e1s ayudan a otros, me sentir\u00e9 muy honrado.  Luis Su\u00e1rez Mari\u00f1o","og_url":"https:\/\/letrame.com\/catalogo\/producto\/jalones-en-el-camino\/","og_site_name":"Catalogo | Letrame Grupo Editorial","article_modified_time":"2024-05-16T14:37:56+00:00","og_image":[{"width":601,"height":881,"url":"https:\/\/letrame.com\/catalogo\/wp-content\/uploads\/2024\/04\/redportada_jalonesencamino_1417mm-compressed.webp","type":"image\/webp"}],"twitter_card":"summary_large_image","twitter_misc":{"Tiempo de lectura":"2 minutos"},"schema":{"@context":"https:\/\/schema.org","@graph":[{"@type":"WebPage","@id":"https:\/\/letrame.com\/catalogo\/producto\/jalones-en-el-camino\/","url":"https:\/\/letrame.com\/catalogo\/producto\/jalones-en-el-camino\/","name":"Jalones en el camino - Catalogo | Letrame Grupo Editorial","isPartOf":{"@id":"https:\/\/letrame.com\/catalogo\/#website"},"primaryImageOfPage":{"@id":"https:\/\/letrame.com\/catalogo\/producto\/jalones-en-el-camino\/#primaryimage"},"image":{"@id":"https:\/\/letrame.com\/catalogo\/producto\/jalones-en-el-camino\/#primaryimage"},"thumbnailUrl":"https:\/\/letrame.com\/catalogo\/wp-content\/uploads\/2024\/04\/redportada_jalonesencamino_1417mm-compressed.webp","datePublished":"2024-04-29T13:07:10+00:00","dateModified":"2024-05-16T14:37:56+00:00","breadcrumb":{"@id":"https:\/\/letrame.com\/catalogo\/producto\/jalones-en-el-camino\/#breadcrumb"},"inLanguage":"es","potentialAction":[{"@type":"ReadAction","target":["https:\/\/letrame.com\/catalogo\/producto\/jalones-en-el-camino\/"]}]},{"@type":"ImageObject","inLanguage":"es","@id":"https:\/\/letrame.com\/catalogo\/producto\/jalones-en-el-camino\/#primaryimage","url":"https:\/\/letrame.com\/catalogo\/wp-content\/uploads\/2024\/04\/redportada_jalonesencamino_1417mm-compressed.webp","contentUrl":"https:\/\/letrame.com\/catalogo\/wp-content\/uploads\/2024\/04\/redportada_jalonesencamino_1417mm-compressed.webp","width":601,"height":881},{"@type":"BreadcrumbList","@id":"https:\/\/letrame.com\/catalogo\/producto\/jalones-en-el-camino\/#breadcrumb","itemListElement":[{"@type":"ListItem","position":1,"name":"Portada","item":"https:\/\/letrame.com\/catalogo\/"},{"@type":"ListItem","position":2,"name":"Cat\u00e1logo","item":"https:\/\/letrame.com\/catalogo\/"},{"@type":"ListItem","position":3,"name":"Jalones en el camino"}]},{"@type":"WebSite","@id":"https:\/\/letrame.com\/catalogo\/#website","url":"https:\/\/letrame.com\/catalogo\/","name":"Catalogo | Letrame Grupo Editorial","description":"","publisher":{"@id":"https:\/\/letrame.com\/catalogo\/#organization"},"potentialAction":[{"@type":"SearchAction","target":{"@type":"EntryPoint","urlTemplate":"https:\/\/letrame.com\/catalogo\/?s={search_term_string}"},"query-input":{"@type":"PropertyValueSpecification","valueRequired":true,"valueName":"search_term_string"}}],"inLanguage":"es"},{"@type":"Organization","@id":"https:\/\/letrame.com\/catalogo\/#organization","name":"Catalogo | Letrame Grupo Editorial","url":"https:\/\/letrame.com\/catalogo\/","logo":{"@type":"ImageObject","inLanguage":"es","@id":"https:\/\/letrame.com\/catalogo\/#\/schema\/logo\/image\/","url":"https:\/\/letrame.com\/catalogo\/wp-content\/uploads\/2024\/03\/logo2.webp","contentUrl":"https:\/\/letrame.com\/catalogo\/wp-content\/uploads\/2024\/03\/logo2.webp","width":394,"height":128,"caption":"Catalogo | Letrame Grupo Editorial"},"image":{"@id":"https:\/\/letrame.com\/catalogo\/#\/schema\/logo\/image\/"}}]}},"_links":{"self":[{"href":"https:\/\/letrame.com\/catalogo\/wp-json\/wp\/v2\/product\/98478","targetHints":{"allow":["GET"]}}],"collection":[{"href":"https:\/\/letrame.com\/catalogo\/wp-json\/wp\/v2\/product"}],"about":[{"href":"https:\/\/letrame.com\/catalogo\/wp-json\/wp\/v2\/types\/product"}],"replies":[{"embeddable":true,"href":"https:\/\/letrame.com\/catalogo\/wp-json\/wp\/v2\/comments?post=98478"}],"acf:post":[{"embeddable":true,"href":"https:\/\/letrame.com\/catalogo\/wp-json\/wp\/v2\/author_book\/76939"}],"wp:featuredmedia":[{"embeddable":true,"href":"https:\/\/letrame.com\/catalogo\/wp-json\/wp\/v2\/media\/100421"}],"wp:attachment":[{"href":"https:\/\/letrame.com\/catalogo\/wp-json\/wp\/v2\/media?parent=98478"}],"wp:term":[{"taxonomy":"libro","embeddable":true,"href":"https:\/\/letrame.com\/catalogo\/wp-json\/wp\/v2\/libro?post=98478"},{"taxonomy":"product_brand","embeddable":true,"href":"https:\/\/letrame.com\/catalogo\/wp-json\/wp\/v2\/product_brand?post=98478"},{"taxonomy":"product_cat","embeddable":true,"href":"https:\/\/letrame.com\/catalogo\/wp-json\/wp\/v2\/product_cat?post=98478"},{"taxonomy":"product_tag","embeddable":true,"href":"https:\/\/letrame.com\/catalogo\/wp-json\/wp\/v2\/product_tag?post=98478"}],"curies":[{"name":"wp","href":"https:\/\/api.w.org\/{rel}","templated":true}]}}