{"id":98463,"date":"2024-04-29T15:05:55","date_gmt":"2024-04-29T13:05:55","guid":{"rendered":"https:\/\/letrame.com\/catalogo\/producto\/la-valentia-de-migrar\/"},"modified":"2024-04-29T15:05:55","modified_gmt":"2024-04-29T13:05:55","slug":"la-valentia-de-migrar","status":"publish","type":"product","link":"https:\/\/letrame.com\/catalogo\/producto\/la-valentia-de-migrar\/","title":{"rendered":"La valent\u00eda de migrar"},"content":{"rendered":"<p><strong>ISBN<\/strong>: 978-84-1144-500-9<\/p>\n<p><strong>T\u00edtulo<\/strong>: La valent\u00eda de migrar<br \/>\n<strong>Fecha<\/strong>: 2022<br \/>\n<strong>P\u00e1ginas<\/strong>: 138<\/p>\n<p><strong>SINOPSIS<\/strong><\/p>\n<p>Al llegar a Chile en el 2016, encontr\u00e9 una realidad diferente a las expectativas que guardaba. No pod\u00eda ejercer como psic\u00f3loga, mis experiencias laborales no eran reconocidas y varios reclutadores me indicaron que estaba \u201csobre calificada\u201d.<\/p>\n<p>&nbsp;<\/p>\n<p>As\u00ed fue como naci\u00f3 el <em>Coaching Migratorio Emocional<\/em>, cuando decid\u00ed usar lo que sab\u00eda y comenc\u00e9 a brindar a los migrantes un modelo de intervenci\u00f3n desarrollado por m\u00ed, en el \u00fanico requisito que no aparec\u00eda en ninguna p\u00e1gina de migraci\u00f3n: <em>Lo emocional<\/em>.<\/p>\n<p>&nbsp;<\/p>\n<p>En este libro encuentras historias que se parecen a ti, porque son contadas por personas como t\u00fa. Te cuento lo que ocurre en una sesi\u00f3n de <em>Coaching Migratorio Emocional<\/em>, adem\u00e1s, te comparto preguntas para que reflexiones, eval\u00faes y te hagas cargo de lo que depende de ti durante la migraci\u00f3n.<\/p>\n<p>&nbsp;<\/p>\n<p>Leer\u00e1s sobre la transformaci\u00f3n personal que se vive durante la migraci\u00f3n, aprender\u00e1s de c\u00f3mo la salud mental y emocional son fundamentales para afrontar los desaf\u00edos que se te presentan en el camino.<\/p>\n<p>&nbsp;<\/p>\n<p><em>\u00a0<\/em><\/p>\n<p><em>\u201cToda migraci\u00f3n tiene un tras c\u00e1mara, que merece ser contado. Ac\u00e1 te cuento la m\u00eda y c\u00f3mo comenz\u00f3 mi historia\u201d<\/em><\/p>\n<p><em>\u00a0<\/em><\/p>\n<p><em>Rosmery Hern\u00e1ndez Malav\u00e9.<\/em><\/p>\n<p><em>\u00a0<\/em><\/p>\n<p><em>\u00a0<\/em><\/p>\n<p><em>\u00a0<\/em><\/p>\n<p><em>\u00a0<\/em><\/p>\n","protected":false},"excerpt":{"rendered":"<p><strong>ISBN<\/strong>: 978-84-1144-500-9<\/p>\n<p><strong>SINOPSIS<\/strong><\/p>\n<p>Al llegar a Chile en el 2016, encontr\u00e9 una realidad diferente a las expectativas que guardaba. No pod\u00eda ejercer como psic\u00f3loga, mis experiencias laborales no eran reconocidas y varios reclutadores me indicaron que estaba \u201csobre calificada\u201d.<\/p>\n<p>&nbsp;<\/p>\n<p>As\u00ed fue como naci\u00f3 el <em>Coaching Migratorio Emocional<\/em>, cuando decid\u00ed usar lo que sab\u00eda y comenc\u00e9 a brindar a los migrantes un modelo de intervenci\u00f3n desarrollado por m\u00ed, en el \u00fanico requisito que no aparec\u00eda en ninguna p\u00e1gina de migraci\u00f3n: <em>Lo emocional<\/em>.<\/p>\n<p>&nbsp;<\/p>\n<p>En este libro encuentras historias que se parecen a ti, porque son contadas por personas como t\u00fa. Te cuento lo que ocurre en una sesi\u00f3n de <em>Coaching Migratorio Emocional<\/em>, adem\u00e1s, te comparto preguntas para que reflexiones, eval\u00faes y te hagas cargo de lo que depende de ti durante la migraci\u00f3n.<\/p>\n<p>&nbsp;<\/p>\n<p>Leer\u00e1s sobre la transformaci\u00f3n personal que se vive durante la migraci\u00f3n, aprender\u00e1s de c\u00f3mo la salud mental y emocional son fundamentales para afrontar los desaf\u00edos que se te presentan en el camino.<\/p>\n<p>&nbsp;<\/p>\n<p><em>\u00a0<\/em><\/p>\n<p><em>\u201cToda migraci\u00f3n tiene un tras c\u00e1mara, que merece ser contado. Ac\u00e1 te cuento la m\u00eda y c\u00f3mo comenz\u00f3 mi historia\u201d<\/em><\/p>\n<p><em>\u00a0<\/em><\/p>\n<p><em>Rosmery Hern\u00e1ndez Malav\u00e9.<\/em><\/p>\n","protected":false},"featured_media":98464,"comment_status":"closed","ping_status":"open","template":"","meta":{"_acf_changed":false},"libro":[],"product_brand":[],"product_cat":[26],"product_tag":[],"class_list":{"0":"post-98463","1":"product","2":"type-product","3":"status-publish","4":"has-post-thumbnail","6":"product_cat-sin-categoria","8":"first","9":"instock","10":"product-type-simple"},"acf":{"autor":[76926],"enlace_de_compra":""},"yoast_head":"<!-- This site is optimized with the Yoast SEO plugin v27.4 - https:\/\/yoast.com\/product\/yoast-seo-wordpress\/ -->\n<title>La valent\u00eda de migrar - Catalogo | Letrame Grupo Editorial<\/title>\n<meta name=\"robots\" content=\"index, follow, max-snippet:-1, max-image-preview:large, max-video-preview:-1\" \/>\n<link rel=\"canonical\" href=\"https:\/\/letrame.com\/catalogo\/producto\/la-valentia-de-migrar\/\" \/>\n<meta property=\"og:locale\" content=\"es_ES\" \/>\n<meta property=\"og:type\" content=\"article\" \/>\n<meta property=\"og:title\" content=\"La valent\u00eda de migrar - Catalogo | Letrame Grupo Editorial\" \/>\n<meta property=\"og:description\" content=\"ISBN: 978-84-1144-500-9 SINOPSIS Al llegar a Chile en el 2016, encontr\u00e9 una realidad diferente a las expectativas que guardaba. No pod\u00eda ejercer como psic\u00f3loga, mis experiencias laborales no eran reconocidas y varios reclutadores me indicaron que estaba \u201csobre calificada\u201d. &nbsp; As\u00ed fue como naci\u00f3 el Coaching Migratorio Emocional, cuando decid\u00ed usar lo que sab\u00eda y comenc\u00e9 a brindar a los migrantes un modelo de intervenci\u00f3n desarrollado por m\u00ed, en el \u00fanico requisito que no aparec\u00eda en ninguna p\u00e1gina de migraci\u00f3n: Lo emocional. &nbsp; En este libro encuentras historias que se parecen a ti, porque son contadas por personas como t\u00fa. Te cuento lo que ocurre en una sesi\u00f3n de Coaching Migratorio Emocional, adem\u00e1s, te comparto preguntas para que reflexiones, eval\u00faes y te hagas cargo de lo que depende de ti durante la migraci\u00f3n. &nbsp; Leer\u00e1s sobre la transformaci\u00f3n personal que se vive durante la migraci\u00f3n, aprender\u00e1s de c\u00f3mo la salud mental y emocional son fundamentales para afrontar los desaf\u00edos que se te presentan en el camino. &nbsp; \u00a0 \u201cToda migraci\u00f3n tiene un tras c\u00e1mara, que merece ser contado. Ac\u00e1 te cuento la m\u00eda y c\u00f3mo comenz\u00f3 mi historia\u201d \u00a0 Rosmery Hern\u00e1ndez Malav\u00e9.\" \/>\n<meta property=\"og:url\" content=\"https:\/\/letrame.com\/catalogo\/producto\/la-valentia-de-migrar\/\" \/>\n<meta property=\"og:site_name\" content=\"Catalogo | Letrame Grupo Editorial\" \/>\n<meta property=\"og:image\" content=\"https:\/\/letrame.com\/catalogo\/wp-content\/uploads\/2024\/04\/redulavalentiademigrar_744mm.jpg\" \/>\n\t<meta property=\"og:image:width\" content=\"609\" \/>\n\t<meta property=\"og:image:height\" content=\"893\" \/>\n\t<meta property=\"og:image:type\" content=\"image\/jpeg\" \/>\n<meta name=\"twitter:card\" content=\"summary_large_image\" \/>\n<meta name=\"twitter:label1\" content=\"Tiempo de lectura\" \/>\n\t<meta name=\"twitter:data1\" content=\"1 minuto\" \/>\n<script type=\"application\/ld+json\" class=\"yoast-schema-graph\">{\"@context\":\"https:\\\/\\\/schema.org\",\"@graph\":[{\"@type\":\"WebPage\",\"@id\":\"https:\\\/\\\/letrame.com\\\/catalogo\\\/producto\\\/la-valentia-de-migrar\\\/\",\"url\":\"https:\\\/\\\/letrame.com\\\/catalogo\\\/producto\\\/la-valentia-de-migrar\\\/\",\"name\":\"La valent\u00eda de migrar - Catalogo | Letrame Grupo Editorial\",\"isPartOf\":{\"@id\":\"https:\\\/\\\/letrame.com\\\/catalogo\\\/#website\"},\"primaryImageOfPage\":{\"@id\":\"https:\\\/\\\/letrame.com\\\/catalogo\\\/producto\\\/la-valentia-de-migrar\\\/#primaryimage\"},\"image\":{\"@id\":\"https:\\\/\\\/letrame.com\\\/catalogo\\\/producto\\\/la-valentia-de-migrar\\\/#primaryimage\"},\"thumbnailUrl\":\"https:\\\/\\\/letrame.com\\\/catalogo\\\/wp-content\\\/uploads\\\/2024\\\/04\\\/redulavalentiademigrar_744mm.jpg\",\"datePublished\":\"2024-04-29T13:05:55+00:00\",\"breadcrumb\":{\"@id\":\"https:\\\/\\\/letrame.com\\\/catalogo\\\/producto\\\/la-valentia-de-migrar\\\/#breadcrumb\"},\"inLanguage\":\"es\",\"potentialAction\":[{\"@type\":\"ReadAction\",\"target\":[\"https:\\\/\\\/letrame.com\\\/catalogo\\\/producto\\\/la-valentia-de-migrar\\\/\"]}]},{\"@type\":\"ImageObject\",\"inLanguage\":\"es\",\"@id\":\"https:\\\/\\\/letrame.com\\\/catalogo\\\/producto\\\/la-valentia-de-migrar\\\/#primaryimage\",\"url\":\"https:\\\/\\\/letrame.com\\\/catalogo\\\/wp-content\\\/uploads\\\/2024\\\/04\\\/redulavalentiademigrar_744mm.jpg\",\"contentUrl\":\"https:\\\/\\\/letrame.com\\\/catalogo\\\/wp-content\\\/uploads\\\/2024\\\/04\\\/redulavalentiademigrar_744mm.jpg\",\"width\":609,\"height\":893},{\"@type\":\"BreadcrumbList\",\"@id\":\"https:\\\/\\\/letrame.com\\\/catalogo\\\/producto\\\/la-valentia-de-migrar\\\/#breadcrumb\",\"itemListElement\":[{\"@type\":\"ListItem\",\"position\":1,\"name\":\"Portada\",\"item\":\"https:\\\/\\\/letrame.com\\\/catalogo\\\/\"},{\"@type\":\"ListItem\",\"position\":2,\"name\":\"Cat\u00e1logo\",\"item\":\"https:\\\/\\\/letrame.com\\\/catalogo\\\/\"},{\"@type\":\"ListItem\",\"position\":3,\"name\":\"La valent\u00eda de migrar\"}]},{\"@type\":\"WebSite\",\"@id\":\"https:\\\/\\\/letrame.com\\\/catalogo\\\/#website\",\"url\":\"https:\\\/\\\/letrame.com\\\/catalogo\\\/\",\"name\":\"Catalogo | Letrame Grupo Editorial\",\"description\":\"\",\"publisher\":{\"@id\":\"https:\\\/\\\/letrame.com\\\/catalogo\\\/#organization\"},\"potentialAction\":[{\"@type\":\"SearchAction\",\"target\":{\"@type\":\"EntryPoint\",\"urlTemplate\":\"https:\\\/\\\/letrame.com\\\/catalogo\\\/?s={search_term_string}\"},\"query-input\":{\"@type\":\"PropertyValueSpecification\",\"valueRequired\":true,\"valueName\":\"search_term_string\"}}],\"inLanguage\":\"es\"},{\"@type\":\"Organization\",\"@id\":\"https:\\\/\\\/letrame.com\\\/catalogo\\\/#organization\",\"name\":\"Catalogo | Letrame Grupo Editorial\",\"url\":\"https:\\\/\\\/letrame.com\\\/catalogo\\\/\",\"logo\":{\"@type\":\"ImageObject\",\"inLanguage\":\"es\",\"@id\":\"https:\\\/\\\/letrame.com\\\/catalogo\\\/#\\\/schema\\\/logo\\\/image\\\/\",\"url\":\"https:\\\/\\\/letrame.com\\\/catalogo\\\/wp-content\\\/uploads\\\/2024\\\/03\\\/logo2.webp\",\"contentUrl\":\"https:\\\/\\\/letrame.com\\\/catalogo\\\/wp-content\\\/uploads\\\/2024\\\/03\\\/logo2.webp\",\"width\":394,\"height\":128,\"caption\":\"Catalogo | Letrame Grupo Editorial\"},\"image\":{\"@id\":\"https:\\\/\\\/letrame.com\\\/catalogo\\\/#\\\/schema\\\/logo\\\/image\\\/\"}}]}<\/script>\n<!-- \/ Yoast SEO plugin. -->","yoast_head_json":{"title":"La valent\u00eda de migrar - Catalogo | Letrame Grupo Editorial","robots":{"index":"index","follow":"follow","max-snippet":"max-snippet:-1","max-image-preview":"max-image-preview:large","max-video-preview":"max-video-preview:-1"},"canonical":"https:\/\/letrame.com\/catalogo\/producto\/la-valentia-de-migrar\/","og_locale":"es_ES","og_type":"article","og_title":"La valent\u00eda de migrar - Catalogo | Letrame Grupo Editorial","og_description":"ISBN: 978-84-1144-500-9 SINOPSIS Al llegar a Chile en el 2016, encontr\u00e9 una realidad diferente a las expectativas que guardaba. No pod\u00eda ejercer como psic\u00f3loga, mis experiencias laborales no eran reconocidas y varios reclutadores me indicaron que estaba \u201csobre calificada\u201d. &nbsp; As\u00ed fue como naci\u00f3 el Coaching Migratorio Emocional, cuando decid\u00ed usar lo que sab\u00eda y comenc\u00e9 a brindar a los migrantes un modelo de intervenci\u00f3n desarrollado por m\u00ed, en el \u00fanico requisito que no aparec\u00eda en ninguna p\u00e1gina de migraci\u00f3n: Lo emocional. &nbsp; En este libro encuentras historias que se parecen a ti, porque son contadas por personas como t\u00fa. Te cuento lo que ocurre en una sesi\u00f3n de Coaching Migratorio Emocional, adem\u00e1s, te comparto preguntas para que reflexiones, eval\u00faes y te hagas cargo de lo que depende de ti durante la migraci\u00f3n. &nbsp; Leer\u00e1s sobre la transformaci\u00f3n personal que se vive durante la migraci\u00f3n, aprender\u00e1s de c\u00f3mo la salud mental y emocional son fundamentales para afrontar los desaf\u00edos que se te presentan en el camino. &nbsp; \u00a0 \u201cToda migraci\u00f3n tiene un tras c\u00e1mara, que merece ser contado. Ac\u00e1 te cuento la m\u00eda y c\u00f3mo comenz\u00f3 mi historia\u201d \u00a0 Rosmery Hern\u00e1ndez Malav\u00e9.","og_url":"https:\/\/letrame.com\/catalogo\/producto\/la-valentia-de-migrar\/","og_site_name":"Catalogo | Letrame Grupo Editorial","og_image":[{"width":609,"height":893,"url":"https:\/\/letrame.com\/catalogo\/wp-content\/uploads\/2024\/04\/redulavalentiademigrar_744mm.jpg","type":"image\/jpeg"}],"twitter_card":"summary_large_image","twitter_misc":{"Tiempo de lectura":"1 minuto"},"schema":{"@context":"https:\/\/schema.org","@graph":[{"@type":"WebPage","@id":"https:\/\/letrame.com\/catalogo\/producto\/la-valentia-de-migrar\/","url":"https:\/\/letrame.com\/catalogo\/producto\/la-valentia-de-migrar\/","name":"La valent\u00eda de migrar - Catalogo | Letrame Grupo Editorial","isPartOf":{"@id":"https:\/\/letrame.com\/catalogo\/#website"},"primaryImageOfPage":{"@id":"https:\/\/letrame.com\/catalogo\/producto\/la-valentia-de-migrar\/#primaryimage"},"image":{"@id":"https:\/\/letrame.com\/catalogo\/producto\/la-valentia-de-migrar\/#primaryimage"},"thumbnailUrl":"https:\/\/letrame.com\/catalogo\/wp-content\/uploads\/2024\/04\/redulavalentiademigrar_744mm.jpg","datePublished":"2024-04-29T13:05:55+00:00","breadcrumb":{"@id":"https:\/\/letrame.com\/catalogo\/producto\/la-valentia-de-migrar\/#breadcrumb"},"inLanguage":"es","potentialAction":[{"@type":"ReadAction","target":["https:\/\/letrame.com\/catalogo\/producto\/la-valentia-de-migrar\/"]}]},{"@type":"ImageObject","inLanguage":"es","@id":"https:\/\/letrame.com\/catalogo\/producto\/la-valentia-de-migrar\/#primaryimage","url":"https:\/\/letrame.com\/catalogo\/wp-content\/uploads\/2024\/04\/redulavalentiademigrar_744mm.jpg","contentUrl":"https:\/\/letrame.com\/catalogo\/wp-content\/uploads\/2024\/04\/redulavalentiademigrar_744mm.jpg","width":609,"height":893},{"@type":"BreadcrumbList","@id":"https:\/\/letrame.com\/catalogo\/producto\/la-valentia-de-migrar\/#breadcrumb","itemListElement":[{"@type":"ListItem","position":1,"name":"Portada","item":"https:\/\/letrame.com\/catalogo\/"},{"@type":"ListItem","position":2,"name":"Cat\u00e1logo","item":"https:\/\/letrame.com\/catalogo\/"},{"@type":"ListItem","position":3,"name":"La valent\u00eda de migrar"}]},{"@type":"WebSite","@id":"https:\/\/letrame.com\/catalogo\/#website","url":"https:\/\/letrame.com\/catalogo\/","name":"Catalogo | Letrame Grupo Editorial","description":"","publisher":{"@id":"https:\/\/letrame.com\/catalogo\/#organization"},"potentialAction":[{"@type":"SearchAction","target":{"@type":"EntryPoint","urlTemplate":"https:\/\/letrame.com\/catalogo\/?s={search_term_string}"},"query-input":{"@type":"PropertyValueSpecification","valueRequired":true,"valueName":"search_term_string"}}],"inLanguage":"es"},{"@type":"Organization","@id":"https:\/\/letrame.com\/catalogo\/#organization","name":"Catalogo | Letrame Grupo Editorial","url":"https:\/\/letrame.com\/catalogo\/","logo":{"@type":"ImageObject","inLanguage":"es","@id":"https:\/\/letrame.com\/catalogo\/#\/schema\/logo\/image\/","url":"https:\/\/letrame.com\/catalogo\/wp-content\/uploads\/2024\/03\/logo2.webp","contentUrl":"https:\/\/letrame.com\/catalogo\/wp-content\/uploads\/2024\/03\/logo2.webp","width":394,"height":128,"caption":"Catalogo | Letrame Grupo Editorial"},"image":{"@id":"https:\/\/letrame.com\/catalogo\/#\/schema\/logo\/image\/"}}]}},"_links":{"self":[{"href":"https:\/\/letrame.com\/catalogo\/wp-json\/wp\/v2\/product\/98463","targetHints":{"allow":["GET"]}}],"collection":[{"href":"https:\/\/letrame.com\/catalogo\/wp-json\/wp\/v2\/product"}],"about":[{"href":"https:\/\/letrame.com\/catalogo\/wp-json\/wp\/v2\/types\/product"}],"replies":[{"embeddable":true,"href":"https:\/\/letrame.com\/catalogo\/wp-json\/wp\/v2\/comments?post=98463"}],"acf:post":[{"embeddable":true,"href":"https:\/\/letrame.com\/catalogo\/wp-json\/wp\/v2\/author_book\/76926"}],"wp:featuredmedia":[{"embeddable":true,"href":"https:\/\/letrame.com\/catalogo\/wp-json\/wp\/v2\/media\/98464"}],"wp:attachment":[{"href":"https:\/\/letrame.com\/catalogo\/wp-json\/wp\/v2\/media?parent=98463"}],"wp:term":[{"taxonomy":"libro","embeddable":true,"href":"https:\/\/letrame.com\/catalogo\/wp-json\/wp\/v2\/libro?post=98463"},{"taxonomy":"product_brand","embeddable":true,"href":"https:\/\/letrame.com\/catalogo\/wp-json\/wp\/v2\/product_brand?post=98463"},{"taxonomy":"product_cat","embeddable":true,"href":"https:\/\/letrame.com\/catalogo\/wp-json\/wp\/v2\/product_cat?post=98463"},{"taxonomy":"product_tag","embeddable":true,"href":"https:\/\/letrame.com\/catalogo\/wp-json\/wp\/v2\/product_tag?post=98463"}],"curies":[{"name":"wp","href":"https:\/\/api.w.org\/{rel}","templated":true}]}}