{"id":98452,"date":"2024-04-29T15:05:21","date_gmt":"2024-04-29T13:05:21","guid":{"rendered":"https:\/\/letrame.com\/catalogo\/producto\/con-h-del-verbo-hamar\/"},"modified":"2024-04-29T15:05:21","modified_gmt":"2024-04-29T13:05:21","slug":"con-h-del-verbo-hamar","status":"publish","type":"product","link":"https:\/\/letrame.com\/catalogo\/producto\/con-h-del-verbo-hamar\/","title":{"rendered":"Con H del  verbo Hamar"},"content":{"rendered":"<p><strong>ISBN<\/strong>: 978-84-1144-473-6<\/p>\n<p><strong>T\u00edtulo<\/strong>: <span data-sheets-value=\"{&quot;1&quot;:2,&quot;2&quot;:&quot;Con H del verbo Hamar&quot;}\" data-sheets-userformat=\"{&quot;2&quot;:515,&quot;3&quot;:{&quot;1&quot;:0},&quot;4&quot;:{&quot;1&quot;:2,&quot;2&quot;:14281427},&quot;12&quot;:0}\">Con H del verbo Hamar<\/span><br \/>\n<strong>Fecha<\/strong>: 2022<br \/>\n<strong>P\u00e1ginas<\/strong>: 72<\/p>\n<p><strong>SINOPSIS<\/strong><\/p>\n<p>Este libro no ten\u00eda ninguna pretensi\u00f3n de serlo, empez\u00f3 como una recopilaci\u00f3n privada de mis textos, a veces en forma de cartas, otras en mensajes de <em>WhatsApp<\/em>,<em> e-mails<\/em>, inspiraciones apresuradas a l\u00e1piz en los m\u00e1rgenes de los libros\u2026 Y un d\u00eda, decid\u00ed darles forma.<\/p>\n<p><em>Con H del verbo Hamar<\/em> es mi manera de querer, de sentir, de comunicarme. Es el regalo que le hago a mis v\u00ednculos, porque es lo que s\u00e9 hacer, ser intensa con las palabras.<\/p>\n<p>Escribir Hamar con H nace de la necesidad de encontrar una palabra que representase el amor libre, la formaci\u00f3n de relaciones \u00e9ticas, el trabajo de los celos y las inseguridades desde une misme. Lejos de historias rom\u00e1nticas que nos han vendido desde que tenemos uso de raz\u00f3n.<\/p>\n<p>El aprendizaje es lento, deconstrucci\u00f3n constante y un camino agridulce. A ti, lector, no te voy a enga\u00f1ar.\u00a0 Bajo esta advertencia, te animo a sumergirte entre mis p\u00e1ginas, y en ellas, estoy segura, que descubrir\u00e1s mucho m\u00e1s. Disfruta del viaje.<\/p>\n<p>&nbsp;<\/p>\n","protected":false},"excerpt":{"rendered":"<p><strong>ISBN<\/strong>: 978-84-1144-473-6<\/p>\n<p><strong>SINOPSIS<\/strong><\/p>\n<p>Este libro no ten\u00eda ninguna pretensi\u00f3n de serlo, empez\u00f3 como una recopilaci\u00f3n privada de mis textos, a veces en forma de cartas, otras en mensajes de <em>WhatsApp<\/em>,<em> e-mails<\/em>, inspiraciones apresuradas a l\u00e1piz en los m\u00e1rgenes de los libros\u2026 Y un d\u00eda, decid\u00ed darles forma.<\/p>\n<p><em>Con H del verbo Hamar<\/em> es mi manera de querer, de sentir, de comunicarme. Es el regalo que le hago a mis v\u00ednculos, porque es lo que s\u00e9 hacer, ser intensa con las palabras.<\/p>\n<p>Escribir Hamar con H nace de la necesidad de encontrar una palabra que representase el amor libre, la formaci\u00f3n de relaciones \u00e9ticas, el trabajo de los celos y las inseguridades desde une misme. Lejos de historias rom\u00e1nticas que nos han vendido desde que tenemos uso de raz\u00f3n.<\/p>\n<p>El aprendizaje es lento, deconstrucci\u00f3n constante y un camino agridulce. A ti, lector, no te voy a enga\u00f1ar.\u00a0 Bajo esta advertencia, te animo a sumergirte entre mis p\u00e1ginas, y en ellas, estoy segura, que descubrir\u00e1s mucho m\u00e1s. Disfruta del viaje.<\/p>\n","protected":false},"featured_media":98453,"comment_status":"closed","ping_status":"open","template":"","meta":{"_acf_changed":false},"libro":[],"product_brand":[],"product_cat":[26],"product_tag":[],"class_list":{"0":"post-98452","1":"product","2":"type-product","3":"status-publish","4":"has-post-thumbnail","6":"product_cat-sin-categoria","8":"first","9":"instock","10":"product-type-simple"},"acf":{"autor":[76917],"enlace_de_compra":"https:\/\/www.amazon.es\/H-del-verbo-Hamar\/dp\/8411444732\/"},"yoast_head":"<!-- This site is optimized with the Yoast SEO plugin v27.4 - https:\/\/yoast.com\/product\/yoast-seo-wordpress\/ -->\n<title>Con H del verbo Hamar - Catalogo | Letrame Grupo Editorial<\/title>\n<meta name=\"robots\" content=\"index, follow, max-snippet:-1, max-image-preview:large, max-video-preview:-1\" \/>\n<link rel=\"canonical\" href=\"https:\/\/letrame.com\/catalogo\/producto\/con-h-del-verbo-hamar\/\" \/>\n<meta property=\"og:locale\" content=\"es_ES\" \/>\n<meta property=\"og:type\" content=\"article\" \/>\n<meta property=\"og:title\" content=\"Con H del verbo Hamar - Catalogo | Letrame Grupo Editorial\" \/>\n<meta property=\"og:description\" content=\"ISBN: 978-84-1144-473-6 SINOPSIS Este libro no ten\u00eda ninguna pretensi\u00f3n de serlo, empez\u00f3 como una recopilaci\u00f3n privada de mis textos, a veces en forma de cartas, otras en mensajes de WhatsApp, e-mails, inspiraciones apresuradas a l\u00e1piz en los m\u00e1rgenes de los libros\u2026 Y un d\u00eda, decid\u00ed darles forma. Con H del verbo Hamar es mi manera de querer, de sentir, de comunicarme. Es el regalo que le hago a mis v\u00ednculos, porque es lo que s\u00e9 hacer, ser intensa con las palabras. Escribir Hamar con H nace de la necesidad de encontrar una palabra que representase el amor libre, la formaci\u00f3n de relaciones \u00e9ticas, el trabajo de los celos y las inseguridades desde une misme. Lejos de historias rom\u00e1nticas que nos han vendido desde que tenemos uso de raz\u00f3n. El aprendizaje es lento, deconstrucci\u00f3n constante y un camino agridulce. A ti, lector, no te voy a enga\u00f1ar.\u00a0 Bajo esta advertencia, te animo a sumergirte entre mis p\u00e1ginas, y en ellas, estoy segura, que descubrir\u00e1s mucho m\u00e1s. Disfruta del viaje.\" \/>\n<meta property=\"og:url\" content=\"https:\/\/letrame.com\/catalogo\/producto\/con-h-del-verbo-hamar\/\" \/>\n<meta property=\"og:site_name\" content=\"Catalogo | Letrame Grupo Editorial\" \/>\n<meta property=\"og:image\" content=\"https:\/\/letrame.com\/catalogo\/wp-content\/uploads\/2024\/04\/redportada_conhdelverbo_439mm-1-compressed.jpg\" \/>\n\t<meta property=\"og:image:width\" content=\"601\" \/>\n\t<meta property=\"og:image:height\" content=\"881\" \/>\n\t<meta property=\"og:image:type\" content=\"image\/jpeg\" \/>\n<meta name=\"twitter:card\" content=\"summary_large_image\" \/>\n<meta name=\"twitter:label1\" content=\"Tiempo de lectura\" \/>\n\t<meta name=\"twitter:data1\" content=\"1 minuto\" \/>\n<script type=\"application\/ld+json\" class=\"yoast-schema-graph\">{\"@context\":\"https:\\\/\\\/schema.org\",\"@graph\":[{\"@type\":\"WebPage\",\"@id\":\"https:\\\/\\\/letrame.com\\\/catalogo\\\/producto\\\/con-h-del-verbo-hamar\\\/\",\"url\":\"https:\\\/\\\/letrame.com\\\/catalogo\\\/producto\\\/con-h-del-verbo-hamar\\\/\",\"name\":\"Con H del verbo Hamar - Catalogo | Letrame Grupo Editorial\",\"isPartOf\":{\"@id\":\"https:\\\/\\\/letrame.com\\\/catalogo\\\/#website\"},\"primaryImageOfPage\":{\"@id\":\"https:\\\/\\\/letrame.com\\\/catalogo\\\/producto\\\/con-h-del-verbo-hamar\\\/#primaryimage\"},\"image\":{\"@id\":\"https:\\\/\\\/letrame.com\\\/catalogo\\\/producto\\\/con-h-del-verbo-hamar\\\/#primaryimage\"},\"thumbnailUrl\":\"https:\\\/\\\/letrame.com\\\/catalogo\\\/wp-content\\\/uploads\\\/2024\\\/04\\\/redportada_conhdelverbo_439mm-1-compressed.jpg\",\"datePublished\":\"2024-04-29T13:05:21+00:00\",\"breadcrumb\":{\"@id\":\"https:\\\/\\\/letrame.com\\\/catalogo\\\/producto\\\/con-h-del-verbo-hamar\\\/#breadcrumb\"},\"inLanguage\":\"es\",\"potentialAction\":[{\"@type\":\"ReadAction\",\"target\":[\"https:\\\/\\\/letrame.com\\\/catalogo\\\/producto\\\/con-h-del-verbo-hamar\\\/\"]}]},{\"@type\":\"ImageObject\",\"inLanguage\":\"es\",\"@id\":\"https:\\\/\\\/letrame.com\\\/catalogo\\\/producto\\\/con-h-del-verbo-hamar\\\/#primaryimage\",\"url\":\"https:\\\/\\\/letrame.com\\\/catalogo\\\/wp-content\\\/uploads\\\/2024\\\/04\\\/redportada_conhdelverbo_439mm-1-compressed.jpg\",\"contentUrl\":\"https:\\\/\\\/letrame.com\\\/catalogo\\\/wp-content\\\/uploads\\\/2024\\\/04\\\/redportada_conhdelverbo_439mm-1-compressed.jpg\",\"width\":601,\"height\":881},{\"@type\":\"BreadcrumbList\",\"@id\":\"https:\\\/\\\/letrame.com\\\/catalogo\\\/producto\\\/con-h-del-verbo-hamar\\\/#breadcrumb\",\"itemListElement\":[{\"@type\":\"ListItem\",\"position\":1,\"name\":\"Portada\",\"item\":\"https:\\\/\\\/letrame.com\\\/catalogo\\\/\"},{\"@type\":\"ListItem\",\"position\":2,\"name\":\"Cat\u00e1logo\",\"item\":\"https:\\\/\\\/letrame.com\\\/catalogo\\\/\"},{\"@type\":\"ListItem\",\"position\":3,\"name\":\"Con H del verbo Hamar\"}]},{\"@type\":\"WebSite\",\"@id\":\"https:\\\/\\\/letrame.com\\\/catalogo\\\/#website\",\"url\":\"https:\\\/\\\/letrame.com\\\/catalogo\\\/\",\"name\":\"Catalogo | Letrame Grupo Editorial\",\"description\":\"\",\"publisher\":{\"@id\":\"https:\\\/\\\/letrame.com\\\/catalogo\\\/#organization\"},\"potentialAction\":[{\"@type\":\"SearchAction\",\"target\":{\"@type\":\"EntryPoint\",\"urlTemplate\":\"https:\\\/\\\/letrame.com\\\/catalogo\\\/?s={search_term_string}\"},\"query-input\":{\"@type\":\"PropertyValueSpecification\",\"valueRequired\":true,\"valueName\":\"search_term_string\"}}],\"inLanguage\":\"es\"},{\"@type\":\"Organization\",\"@id\":\"https:\\\/\\\/letrame.com\\\/catalogo\\\/#organization\",\"name\":\"Catalogo | Letrame Grupo Editorial\",\"url\":\"https:\\\/\\\/letrame.com\\\/catalogo\\\/\",\"logo\":{\"@type\":\"ImageObject\",\"inLanguage\":\"es\",\"@id\":\"https:\\\/\\\/letrame.com\\\/catalogo\\\/#\\\/schema\\\/logo\\\/image\\\/\",\"url\":\"https:\\\/\\\/letrame.com\\\/catalogo\\\/wp-content\\\/uploads\\\/2024\\\/03\\\/logo2.webp\",\"contentUrl\":\"https:\\\/\\\/letrame.com\\\/catalogo\\\/wp-content\\\/uploads\\\/2024\\\/03\\\/logo2.webp\",\"width\":394,\"height\":128,\"caption\":\"Catalogo | Letrame Grupo Editorial\"},\"image\":{\"@id\":\"https:\\\/\\\/letrame.com\\\/catalogo\\\/#\\\/schema\\\/logo\\\/image\\\/\"}}]}<\/script>\n<!-- \/ Yoast SEO plugin. -->","yoast_head_json":{"title":"Con H del verbo Hamar - Catalogo | Letrame Grupo Editorial","robots":{"index":"index","follow":"follow","max-snippet":"max-snippet:-1","max-image-preview":"max-image-preview:large","max-video-preview":"max-video-preview:-1"},"canonical":"https:\/\/letrame.com\/catalogo\/producto\/con-h-del-verbo-hamar\/","og_locale":"es_ES","og_type":"article","og_title":"Con H del verbo Hamar - Catalogo | Letrame Grupo Editorial","og_description":"ISBN: 978-84-1144-473-6 SINOPSIS Este libro no ten\u00eda ninguna pretensi\u00f3n de serlo, empez\u00f3 como una recopilaci\u00f3n privada de mis textos, a veces en forma de cartas, otras en mensajes de WhatsApp, e-mails, inspiraciones apresuradas a l\u00e1piz en los m\u00e1rgenes de los libros\u2026 Y un d\u00eda, decid\u00ed darles forma. Con H del verbo Hamar es mi manera de querer, de sentir, de comunicarme. Es el regalo que le hago a mis v\u00ednculos, porque es lo que s\u00e9 hacer, ser intensa con las palabras. Escribir Hamar con H nace de la necesidad de encontrar una palabra que representase el amor libre, la formaci\u00f3n de relaciones \u00e9ticas, el trabajo de los celos y las inseguridades desde une misme. Lejos de historias rom\u00e1nticas que nos han vendido desde que tenemos uso de raz\u00f3n. El aprendizaje es lento, deconstrucci\u00f3n constante y un camino agridulce. A ti, lector, no te voy a enga\u00f1ar.\u00a0 Bajo esta advertencia, te animo a sumergirte entre mis p\u00e1ginas, y en ellas, estoy segura, que descubrir\u00e1s mucho m\u00e1s. Disfruta del viaje.","og_url":"https:\/\/letrame.com\/catalogo\/producto\/con-h-del-verbo-hamar\/","og_site_name":"Catalogo | Letrame Grupo Editorial","og_image":[{"width":601,"height":881,"url":"https:\/\/letrame.com\/catalogo\/wp-content\/uploads\/2024\/04\/redportada_conhdelverbo_439mm-1-compressed.jpg","type":"image\/jpeg"}],"twitter_card":"summary_large_image","twitter_misc":{"Tiempo de lectura":"1 minuto"},"schema":{"@context":"https:\/\/schema.org","@graph":[{"@type":"WebPage","@id":"https:\/\/letrame.com\/catalogo\/producto\/con-h-del-verbo-hamar\/","url":"https:\/\/letrame.com\/catalogo\/producto\/con-h-del-verbo-hamar\/","name":"Con H del verbo Hamar - Catalogo | Letrame Grupo Editorial","isPartOf":{"@id":"https:\/\/letrame.com\/catalogo\/#website"},"primaryImageOfPage":{"@id":"https:\/\/letrame.com\/catalogo\/producto\/con-h-del-verbo-hamar\/#primaryimage"},"image":{"@id":"https:\/\/letrame.com\/catalogo\/producto\/con-h-del-verbo-hamar\/#primaryimage"},"thumbnailUrl":"https:\/\/letrame.com\/catalogo\/wp-content\/uploads\/2024\/04\/redportada_conhdelverbo_439mm-1-compressed.jpg","datePublished":"2024-04-29T13:05:21+00:00","breadcrumb":{"@id":"https:\/\/letrame.com\/catalogo\/producto\/con-h-del-verbo-hamar\/#breadcrumb"},"inLanguage":"es","potentialAction":[{"@type":"ReadAction","target":["https:\/\/letrame.com\/catalogo\/producto\/con-h-del-verbo-hamar\/"]}]},{"@type":"ImageObject","inLanguage":"es","@id":"https:\/\/letrame.com\/catalogo\/producto\/con-h-del-verbo-hamar\/#primaryimage","url":"https:\/\/letrame.com\/catalogo\/wp-content\/uploads\/2024\/04\/redportada_conhdelverbo_439mm-1-compressed.jpg","contentUrl":"https:\/\/letrame.com\/catalogo\/wp-content\/uploads\/2024\/04\/redportada_conhdelverbo_439mm-1-compressed.jpg","width":601,"height":881},{"@type":"BreadcrumbList","@id":"https:\/\/letrame.com\/catalogo\/producto\/con-h-del-verbo-hamar\/#breadcrumb","itemListElement":[{"@type":"ListItem","position":1,"name":"Portada","item":"https:\/\/letrame.com\/catalogo\/"},{"@type":"ListItem","position":2,"name":"Cat\u00e1logo","item":"https:\/\/letrame.com\/catalogo\/"},{"@type":"ListItem","position":3,"name":"Con H del verbo Hamar"}]},{"@type":"WebSite","@id":"https:\/\/letrame.com\/catalogo\/#website","url":"https:\/\/letrame.com\/catalogo\/","name":"Catalogo | Letrame Grupo Editorial","description":"","publisher":{"@id":"https:\/\/letrame.com\/catalogo\/#organization"},"potentialAction":[{"@type":"SearchAction","target":{"@type":"EntryPoint","urlTemplate":"https:\/\/letrame.com\/catalogo\/?s={search_term_string}"},"query-input":{"@type":"PropertyValueSpecification","valueRequired":true,"valueName":"search_term_string"}}],"inLanguage":"es"},{"@type":"Organization","@id":"https:\/\/letrame.com\/catalogo\/#organization","name":"Catalogo | Letrame Grupo Editorial","url":"https:\/\/letrame.com\/catalogo\/","logo":{"@type":"ImageObject","inLanguage":"es","@id":"https:\/\/letrame.com\/catalogo\/#\/schema\/logo\/image\/","url":"https:\/\/letrame.com\/catalogo\/wp-content\/uploads\/2024\/03\/logo2.webp","contentUrl":"https:\/\/letrame.com\/catalogo\/wp-content\/uploads\/2024\/03\/logo2.webp","width":394,"height":128,"caption":"Catalogo | Letrame Grupo Editorial"},"image":{"@id":"https:\/\/letrame.com\/catalogo\/#\/schema\/logo\/image\/"}}]}},"_links":{"self":[{"href":"https:\/\/letrame.com\/catalogo\/wp-json\/wp\/v2\/product\/98452","targetHints":{"allow":["GET"]}}],"collection":[{"href":"https:\/\/letrame.com\/catalogo\/wp-json\/wp\/v2\/product"}],"about":[{"href":"https:\/\/letrame.com\/catalogo\/wp-json\/wp\/v2\/types\/product"}],"replies":[{"embeddable":true,"href":"https:\/\/letrame.com\/catalogo\/wp-json\/wp\/v2\/comments?post=98452"}],"acf:post":[{"embeddable":true,"href":"https:\/\/letrame.com\/catalogo\/wp-json\/wp\/v2\/author_book\/76917"}],"wp:featuredmedia":[{"embeddable":true,"href":"https:\/\/letrame.com\/catalogo\/wp-json\/wp\/v2\/media\/98453"}],"wp:attachment":[{"href":"https:\/\/letrame.com\/catalogo\/wp-json\/wp\/v2\/media?parent=98452"}],"wp:term":[{"taxonomy":"libro","embeddable":true,"href":"https:\/\/letrame.com\/catalogo\/wp-json\/wp\/v2\/libro?post=98452"},{"taxonomy":"product_brand","embeddable":true,"href":"https:\/\/letrame.com\/catalogo\/wp-json\/wp\/v2\/product_brand?post=98452"},{"taxonomy":"product_cat","embeddable":true,"href":"https:\/\/letrame.com\/catalogo\/wp-json\/wp\/v2\/product_cat?post=98452"},{"taxonomy":"product_tag","embeddable":true,"href":"https:\/\/letrame.com\/catalogo\/wp-json\/wp\/v2\/product_tag?post=98452"}],"curies":[{"name":"wp","href":"https:\/\/api.w.org\/{rel}","templated":true}]}}