{"id":98405,"date":"2024-04-29T15:02:32","date_gmt":"2024-04-29T13:02:32","guid":{"rendered":"https:\/\/letrame.com\/catalogo\/producto\/liderarte-el-arte-de-liderar-tu-vida\/"},"modified":"2024-05-16T16:39:41","modified_gmt":"2024-05-16T14:39:41","slug":"liderarte-el-arte-de-liderar-tu-vida","status":"publish","type":"product","link":"https:\/\/letrame.com\/catalogo\/producto\/liderarte-el-arte-de-liderar-tu-vida\/","title":{"rendered":"LiderArte. El arte de liderar tu vida"},"content":{"rendered":"<p><strong>ISBN<\/strong>: 978-84-1144-256-5<\/p>\n<p><strong>T\u00edtulo<\/strong>: LiderArte. El arte de liderar tu vida<br \/>\n<strong>Fecha<\/strong>: 2022<br \/>\n<strong>P\u00e1ginas<\/strong>: 102<\/p>\n<p><strong>SINOPSIS<\/strong><\/p>\n<p>LiderARTE, es un libro de interacci\u00f3n entre quien lo escribe y quien lo lee, proyecta preguntas, experiencias personales de la autora y de lo que en los distintos procesos ha encontrado a trav\u00e9s de las diferentes teor\u00edas, compone incluso un\u00a0 proceso de coaching.<\/p>\n<p>En el primer cap\u00edtulo el\u00a0 autor se encuentra con el DESCUBRETE, en este momento de la vida de quien se conecta con la obra, invita a quitar lo que cubre, los hubiera, deber\u00eda, las creencias, patrones. El lector comienza un recorrido hacia su YO y hacia quien quiere SER.<\/p>\n<p>El cap\u00edtulo DETENTE, invita al reconocimiento personal, la forma de pensar y actuar y como funciona su mente, reconocer incluso las limitaciones. En el cap\u00edtulo CREA el lector comienza a dar rienda suelta a sus sue\u00f1os, a sus prop\u00f3sitos y sentido de vida.<\/p>\n<p>En los siguientes cap\u00edtulos VIBRA, CONECTA, SE QUIEN ERES, ya quien ha llegado con la lectura hasta aqu\u00ed habr\u00e1 pasado al siguiente nivel, habr\u00e1 trazado un recorrido en el que se ha transmutado a una versi\u00f3n mejorada de si mismo de autodescubrimiento y autorrealizaci\u00f3n.<\/p>\n<p>&nbsp;<\/p>\n<p>&nbsp;<\/p>\n","protected":false},"excerpt":{"rendered":"<p><strong>ISBN<\/strong>: 978-84-1144-256-5<\/p>\n<p><strong>SINOPSIS<\/strong><\/p>\n<p>LiderARTE, es un libro de interacci\u00f3n entre quien lo escribe y quien lo lee, proyecta preguntas, experiencias personales de la autora y de lo que en los distintos procesos ha encontrado a trav\u00e9s de las diferentes teor\u00edas, compone incluso un\u00a0 proceso de coaching.<\/p>\n<p>En el primer cap\u00edtulo el\u00a0 autor se encuentra con el DESCUBRETE, en este momento de la vida de quien se conecta con la obra, invita a quitar lo que cubre, los hubiera, deber\u00eda, las creencias, patrones. El lector comienza un recorrido hacia su YO y hacia quien quiere SER.<\/p>\n<p>El cap\u00edtulo DETENTE, invita al reconocimiento personal, la forma de pensar y actuar y como funciona su mente, reconocer incluso las limitaciones. En el cap\u00edtulo CREA el lector comienza a dar rienda suelta a sus sue\u00f1os, a sus prop\u00f3sitos y sentido de vida.<\/p>\n<p>En los siguientes cap\u00edtulos VIBRA, CONECTA, SE QUIEN ERES, ya quien ha llegado con la lectura hasta aqu\u00ed habr\u00e1 pasado al siguiente nivel, habr\u00e1 trazado un recorrido en el que se ha transmutado a una versi\u00f3n mejorada de si mismo de autodescubrimiento y autorrealizaci\u00f3n.<\/p>\n","protected":false},"featured_media":100430,"comment_status":"closed","ping_status":"closed","template":"","meta":{"_acf_changed":false},"libro":[],"product_brand":[],"product_cat":[26],"product_tag":[],"class_list":{"0":"post-98405","1":"product","2":"type-product","3":"status-publish","4":"has-post-thumbnail","6":"product_cat-sin-categoria","8":"first","9":"instock","10":"product-type-simple"},"acf":{"autor":[76874],"enlace_de_compra":"https:\/\/www.amazon.es\/Liderarte-arte-liderar-vida-Autoayuda\/dp\/841144256X\/"},"yoast_head":"<!-- This site is optimized with the Yoast SEO plugin v26.6 - https:\/\/yoast.com\/wordpress\/plugins\/seo\/ -->\n<title>LiderArte. El arte de liderar tu vida - Catalogo | Letrame Grupo Editorial<\/title>\n<meta name=\"robots\" content=\"index, follow, max-snippet:-1, max-image-preview:large, max-video-preview:-1\" \/>\n<link rel=\"canonical\" href=\"https:\/\/letrame.com\/catalogo\/producto\/liderarte-el-arte-de-liderar-tu-vida\/\" \/>\n<meta property=\"og:locale\" content=\"es_ES\" \/>\n<meta property=\"og:type\" content=\"article\" \/>\n<meta property=\"og:title\" content=\"LiderArte. El arte de liderar tu vida - Catalogo | Letrame Grupo Editorial\" \/>\n<meta property=\"og:description\" content=\"ISBN: 978-84-1144-256-5  SINOPSIS  LiderARTE, es un libro de interacci\u00f3n entre quien lo escribe y quien lo lee, proyecta preguntas, experiencias personales de la autora y de lo que en los distintos procesos ha encontrado a trav\u00e9s de las diferentes teor\u00edas, compone incluso un\u00a0 proceso de coaching.  En el primer cap\u00edtulo el\u00a0 autor se encuentra con el DESCUBRETE, en este momento de la vida de quien se conecta con la obra, invita a quitar lo que cubre, los hubiera, deber\u00eda, las creencias, patrones. El lector comienza un recorrido hacia su YO y hacia quien quiere SER.  El cap\u00edtulo DETENTE, invita al reconocimiento personal, la forma de pensar y actuar y como funciona su mente, reconocer incluso las limitaciones. En el cap\u00edtulo CREA el lector comienza a dar rienda suelta a sus sue\u00f1os, a sus prop\u00f3sitos y sentido de vida.  En los siguientes cap\u00edtulos VIBRA, CONECTA, SE QUIEN ERES, ya quien ha llegado con la lectura hasta aqu\u00ed habr\u00e1 pasado al siguiente nivel, habr\u00e1 trazado un recorrido en el que se ha transmutado a una versi\u00f3n mejorada de si mismo de autodescubrimiento y autorrealizaci\u00f3n.\" \/>\n<meta property=\"og:url\" content=\"https:\/\/letrame.com\/catalogo\/producto\/liderarte-el-arte-de-liderar-tu-vida\/\" \/>\n<meta property=\"og:site_name\" content=\"Catalogo | Letrame Grupo Editorial\" \/>\n<meta property=\"article:modified_time\" content=\"2024-05-16T14:39:41+00:00\" \/>\n<meta property=\"og:image\" content=\"https:\/\/letrame.com\/catalogo\/wp-content\/uploads\/2024\/04\/redportada_liderArte_578mm-compressed.webp\" \/>\n\t<meta property=\"og:image:width\" content=\"601\" \/>\n\t<meta property=\"og:image:height\" content=\"881\" \/>\n\t<meta property=\"og:image:type\" content=\"image\/webp\" \/>\n<meta name=\"twitter:card\" content=\"summary_large_image\" \/>\n<meta name=\"twitter:label1\" content=\"Tiempo de lectura\" \/>\n\t<meta name=\"twitter:data1\" content=\"2 minutos\" \/>\n<script type=\"application\/ld+json\" class=\"yoast-schema-graph\">{\"@context\":\"https:\/\/schema.org\",\"@graph\":[{\"@type\":\"WebPage\",\"@id\":\"https:\/\/letrame.com\/catalogo\/producto\/liderarte-el-arte-de-liderar-tu-vida\/\",\"url\":\"https:\/\/letrame.com\/catalogo\/producto\/liderarte-el-arte-de-liderar-tu-vida\/\",\"name\":\"LiderArte. El arte de liderar tu vida - Catalogo | Letrame Grupo Editorial\",\"isPartOf\":{\"@id\":\"https:\/\/letrame.com\/catalogo\/#website\"},\"primaryImageOfPage\":{\"@id\":\"https:\/\/letrame.com\/catalogo\/producto\/liderarte-el-arte-de-liderar-tu-vida\/#primaryimage\"},\"image\":{\"@id\":\"https:\/\/letrame.com\/catalogo\/producto\/liderarte-el-arte-de-liderar-tu-vida\/#primaryimage\"},\"thumbnailUrl\":\"https:\/\/letrame.com\/catalogo\/wp-content\/uploads\/2024\/04\/redportada_liderArte_578mm-compressed.webp\",\"datePublished\":\"2024-04-29T13:02:32+00:00\",\"dateModified\":\"2024-05-16T14:39:41+00:00\",\"breadcrumb\":{\"@id\":\"https:\/\/letrame.com\/catalogo\/producto\/liderarte-el-arte-de-liderar-tu-vida\/#breadcrumb\"},\"inLanguage\":\"es\",\"potentialAction\":[{\"@type\":\"ReadAction\",\"target\":[\"https:\/\/letrame.com\/catalogo\/producto\/liderarte-el-arte-de-liderar-tu-vida\/\"]}]},{\"@type\":\"ImageObject\",\"inLanguage\":\"es\",\"@id\":\"https:\/\/letrame.com\/catalogo\/producto\/liderarte-el-arte-de-liderar-tu-vida\/#primaryimage\",\"url\":\"https:\/\/letrame.com\/catalogo\/wp-content\/uploads\/2024\/04\/redportada_liderArte_578mm-compressed.webp\",\"contentUrl\":\"https:\/\/letrame.com\/catalogo\/wp-content\/uploads\/2024\/04\/redportada_liderArte_578mm-compressed.webp\",\"width\":601,\"height\":881},{\"@type\":\"BreadcrumbList\",\"@id\":\"https:\/\/letrame.com\/catalogo\/producto\/liderarte-el-arte-de-liderar-tu-vida\/#breadcrumb\",\"itemListElement\":[{\"@type\":\"ListItem\",\"position\":1,\"name\":\"Portada\",\"item\":\"https:\/\/letrame.com\/catalogo\/\"},{\"@type\":\"ListItem\",\"position\":2,\"name\":\"Cat\u00e1logo\",\"item\":\"https:\/\/letrame.com\/catalogo\/\"},{\"@type\":\"ListItem\",\"position\":3,\"name\":\"LiderArte. El arte de liderar tu vida\"}]},{\"@type\":\"WebSite\",\"@id\":\"https:\/\/letrame.com\/catalogo\/#website\",\"url\":\"https:\/\/letrame.com\/catalogo\/\",\"name\":\"Catalogo | Letrame Grupo Editorial\",\"description\":\"\",\"publisher\":{\"@id\":\"https:\/\/letrame.com\/catalogo\/#organization\"},\"potentialAction\":[{\"@type\":\"SearchAction\",\"target\":{\"@type\":\"EntryPoint\",\"urlTemplate\":\"https:\/\/letrame.com\/catalogo\/?s={search_term_string}\"},\"query-input\":{\"@type\":\"PropertyValueSpecification\",\"valueRequired\":true,\"valueName\":\"search_term_string\"}}],\"inLanguage\":\"es\"},{\"@type\":\"Organization\",\"@id\":\"https:\/\/letrame.com\/catalogo\/#organization\",\"name\":\"Catalogo | Letrame Grupo Editorial\",\"url\":\"https:\/\/letrame.com\/catalogo\/\",\"logo\":{\"@type\":\"ImageObject\",\"inLanguage\":\"es\",\"@id\":\"https:\/\/letrame.com\/catalogo\/#\/schema\/logo\/image\/\",\"url\":\"https:\/\/letrame.com\/catalogo\/wp-content\/uploads\/2024\/03\/logo2.webp\",\"contentUrl\":\"https:\/\/letrame.com\/catalogo\/wp-content\/uploads\/2024\/03\/logo2.webp\",\"width\":394,\"height\":128,\"caption\":\"Catalogo | Letrame Grupo Editorial\"},\"image\":{\"@id\":\"https:\/\/letrame.com\/catalogo\/#\/schema\/logo\/image\/\"}}]}<\/script>\n<!-- \/ Yoast SEO plugin. -->","yoast_head_json":{"title":"LiderArte. El arte de liderar tu vida - Catalogo | Letrame Grupo Editorial","robots":{"index":"index","follow":"follow","max-snippet":"max-snippet:-1","max-image-preview":"max-image-preview:large","max-video-preview":"max-video-preview:-1"},"canonical":"https:\/\/letrame.com\/catalogo\/producto\/liderarte-el-arte-de-liderar-tu-vida\/","og_locale":"es_ES","og_type":"article","og_title":"LiderArte. El arte de liderar tu vida - Catalogo | Letrame Grupo Editorial","og_description":"ISBN: 978-84-1144-256-5  SINOPSIS  LiderARTE, es un libro de interacci\u00f3n entre quien lo escribe y quien lo lee, proyecta preguntas, experiencias personales de la autora y de lo que en los distintos procesos ha encontrado a trav\u00e9s de las diferentes teor\u00edas, compone incluso un\u00a0 proceso de coaching.  En el primer cap\u00edtulo el\u00a0 autor se encuentra con el DESCUBRETE, en este momento de la vida de quien se conecta con la obra, invita a quitar lo que cubre, los hubiera, deber\u00eda, las creencias, patrones. El lector comienza un recorrido hacia su YO y hacia quien quiere SER.  El cap\u00edtulo DETENTE, invita al reconocimiento personal, la forma de pensar y actuar y como funciona su mente, reconocer incluso las limitaciones. En el cap\u00edtulo CREA el lector comienza a dar rienda suelta a sus sue\u00f1os, a sus prop\u00f3sitos y sentido de vida.  En los siguientes cap\u00edtulos VIBRA, CONECTA, SE QUIEN ERES, ya quien ha llegado con la lectura hasta aqu\u00ed habr\u00e1 pasado al siguiente nivel, habr\u00e1 trazado un recorrido en el que se ha transmutado a una versi\u00f3n mejorada de si mismo de autodescubrimiento y autorrealizaci\u00f3n.","og_url":"https:\/\/letrame.com\/catalogo\/producto\/liderarte-el-arte-de-liderar-tu-vida\/","og_site_name":"Catalogo | Letrame Grupo Editorial","article_modified_time":"2024-05-16T14:39:41+00:00","og_image":[{"width":601,"height":881,"url":"https:\/\/letrame.com\/catalogo\/wp-content\/uploads\/2024\/04\/redportada_liderArte_578mm-compressed.webp","type":"image\/webp"}],"twitter_card":"summary_large_image","twitter_misc":{"Tiempo de lectura":"2 minutos"},"schema":{"@context":"https:\/\/schema.org","@graph":[{"@type":"WebPage","@id":"https:\/\/letrame.com\/catalogo\/producto\/liderarte-el-arte-de-liderar-tu-vida\/","url":"https:\/\/letrame.com\/catalogo\/producto\/liderarte-el-arte-de-liderar-tu-vida\/","name":"LiderArte. El arte de liderar tu vida - Catalogo | Letrame Grupo Editorial","isPartOf":{"@id":"https:\/\/letrame.com\/catalogo\/#website"},"primaryImageOfPage":{"@id":"https:\/\/letrame.com\/catalogo\/producto\/liderarte-el-arte-de-liderar-tu-vida\/#primaryimage"},"image":{"@id":"https:\/\/letrame.com\/catalogo\/producto\/liderarte-el-arte-de-liderar-tu-vida\/#primaryimage"},"thumbnailUrl":"https:\/\/letrame.com\/catalogo\/wp-content\/uploads\/2024\/04\/redportada_liderArte_578mm-compressed.webp","datePublished":"2024-04-29T13:02:32+00:00","dateModified":"2024-05-16T14:39:41+00:00","breadcrumb":{"@id":"https:\/\/letrame.com\/catalogo\/producto\/liderarte-el-arte-de-liderar-tu-vida\/#breadcrumb"},"inLanguage":"es","potentialAction":[{"@type":"ReadAction","target":["https:\/\/letrame.com\/catalogo\/producto\/liderarte-el-arte-de-liderar-tu-vida\/"]}]},{"@type":"ImageObject","inLanguage":"es","@id":"https:\/\/letrame.com\/catalogo\/producto\/liderarte-el-arte-de-liderar-tu-vida\/#primaryimage","url":"https:\/\/letrame.com\/catalogo\/wp-content\/uploads\/2024\/04\/redportada_liderArte_578mm-compressed.webp","contentUrl":"https:\/\/letrame.com\/catalogo\/wp-content\/uploads\/2024\/04\/redportada_liderArte_578mm-compressed.webp","width":601,"height":881},{"@type":"BreadcrumbList","@id":"https:\/\/letrame.com\/catalogo\/producto\/liderarte-el-arte-de-liderar-tu-vida\/#breadcrumb","itemListElement":[{"@type":"ListItem","position":1,"name":"Portada","item":"https:\/\/letrame.com\/catalogo\/"},{"@type":"ListItem","position":2,"name":"Cat\u00e1logo","item":"https:\/\/letrame.com\/catalogo\/"},{"@type":"ListItem","position":3,"name":"LiderArte. El arte de liderar tu vida"}]},{"@type":"WebSite","@id":"https:\/\/letrame.com\/catalogo\/#website","url":"https:\/\/letrame.com\/catalogo\/","name":"Catalogo | Letrame Grupo Editorial","description":"","publisher":{"@id":"https:\/\/letrame.com\/catalogo\/#organization"},"potentialAction":[{"@type":"SearchAction","target":{"@type":"EntryPoint","urlTemplate":"https:\/\/letrame.com\/catalogo\/?s={search_term_string}"},"query-input":{"@type":"PropertyValueSpecification","valueRequired":true,"valueName":"search_term_string"}}],"inLanguage":"es"},{"@type":"Organization","@id":"https:\/\/letrame.com\/catalogo\/#organization","name":"Catalogo | Letrame Grupo Editorial","url":"https:\/\/letrame.com\/catalogo\/","logo":{"@type":"ImageObject","inLanguage":"es","@id":"https:\/\/letrame.com\/catalogo\/#\/schema\/logo\/image\/","url":"https:\/\/letrame.com\/catalogo\/wp-content\/uploads\/2024\/03\/logo2.webp","contentUrl":"https:\/\/letrame.com\/catalogo\/wp-content\/uploads\/2024\/03\/logo2.webp","width":394,"height":128,"caption":"Catalogo | Letrame Grupo Editorial"},"image":{"@id":"https:\/\/letrame.com\/catalogo\/#\/schema\/logo\/image\/"}}]}},"_links":{"self":[{"href":"https:\/\/letrame.com\/catalogo\/wp-json\/wp\/v2\/product\/98405","targetHints":{"allow":["GET"]}}],"collection":[{"href":"https:\/\/letrame.com\/catalogo\/wp-json\/wp\/v2\/product"}],"about":[{"href":"https:\/\/letrame.com\/catalogo\/wp-json\/wp\/v2\/types\/product"}],"replies":[{"embeddable":true,"href":"https:\/\/letrame.com\/catalogo\/wp-json\/wp\/v2\/comments?post=98405"}],"acf:post":[{"embeddable":true,"href":"https:\/\/letrame.com\/catalogo\/wp-json\/wp\/v2\/author_book\/76874"}],"wp:featuredmedia":[{"embeddable":true,"href":"https:\/\/letrame.com\/catalogo\/wp-json\/wp\/v2\/media\/100430"}],"wp:attachment":[{"href":"https:\/\/letrame.com\/catalogo\/wp-json\/wp\/v2\/media?parent=98405"}],"wp:term":[{"taxonomy":"libro","embeddable":true,"href":"https:\/\/letrame.com\/catalogo\/wp-json\/wp\/v2\/libro?post=98405"},{"taxonomy":"product_brand","embeddable":true,"href":"https:\/\/letrame.com\/catalogo\/wp-json\/wp\/v2\/product_brand?post=98405"},{"taxonomy":"product_cat","embeddable":true,"href":"https:\/\/letrame.com\/catalogo\/wp-json\/wp\/v2\/product_cat?post=98405"},{"taxonomy":"product_tag","embeddable":true,"href":"https:\/\/letrame.com\/catalogo\/wp-json\/wp\/v2\/product_tag?post=98405"}],"curies":[{"name":"wp","href":"https:\/\/api.w.org\/{rel}","templated":true}]}}