{"id":98399,"date":"2024-04-29T15:02:21","date_gmt":"2024-04-29T13:02:21","guid":{"rendered":"https:\/\/letrame.com\/catalogo\/producto\/ojos-en-la-tierra\/"},"modified":"2024-08-09T12:20:02","modified_gmt":"2024-08-09T10:20:02","slug":"ojos-en-la-tierra","status":"publish","type":"product","link":"https:\/\/letrame.com\/catalogo\/producto\/ojos-en-la-tierra\/","title":{"rendered":"Ojos en la tierra"},"content":{"rendered":"<p><strong>ISBN<\/strong>: 978-84-1144-419-4<\/p>\n<p><strong>T\u00edtulo<\/strong>: <span data-sheets-value=\"{&quot;1&quot;:2,&quot;2&quot;:&quot;Ojos en la tierra&quot;}\" data-sheets-userformat=\"{&quot;2&quot;:515,&quot;3&quot;:{&quot;1&quot;:0},&quot;4&quot;:{&quot;1&quot;:2,&quot;2&quot;:14281427},&quot;12&quot;:0}\">Ojos en la tierra<\/span><br \/>\n<strong>Fecha<\/strong>: 2022<br \/>\n<strong>P\u00e1ginas<\/strong>: 68<\/p>\n<p><strong>SINOPSIS<\/strong><\/p>\n<p>Aire, Agua, Alimentos y Energ\u00eda son los recursos fundamentales que toda civilizaci\u00f3n moderna debe disponer de manera limpia, segura, confiable y abundante para que la din\u00e1mica del desarrollo no se detenga y sea sostenible.<\/p>\n<p>Pero nuestro sistema energ\u00e9tico est\u00e1 principalmente basado en la utilizaci\u00f3n de combustibles f\u00f3siles \u2014petr\u00f3leo, gas natural y sus derivados\u2014, con los resultados de producir como residuos principalmente los conocidos gases de \u00abefecto invernadero\u00bb.<\/p>\n<p>Tanto el Calentamiento Global, como el Cambio Clim\u00e1tico \u2014fen\u00f3menos originados por la utilizaci\u00f3n de energ\u00edas f\u00f3siles\u2014 est\u00e1n afectando de manera negativa a todos los habitantes del Planeta, al l\u00edmite que hoy d\u00eda las consecuencias en diversas regiones son irreversibles.<\/p>\n<p>\u00bfQu\u00e9 suceder\u00eda si continuamos con esta din\u00e1mica y llevamos estos fen\u00f3menos al extremo tal, resultando que los incrementos de temperaturas medias globales sobrepasen los 2\u00b0C por encima de los niveles medios hist\u00f3ricos preindustriales?<\/p>\n<p>Todos los pron\u00f3sticos ante este escenario revelan consecuencias catastr\u00f3ficas para la mayor\u00eda de los territorios m\u00e1s habitados de nuestro Planeta.<\/p>\n<p>Para todo tipo de lectores, Ojos en la Tierra explica con sencillez el origen de estos fen\u00f3menos nunca antes experimentados en la historia de la humanidad, as\u00ed como tambi\u00e9n demuestra que existen soluciones factibles para lograr estabilizar la din\u00e1mica del Calentamiento Global y el Cambio Clim\u00e1tico \u2014fen\u00f3menos que se retroalimentan mutuamente\u2014, soluciones basadas fundamentalmente en el Desarrollo Sustentable.<\/p>\n<p>Con todo el rigor del razonamiento cient\u00edfico, con los mejores ejemplos, y con la simpleza y sencillez de una buena divulgaci\u00f3n, para que est\u00e9 al alcance y comprensi\u00f3n de todos.<\/p>\n","protected":false},"excerpt":{"rendered":"<p><strong>ISBN<\/strong>: 978-84-1144-419-4<\/p>\n<p><strong>SINOPSIS<\/strong><\/p>\n<p>Aire, Agua, Alimentos y Energ\u00eda son los recursos fundamentales que toda civilizaci\u00f3n moderna debe disponer de manera limpia, segura, confiable y abundante para que la din\u00e1mica del desarrollo no se detenga y sea sostenible.<\/p>\n<p>Pero nuestro sistema energ\u00e9tico est\u00e1 principalmente basado en la utilizaci\u00f3n de combustibles f\u00f3siles \u2014petr\u00f3leo, gas natural y sus derivados\u2014, con los resultados de producir como residuos principalmente los conocidos gases de \u00abefecto invernadero\u00bb.<\/p>\n<p>Tanto el Calentamiento Global, como el Cambio Clim\u00e1tico \u2014fen\u00f3menos originados por la utilizaci\u00f3n de energ\u00edas f\u00f3siles\u2014 est\u00e1n afectando de manera negativa a todos los habitantes del Planeta, al l\u00edmite que hoy d\u00eda las consecuencias en diversas regiones son irreversibles.<\/p>\n<p>\u00bfQu\u00e9 suceder\u00eda si continuamos con esta din\u00e1mica y llevamos estos fen\u00f3menos al extremo tal, resultando que los incrementos de temperaturas medias globales sobrepasen los 2\u00b0C por encima de los niveles medios hist\u00f3ricos preindustriales?<\/p>\n<p>Todos los pron\u00f3sticos ante este escenario revelan consecuencias catastr\u00f3ficas para la mayor\u00eda de los territorios m\u00e1s habitados de nuestro Planeta.<\/p>\n<p>Para todo tipo de lectores, Ojos en la Tierra explica con sencillez el origen de estos fen\u00f3menos nunca antes experimentados en la historia de la humanidad, as\u00ed como tambi\u00e9n demuestra que existen soluciones factibles para lograr estabilizar la din\u00e1mica del Calentamiento Global y el Cambio Clim\u00e1tico \u2014fen\u00f3menos que se retroalimentan mutuamente\u2014, soluciones basadas fundamentalmente en el Desarrollo Sustentable.<\/p>\n<p>Con todo el rigor del razonamiento cient\u00edfico, con los mejores ejemplos, y con la simpleza y sencillez de una buena divulgaci\u00f3n, para que est\u00e9 al alcance y comprensi\u00f3n de todos.<\/p>\n","protected":false},"featured_media":98400,"comment_status":"closed","ping_status":"closed","template":"","meta":{"_acf_changed":false},"libro":[],"product_brand":[],"product_cat":[26],"product_tag":[],"class_list":{"0":"post-98399","1":"product","2":"type-product","3":"status-publish","4":"has-post-thumbnail","6":"product_cat-sin-categoria","8":"first","9":"instock","10":"product-type-simple"},"acf":{"autor":[76870],"enlace_de_compra":"https:\/\/amzn.to\/3X0ezYk"},"yoast_head":"<!-- This site is optimized with the Yoast SEO plugin v26.6 - https:\/\/yoast.com\/wordpress\/plugins\/seo\/ -->\n<title>Ojos en la tierra - Catalogo | Letrame Grupo Editorial<\/title>\n<meta name=\"robots\" content=\"index, follow, max-snippet:-1, max-image-preview:large, max-video-preview:-1\" \/>\n<link rel=\"canonical\" href=\"https:\/\/letrame.com\/catalogo\/producto\/ojos-en-la-tierra\/\" \/>\n<meta property=\"og:locale\" content=\"es_ES\" \/>\n<meta property=\"og:type\" content=\"article\" \/>\n<meta property=\"og:title\" content=\"Ojos en la tierra - Catalogo | Letrame Grupo Editorial\" \/>\n<meta property=\"og:description\" content=\"ISBN: 978-84-1144-419-4  SINOPSIS  Aire, Agua, Alimentos y Energ\u00eda son los recursos fundamentales que toda civilizaci\u00f3n moderna debe disponer de manera limpia, segura, confiable y abundante para que la din\u00e1mica del desarrollo no se detenga y sea sostenible.  Pero nuestro sistema energ\u00e9tico est\u00e1 principalmente basado en la utilizaci\u00f3n de combustibles f\u00f3siles \u2014petr\u00f3leo, gas natural y sus derivados\u2014, con los resultados de producir como residuos principalmente los conocidos gases de \u00abefecto invernadero\u00bb.  Tanto el Calentamiento Global, como el Cambio Clim\u00e1tico \u2014fen\u00f3menos originados por la utilizaci\u00f3n de energ\u00edas f\u00f3siles\u2014 est\u00e1n afectando de manera negativa a todos los habitantes del Planeta, al l\u00edmite que hoy d\u00eda las consecuencias en diversas regiones son irreversibles.  \u00bfQu\u00e9 suceder\u00eda si continuamos con esta din\u00e1mica y llevamos estos fen\u00f3menos al extremo tal, resultando que los incrementos de temperaturas medias globales sobrepasen los 2\u00b0C por encima de los niveles medios hist\u00f3ricos preindustriales?  Todos los pron\u00f3sticos ante este escenario revelan consecuencias catastr\u00f3ficas para la mayor\u00eda de los territorios m\u00e1s habitados de nuestro Planeta.  Para todo tipo de lectores, Ojos en la Tierra explica con sencillez el origen de estos fen\u00f3menos nunca antes experimentados en la historia de la humanidad, as\u00ed como tambi\u00e9n demuestra que existen soluciones factibles para lograr estabilizar la din\u00e1mica del Calentamiento Global y el Cambio Clim\u00e1tico \u2014fen\u00f3menos que se retroalimentan mutuamente\u2014, soluciones basadas fundamentalmente en el Desarrollo Sustentable.  Con todo el rigor del razonamiento cient\u00edfico, con los mejores ejemplos, y con la simpleza y sencillez de una buena divulgaci\u00f3n, para que est\u00e9 al alcance y comprensi\u00f3n de todos.\" \/>\n<meta property=\"og:url\" content=\"https:\/\/letrame.com\/catalogo\/producto\/ojos-en-la-tierra\/\" \/>\n<meta property=\"og:site_name\" content=\"Catalogo | Letrame Grupo Editorial\" \/>\n<meta property=\"article:modified_time\" content=\"2024-08-09T10:20:02+00:00\" \/>\n<meta property=\"og:image\" content=\"https:\/\/letrame.com\/catalogo\/wp-content\/uploads\/2024\/04\/redportada_ojosdetierra_461mm-1.jpg\" \/>\n\t<meta property=\"og:image:width\" content=\"601\" \/>\n\t<meta property=\"og:image:height\" content=\"881\" \/>\n\t<meta property=\"og:image:type\" content=\"image\/jpeg\" \/>\n<meta name=\"twitter:card\" content=\"summary_large_image\" \/>\n<meta name=\"twitter:label1\" content=\"Tiempo de lectura\" \/>\n\t<meta name=\"twitter:data1\" content=\"2 minutos\" \/>\n<script type=\"application\/ld+json\" class=\"yoast-schema-graph\">{\"@context\":\"https:\/\/schema.org\",\"@graph\":[{\"@type\":\"WebPage\",\"@id\":\"https:\/\/letrame.com\/catalogo\/producto\/ojos-en-la-tierra\/\",\"url\":\"https:\/\/letrame.com\/catalogo\/producto\/ojos-en-la-tierra\/\",\"name\":\"Ojos en la tierra - Catalogo | Letrame Grupo Editorial\",\"isPartOf\":{\"@id\":\"https:\/\/letrame.com\/catalogo\/#website\"},\"primaryImageOfPage\":{\"@id\":\"https:\/\/letrame.com\/catalogo\/producto\/ojos-en-la-tierra\/#primaryimage\"},\"image\":{\"@id\":\"https:\/\/letrame.com\/catalogo\/producto\/ojos-en-la-tierra\/#primaryimage\"},\"thumbnailUrl\":\"https:\/\/letrame.com\/catalogo\/wp-content\/uploads\/2024\/04\/redportada_ojosdetierra_461mm-1.jpg\",\"datePublished\":\"2024-04-29T13:02:21+00:00\",\"dateModified\":\"2024-08-09T10:20:02+00:00\",\"breadcrumb\":{\"@id\":\"https:\/\/letrame.com\/catalogo\/producto\/ojos-en-la-tierra\/#breadcrumb\"},\"inLanguage\":\"es\",\"potentialAction\":[{\"@type\":\"ReadAction\",\"target\":[\"https:\/\/letrame.com\/catalogo\/producto\/ojos-en-la-tierra\/\"]}]},{\"@type\":\"ImageObject\",\"inLanguage\":\"es\",\"@id\":\"https:\/\/letrame.com\/catalogo\/producto\/ojos-en-la-tierra\/#primaryimage\",\"url\":\"https:\/\/letrame.com\/catalogo\/wp-content\/uploads\/2024\/04\/redportada_ojosdetierra_461mm-1.jpg\",\"contentUrl\":\"https:\/\/letrame.com\/catalogo\/wp-content\/uploads\/2024\/04\/redportada_ojosdetierra_461mm-1.jpg\",\"width\":601,\"height\":881},{\"@type\":\"BreadcrumbList\",\"@id\":\"https:\/\/letrame.com\/catalogo\/producto\/ojos-en-la-tierra\/#breadcrumb\",\"itemListElement\":[{\"@type\":\"ListItem\",\"position\":1,\"name\":\"Portada\",\"item\":\"https:\/\/letrame.com\/catalogo\/\"},{\"@type\":\"ListItem\",\"position\":2,\"name\":\"Cat\u00e1logo\",\"item\":\"https:\/\/letrame.com\/catalogo\/\"},{\"@type\":\"ListItem\",\"position\":3,\"name\":\"Ojos en la tierra\"}]},{\"@type\":\"WebSite\",\"@id\":\"https:\/\/letrame.com\/catalogo\/#website\",\"url\":\"https:\/\/letrame.com\/catalogo\/\",\"name\":\"Catalogo | Letrame Grupo Editorial\",\"description\":\"\",\"publisher\":{\"@id\":\"https:\/\/letrame.com\/catalogo\/#organization\"},\"potentialAction\":[{\"@type\":\"SearchAction\",\"target\":{\"@type\":\"EntryPoint\",\"urlTemplate\":\"https:\/\/letrame.com\/catalogo\/?s={search_term_string}\"},\"query-input\":{\"@type\":\"PropertyValueSpecification\",\"valueRequired\":true,\"valueName\":\"search_term_string\"}}],\"inLanguage\":\"es\"},{\"@type\":\"Organization\",\"@id\":\"https:\/\/letrame.com\/catalogo\/#organization\",\"name\":\"Catalogo | Letrame Grupo Editorial\",\"url\":\"https:\/\/letrame.com\/catalogo\/\",\"logo\":{\"@type\":\"ImageObject\",\"inLanguage\":\"es\",\"@id\":\"https:\/\/letrame.com\/catalogo\/#\/schema\/logo\/image\/\",\"url\":\"https:\/\/letrame.com\/catalogo\/wp-content\/uploads\/2024\/03\/logo2.webp\",\"contentUrl\":\"https:\/\/letrame.com\/catalogo\/wp-content\/uploads\/2024\/03\/logo2.webp\",\"width\":394,\"height\":128,\"caption\":\"Catalogo | Letrame Grupo Editorial\"},\"image\":{\"@id\":\"https:\/\/letrame.com\/catalogo\/#\/schema\/logo\/image\/\"}}]}<\/script>\n<!-- \/ Yoast SEO plugin. -->","yoast_head_json":{"title":"Ojos en la tierra - Catalogo | Letrame Grupo Editorial","robots":{"index":"index","follow":"follow","max-snippet":"max-snippet:-1","max-image-preview":"max-image-preview:large","max-video-preview":"max-video-preview:-1"},"canonical":"https:\/\/letrame.com\/catalogo\/producto\/ojos-en-la-tierra\/","og_locale":"es_ES","og_type":"article","og_title":"Ojos en la tierra - Catalogo | Letrame Grupo Editorial","og_description":"ISBN: 978-84-1144-419-4  SINOPSIS  Aire, Agua, Alimentos y Energ\u00eda son los recursos fundamentales que toda civilizaci\u00f3n moderna debe disponer de manera limpia, segura, confiable y abundante para que la din\u00e1mica del desarrollo no se detenga y sea sostenible.  Pero nuestro sistema energ\u00e9tico est\u00e1 principalmente basado en la utilizaci\u00f3n de combustibles f\u00f3siles \u2014petr\u00f3leo, gas natural y sus derivados\u2014, con los resultados de producir como residuos principalmente los conocidos gases de \u00abefecto invernadero\u00bb.  Tanto el Calentamiento Global, como el Cambio Clim\u00e1tico \u2014fen\u00f3menos originados por la utilizaci\u00f3n de energ\u00edas f\u00f3siles\u2014 est\u00e1n afectando de manera negativa a todos los habitantes del Planeta, al l\u00edmite que hoy d\u00eda las consecuencias en diversas regiones son irreversibles.  \u00bfQu\u00e9 suceder\u00eda si continuamos con esta din\u00e1mica y llevamos estos fen\u00f3menos al extremo tal, resultando que los incrementos de temperaturas medias globales sobrepasen los 2\u00b0C por encima de los niveles medios hist\u00f3ricos preindustriales?  Todos los pron\u00f3sticos ante este escenario revelan consecuencias catastr\u00f3ficas para la mayor\u00eda de los territorios m\u00e1s habitados de nuestro Planeta.  Para todo tipo de lectores, Ojos en la Tierra explica con sencillez el origen de estos fen\u00f3menos nunca antes experimentados en la historia de la humanidad, as\u00ed como tambi\u00e9n demuestra que existen soluciones factibles para lograr estabilizar la din\u00e1mica del Calentamiento Global y el Cambio Clim\u00e1tico \u2014fen\u00f3menos que se retroalimentan mutuamente\u2014, soluciones basadas fundamentalmente en el Desarrollo Sustentable.  Con todo el rigor del razonamiento cient\u00edfico, con los mejores ejemplos, y con la simpleza y sencillez de una buena divulgaci\u00f3n, para que est\u00e9 al alcance y comprensi\u00f3n de todos.","og_url":"https:\/\/letrame.com\/catalogo\/producto\/ojos-en-la-tierra\/","og_site_name":"Catalogo | Letrame Grupo Editorial","article_modified_time":"2024-08-09T10:20:02+00:00","og_image":[{"width":601,"height":881,"url":"https:\/\/letrame.com\/catalogo\/wp-content\/uploads\/2024\/04\/redportada_ojosdetierra_461mm-1.jpg","type":"image\/jpeg"}],"twitter_card":"summary_large_image","twitter_misc":{"Tiempo de lectura":"2 minutos"},"schema":{"@context":"https:\/\/schema.org","@graph":[{"@type":"WebPage","@id":"https:\/\/letrame.com\/catalogo\/producto\/ojos-en-la-tierra\/","url":"https:\/\/letrame.com\/catalogo\/producto\/ojos-en-la-tierra\/","name":"Ojos en la tierra - Catalogo | Letrame Grupo Editorial","isPartOf":{"@id":"https:\/\/letrame.com\/catalogo\/#website"},"primaryImageOfPage":{"@id":"https:\/\/letrame.com\/catalogo\/producto\/ojos-en-la-tierra\/#primaryimage"},"image":{"@id":"https:\/\/letrame.com\/catalogo\/producto\/ojos-en-la-tierra\/#primaryimage"},"thumbnailUrl":"https:\/\/letrame.com\/catalogo\/wp-content\/uploads\/2024\/04\/redportada_ojosdetierra_461mm-1.jpg","datePublished":"2024-04-29T13:02:21+00:00","dateModified":"2024-08-09T10:20:02+00:00","breadcrumb":{"@id":"https:\/\/letrame.com\/catalogo\/producto\/ojos-en-la-tierra\/#breadcrumb"},"inLanguage":"es","potentialAction":[{"@type":"ReadAction","target":["https:\/\/letrame.com\/catalogo\/producto\/ojos-en-la-tierra\/"]}]},{"@type":"ImageObject","inLanguage":"es","@id":"https:\/\/letrame.com\/catalogo\/producto\/ojos-en-la-tierra\/#primaryimage","url":"https:\/\/letrame.com\/catalogo\/wp-content\/uploads\/2024\/04\/redportada_ojosdetierra_461mm-1.jpg","contentUrl":"https:\/\/letrame.com\/catalogo\/wp-content\/uploads\/2024\/04\/redportada_ojosdetierra_461mm-1.jpg","width":601,"height":881},{"@type":"BreadcrumbList","@id":"https:\/\/letrame.com\/catalogo\/producto\/ojos-en-la-tierra\/#breadcrumb","itemListElement":[{"@type":"ListItem","position":1,"name":"Portada","item":"https:\/\/letrame.com\/catalogo\/"},{"@type":"ListItem","position":2,"name":"Cat\u00e1logo","item":"https:\/\/letrame.com\/catalogo\/"},{"@type":"ListItem","position":3,"name":"Ojos en la tierra"}]},{"@type":"WebSite","@id":"https:\/\/letrame.com\/catalogo\/#website","url":"https:\/\/letrame.com\/catalogo\/","name":"Catalogo | Letrame Grupo Editorial","description":"","publisher":{"@id":"https:\/\/letrame.com\/catalogo\/#organization"},"potentialAction":[{"@type":"SearchAction","target":{"@type":"EntryPoint","urlTemplate":"https:\/\/letrame.com\/catalogo\/?s={search_term_string}"},"query-input":{"@type":"PropertyValueSpecification","valueRequired":true,"valueName":"search_term_string"}}],"inLanguage":"es"},{"@type":"Organization","@id":"https:\/\/letrame.com\/catalogo\/#organization","name":"Catalogo | Letrame Grupo Editorial","url":"https:\/\/letrame.com\/catalogo\/","logo":{"@type":"ImageObject","inLanguage":"es","@id":"https:\/\/letrame.com\/catalogo\/#\/schema\/logo\/image\/","url":"https:\/\/letrame.com\/catalogo\/wp-content\/uploads\/2024\/03\/logo2.webp","contentUrl":"https:\/\/letrame.com\/catalogo\/wp-content\/uploads\/2024\/03\/logo2.webp","width":394,"height":128,"caption":"Catalogo | Letrame Grupo Editorial"},"image":{"@id":"https:\/\/letrame.com\/catalogo\/#\/schema\/logo\/image\/"}}]}},"_links":{"self":[{"href":"https:\/\/letrame.com\/catalogo\/wp-json\/wp\/v2\/product\/98399","targetHints":{"allow":["GET"]}}],"collection":[{"href":"https:\/\/letrame.com\/catalogo\/wp-json\/wp\/v2\/product"}],"about":[{"href":"https:\/\/letrame.com\/catalogo\/wp-json\/wp\/v2\/types\/product"}],"replies":[{"embeddable":true,"href":"https:\/\/letrame.com\/catalogo\/wp-json\/wp\/v2\/comments?post=98399"}],"acf:post":[{"embeddable":true,"href":"https:\/\/letrame.com\/catalogo\/wp-json\/wp\/v2\/author_book\/76870"}],"wp:featuredmedia":[{"embeddable":true,"href":"https:\/\/letrame.com\/catalogo\/wp-json\/wp\/v2\/media\/98400"}],"wp:attachment":[{"href":"https:\/\/letrame.com\/catalogo\/wp-json\/wp\/v2\/media?parent=98399"}],"wp:term":[{"taxonomy":"libro","embeddable":true,"href":"https:\/\/letrame.com\/catalogo\/wp-json\/wp\/v2\/libro?post=98399"},{"taxonomy":"product_brand","embeddable":true,"href":"https:\/\/letrame.com\/catalogo\/wp-json\/wp\/v2\/product_brand?post=98399"},{"taxonomy":"product_cat","embeddable":true,"href":"https:\/\/letrame.com\/catalogo\/wp-json\/wp\/v2\/product_cat?post=98399"},{"taxonomy":"product_tag","embeddable":true,"href":"https:\/\/letrame.com\/catalogo\/wp-json\/wp\/v2\/product_tag?post=98399"}],"curies":[{"name":"wp","href":"https:\/\/api.w.org\/{rel}","templated":true}]}}