{"id":98372,"date":"2024-04-29T15:01:19","date_gmt":"2024-04-29T13:01:19","guid":{"rendered":"https:\/\/letrame.com\/catalogo\/producto\/sacerdote-mistico-y-poeta\/"},"modified":"2024-08-09T12:50:56","modified_gmt":"2024-08-09T10:50:56","slug":"sacerdote-mistico-y-poeta","status":"publish","type":"product","link":"https:\/\/letrame.com\/catalogo\/producto\/sacerdote-mistico-y-poeta\/","title":{"rendered":"Sacerdote, m\u00edstico y poeta"},"content":{"rendered":"<p><strong>ISBN<\/strong>: 978-84-1144-155-1<\/p>\n<p><strong>T\u00edtulo<\/strong>: Sacerdote, m\u00edstico y poeta<br \/>\n<strong>Fecha<\/strong>: 2022<br \/>\n<strong>P\u00e1ginas<\/strong>: 454<\/p>\n<p><strong>SINOPSIS<\/strong><\/p>\n<p>Los diversos cap\u00edtulos de este libro \u2013\u201dSacerdote, m\u00edstico y poeta\u201d\u2014son el testimonio personal de la experiencia sacerdotal unitiva con Dios, ya sea como autoafirmaci\u00f3n o como est\u00edmulo para otros, y tiende siempre a hacerlo con formas de exteriorizaci\u00f3n po\u00e9ticas.<\/p>\n<p>La experiencia de Dios puede ser tan significativa que resuena constantemente en el coraz\u00f3n del hombre. En tal caso, para no perder detalle de la oportunidad contemplativa, hay que silenciarse, dejar que la luz del \u201cMisterio\u201d se haga presente, y que invada hasta la m\u00e9dula sin ponerle obst\u00e1culos y resuene su voz, su m\u00fasica callada.<\/p>\n<p>Este silenciamiento requiere varios momentos a trav\u00e9s de los cuales se logra pacificar la palabra y el cuerpo. Mediante estas etapas se logra tomar conciencia de la corporeidad como disposici\u00f3n primera que da paso al silencio mental y dispone el regalo del silencio m\u00edstico.<\/p>\n<p>El desierto es el lugar de la soledad, del encuentro con el Se\u00f1or en la intimidad de un coraz\u00f3n que ama y espera, aprovechando la certeza de que Dios padre est\u00e1 junto a nosotros y nos ama; y tambi\u00e9n la \u201cevidencia\u201d de su bondad y su ternura.<\/p>\n<p>La experiencia m\u00edstica no finge ser un secreto, se mantiene callada porque no es un lenguaje comprensible para todos; adem\u00e1s, es m\u00fasica silente, m\u00e1s no ruido, y por ser m\u00fasica y voz no puede permanecer oculta. La voz callada no es algo que, pudi\u00e9ndose decir, se guarda en secreto, la voz callada no tiene contenido alguno, es voz: sonido primordial . Solo quien antes ha sido capaz de silenciar la palabra, el cuerpo y la mente logra escuchar esta \u201cvoz callada\u201d, percibiendo as\u00ed el don de la contemplaci\u00f3n.<\/p>\n<p>&nbsp;<\/p>\n<p>https:\/\/dimeunapalabra.marianistas.es\/wp-content\/uploads\/2022\/08\/09.06.jpg<\/p>\n","protected":false},"excerpt":{"rendered":"<p><strong>ISBN<\/strong>: 978-84-1144-155-1<\/p>\n<p><strong>SINOPSIS<\/strong><\/p>\n<p>Los diversos cap\u00edtulos de este libro \u2013\u201dSacerdote, m\u00edstico y poeta\u201d\u2014son el testimonio personal de la experiencia sacerdotal unitiva con Dios, ya sea como autoafirmaci\u00f3n o como est\u00edmulo para otros, y tiende siempre a hacerlo con formas de exteriorizaci\u00f3n po\u00e9ticas.<\/p>\n<p>La experiencia de Dios puede ser tan significativa que resuena constantemente en el coraz\u00f3n del hombre. En tal caso, para no perder detalle de la oportunidad contemplativa, hay que silenciarse, dejar que la luz del \u201cMisterio\u201d se haga presente, y que invada hasta la m\u00e9dula sin ponerle obst\u00e1culos y resuene su voz, su m\u00fasica callada.<\/p>\n<p>Este silenciamiento requiere varios momentos a trav\u00e9s de los cuales se logra pacificar la palabra y el cuerpo. Mediante estas etapas se logra tomar conciencia de la corporeidad como disposici\u00f3n primera que da paso al silencio mental y dispone el regalo del silencio m\u00edstico.<\/p>\n<p>El desierto es el lugar de la soledad, del encuentro con el Se\u00f1or en la intimidad de un coraz\u00f3n que ama y espera, aprovechando la certeza de que Dios padre est\u00e1 junto a nosotros y nos ama; y tambi\u00e9n la \u201cevidencia\u201d de su bondad y su ternura.<\/p>\n<p>La experiencia m\u00edstica no finge ser un secreto, se mantiene callada porque no es un lenguaje comprensible para todos; adem\u00e1s, es m\u00fasica silente, m\u00e1s no ruido, y por ser m\u00fasica y voz no puede permanecer oculta. La voz callada no es algo que, pudi\u00e9ndose decir, se guarda en secreto, la voz callada no tiene contenido alguno, es voz: sonido primordial . Solo quien antes ha sido capaz de silenciar la palabra, el cuerpo y la mente logra escuchar esta \u201cvoz callada\u201d, percibiendo as\u00ed el don de la contemplaci\u00f3n.<\/p>\n<p>&nbsp;<\/p>\n<p>https:\/\/dimeunapalabra.marianistas.es\/wp-content\/uploads\/2022\/08\/09.06.jpg<\/p>\n","protected":false},"featured_media":98373,"comment_status":"closed","ping_status":"closed","template":"","meta":{"_acf_changed":false},"libro":[],"product_brand":[],"product_cat":[26],"product_tag":[],"class_list":{"0":"post-98372","1":"product","2":"type-product","3":"status-publish","4":"has-post-thumbnail","6":"product_cat-sin-categoria","8":"first","9":"instock","10":"product-type-simple"},"acf":{"autor":[76848],"enlace_de_compra":""},"yoast_head":"<!-- This site is optimized with the Yoast SEO plugin v26.6 - https:\/\/yoast.com\/wordpress\/plugins\/seo\/ -->\n<title>Sacerdote, m\u00edstico y poeta - Catalogo | Letrame Grupo Editorial<\/title>\n<meta name=\"robots\" content=\"index, follow, max-snippet:-1, max-image-preview:large, max-video-preview:-1\" \/>\n<link rel=\"canonical\" href=\"https:\/\/letrame.com\/catalogo\/producto\/sacerdote-mistico-y-poeta\/\" \/>\n<meta property=\"og:locale\" content=\"es_ES\" \/>\n<meta property=\"og:type\" content=\"article\" \/>\n<meta property=\"og:title\" content=\"Sacerdote, m\u00edstico y poeta - Catalogo | Letrame Grupo Editorial\" \/>\n<meta property=\"og:description\" content=\"ISBN: 978-84-1144-155-1  SINOPSIS  Los diversos cap\u00edtulos de este libro \u2013\u201dSacerdote, m\u00edstico y poeta\u201d\u2014son el testimonio personal de la experiencia sacerdotal unitiva con Dios, ya sea como autoafirmaci\u00f3n o como est\u00edmulo para otros, y tiende siempre a hacerlo con formas de exteriorizaci\u00f3n po\u00e9ticas.  La experiencia de Dios puede ser tan significativa que resuena constantemente en el coraz\u00f3n del hombre. En tal caso, para no perder detalle de la oportunidad contemplativa, hay que silenciarse, dejar que la luz del \u201cMisterio\u201d se haga presente, y que invada hasta la m\u00e9dula sin ponerle obst\u00e1culos y resuene su voz, su m\u00fasica callada.  Este silenciamiento requiere varios momentos a trav\u00e9s de los cuales se logra pacificar la palabra y el cuerpo. Mediante estas etapas se logra tomar conciencia de la corporeidad como disposici\u00f3n primera que da paso al silencio mental y dispone el regalo del silencio m\u00edstico.  El desierto es el lugar de la soledad, del encuentro con el Se\u00f1or en la intimidad de un coraz\u00f3n que ama y espera, aprovechando la certeza de que Dios padre est\u00e1 junto a nosotros y nos ama; y tambi\u00e9n la \u201cevidencia\u201d de su bondad y su ternura.  La experiencia m\u00edstica no finge ser un secreto, se mantiene callada porque no es un lenguaje comprensible para todos; adem\u00e1s, es m\u00fasica silente, m\u00e1s no ruido, y por ser m\u00fasica y voz no puede permanecer oculta. La voz callada no es algo que, pudi\u00e9ndose decir, se guarda en secreto, la voz callada no tiene contenido alguno, es voz: sonido primordial . Solo quien antes ha sido capaz de silenciar la palabra, el cuerpo y la mente logra escuchar esta \u201cvoz callada\u201d, percibiendo as\u00ed el don de la contemplaci\u00f3n.  &nbsp;  https:\/\/dimeunapalabra.marianistas.es\/wp-content\/uploads\/2022\/08\/09.06.jpg\" \/>\n<meta property=\"og:url\" content=\"https:\/\/letrame.com\/catalogo\/producto\/sacerdote-mistico-y-poeta\/\" \/>\n<meta property=\"og:site_name\" content=\"Catalogo | Letrame Grupo Editorial\" \/>\n<meta property=\"article:modified_time\" content=\"2024-08-09T10:50:56+00:00\" \/>\n<meta property=\"og:image\" content=\"https:\/\/letrame.com\/catalogo\/wp-content\/uploads\/2024\/04\/redportada_sacerdote_22mm-1-compressed.jpg\" \/>\n\t<meta property=\"og:image:width\" content=\"601\" \/>\n\t<meta property=\"og:image:height\" content=\"881\" \/>\n\t<meta property=\"og:image:type\" content=\"image\/jpeg\" \/>\n<meta name=\"twitter:card\" content=\"summary_large_image\" \/>\n<meta name=\"twitter:label1\" content=\"Tiempo de lectura\" \/>\n\t<meta name=\"twitter:data1\" content=\"2 minutos\" \/>\n<script type=\"application\/ld+json\" class=\"yoast-schema-graph\">{\"@context\":\"https:\/\/schema.org\",\"@graph\":[{\"@type\":\"WebPage\",\"@id\":\"https:\/\/letrame.com\/catalogo\/producto\/sacerdote-mistico-y-poeta\/\",\"url\":\"https:\/\/letrame.com\/catalogo\/producto\/sacerdote-mistico-y-poeta\/\",\"name\":\"Sacerdote, m\u00edstico y poeta - Catalogo | Letrame Grupo Editorial\",\"isPartOf\":{\"@id\":\"https:\/\/letrame.com\/catalogo\/#website\"},\"primaryImageOfPage\":{\"@id\":\"https:\/\/letrame.com\/catalogo\/producto\/sacerdote-mistico-y-poeta\/#primaryimage\"},\"image\":{\"@id\":\"https:\/\/letrame.com\/catalogo\/producto\/sacerdote-mistico-y-poeta\/#primaryimage\"},\"thumbnailUrl\":\"https:\/\/letrame.com\/catalogo\/wp-content\/uploads\/2024\/04\/redportada_sacerdote_22mm-1-compressed.jpg\",\"datePublished\":\"2024-04-29T13:01:19+00:00\",\"dateModified\":\"2024-08-09T10:50:56+00:00\",\"breadcrumb\":{\"@id\":\"https:\/\/letrame.com\/catalogo\/producto\/sacerdote-mistico-y-poeta\/#breadcrumb\"},\"inLanguage\":\"es\",\"potentialAction\":[{\"@type\":\"ReadAction\",\"target\":[\"https:\/\/letrame.com\/catalogo\/producto\/sacerdote-mistico-y-poeta\/\"]}]},{\"@type\":\"ImageObject\",\"inLanguage\":\"es\",\"@id\":\"https:\/\/letrame.com\/catalogo\/producto\/sacerdote-mistico-y-poeta\/#primaryimage\",\"url\":\"https:\/\/letrame.com\/catalogo\/wp-content\/uploads\/2024\/04\/redportada_sacerdote_22mm-1-compressed.jpg\",\"contentUrl\":\"https:\/\/letrame.com\/catalogo\/wp-content\/uploads\/2024\/04\/redportada_sacerdote_22mm-1-compressed.jpg\",\"width\":601,\"height\":881},{\"@type\":\"BreadcrumbList\",\"@id\":\"https:\/\/letrame.com\/catalogo\/producto\/sacerdote-mistico-y-poeta\/#breadcrumb\",\"itemListElement\":[{\"@type\":\"ListItem\",\"position\":1,\"name\":\"Portada\",\"item\":\"https:\/\/letrame.com\/catalogo\/\"},{\"@type\":\"ListItem\",\"position\":2,\"name\":\"Cat\u00e1logo\",\"item\":\"https:\/\/letrame.com\/catalogo\/\"},{\"@type\":\"ListItem\",\"position\":3,\"name\":\"Sacerdote, m\u00edstico y poeta\"}]},{\"@type\":\"WebSite\",\"@id\":\"https:\/\/letrame.com\/catalogo\/#website\",\"url\":\"https:\/\/letrame.com\/catalogo\/\",\"name\":\"Catalogo | Letrame Grupo Editorial\",\"description\":\"\",\"publisher\":{\"@id\":\"https:\/\/letrame.com\/catalogo\/#organization\"},\"potentialAction\":[{\"@type\":\"SearchAction\",\"target\":{\"@type\":\"EntryPoint\",\"urlTemplate\":\"https:\/\/letrame.com\/catalogo\/?s={search_term_string}\"},\"query-input\":{\"@type\":\"PropertyValueSpecification\",\"valueRequired\":true,\"valueName\":\"search_term_string\"}}],\"inLanguage\":\"es\"},{\"@type\":\"Organization\",\"@id\":\"https:\/\/letrame.com\/catalogo\/#organization\",\"name\":\"Catalogo | Letrame Grupo Editorial\",\"url\":\"https:\/\/letrame.com\/catalogo\/\",\"logo\":{\"@type\":\"ImageObject\",\"inLanguage\":\"es\",\"@id\":\"https:\/\/letrame.com\/catalogo\/#\/schema\/logo\/image\/\",\"url\":\"https:\/\/letrame.com\/catalogo\/wp-content\/uploads\/2024\/03\/logo2.webp\",\"contentUrl\":\"https:\/\/letrame.com\/catalogo\/wp-content\/uploads\/2024\/03\/logo2.webp\",\"width\":394,\"height\":128,\"caption\":\"Catalogo | Letrame Grupo Editorial\"},\"image\":{\"@id\":\"https:\/\/letrame.com\/catalogo\/#\/schema\/logo\/image\/\"}}]}<\/script>\n<!-- \/ Yoast SEO plugin. -->","yoast_head_json":{"title":"Sacerdote, m\u00edstico y poeta - Catalogo | Letrame Grupo Editorial","robots":{"index":"index","follow":"follow","max-snippet":"max-snippet:-1","max-image-preview":"max-image-preview:large","max-video-preview":"max-video-preview:-1"},"canonical":"https:\/\/letrame.com\/catalogo\/producto\/sacerdote-mistico-y-poeta\/","og_locale":"es_ES","og_type":"article","og_title":"Sacerdote, m\u00edstico y poeta - Catalogo | Letrame Grupo Editorial","og_description":"ISBN: 978-84-1144-155-1  SINOPSIS  Los diversos cap\u00edtulos de este libro \u2013\u201dSacerdote, m\u00edstico y poeta\u201d\u2014son el testimonio personal de la experiencia sacerdotal unitiva con Dios, ya sea como autoafirmaci\u00f3n o como est\u00edmulo para otros, y tiende siempre a hacerlo con formas de exteriorizaci\u00f3n po\u00e9ticas.  La experiencia de Dios puede ser tan significativa que resuena constantemente en el coraz\u00f3n del hombre. En tal caso, para no perder detalle de la oportunidad contemplativa, hay que silenciarse, dejar que la luz del \u201cMisterio\u201d se haga presente, y que invada hasta la m\u00e9dula sin ponerle obst\u00e1culos y resuene su voz, su m\u00fasica callada.  Este silenciamiento requiere varios momentos a trav\u00e9s de los cuales se logra pacificar la palabra y el cuerpo. Mediante estas etapas se logra tomar conciencia de la corporeidad como disposici\u00f3n primera que da paso al silencio mental y dispone el regalo del silencio m\u00edstico.  El desierto es el lugar de la soledad, del encuentro con el Se\u00f1or en la intimidad de un coraz\u00f3n que ama y espera, aprovechando la certeza de que Dios padre est\u00e1 junto a nosotros y nos ama; y tambi\u00e9n la \u201cevidencia\u201d de su bondad y su ternura.  La experiencia m\u00edstica no finge ser un secreto, se mantiene callada porque no es un lenguaje comprensible para todos; adem\u00e1s, es m\u00fasica silente, m\u00e1s no ruido, y por ser m\u00fasica y voz no puede permanecer oculta. La voz callada no es algo que, pudi\u00e9ndose decir, se guarda en secreto, la voz callada no tiene contenido alguno, es voz: sonido primordial . Solo quien antes ha sido capaz de silenciar la palabra, el cuerpo y la mente logra escuchar esta \u201cvoz callada\u201d, percibiendo as\u00ed el don de la contemplaci\u00f3n.  &nbsp;  https:\/\/dimeunapalabra.marianistas.es\/wp-content\/uploads\/2022\/08\/09.06.jpg","og_url":"https:\/\/letrame.com\/catalogo\/producto\/sacerdote-mistico-y-poeta\/","og_site_name":"Catalogo | Letrame Grupo Editorial","article_modified_time":"2024-08-09T10:50:56+00:00","og_image":[{"width":601,"height":881,"url":"https:\/\/letrame.com\/catalogo\/wp-content\/uploads\/2024\/04\/redportada_sacerdote_22mm-1-compressed.jpg","type":"image\/jpeg"}],"twitter_card":"summary_large_image","twitter_misc":{"Tiempo de lectura":"2 minutos"},"schema":{"@context":"https:\/\/schema.org","@graph":[{"@type":"WebPage","@id":"https:\/\/letrame.com\/catalogo\/producto\/sacerdote-mistico-y-poeta\/","url":"https:\/\/letrame.com\/catalogo\/producto\/sacerdote-mistico-y-poeta\/","name":"Sacerdote, m\u00edstico y poeta - Catalogo | Letrame Grupo Editorial","isPartOf":{"@id":"https:\/\/letrame.com\/catalogo\/#website"},"primaryImageOfPage":{"@id":"https:\/\/letrame.com\/catalogo\/producto\/sacerdote-mistico-y-poeta\/#primaryimage"},"image":{"@id":"https:\/\/letrame.com\/catalogo\/producto\/sacerdote-mistico-y-poeta\/#primaryimage"},"thumbnailUrl":"https:\/\/letrame.com\/catalogo\/wp-content\/uploads\/2024\/04\/redportada_sacerdote_22mm-1-compressed.jpg","datePublished":"2024-04-29T13:01:19+00:00","dateModified":"2024-08-09T10:50:56+00:00","breadcrumb":{"@id":"https:\/\/letrame.com\/catalogo\/producto\/sacerdote-mistico-y-poeta\/#breadcrumb"},"inLanguage":"es","potentialAction":[{"@type":"ReadAction","target":["https:\/\/letrame.com\/catalogo\/producto\/sacerdote-mistico-y-poeta\/"]}]},{"@type":"ImageObject","inLanguage":"es","@id":"https:\/\/letrame.com\/catalogo\/producto\/sacerdote-mistico-y-poeta\/#primaryimage","url":"https:\/\/letrame.com\/catalogo\/wp-content\/uploads\/2024\/04\/redportada_sacerdote_22mm-1-compressed.jpg","contentUrl":"https:\/\/letrame.com\/catalogo\/wp-content\/uploads\/2024\/04\/redportada_sacerdote_22mm-1-compressed.jpg","width":601,"height":881},{"@type":"BreadcrumbList","@id":"https:\/\/letrame.com\/catalogo\/producto\/sacerdote-mistico-y-poeta\/#breadcrumb","itemListElement":[{"@type":"ListItem","position":1,"name":"Portada","item":"https:\/\/letrame.com\/catalogo\/"},{"@type":"ListItem","position":2,"name":"Cat\u00e1logo","item":"https:\/\/letrame.com\/catalogo\/"},{"@type":"ListItem","position":3,"name":"Sacerdote, m\u00edstico y poeta"}]},{"@type":"WebSite","@id":"https:\/\/letrame.com\/catalogo\/#website","url":"https:\/\/letrame.com\/catalogo\/","name":"Catalogo | Letrame Grupo Editorial","description":"","publisher":{"@id":"https:\/\/letrame.com\/catalogo\/#organization"},"potentialAction":[{"@type":"SearchAction","target":{"@type":"EntryPoint","urlTemplate":"https:\/\/letrame.com\/catalogo\/?s={search_term_string}"},"query-input":{"@type":"PropertyValueSpecification","valueRequired":true,"valueName":"search_term_string"}}],"inLanguage":"es"},{"@type":"Organization","@id":"https:\/\/letrame.com\/catalogo\/#organization","name":"Catalogo | Letrame Grupo Editorial","url":"https:\/\/letrame.com\/catalogo\/","logo":{"@type":"ImageObject","inLanguage":"es","@id":"https:\/\/letrame.com\/catalogo\/#\/schema\/logo\/image\/","url":"https:\/\/letrame.com\/catalogo\/wp-content\/uploads\/2024\/03\/logo2.webp","contentUrl":"https:\/\/letrame.com\/catalogo\/wp-content\/uploads\/2024\/03\/logo2.webp","width":394,"height":128,"caption":"Catalogo | Letrame Grupo Editorial"},"image":{"@id":"https:\/\/letrame.com\/catalogo\/#\/schema\/logo\/image\/"}}]}},"_links":{"self":[{"href":"https:\/\/letrame.com\/catalogo\/wp-json\/wp\/v2\/product\/98372","targetHints":{"allow":["GET"]}}],"collection":[{"href":"https:\/\/letrame.com\/catalogo\/wp-json\/wp\/v2\/product"}],"about":[{"href":"https:\/\/letrame.com\/catalogo\/wp-json\/wp\/v2\/types\/product"}],"replies":[{"embeddable":true,"href":"https:\/\/letrame.com\/catalogo\/wp-json\/wp\/v2\/comments?post=98372"}],"acf:post":[{"embeddable":true,"href":"https:\/\/letrame.com\/catalogo\/wp-json\/wp\/v2\/author_book\/76848"}],"wp:featuredmedia":[{"embeddable":true,"href":"https:\/\/letrame.com\/catalogo\/wp-json\/wp\/v2\/media\/98373"}],"wp:attachment":[{"href":"https:\/\/letrame.com\/catalogo\/wp-json\/wp\/v2\/media?parent=98372"}],"wp:term":[{"taxonomy":"libro","embeddable":true,"href":"https:\/\/letrame.com\/catalogo\/wp-json\/wp\/v2\/libro?post=98372"},{"taxonomy":"product_brand","embeddable":true,"href":"https:\/\/letrame.com\/catalogo\/wp-json\/wp\/v2\/product_brand?post=98372"},{"taxonomy":"product_cat","embeddable":true,"href":"https:\/\/letrame.com\/catalogo\/wp-json\/wp\/v2\/product_cat?post=98372"},{"taxonomy":"product_tag","embeddable":true,"href":"https:\/\/letrame.com\/catalogo\/wp-json\/wp\/v2\/product_tag?post=98372"}],"curies":[{"name":"wp","href":"https:\/\/api.w.org\/{rel}","templated":true}]}}