{"id":98370,"date":"2024-04-29T15:01:19","date_gmt":"2024-04-29T13:01:19","guid":{"rendered":"https:\/\/letrame.com\/catalogo\/producto\/somos-rockers\/"},"modified":"2024-04-29T15:01:23","modified_gmt":"2024-04-29T13:01:23","slug":"somos-rockers","status":"publish","type":"product","link":"https:\/\/letrame.com\/catalogo\/producto\/somos-rockers\/","title":{"rendered":"Somos Rockers"},"content":{"rendered":"<p><strong>ISBN<\/strong>: 978-84-1114-899-3<\/p>\n<p><strong>T\u00edtulo<\/strong>: Somos Rockers<br \/>\n<strong>Fecha<\/strong>: 2022<br \/>\n<strong>P\u00e1ginas<\/strong>: 614<\/p>\n<p><strong>SINOPSIS<\/strong><\/p>\n<p>Bienvenidos a este viaje en el tiempo, en el que de la mano de las vivencias del autor, Enrique Padial, volveremos a respirar profundamente en la atm\u00f3sfera de aquel colorido y a\u00fan gris Madrid de la d\u00e9cada de los 80s, donde miles de j\u00f3venes como \u00e9l, al comp\u00e1s del ritmo importado y endiablado del Rock and Roll, vivieron las calles de la capital, de un modo tan intenso y tan apasionado que sus vidas quedar\u00edan marcadas para siempre.<\/p>\n<p>&nbsp;<\/p>\n<p>Recordaremos aquellos inolvidables y m\u00edticos programas de radio, de televisi\u00f3n, as\u00ed como las m\u00e1s destacadas pel\u00edculas y grupos de Rock and Roll espa\u00f1ol\u2026 Entraremos en hist\u00f3ricas tiendas de discos, de ropa de los cincuenta,\u00a0 hamburgueser\u00edas, bares, billares y garitos de interminable diversi\u00f3n\u2026 Caminaremos junto a las m\u00e1s legendarias pandillas de Rockers, acompa\u00f1ados por los relatos compartidos por algunos de sus integrantes\u2026 asistiremos a conciertos imborrables y nos toparemos con la violencia en las calles, la epidemia de la droga y la rivalidad existente con los Mods.<\/p>\n<p>&nbsp;<\/p>\n<p>Sin duda estamos ante un apasionante y vertiginoso viaje biogr\u00e1fico en el tiempo, que el autor ha enriquecido con la desinteresada colaboraci\u00f3n de m\u00e1s de medio centenar de personas, que narran c\u00f3mo vivieron algunos de los muchos acontecimientos en los que nos detendremos, aportando en ocasiones la luz necesaria para esclarecer ciertos sucesos que, interesada o desinteresadamente, desde hace d\u00e9cadas, se han contado sin ajustarse a la realidad con la que acontecieron.<\/p>\n<p>&nbsp;<\/p>\n<p>Tan solo puesta la mirada en aquel Madrid y en aquella Espa\u00f1a ochentera, de la que recordaremos episodios que sin duda pasar\u00edan a determinar el futuro de nuestra sociedad, podremos entender la pasi\u00f3n, los valores y el modo de vivir de aquellos j\u00f3venes, que hoy, desde su madurez, siguen rockanroleando y disfrutando de la Amistad nacida entre ellos hace d\u00e9cadas, mientras que con la cabeza bien alta contin\u00faan enorgulleci\u00e9ndose al decir: \u00abSOMOS ROCKERs\u00bb.<\/p>\n","protected":false},"excerpt":{"rendered":"<p><strong>ISBN<\/strong>: 978-84-1114-899-3<\/p>\n<p><strong>SINOPSIS<\/strong><\/p>\n<p>Bienvenidos a este viaje en el tiempo, en el que de la mano de las vivencias del autor, Enrique Padial, volveremos a respirar profundamente en la atm\u00f3sfera de aquel colorido y a\u00fan gris Madrid de la d\u00e9cada de los 80s, donde miles de j\u00f3venes como \u00e9l, al comp\u00e1s del ritmo importado y endiablado del Rock and Roll, vivieron las calles de la capital, de un modo tan intenso y tan apasionado que sus vidas quedar\u00edan marcadas para siempre.<\/p>\n<p>&nbsp;<\/p>\n<p>Recordaremos aquellos inolvidables y m\u00edticos programas de radio, de televisi\u00f3n, as\u00ed como las m\u00e1s destacadas pel\u00edculas y grupos de Rock and Roll espa\u00f1ol\u2026 Entraremos en hist\u00f3ricas tiendas de discos, de ropa de los cincuenta,\u00a0 hamburgueser\u00edas, bares, billares y garitos de interminable diversi\u00f3n\u2026 Caminaremos junto a las m\u00e1s legendarias pandillas de Rockers, acompa\u00f1ados por los relatos compartidos por algunos de sus integrantes\u2026 asistiremos a conciertos imborrables y nos toparemos con la violencia en las calles, la epidemia de la droga y la rivalidad existente con los Mods.<\/p>\n<p>&nbsp;<\/p>\n<p>Sin duda estamos ante un apasionante y vertiginoso viaje biogr\u00e1fico en el tiempo, que el autor ha enriquecido con la desinteresada colaboraci\u00f3n de m\u00e1s de medio centenar de personas, que narran c\u00f3mo vivieron algunos de los muchos acontecimientos en los que nos detendremos, aportando en ocasiones la luz necesaria para esclarecer ciertos sucesos que, interesada o desinteresadamente, desde hace d\u00e9cadas, se han contado sin ajustarse a la realidad con la que acontecieron.<\/p>\n<p>&nbsp;<\/p>\n<p>Tan solo puesta la mirada en aquel Madrid y en aquella Espa\u00f1a ochentera, de la que recordaremos episodios que sin duda pasar\u00edan a determinar el futuro de nuestra sociedad, podremos entender la pasi\u00f3n, los valores y el modo de vivir de aquellos j\u00f3venes, que hoy, desde su madurez, siguen rockanroleando y disfrutando de la Amistad nacida entre ellos hace d\u00e9cadas, mientras que con la cabeza bien alta contin\u00faan enorgulleci\u00e9ndose al decir: \u00abSOMOS ROCKERs\u00bb.<\/p>\n","protected":false},"featured_media":98371,"comment_status":"closed","ping_status":"open","template":"","meta":{"_acf_changed":false},"libro":[],"product_brand":[],"product_cat":[26],"product_tag":[],"class_list":{"0":"post-98370","1":"product","2":"type-product","3":"status-publish","4":"has-post-thumbnail","6":"product_cat-sin-categoria","8":"first","9":"instock","10":"product-type-simple"},"acf":{"autor":[76847],"enlace_de_compra":""},"yoast_head":"<!-- This site is optimized with the Yoast SEO plugin v27.4 - https:\/\/yoast.com\/product\/yoast-seo-wordpress\/ -->\n<title>Somos Rockers - Catalogo | Letrame Grupo Editorial<\/title>\n<meta name=\"robots\" content=\"index, follow, max-snippet:-1, max-image-preview:large, max-video-preview:-1\" \/>\n<link rel=\"canonical\" href=\"https:\/\/letrame.com\/catalogo\/producto\/somos-rockers\/\" \/>\n<meta property=\"og:locale\" content=\"es_ES\" \/>\n<meta property=\"og:type\" content=\"article\" \/>\n<meta property=\"og:title\" content=\"Somos Rockers - Catalogo | Letrame Grupo Editorial\" \/>\n<meta property=\"og:description\" content=\"ISBN: 978-84-1114-899-3 SINOPSIS Bienvenidos a este viaje en el tiempo, en el que de la mano de las vivencias del autor, Enrique Padial, volveremos a respirar profundamente en la atm\u00f3sfera de aquel colorido y a\u00fan gris Madrid de la d\u00e9cada de los 80s, donde miles de j\u00f3venes como \u00e9l, al comp\u00e1s del ritmo importado y endiablado del Rock and Roll, vivieron las calles de la capital, de un modo tan intenso y tan apasionado que sus vidas quedar\u00edan marcadas para siempre. &nbsp; Recordaremos aquellos inolvidables y m\u00edticos programas de radio, de televisi\u00f3n, as\u00ed como las m\u00e1s destacadas pel\u00edculas y grupos de Rock and Roll espa\u00f1ol\u2026 Entraremos en hist\u00f3ricas tiendas de discos, de ropa de los cincuenta,\u00a0 hamburgueser\u00edas, bares, billares y garitos de interminable diversi\u00f3n\u2026 Caminaremos junto a las m\u00e1s legendarias pandillas de Rockers, acompa\u00f1ados por los relatos compartidos por algunos de sus integrantes\u2026 asistiremos a conciertos imborrables y nos toparemos con la violencia en las calles, la epidemia de la droga y la rivalidad existente con los Mods. &nbsp; Sin duda estamos ante un apasionante y vertiginoso viaje biogr\u00e1fico en el tiempo, que el autor ha enriquecido con la desinteresada colaboraci\u00f3n de m\u00e1s de medio centenar de personas, que narran c\u00f3mo vivieron algunos de los muchos acontecimientos en los que nos detendremos, aportando en ocasiones la luz necesaria para esclarecer ciertos sucesos que, interesada o desinteresadamente, desde hace d\u00e9cadas, se han contado sin ajustarse a la realidad con la que acontecieron. &nbsp; Tan solo puesta la mirada en aquel Madrid y en aquella Espa\u00f1a ochentera, de la que recordaremos episodios que sin duda pasar\u00edan a determinar el futuro de nuestra sociedad, podremos entender la pasi\u00f3n, los valores y el modo de vivir de aquellos j\u00f3venes, que hoy, desde su madurez, siguen rockanroleando y disfrutando de la Amistad nacida entre ellos hace d\u00e9cadas, mientras que con la cabeza bien alta contin\u00faan enorgulleci\u00e9ndose al decir: \u00abSOMOS ROCKERs\u00bb.\" \/>\n<meta property=\"og:url\" content=\"https:\/\/letrame.com\/catalogo\/producto\/somos-rockers\/\" \/>\n<meta property=\"og:site_name\" content=\"Catalogo | Letrame Grupo Editorial\" \/>\n<meta property=\"article:modified_time\" content=\"2024-04-29T13:01:23+00:00\" \/>\n<meta property=\"og:image\" content=\"https:\/\/letrame.com\/catalogo\/wp-content\/uploads\/2024\/04\/redportada_somosrockers_2939mm-2-compressed.jpg\" \/>\n\t<meta property=\"og:image:width\" content=\"601\" \/>\n\t<meta property=\"og:image:height\" content=\"841\" \/>\n\t<meta property=\"og:image:type\" content=\"image\/jpeg\" \/>\n<meta name=\"twitter:card\" content=\"summary_large_image\" \/>\n<meta name=\"twitter:label1\" content=\"Tiempo de lectura\" \/>\n\t<meta name=\"twitter:data1\" content=\"2 minutos\" \/>\n<script type=\"application\/ld+json\" class=\"yoast-schema-graph\">{\"@context\":\"https:\\\/\\\/schema.org\",\"@graph\":[{\"@type\":\"WebPage\",\"@id\":\"https:\\\/\\\/letrame.com\\\/catalogo\\\/producto\\\/somos-rockers\\\/\",\"url\":\"https:\\\/\\\/letrame.com\\\/catalogo\\\/producto\\\/somos-rockers\\\/\",\"name\":\"Somos Rockers - Catalogo | Letrame Grupo Editorial\",\"isPartOf\":{\"@id\":\"https:\\\/\\\/letrame.com\\\/catalogo\\\/#website\"},\"primaryImageOfPage\":{\"@id\":\"https:\\\/\\\/letrame.com\\\/catalogo\\\/producto\\\/somos-rockers\\\/#primaryimage\"},\"image\":{\"@id\":\"https:\\\/\\\/letrame.com\\\/catalogo\\\/producto\\\/somos-rockers\\\/#primaryimage\"},\"thumbnailUrl\":\"https:\\\/\\\/letrame.com\\\/catalogo\\\/wp-content\\\/uploads\\\/2024\\\/04\\\/redportada_somosrockers_2939mm-2-compressed.jpg\",\"datePublished\":\"2024-04-29T13:01:19+00:00\",\"dateModified\":\"2024-04-29T13:01:23+00:00\",\"breadcrumb\":{\"@id\":\"https:\\\/\\\/letrame.com\\\/catalogo\\\/producto\\\/somos-rockers\\\/#breadcrumb\"},\"inLanguage\":\"es\",\"potentialAction\":[{\"@type\":\"ReadAction\",\"target\":[\"https:\\\/\\\/letrame.com\\\/catalogo\\\/producto\\\/somos-rockers\\\/\"]}]},{\"@type\":\"ImageObject\",\"inLanguage\":\"es\",\"@id\":\"https:\\\/\\\/letrame.com\\\/catalogo\\\/producto\\\/somos-rockers\\\/#primaryimage\",\"url\":\"https:\\\/\\\/letrame.com\\\/catalogo\\\/wp-content\\\/uploads\\\/2024\\\/04\\\/redportada_somosrockers_2939mm-2-compressed.jpg\",\"contentUrl\":\"https:\\\/\\\/letrame.com\\\/catalogo\\\/wp-content\\\/uploads\\\/2024\\\/04\\\/redportada_somosrockers_2939mm-2-compressed.jpg\",\"width\":601,\"height\":841},{\"@type\":\"BreadcrumbList\",\"@id\":\"https:\\\/\\\/letrame.com\\\/catalogo\\\/producto\\\/somos-rockers\\\/#breadcrumb\",\"itemListElement\":[{\"@type\":\"ListItem\",\"position\":1,\"name\":\"Portada\",\"item\":\"https:\\\/\\\/letrame.com\\\/catalogo\\\/\"},{\"@type\":\"ListItem\",\"position\":2,\"name\":\"Cat\u00e1logo\",\"item\":\"https:\\\/\\\/letrame.com\\\/catalogo\\\/\"},{\"@type\":\"ListItem\",\"position\":3,\"name\":\"Somos Rockers\"}]},{\"@type\":\"WebSite\",\"@id\":\"https:\\\/\\\/letrame.com\\\/catalogo\\\/#website\",\"url\":\"https:\\\/\\\/letrame.com\\\/catalogo\\\/\",\"name\":\"Catalogo | Letrame Grupo Editorial\",\"description\":\"\",\"publisher\":{\"@id\":\"https:\\\/\\\/letrame.com\\\/catalogo\\\/#organization\"},\"potentialAction\":[{\"@type\":\"SearchAction\",\"target\":{\"@type\":\"EntryPoint\",\"urlTemplate\":\"https:\\\/\\\/letrame.com\\\/catalogo\\\/?s={search_term_string}\"},\"query-input\":{\"@type\":\"PropertyValueSpecification\",\"valueRequired\":true,\"valueName\":\"search_term_string\"}}],\"inLanguage\":\"es\"},{\"@type\":\"Organization\",\"@id\":\"https:\\\/\\\/letrame.com\\\/catalogo\\\/#organization\",\"name\":\"Catalogo | Letrame Grupo Editorial\",\"url\":\"https:\\\/\\\/letrame.com\\\/catalogo\\\/\",\"logo\":{\"@type\":\"ImageObject\",\"inLanguage\":\"es\",\"@id\":\"https:\\\/\\\/letrame.com\\\/catalogo\\\/#\\\/schema\\\/logo\\\/image\\\/\",\"url\":\"https:\\\/\\\/letrame.com\\\/catalogo\\\/wp-content\\\/uploads\\\/2024\\\/03\\\/logo2.webp\",\"contentUrl\":\"https:\\\/\\\/letrame.com\\\/catalogo\\\/wp-content\\\/uploads\\\/2024\\\/03\\\/logo2.webp\",\"width\":394,\"height\":128,\"caption\":\"Catalogo | Letrame Grupo Editorial\"},\"image\":{\"@id\":\"https:\\\/\\\/letrame.com\\\/catalogo\\\/#\\\/schema\\\/logo\\\/image\\\/\"}}]}<\/script>\n<!-- \/ Yoast SEO plugin. -->","yoast_head_json":{"title":"Somos Rockers - Catalogo | Letrame Grupo Editorial","robots":{"index":"index","follow":"follow","max-snippet":"max-snippet:-1","max-image-preview":"max-image-preview:large","max-video-preview":"max-video-preview:-1"},"canonical":"https:\/\/letrame.com\/catalogo\/producto\/somos-rockers\/","og_locale":"es_ES","og_type":"article","og_title":"Somos Rockers - Catalogo | Letrame Grupo Editorial","og_description":"ISBN: 978-84-1114-899-3 SINOPSIS Bienvenidos a este viaje en el tiempo, en el que de la mano de las vivencias del autor, Enrique Padial, volveremos a respirar profundamente en la atm\u00f3sfera de aquel colorido y a\u00fan gris Madrid de la d\u00e9cada de los 80s, donde miles de j\u00f3venes como \u00e9l, al comp\u00e1s del ritmo importado y endiablado del Rock and Roll, vivieron las calles de la capital, de un modo tan intenso y tan apasionado que sus vidas quedar\u00edan marcadas para siempre. &nbsp; Recordaremos aquellos inolvidables y m\u00edticos programas de radio, de televisi\u00f3n, as\u00ed como las m\u00e1s destacadas pel\u00edculas y grupos de Rock and Roll espa\u00f1ol\u2026 Entraremos en hist\u00f3ricas tiendas de discos, de ropa de los cincuenta,\u00a0 hamburgueser\u00edas, bares, billares y garitos de interminable diversi\u00f3n\u2026 Caminaremos junto a las m\u00e1s legendarias pandillas de Rockers, acompa\u00f1ados por los relatos compartidos por algunos de sus integrantes\u2026 asistiremos a conciertos imborrables y nos toparemos con la violencia en las calles, la epidemia de la droga y la rivalidad existente con los Mods. &nbsp; Sin duda estamos ante un apasionante y vertiginoso viaje biogr\u00e1fico en el tiempo, que el autor ha enriquecido con la desinteresada colaboraci\u00f3n de m\u00e1s de medio centenar de personas, que narran c\u00f3mo vivieron algunos de los muchos acontecimientos en los que nos detendremos, aportando en ocasiones la luz necesaria para esclarecer ciertos sucesos que, interesada o desinteresadamente, desde hace d\u00e9cadas, se han contado sin ajustarse a la realidad con la que acontecieron. &nbsp; Tan solo puesta la mirada en aquel Madrid y en aquella Espa\u00f1a ochentera, de la que recordaremos episodios que sin duda pasar\u00edan a determinar el futuro de nuestra sociedad, podremos entender la pasi\u00f3n, los valores y el modo de vivir de aquellos j\u00f3venes, que hoy, desde su madurez, siguen rockanroleando y disfrutando de la Amistad nacida entre ellos hace d\u00e9cadas, mientras que con la cabeza bien alta contin\u00faan enorgulleci\u00e9ndose al decir: \u00abSOMOS ROCKERs\u00bb.","og_url":"https:\/\/letrame.com\/catalogo\/producto\/somos-rockers\/","og_site_name":"Catalogo | Letrame Grupo Editorial","article_modified_time":"2024-04-29T13:01:23+00:00","og_image":[{"width":601,"height":841,"url":"https:\/\/letrame.com\/catalogo\/wp-content\/uploads\/2024\/04\/redportada_somosrockers_2939mm-2-compressed.jpg","type":"image\/jpeg"}],"twitter_card":"summary_large_image","twitter_misc":{"Tiempo de lectura":"2 minutos"},"schema":{"@context":"https:\/\/schema.org","@graph":[{"@type":"WebPage","@id":"https:\/\/letrame.com\/catalogo\/producto\/somos-rockers\/","url":"https:\/\/letrame.com\/catalogo\/producto\/somos-rockers\/","name":"Somos Rockers - Catalogo | Letrame Grupo Editorial","isPartOf":{"@id":"https:\/\/letrame.com\/catalogo\/#website"},"primaryImageOfPage":{"@id":"https:\/\/letrame.com\/catalogo\/producto\/somos-rockers\/#primaryimage"},"image":{"@id":"https:\/\/letrame.com\/catalogo\/producto\/somos-rockers\/#primaryimage"},"thumbnailUrl":"https:\/\/letrame.com\/catalogo\/wp-content\/uploads\/2024\/04\/redportada_somosrockers_2939mm-2-compressed.jpg","datePublished":"2024-04-29T13:01:19+00:00","dateModified":"2024-04-29T13:01:23+00:00","breadcrumb":{"@id":"https:\/\/letrame.com\/catalogo\/producto\/somos-rockers\/#breadcrumb"},"inLanguage":"es","potentialAction":[{"@type":"ReadAction","target":["https:\/\/letrame.com\/catalogo\/producto\/somos-rockers\/"]}]},{"@type":"ImageObject","inLanguage":"es","@id":"https:\/\/letrame.com\/catalogo\/producto\/somos-rockers\/#primaryimage","url":"https:\/\/letrame.com\/catalogo\/wp-content\/uploads\/2024\/04\/redportada_somosrockers_2939mm-2-compressed.jpg","contentUrl":"https:\/\/letrame.com\/catalogo\/wp-content\/uploads\/2024\/04\/redportada_somosrockers_2939mm-2-compressed.jpg","width":601,"height":841},{"@type":"BreadcrumbList","@id":"https:\/\/letrame.com\/catalogo\/producto\/somos-rockers\/#breadcrumb","itemListElement":[{"@type":"ListItem","position":1,"name":"Portada","item":"https:\/\/letrame.com\/catalogo\/"},{"@type":"ListItem","position":2,"name":"Cat\u00e1logo","item":"https:\/\/letrame.com\/catalogo\/"},{"@type":"ListItem","position":3,"name":"Somos Rockers"}]},{"@type":"WebSite","@id":"https:\/\/letrame.com\/catalogo\/#website","url":"https:\/\/letrame.com\/catalogo\/","name":"Catalogo | Letrame Grupo Editorial","description":"","publisher":{"@id":"https:\/\/letrame.com\/catalogo\/#organization"},"potentialAction":[{"@type":"SearchAction","target":{"@type":"EntryPoint","urlTemplate":"https:\/\/letrame.com\/catalogo\/?s={search_term_string}"},"query-input":{"@type":"PropertyValueSpecification","valueRequired":true,"valueName":"search_term_string"}}],"inLanguage":"es"},{"@type":"Organization","@id":"https:\/\/letrame.com\/catalogo\/#organization","name":"Catalogo | Letrame Grupo Editorial","url":"https:\/\/letrame.com\/catalogo\/","logo":{"@type":"ImageObject","inLanguage":"es","@id":"https:\/\/letrame.com\/catalogo\/#\/schema\/logo\/image\/","url":"https:\/\/letrame.com\/catalogo\/wp-content\/uploads\/2024\/03\/logo2.webp","contentUrl":"https:\/\/letrame.com\/catalogo\/wp-content\/uploads\/2024\/03\/logo2.webp","width":394,"height":128,"caption":"Catalogo | Letrame Grupo Editorial"},"image":{"@id":"https:\/\/letrame.com\/catalogo\/#\/schema\/logo\/image\/"}}]}},"_links":{"self":[{"href":"https:\/\/letrame.com\/catalogo\/wp-json\/wp\/v2\/product\/98370","targetHints":{"allow":["GET"]}}],"collection":[{"href":"https:\/\/letrame.com\/catalogo\/wp-json\/wp\/v2\/product"}],"about":[{"href":"https:\/\/letrame.com\/catalogo\/wp-json\/wp\/v2\/types\/product"}],"replies":[{"embeddable":true,"href":"https:\/\/letrame.com\/catalogo\/wp-json\/wp\/v2\/comments?post=98370"}],"acf:post":[{"embeddable":true,"href":"https:\/\/letrame.com\/catalogo\/wp-json\/wp\/v2\/author_book\/76847"}],"wp:featuredmedia":[{"embeddable":true,"href":"https:\/\/letrame.com\/catalogo\/wp-json\/wp\/v2\/media\/98371"}],"wp:attachment":[{"href":"https:\/\/letrame.com\/catalogo\/wp-json\/wp\/v2\/media?parent=98370"}],"wp:term":[{"taxonomy":"libro","embeddable":true,"href":"https:\/\/letrame.com\/catalogo\/wp-json\/wp\/v2\/libro?post=98370"},{"taxonomy":"product_brand","embeddable":true,"href":"https:\/\/letrame.com\/catalogo\/wp-json\/wp\/v2\/product_brand?post=98370"},{"taxonomy":"product_cat","embeddable":true,"href":"https:\/\/letrame.com\/catalogo\/wp-json\/wp\/v2\/product_cat?post=98370"},{"taxonomy":"product_tag","embeddable":true,"href":"https:\/\/letrame.com\/catalogo\/wp-json\/wp\/v2\/product_tag?post=98370"}],"curies":[{"name":"wp","href":"https:\/\/api.w.org\/{rel}","templated":true}]}}