{"id":98354,"date":"2024-04-29T15:00:34","date_gmt":"2024-04-29T13:00:34","guid":{"rendered":"https:\/\/letrame.com\/catalogo\/producto\/escarcha\/"},"modified":"2024-04-29T15:00:41","modified_gmt":"2024-04-29T13:00:41","slug":"escarcha","status":"publish","type":"product","link":"https:\/\/letrame.com\/catalogo\/producto\/escarcha\/","title":{"rendered":"Escarcha"},"content":{"rendered":"<p><strong>ISBN<\/strong>: 978-84-1144-384-5<\/p>\n<p><strong>T\u00edtulo<\/strong>: <span data-sheets-value=\"{&quot;1&quot;:2,&quot;2&quot;:&quot;Escarcha&quot;}\" data-sheets-userformat=\"{&quot;2&quot;:513,&quot;3&quot;:{&quot;1&quot;:0},&quot;12&quot;:0}\">Escarcha<\/span><br \/>\n<strong>Fecha<\/strong>: 2023<br \/>\n<strong>P\u00e1ginas<\/strong>: 166<\/p>\n<p><strong>SINOPSIS<\/strong><\/p>\n<p>Como los antiguos delineantes, cuando algo sesudo dibujaban tardaban<\/p>\n<p>\u2026 ELLA, ELLA, ALICIA, HA TARDADO\u2026<\/p>\n<p>Ahora ya dibuja s\u00edmbolos con sangre que vibran sobre esas apergaminadas blancas celulosas, que los mismos se transforman en letras y palabras, para el deleite de nosotros, los lectores.<\/p>\n<p>Alicia, como de costumbre, no guarda un orden<\/p>\n<p>\u00bfC\u00d3MO GUARDARLO?<\/p>\n<p>Al ser vivencias poetizadas, de su diosa creatividad, \u2026 pasi\u00f3n\u2026 fantas\u00eda\u2026 ensue\u00f1os\u2026 e imaginaciones de posibles realidades o NO\u2026<\/p>\n<p>Saltando a borbotones colorados incontrolables, cual blanquecinas y trasl\u00facidas gotas po\u00e9ticas y espumosas de las estelas de la mar.<\/p>\n<p>\u2026 unas refrescan\u2026 otras quedan prendidas, otras ponen fin a su camino andado.<\/p>\n<p>Y nosotros, los lectores, quedamos con ansias de M\u00c1S, porque Alicia nos regala frescor y dinamismo energ\u00e9tico, pudiendo vivir a trav\u00e9s de ella<\/p>\n<p>lo que por cobardes no vivenciamos reflexionando, so\u00f1ando, fantaseando, imaginando, aire\u00e1ndonos.<\/p>\n<p>&nbsp;<\/p>\n<p>\u00bfDe qu\u00e9 color ser\u00e1 la tinta de su futura poes\u00eda?,<\/p>\n<p>pues Alicia<\/p>\n<p>\u2026 ELLA, ELLA YA HA REGRESADO<\/p>\n<p>Gracias, Jos\u00e9 Luis Blanco Astigarraga<\/p>\n<p>&nbsp;<\/p>\n","protected":false},"excerpt":{"rendered":"<p><strong>ISBN<\/strong>: 978-84-1144-384-5<\/p>\n<p><strong>SINOPSIS<\/strong><\/p>\n<p>Como los antiguos delineantes, cuando algo sesudo dibujaban tardaban<\/p>\n<p>\u2026 ELLA, ELLA, ALICIA, HA TARDADO\u2026<\/p>\n<p>Ahora ya dibuja s\u00edmbolos con sangre que vibran sobre esas apergaminadas blancas celulosas, que los mismos se transforman en letras y palabras, para el deleite de nosotros, los lectores.<\/p>\n<p>Alicia, como de costumbre, no guarda un orden<\/p>\n<p>\u00bfC\u00d3MO GUARDARLO?<\/p>\n<p>Al ser vivencias poetizadas, de su diosa creatividad, \u2026 pasi\u00f3n\u2026 fantas\u00eda\u2026 ensue\u00f1os\u2026 e imaginaciones de posibles realidades o NO\u2026<\/p>\n<p>Saltando a borbotones colorados incontrolables, cual blanquecinas y trasl\u00facidas gotas po\u00e9ticas y espumosas de las estelas de la mar.<\/p>\n<p>\u2026 unas refrescan\u2026 otras quedan prendidas, otras ponen fin a su camino andado.<\/p>\n<p>Y nosotros, los lectores, quedamos con ansias de M\u00c1S, porque Alicia nos regala frescor y dinamismo energ\u00e9tico, pudiendo vivir a trav\u00e9s de ella<\/p>\n<p>lo que por cobardes no vivenciamos reflexionando, so\u00f1ando, fantaseando, imaginando, aire\u00e1ndonos.<\/p>\n<p>&nbsp;<\/p>\n<p>\u00bfDe qu\u00e9 color ser\u00e1 la tinta de su futura poes\u00eda?,<\/p>\n<p>pues Alicia<\/p>\n<p>\u2026 ELLA, ELLA YA HA REGRESADO<\/p>\n<p>Gracias, Jos\u00e9 Luis Blanco Astigarraga<\/p>\n","protected":false},"featured_media":98355,"comment_status":"closed","ping_status":"open","template":"","meta":{"_acf_changed":false},"libro":[],"product_brand":[],"product_cat":[26],"product_tag":[],"class_list":{"0":"post-98354","1":"product","2":"type-product","3":"status-publish","4":"has-post-thumbnail","6":"product_cat-sin-categoria","8":"first","9":"instock","10":"product-type-simple"},"acf":{"autor":[76836],"enlace_de_compra":"https:\/\/www.amazon.es\/Escarcha-Novela-Alicia-San-Juan\/dp\/8411443841"},"yoast_head":"<!-- This site is optimized with the Yoast SEO plugin v27.4 - https:\/\/yoast.com\/product\/yoast-seo-wordpress\/ -->\n<title>Escarcha - Catalogo | Letrame Grupo Editorial<\/title>\n<meta name=\"robots\" content=\"index, follow, max-snippet:-1, max-image-preview:large, max-video-preview:-1\" \/>\n<link rel=\"canonical\" href=\"https:\/\/letrame.com\/catalogo\/producto\/escarcha\/\" \/>\n<meta property=\"og:locale\" content=\"es_ES\" \/>\n<meta property=\"og:type\" content=\"article\" \/>\n<meta property=\"og:title\" content=\"Escarcha - Catalogo | Letrame Grupo Editorial\" \/>\n<meta property=\"og:description\" content=\"ISBN: 978-84-1144-384-5 SINOPSIS Como los antiguos delineantes, cuando algo sesudo dibujaban tardaban \u2026 ELLA, ELLA, ALICIA, HA TARDADO\u2026 Ahora ya dibuja s\u00edmbolos con sangre que vibran sobre esas apergaminadas blancas celulosas, que los mismos se transforman en letras y palabras, para el deleite de nosotros, los lectores. Alicia, como de costumbre, no guarda un orden \u00bfC\u00d3MO GUARDARLO? Al ser vivencias poetizadas, de su diosa creatividad, \u2026 pasi\u00f3n\u2026 fantas\u00eda\u2026 ensue\u00f1os\u2026 e imaginaciones de posibles realidades o NO\u2026 Saltando a borbotones colorados incontrolables, cual blanquecinas y trasl\u00facidas gotas po\u00e9ticas y espumosas de las estelas de la mar. \u2026 unas refrescan\u2026 otras quedan prendidas, otras ponen fin a su camino andado. Y nosotros, los lectores, quedamos con ansias de M\u00c1S, porque Alicia nos regala frescor y dinamismo energ\u00e9tico, pudiendo vivir a trav\u00e9s de ella lo que por cobardes no vivenciamos reflexionando, so\u00f1ando, fantaseando, imaginando, aire\u00e1ndonos. &nbsp; \u00bfDe qu\u00e9 color ser\u00e1 la tinta de su futura poes\u00eda?, pues Alicia \u2026 ELLA, ELLA YA HA REGRESADO Gracias, Jos\u00e9 Luis Blanco Astigarraga\" \/>\n<meta property=\"og:url\" content=\"https:\/\/letrame.com\/catalogo\/producto\/escarcha\/\" \/>\n<meta property=\"og:site_name\" content=\"Catalogo | Letrame Grupo Editorial\" \/>\n<meta property=\"article:modified_time\" content=\"2024-04-29T13:00:41+00:00\" \/>\n<meta property=\"og:image\" content=\"https:\/\/letrame.com\/catalogo\/wp-content\/uploads\/2024\/04\/portada-escarcha_873mm-copia-copia-2-compressed-scaled-1.jpg\" \/>\n\t<meta property=\"og:image:width\" content=\"1746\" \/>\n\t<meta property=\"og:image:height\" content=\"2560\" \/>\n\t<meta property=\"og:image:type\" content=\"image\/jpeg\" \/>\n<meta name=\"twitter:card\" content=\"summary_large_image\" \/>\n<meta name=\"twitter:label1\" content=\"Tiempo de lectura\" \/>\n\t<meta name=\"twitter:data1\" content=\"1 minuto\" \/>\n<script type=\"application\/ld+json\" class=\"yoast-schema-graph\">{\"@context\":\"https:\\\/\\\/schema.org\",\"@graph\":[{\"@type\":\"WebPage\",\"@id\":\"https:\\\/\\\/letrame.com\\\/catalogo\\\/producto\\\/escarcha\\\/\",\"url\":\"https:\\\/\\\/letrame.com\\\/catalogo\\\/producto\\\/escarcha\\\/\",\"name\":\"Escarcha - Catalogo | Letrame Grupo Editorial\",\"isPartOf\":{\"@id\":\"https:\\\/\\\/letrame.com\\\/catalogo\\\/#website\"},\"primaryImageOfPage\":{\"@id\":\"https:\\\/\\\/letrame.com\\\/catalogo\\\/producto\\\/escarcha\\\/#primaryimage\"},\"image\":{\"@id\":\"https:\\\/\\\/letrame.com\\\/catalogo\\\/producto\\\/escarcha\\\/#primaryimage\"},\"thumbnailUrl\":\"https:\\\/\\\/letrame.com\\\/catalogo\\\/wp-content\\\/uploads\\\/2024\\\/04\\\/portada-escarcha_873mm-copia-copia-2-compressed-scaled-1.jpg\",\"datePublished\":\"2024-04-29T13:00:34+00:00\",\"dateModified\":\"2024-04-29T13:00:41+00:00\",\"breadcrumb\":{\"@id\":\"https:\\\/\\\/letrame.com\\\/catalogo\\\/producto\\\/escarcha\\\/#breadcrumb\"},\"inLanguage\":\"es\",\"potentialAction\":[{\"@type\":\"ReadAction\",\"target\":[\"https:\\\/\\\/letrame.com\\\/catalogo\\\/producto\\\/escarcha\\\/\"]}]},{\"@type\":\"ImageObject\",\"inLanguage\":\"es\",\"@id\":\"https:\\\/\\\/letrame.com\\\/catalogo\\\/producto\\\/escarcha\\\/#primaryimage\",\"url\":\"https:\\\/\\\/letrame.com\\\/catalogo\\\/wp-content\\\/uploads\\\/2024\\\/04\\\/portada-escarcha_873mm-copia-copia-2-compressed-scaled-1.jpg\",\"contentUrl\":\"https:\\\/\\\/letrame.com\\\/catalogo\\\/wp-content\\\/uploads\\\/2024\\\/04\\\/portada-escarcha_873mm-copia-copia-2-compressed-scaled-1.jpg\",\"width\":1746,\"height\":2560},{\"@type\":\"BreadcrumbList\",\"@id\":\"https:\\\/\\\/letrame.com\\\/catalogo\\\/producto\\\/escarcha\\\/#breadcrumb\",\"itemListElement\":[{\"@type\":\"ListItem\",\"position\":1,\"name\":\"Portada\",\"item\":\"https:\\\/\\\/letrame.com\\\/catalogo\\\/\"},{\"@type\":\"ListItem\",\"position\":2,\"name\":\"Cat\u00e1logo\",\"item\":\"https:\\\/\\\/letrame.com\\\/catalogo\\\/\"},{\"@type\":\"ListItem\",\"position\":3,\"name\":\"Escarcha\"}]},{\"@type\":\"WebSite\",\"@id\":\"https:\\\/\\\/letrame.com\\\/catalogo\\\/#website\",\"url\":\"https:\\\/\\\/letrame.com\\\/catalogo\\\/\",\"name\":\"Catalogo | Letrame Grupo Editorial\",\"description\":\"\",\"publisher\":{\"@id\":\"https:\\\/\\\/letrame.com\\\/catalogo\\\/#organization\"},\"potentialAction\":[{\"@type\":\"SearchAction\",\"target\":{\"@type\":\"EntryPoint\",\"urlTemplate\":\"https:\\\/\\\/letrame.com\\\/catalogo\\\/?s={search_term_string}\"},\"query-input\":{\"@type\":\"PropertyValueSpecification\",\"valueRequired\":true,\"valueName\":\"search_term_string\"}}],\"inLanguage\":\"es\"},{\"@type\":\"Organization\",\"@id\":\"https:\\\/\\\/letrame.com\\\/catalogo\\\/#organization\",\"name\":\"Catalogo | Letrame Grupo Editorial\",\"url\":\"https:\\\/\\\/letrame.com\\\/catalogo\\\/\",\"logo\":{\"@type\":\"ImageObject\",\"inLanguage\":\"es\",\"@id\":\"https:\\\/\\\/letrame.com\\\/catalogo\\\/#\\\/schema\\\/logo\\\/image\\\/\",\"url\":\"https:\\\/\\\/letrame.com\\\/catalogo\\\/wp-content\\\/uploads\\\/2024\\\/03\\\/logo2.webp\",\"contentUrl\":\"https:\\\/\\\/letrame.com\\\/catalogo\\\/wp-content\\\/uploads\\\/2024\\\/03\\\/logo2.webp\",\"width\":394,\"height\":128,\"caption\":\"Catalogo | Letrame Grupo Editorial\"},\"image\":{\"@id\":\"https:\\\/\\\/letrame.com\\\/catalogo\\\/#\\\/schema\\\/logo\\\/image\\\/\"}}]}<\/script>\n<!-- \/ Yoast SEO plugin. -->","yoast_head_json":{"title":"Escarcha - Catalogo | Letrame Grupo Editorial","robots":{"index":"index","follow":"follow","max-snippet":"max-snippet:-1","max-image-preview":"max-image-preview:large","max-video-preview":"max-video-preview:-1"},"canonical":"https:\/\/letrame.com\/catalogo\/producto\/escarcha\/","og_locale":"es_ES","og_type":"article","og_title":"Escarcha - Catalogo | Letrame Grupo Editorial","og_description":"ISBN: 978-84-1144-384-5 SINOPSIS Como los antiguos delineantes, cuando algo sesudo dibujaban tardaban \u2026 ELLA, ELLA, ALICIA, HA TARDADO\u2026 Ahora ya dibuja s\u00edmbolos con sangre que vibran sobre esas apergaminadas blancas celulosas, que los mismos se transforman en letras y palabras, para el deleite de nosotros, los lectores. Alicia, como de costumbre, no guarda un orden \u00bfC\u00d3MO GUARDARLO? Al ser vivencias poetizadas, de su diosa creatividad, \u2026 pasi\u00f3n\u2026 fantas\u00eda\u2026 ensue\u00f1os\u2026 e imaginaciones de posibles realidades o NO\u2026 Saltando a borbotones colorados incontrolables, cual blanquecinas y trasl\u00facidas gotas po\u00e9ticas y espumosas de las estelas de la mar. \u2026 unas refrescan\u2026 otras quedan prendidas, otras ponen fin a su camino andado. Y nosotros, los lectores, quedamos con ansias de M\u00c1S, porque Alicia nos regala frescor y dinamismo energ\u00e9tico, pudiendo vivir a trav\u00e9s de ella lo que por cobardes no vivenciamos reflexionando, so\u00f1ando, fantaseando, imaginando, aire\u00e1ndonos. &nbsp; \u00bfDe qu\u00e9 color ser\u00e1 la tinta de su futura poes\u00eda?, pues Alicia \u2026 ELLA, ELLA YA HA REGRESADO Gracias, Jos\u00e9 Luis Blanco Astigarraga","og_url":"https:\/\/letrame.com\/catalogo\/producto\/escarcha\/","og_site_name":"Catalogo | Letrame Grupo Editorial","article_modified_time":"2024-04-29T13:00:41+00:00","og_image":[{"width":1746,"height":2560,"url":"https:\/\/letrame.com\/catalogo\/wp-content\/uploads\/2024\/04\/portada-escarcha_873mm-copia-copia-2-compressed-scaled-1.jpg","type":"image\/jpeg"}],"twitter_card":"summary_large_image","twitter_misc":{"Tiempo de lectura":"1 minuto"},"schema":{"@context":"https:\/\/schema.org","@graph":[{"@type":"WebPage","@id":"https:\/\/letrame.com\/catalogo\/producto\/escarcha\/","url":"https:\/\/letrame.com\/catalogo\/producto\/escarcha\/","name":"Escarcha - Catalogo | Letrame Grupo Editorial","isPartOf":{"@id":"https:\/\/letrame.com\/catalogo\/#website"},"primaryImageOfPage":{"@id":"https:\/\/letrame.com\/catalogo\/producto\/escarcha\/#primaryimage"},"image":{"@id":"https:\/\/letrame.com\/catalogo\/producto\/escarcha\/#primaryimage"},"thumbnailUrl":"https:\/\/letrame.com\/catalogo\/wp-content\/uploads\/2024\/04\/portada-escarcha_873mm-copia-copia-2-compressed-scaled-1.jpg","datePublished":"2024-04-29T13:00:34+00:00","dateModified":"2024-04-29T13:00:41+00:00","breadcrumb":{"@id":"https:\/\/letrame.com\/catalogo\/producto\/escarcha\/#breadcrumb"},"inLanguage":"es","potentialAction":[{"@type":"ReadAction","target":["https:\/\/letrame.com\/catalogo\/producto\/escarcha\/"]}]},{"@type":"ImageObject","inLanguage":"es","@id":"https:\/\/letrame.com\/catalogo\/producto\/escarcha\/#primaryimage","url":"https:\/\/letrame.com\/catalogo\/wp-content\/uploads\/2024\/04\/portada-escarcha_873mm-copia-copia-2-compressed-scaled-1.jpg","contentUrl":"https:\/\/letrame.com\/catalogo\/wp-content\/uploads\/2024\/04\/portada-escarcha_873mm-copia-copia-2-compressed-scaled-1.jpg","width":1746,"height":2560},{"@type":"BreadcrumbList","@id":"https:\/\/letrame.com\/catalogo\/producto\/escarcha\/#breadcrumb","itemListElement":[{"@type":"ListItem","position":1,"name":"Portada","item":"https:\/\/letrame.com\/catalogo\/"},{"@type":"ListItem","position":2,"name":"Cat\u00e1logo","item":"https:\/\/letrame.com\/catalogo\/"},{"@type":"ListItem","position":3,"name":"Escarcha"}]},{"@type":"WebSite","@id":"https:\/\/letrame.com\/catalogo\/#website","url":"https:\/\/letrame.com\/catalogo\/","name":"Catalogo | Letrame Grupo Editorial","description":"","publisher":{"@id":"https:\/\/letrame.com\/catalogo\/#organization"},"potentialAction":[{"@type":"SearchAction","target":{"@type":"EntryPoint","urlTemplate":"https:\/\/letrame.com\/catalogo\/?s={search_term_string}"},"query-input":{"@type":"PropertyValueSpecification","valueRequired":true,"valueName":"search_term_string"}}],"inLanguage":"es"},{"@type":"Organization","@id":"https:\/\/letrame.com\/catalogo\/#organization","name":"Catalogo | Letrame Grupo Editorial","url":"https:\/\/letrame.com\/catalogo\/","logo":{"@type":"ImageObject","inLanguage":"es","@id":"https:\/\/letrame.com\/catalogo\/#\/schema\/logo\/image\/","url":"https:\/\/letrame.com\/catalogo\/wp-content\/uploads\/2024\/03\/logo2.webp","contentUrl":"https:\/\/letrame.com\/catalogo\/wp-content\/uploads\/2024\/03\/logo2.webp","width":394,"height":128,"caption":"Catalogo | Letrame Grupo Editorial"},"image":{"@id":"https:\/\/letrame.com\/catalogo\/#\/schema\/logo\/image\/"}}]}},"_links":{"self":[{"href":"https:\/\/letrame.com\/catalogo\/wp-json\/wp\/v2\/product\/98354","targetHints":{"allow":["GET"]}}],"collection":[{"href":"https:\/\/letrame.com\/catalogo\/wp-json\/wp\/v2\/product"}],"about":[{"href":"https:\/\/letrame.com\/catalogo\/wp-json\/wp\/v2\/types\/product"}],"replies":[{"embeddable":true,"href":"https:\/\/letrame.com\/catalogo\/wp-json\/wp\/v2\/comments?post=98354"}],"acf:post":[{"embeddable":true,"href":"https:\/\/letrame.com\/catalogo\/wp-json\/wp\/v2\/author_book\/76836"}],"wp:featuredmedia":[{"embeddable":true,"href":"https:\/\/letrame.com\/catalogo\/wp-json\/wp\/v2\/media\/98355"}],"wp:attachment":[{"href":"https:\/\/letrame.com\/catalogo\/wp-json\/wp\/v2\/media?parent=98354"}],"wp:term":[{"taxonomy":"libro","embeddable":true,"href":"https:\/\/letrame.com\/catalogo\/wp-json\/wp\/v2\/libro?post=98354"},{"taxonomy":"product_brand","embeddable":true,"href":"https:\/\/letrame.com\/catalogo\/wp-json\/wp\/v2\/product_brand?post=98354"},{"taxonomy":"product_cat","embeddable":true,"href":"https:\/\/letrame.com\/catalogo\/wp-json\/wp\/v2\/product_cat?post=98354"},{"taxonomy":"product_tag","embeddable":true,"href":"https:\/\/letrame.com\/catalogo\/wp-json\/wp\/v2\/product_tag?post=98354"}],"curies":[{"name":"wp","href":"https:\/\/api.w.org\/{rel}","templated":true}]}}