{"id":98326,"date":"2024-04-29T14:59:05","date_gmt":"2024-04-29T12:59:05","guid":{"rendered":"https:\/\/letrame.com\/catalogo\/producto\/manual-basico-periodistas-frente-a-situaciones-de-riesgos-de-desastre\/"},"modified":"2024-04-29T14:59:13","modified_gmt":"2024-04-29T12:59:13","slug":"manual-basico-periodistas-frente-a-situaciones-de-riesgos-de-desastre","status":"publish","type":"product","link":"https:\/\/letrame.com\/catalogo\/producto\/manual-basico-periodistas-frente-a-situaciones-de-riesgos-de-desastre\/","title":{"rendered":"Manual b\u00e1sico\/ Periodistas frente a situaciones de riesgos de desastre"},"content":{"rendered":"<p><strong>ISBN<\/strong>: 978-84-1144-285-5<\/p>\n<p><strong>T\u00edtulo<\/strong>: Manual b\u00e1sico\/ Periodistas frente a situaciones de riesgos de desastre<br \/>\n<strong>Fecha<\/strong>: 2022<br \/>\n<strong>P\u00e1ginas<\/strong>: 110<\/p>\n<p><strong>SINOPSIS<\/strong><\/p>\n<p>Son muchos los profesionales de los medios, tantos escritos como audiovisuales, que se enfrentan por primera vez a una situaci\u00f3n de riesgo o a comunicar en terrenos hostiles.<\/p>\n<p>Este manual tiene como finalidad concienciar y apoyar al profesional de la comunicaci\u00f3n en su trabajo informativo a la ciudadan\u00eda, bajo la visi\u00f3n de la administraci\u00f3n del peligro de cat\u00e1strofes, crisis o situaciones adversas. Se conocer\u00e1n las herramientas primordiales de comunicaci\u00f3n informativa sin perder de vista, la \u00c9tica y el C\u00f3digo Deontol\u00f3gico de la comunicaci\u00f3n, tan importante para no desviarse y perder el control a la hora de informar de forma objetiva, clara y veraz.<\/p>\n<p>Un trabajo para que el periodista sea consciente que en una crisis debe generar en la comunidad credibilidad y confianza, adem\u00e1s, de fundar empat\u00eda con el telespectador, como mejorar el desempe\u00f1o informativo durante el acontecimiento.<\/p>\n<p>&nbsp;<\/p>\n","protected":false},"excerpt":{"rendered":"<p><strong>ISBN<\/strong>: 978-84-1144-285-5<\/p>\n<p><strong>SINOPSIS<\/strong><\/p>\n<p>Son muchos los profesionales de los medios, tantos escritos como audiovisuales, que se enfrentan por primera vez a una situaci\u00f3n de riesgo o a comunicar en terrenos hostiles.<\/p>\n<p>Este manual tiene como finalidad concienciar y apoyar al profesional de la comunicaci\u00f3n en su trabajo informativo a la ciudadan\u00eda, bajo la visi\u00f3n de la administraci\u00f3n del peligro de cat\u00e1strofes, crisis o situaciones adversas. Se conocer\u00e1n las herramientas primordiales de comunicaci\u00f3n informativa sin perder de vista, la \u00c9tica y el C\u00f3digo Deontol\u00f3gico de la comunicaci\u00f3n, tan importante para no desviarse y perder el control a la hora de informar de forma objetiva, clara y veraz.<\/p>\n<p>Un trabajo para que el periodista sea consciente que en una crisis debe generar en la comunidad credibilidad y confianza, adem\u00e1s, de fundar empat\u00eda con el telespectador, como mejorar el desempe\u00f1o informativo durante el acontecimiento.<\/p>\n","protected":false},"featured_media":98327,"comment_status":"closed","ping_status":"open","template":"","meta":{"_acf_changed":false},"libro":[],"product_brand":[],"product_cat":[49],"product_tag":[],"class_list":{"0":"post-98326","1":"product","2":"type-product","3":"status-publish","4":"has-post-thumbnail","6":"product_cat-comunicacion-y-periodismo","8":"first","9":"instock","10":"product-type-simple"},"acf":{"autor":[76811],"enlace_de_compra":"https:\/\/www.amazon.es\/B%C3%81SICO-Periodistas-situaciones-riesgos-desastres\/dp\/8411442853\/"},"yoast_head":"<!-- This site is optimized with the Yoast SEO plugin v27.4 - https:\/\/yoast.com\/product\/yoast-seo-wordpress\/ -->\n<title>Manual b\u00e1sico\/ Periodistas frente a situaciones de riesgos de desastre - Catalogo | Letrame Grupo Editorial<\/title>\n<meta name=\"robots\" content=\"index, follow, max-snippet:-1, max-image-preview:large, max-video-preview:-1\" \/>\n<link rel=\"canonical\" href=\"https:\/\/letrame.com\/catalogo\/producto\/manual-basico-periodistas-frente-a-situaciones-de-riesgos-de-desastre\/\" \/>\n<meta property=\"og:locale\" content=\"es_ES\" \/>\n<meta property=\"og:type\" content=\"article\" \/>\n<meta property=\"og:title\" content=\"Manual b\u00e1sico\/ Periodistas frente a situaciones de riesgos de desastre - Catalogo | Letrame Grupo Editorial\" \/>\n<meta property=\"og:description\" content=\"ISBN: 978-84-1144-285-5 SINOPSIS Son muchos los profesionales de los medios, tantos escritos como audiovisuales, que se enfrentan por primera vez a una situaci\u00f3n de riesgo o a comunicar en terrenos hostiles. Este manual tiene como finalidad concienciar y apoyar al profesional de la comunicaci\u00f3n en su trabajo informativo a la ciudadan\u00eda, bajo la visi\u00f3n de la administraci\u00f3n del peligro de cat\u00e1strofes, crisis o situaciones adversas. Se conocer\u00e1n las herramientas primordiales de comunicaci\u00f3n informativa sin perder de vista, la \u00c9tica y el C\u00f3digo Deontol\u00f3gico de la comunicaci\u00f3n, tan importante para no desviarse y perder el control a la hora de informar de forma objetiva, clara y veraz. Un trabajo para que el periodista sea consciente que en una crisis debe generar en la comunidad credibilidad y confianza, adem\u00e1s, de fundar empat\u00eda con el telespectador, como mejorar el desempe\u00f1o informativo durante el acontecimiento.\" \/>\n<meta property=\"og:url\" content=\"https:\/\/letrame.com\/catalogo\/producto\/manual-basico-periodistas-frente-a-situaciones-de-riesgos-de-desastre\/\" \/>\n<meta property=\"og:site_name\" content=\"Catalogo | Letrame Grupo Editorial\" \/>\n<meta property=\"article:modified_time\" content=\"2024-04-29T12:59:13+00:00\" \/>\n<meta property=\"og:image\" content=\"https:\/\/letrame.com\/catalogo\/wp-content\/uploads\/2024\/04\/redportada_manualbasico_634mm-1-compressed.jpg\" \/>\n\t<meta property=\"og:image:width\" content=\"601\" \/>\n\t<meta property=\"og:image:height\" content=\"901\" \/>\n\t<meta property=\"og:image:type\" content=\"image\/jpeg\" \/>\n<meta name=\"twitter:card\" content=\"summary_large_image\" \/>\n<meta name=\"twitter:label1\" content=\"Tiempo de lectura\" \/>\n\t<meta name=\"twitter:data1\" content=\"1 minuto\" \/>\n<script type=\"application\/ld+json\" class=\"yoast-schema-graph\">{\"@context\":\"https:\\\/\\\/schema.org\",\"@graph\":[{\"@type\":\"WebPage\",\"@id\":\"https:\\\/\\\/letrame.com\\\/catalogo\\\/producto\\\/manual-basico-periodistas-frente-a-situaciones-de-riesgos-de-desastre\\\/\",\"url\":\"https:\\\/\\\/letrame.com\\\/catalogo\\\/producto\\\/manual-basico-periodistas-frente-a-situaciones-de-riesgos-de-desastre\\\/\",\"name\":\"Manual b\u00e1sico\\\/ Periodistas frente a situaciones de riesgos de desastre - Catalogo | Letrame Grupo Editorial\",\"isPartOf\":{\"@id\":\"https:\\\/\\\/letrame.com\\\/catalogo\\\/#website\"},\"primaryImageOfPage\":{\"@id\":\"https:\\\/\\\/letrame.com\\\/catalogo\\\/producto\\\/manual-basico-periodistas-frente-a-situaciones-de-riesgos-de-desastre\\\/#primaryimage\"},\"image\":{\"@id\":\"https:\\\/\\\/letrame.com\\\/catalogo\\\/producto\\\/manual-basico-periodistas-frente-a-situaciones-de-riesgos-de-desastre\\\/#primaryimage\"},\"thumbnailUrl\":\"https:\\\/\\\/letrame.com\\\/catalogo\\\/wp-content\\\/uploads\\\/2024\\\/04\\\/redportada_manualbasico_634mm-1-compressed.jpg\",\"datePublished\":\"2024-04-29T12:59:05+00:00\",\"dateModified\":\"2024-04-29T12:59:13+00:00\",\"breadcrumb\":{\"@id\":\"https:\\\/\\\/letrame.com\\\/catalogo\\\/producto\\\/manual-basico-periodistas-frente-a-situaciones-de-riesgos-de-desastre\\\/#breadcrumb\"},\"inLanguage\":\"es\",\"potentialAction\":[{\"@type\":\"ReadAction\",\"target\":[\"https:\\\/\\\/letrame.com\\\/catalogo\\\/producto\\\/manual-basico-periodistas-frente-a-situaciones-de-riesgos-de-desastre\\\/\"]}]},{\"@type\":\"ImageObject\",\"inLanguage\":\"es\",\"@id\":\"https:\\\/\\\/letrame.com\\\/catalogo\\\/producto\\\/manual-basico-periodistas-frente-a-situaciones-de-riesgos-de-desastre\\\/#primaryimage\",\"url\":\"https:\\\/\\\/letrame.com\\\/catalogo\\\/wp-content\\\/uploads\\\/2024\\\/04\\\/redportada_manualbasico_634mm-1-compressed.jpg\",\"contentUrl\":\"https:\\\/\\\/letrame.com\\\/catalogo\\\/wp-content\\\/uploads\\\/2024\\\/04\\\/redportada_manualbasico_634mm-1-compressed.jpg\",\"width\":601,\"height\":901},{\"@type\":\"BreadcrumbList\",\"@id\":\"https:\\\/\\\/letrame.com\\\/catalogo\\\/producto\\\/manual-basico-periodistas-frente-a-situaciones-de-riesgos-de-desastre\\\/#breadcrumb\",\"itemListElement\":[{\"@type\":\"ListItem\",\"position\":1,\"name\":\"Portada\",\"item\":\"https:\\\/\\\/letrame.com\\\/catalogo\\\/\"},{\"@type\":\"ListItem\",\"position\":2,\"name\":\"Cat\u00e1logo\",\"item\":\"https:\\\/\\\/letrame.com\\\/catalogo\\\/\"},{\"@type\":\"ListItem\",\"position\":3,\"name\":\"Manual b\u00e1sico\\\/ Periodistas frente a situaciones de riesgos de desastre\"}]},{\"@type\":\"WebSite\",\"@id\":\"https:\\\/\\\/letrame.com\\\/catalogo\\\/#website\",\"url\":\"https:\\\/\\\/letrame.com\\\/catalogo\\\/\",\"name\":\"Catalogo | Letrame Grupo Editorial\",\"description\":\"\",\"publisher\":{\"@id\":\"https:\\\/\\\/letrame.com\\\/catalogo\\\/#organization\"},\"potentialAction\":[{\"@type\":\"SearchAction\",\"target\":{\"@type\":\"EntryPoint\",\"urlTemplate\":\"https:\\\/\\\/letrame.com\\\/catalogo\\\/?s={search_term_string}\"},\"query-input\":{\"@type\":\"PropertyValueSpecification\",\"valueRequired\":true,\"valueName\":\"search_term_string\"}}],\"inLanguage\":\"es\"},{\"@type\":\"Organization\",\"@id\":\"https:\\\/\\\/letrame.com\\\/catalogo\\\/#organization\",\"name\":\"Catalogo | Letrame Grupo Editorial\",\"url\":\"https:\\\/\\\/letrame.com\\\/catalogo\\\/\",\"logo\":{\"@type\":\"ImageObject\",\"inLanguage\":\"es\",\"@id\":\"https:\\\/\\\/letrame.com\\\/catalogo\\\/#\\\/schema\\\/logo\\\/image\\\/\",\"url\":\"https:\\\/\\\/letrame.com\\\/catalogo\\\/wp-content\\\/uploads\\\/2024\\\/03\\\/logo2.webp\",\"contentUrl\":\"https:\\\/\\\/letrame.com\\\/catalogo\\\/wp-content\\\/uploads\\\/2024\\\/03\\\/logo2.webp\",\"width\":394,\"height\":128,\"caption\":\"Catalogo | Letrame Grupo Editorial\"},\"image\":{\"@id\":\"https:\\\/\\\/letrame.com\\\/catalogo\\\/#\\\/schema\\\/logo\\\/image\\\/\"}}]}<\/script>\n<!-- \/ Yoast SEO plugin. -->","yoast_head_json":{"title":"Manual b\u00e1sico\/ Periodistas frente a situaciones de riesgos de desastre - Catalogo | Letrame Grupo Editorial","robots":{"index":"index","follow":"follow","max-snippet":"max-snippet:-1","max-image-preview":"max-image-preview:large","max-video-preview":"max-video-preview:-1"},"canonical":"https:\/\/letrame.com\/catalogo\/producto\/manual-basico-periodistas-frente-a-situaciones-de-riesgos-de-desastre\/","og_locale":"es_ES","og_type":"article","og_title":"Manual b\u00e1sico\/ Periodistas frente a situaciones de riesgos de desastre - Catalogo | Letrame Grupo Editorial","og_description":"ISBN: 978-84-1144-285-5 SINOPSIS Son muchos los profesionales de los medios, tantos escritos como audiovisuales, que se enfrentan por primera vez a una situaci\u00f3n de riesgo o a comunicar en terrenos hostiles. Este manual tiene como finalidad concienciar y apoyar al profesional de la comunicaci\u00f3n en su trabajo informativo a la ciudadan\u00eda, bajo la visi\u00f3n de la administraci\u00f3n del peligro de cat\u00e1strofes, crisis o situaciones adversas. Se conocer\u00e1n las herramientas primordiales de comunicaci\u00f3n informativa sin perder de vista, la \u00c9tica y el C\u00f3digo Deontol\u00f3gico de la comunicaci\u00f3n, tan importante para no desviarse y perder el control a la hora de informar de forma objetiva, clara y veraz. Un trabajo para que el periodista sea consciente que en una crisis debe generar en la comunidad credibilidad y confianza, adem\u00e1s, de fundar empat\u00eda con el telespectador, como mejorar el desempe\u00f1o informativo durante el acontecimiento.","og_url":"https:\/\/letrame.com\/catalogo\/producto\/manual-basico-periodistas-frente-a-situaciones-de-riesgos-de-desastre\/","og_site_name":"Catalogo | Letrame Grupo Editorial","article_modified_time":"2024-04-29T12:59:13+00:00","og_image":[{"width":601,"height":901,"url":"https:\/\/letrame.com\/catalogo\/wp-content\/uploads\/2024\/04\/redportada_manualbasico_634mm-1-compressed.jpg","type":"image\/jpeg"}],"twitter_card":"summary_large_image","twitter_misc":{"Tiempo de lectura":"1 minuto"},"schema":{"@context":"https:\/\/schema.org","@graph":[{"@type":"WebPage","@id":"https:\/\/letrame.com\/catalogo\/producto\/manual-basico-periodistas-frente-a-situaciones-de-riesgos-de-desastre\/","url":"https:\/\/letrame.com\/catalogo\/producto\/manual-basico-periodistas-frente-a-situaciones-de-riesgos-de-desastre\/","name":"Manual b\u00e1sico\/ Periodistas frente a situaciones de riesgos de desastre - Catalogo | Letrame Grupo Editorial","isPartOf":{"@id":"https:\/\/letrame.com\/catalogo\/#website"},"primaryImageOfPage":{"@id":"https:\/\/letrame.com\/catalogo\/producto\/manual-basico-periodistas-frente-a-situaciones-de-riesgos-de-desastre\/#primaryimage"},"image":{"@id":"https:\/\/letrame.com\/catalogo\/producto\/manual-basico-periodistas-frente-a-situaciones-de-riesgos-de-desastre\/#primaryimage"},"thumbnailUrl":"https:\/\/letrame.com\/catalogo\/wp-content\/uploads\/2024\/04\/redportada_manualbasico_634mm-1-compressed.jpg","datePublished":"2024-04-29T12:59:05+00:00","dateModified":"2024-04-29T12:59:13+00:00","breadcrumb":{"@id":"https:\/\/letrame.com\/catalogo\/producto\/manual-basico-periodistas-frente-a-situaciones-de-riesgos-de-desastre\/#breadcrumb"},"inLanguage":"es","potentialAction":[{"@type":"ReadAction","target":["https:\/\/letrame.com\/catalogo\/producto\/manual-basico-periodistas-frente-a-situaciones-de-riesgos-de-desastre\/"]}]},{"@type":"ImageObject","inLanguage":"es","@id":"https:\/\/letrame.com\/catalogo\/producto\/manual-basico-periodistas-frente-a-situaciones-de-riesgos-de-desastre\/#primaryimage","url":"https:\/\/letrame.com\/catalogo\/wp-content\/uploads\/2024\/04\/redportada_manualbasico_634mm-1-compressed.jpg","contentUrl":"https:\/\/letrame.com\/catalogo\/wp-content\/uploads\/2024\/04\/redportada_manualbasico_634mm-1-compressed.jpg","width":601,"height":901},{"@type":"BreadcrumbList","@id":"https:\/\/letrame.com\/catalogo\/producto\/manual-basico-periodistas-frente-a-situaciones-de-riesgos-de-desastre\/#breadcrumb","itemListElement":[{"@type":"ListItem","position":1,"name":"Portada","item":"https:\/\/letrame.com\/catalogo\/"},{"@type":"ListItem","position":2,"name":"Cat\u00e1logo","item":"https:\/\/letrame.com\/catalogo\/"},{"@type":"ListItem","position":3,"name":"Manual b\u00e1sico\/ Periodistas frente a situaciones de riesgos de desastre"}]},{"@type":"WebSite","@id":"https:\/\/letrame.com\/catalogo\/#website","url":"https:\/\/letrame.com\/catalogo\/","name":"Catalogo | Letrame Grupo Editorial","description":"","publisher":{"@id":"https:\/\/letrame.com\/catalogo\/#organization"},"potentialAction":[{"@type":"SearchAction","target":{"@type":"EntryPoint","urlTemplate":"https:\/\/letrame.com\/catalogo\/?s={search_term_string}"},"query-input":{"@type":"PropertyValueSpecification","valueRequired":true,"valueName":"search_term_string"}}],"inLanguage":"es"},{"@type":"Organization","@id":"https:\/\/letrame.com\/catalogo\/#organization","name":"Catalogo | Letrame Grupo Editorial","url":"https:\/\/letrame.com\/catalogo\/","logo":{"@type":"ImageObject","inLanguage":"es","@id":"https:\/\/letrame.com\/catalogo\/#\/schema\/logo\/image\/","url":"https:\/\/letrame.com\/catalogo\/wp-content\/uploads\/2024\/03\/logo2.webp","contentUrl":"https:\/\/letrame.com\/catalogo\/wp-content\/uploads\/2024\/03\/logo2.webp","width":394,"height":128,"caption":"Catalogo | Letrame Grupo Editorial"},"image":{"@id":"https:\/\/letrame.com\/catalogo\/#\/schema\/logo\/image\/"}}]}},"_links":{"self":[{"href":"https:\/\/letrame.com\/catalogo\/wp-json\/wp\/v2\/product\/98326","targetHints":{"allow":["GET"]}}],"collection":[{"href":"https:\/\/letrame.com\/catalogo\/wp-json\/wp\/v2\/product"}],"about":[{"href":"https:\/\/letrame.com\/catalogo\/wp-json\/wp\/v2\/types\/product"}],"replies":[{"embeddable":true,"href":"https:\/\/letrame.com\/catalogo\/wp-json\/wp\/v2\/comments?post=98326"}],"acf:post":[{"embeddable":true,"href":"https:\/\/letrame.com\/catalogo\/wp-json\/wp\/v2\/author_book\/76811"}],"wp:featuredmedia":[{"embeddable":true,"href":"https:\/\/letrame.com\/catalogo\/wp-json\/wp\/v2\/media\/98327"}],"wp:attachment":[{"href":"https:\/\/letrame.com\/catalogo\/wp-json\/wp\/v2\/media?parent=98326"}],"wp:term":[{"taxonomy":"libro","embeddable":true,"href":"https:\/\/letrame.com\/catalogo\/wp-json\/wp\/v2\/libro?post=98326"},{"taxonomy":"product_brand","embeddable":true,"href":"https:\/\/letrame.com\/catalogo\/wp-json\/wp\/v2\/product_brand?post=98326"},{"taxonomy":"product_cat","embeddable":true,"href":"https:\/\/letrame.com\/catalogo\/wp-json\/wp\/v2\/product_cat?post=98326"},{"taxonomy":"product_tag","embeddable":true,"href":"https:\/\/letrame.com\/catalogo\/wp-json\/wp\/v2\/product_tag?post=98326"}],"curies":[{"name":"wp","href":"https:\/\/api.w.org\/{rel}","templated":true}]}}