{"id":98316,"date":"2024-04-29T14:58:56","date_gmt":"2024-04-29T12:58:56","guid":{"rendered":"https:\/\/letrame.com\/catalogo\/producto\/somos-diosas\/"},"modified":"2024-04-29T14:58:56","modified_gmt":"2024-04-29T12:58:56","slug":"somos-diosas","status":"publish","type":"product","link":"https:\/\/letrame.com\/catalogo\/producto\/somos-diosas\/","title":{"rendered":"Somos Diosas"},"content":{"rendered":"<p><strong>ISBN<\/strong>: 978-84-1114-999-0<\/p>\n<p><strong>T\u00edtulo<\/strong>: Somos Diosas<br \/>\n<strong>Fecha<\/strong>: 2022<br \/>\n<strong>P\u00e1ginas<\/strong>: 404<\/p>\n<p><strong>SINOPSIS<\/strong><\/p>\n<p>\u00bfTienes dudas de cu\u00e1l es la mejor manera de traer al mundo a tu beb\u00e9? \u00bfTienes miedo por si el parto no acaba como esperabas? \u00bfQuieres tomar las mejores decisiones para ti y tu beb\u00e9? Partos hay tantos como mujeres y cada una tiene unas necesidades diferentes, pero independientemente de c\u00f3mo se desarrolle ese momento, tu hijo puede nacer de una forma positiva y empoderada. En este libro encontrar\u00e1s un sinf\u00edn de historias con circunstancias diferentes donde la mujer pari\u00f3 como lo que t\u00fa eres, una diosa. A trav\u00e9s de estas p\u00e1ginas encontrar\u00e1s informaci\u00f3n que te aclara muchas dudas y encontrar\u00e1s el mejor camino para vivir de la mejor forma posible al amor de tu vida.<\/p>\n<p>Porque la mejor forma de parir es la que mejor se adapte a tus necesidades y a las de tu beb\u00e9, y porque t\u00fa eres una diosa.<\/p>\n","protected":false},"excerpt":{"rendered":"<p><strong>ISBN<\/strong>: 978-84-1114-999-0<\/p>\n<p><strong>SINOPSIS<\/strong><\/p>\n<p>\u00bfTienes dudas de cu\u00e1l es la mejor manera de traer al mundo a tu beb\u00e9? \u00bfTienes miedo por si el parto no acaba como esperabas? \u00bfQuieres tomar las mejores decisiones para ti y tu beb\u00e9? Partos hay tantos como mujeres y cada una tiene unas necesidades diferentes, pero independientemente de c\u00f3mo se desarrolle ese momento, tu hijo puede nacer de una forma positiva y empoderada. En este libro encontrar\u00e1s un sinf\u00edn de historias con circunstancias diferentes donde la mujer pari\u00f3 como lo que t\u00fa eres, una diosa. A trav\u00e9s de estas p\u00e1ginas encontrar\u00e1s informaci\u00f3n que te aclara muchas dudas y encontrar\u00e1s el mejor camino para vivir de la mejor forma posible al amor de tu vida.<\/p>\n<p>Porque la mejor forma de parir es la que mejor se adapte a tus necesidades y a las de tu beb\u00e9, y porque t\u00fa eres una diosa.<\/p>\n","protected":false},"featured_media":98317,"comment_status":"closed","ping_status":"open","template":"","meta":{"_acf_changed":false},"libro":[],"product_brand":[],"product_cat":[26],"product_tag":[],"class_list":{"0":"post-98316","1":"product","2":"type-product","3":"status-publish","4":"has-post-thumbnail","6":"product_cat-sin-categoria","8":"first","9":"instock","10":"product-type-simple"},"acf":{"autor":[76801],"enlace_de_compra":""},"yoast_head":"<!-- This site is optimized with the Yoast SEO plugin v27.4 - https:\/\/yoast.com\/product\/yoast-seo-wordpress\/ -->\n<title>Somos Diosas - Catalogo | Letrame Grupo Editorial<\/title>\n<meta name=\"robots\" content=\"index, follow, max-snippet:-1, max-image-preview:large, max-video-preview:-1\" \/>\n<link rel=\"canonical\" href=\"https:\/\/letrame.com\/catalogo\/producto\/somos-diosas\/\" \/>\n<meta property=\"og:locale\" content=\"es_ES\" \/>\n<meta property=\"og:type\" content=\"article\" \/>\n<meta property=\"og:title\" content=\"Somos Diosas - Catalogo | Letrame Grupo Editorial\" \/>\n<meta property=\"og:description\" content=\"ISBN: 978-84-1114-999-0 SINOPSIS \u00bfTienes dudas de cu\u00e1l es la mejor manera de traer al mundo a tu beb\u00e9? \u00bfTienes miedo por si el parto no acaba como esperabas? \u00bfQuieres tomar las mejores decisiones para ti y tu beb\u00e9? Partos hay tantos como mujeres y cada una tiene unas necesidades diferentes, pero independientemente de c\u00f3mo se desarrolle ese momento, tu hijo puede nacer de una forma positiva y empoderada. En este libro encontrar\u00e1s un sinf\u00edn de historias con circunstancias diferentes donde la mujer pari\u00f3 como lo que t\u00fa eres, una diosa. A trav\u00e9s de estas p\u00e1ginas encontrar\u00e1s informaci\u00f3n que te aclara muchas dudas y encontrar\u00e1s el mejor camino para vivir de la mejor forma posible al amor de tu vida. Porque la mejor forma de parir es la que mejor se adapte a tus necesidades y a las de tu beb\u00e9, y porque t\u00fa eres una diosa.\" \/>\n<meta property=\"og:url\" content=\"https:\/\/letrame.com\/catalogo\/producto\/somos-diosas\/\" \/>\n<meta property=\"og:site_name\" content=\"Catalogo | Letrame Grupo Editorial\" \/>\n<meta property=\"og:image\" content=\"https:\/\/letrame.com\/catalogo\/wp-content\/uploads\/2024\/04\/redportada_somosdiosas_2041mm-2-compressed.jpg\" \/>\n\t<meta property=\"og:image:width\" content=\"601\" \/>\n\t<meta property=\"og:image:height\" content=\"881\" \/>\n\t<meta property=\"og:image:type\" content=\"image\/jpeg\" \/>\n<meta name=\"twitter:card\" content=\"summary_large_image\" \/>\n<meta name=\"twitter:label1\" content=\"Tiempo de lectura\" \/>\n\t<meta name=\"twitter:data1\" content=\"1 minuto\" \/>\n<script type=\"application\/ld+json\" class=\"yoast-schema-graph\">{\"@context\":\"https:\\\/\\\/schema.org\",\"@graph\":[{\"@type\":\"WebPage\",\"@id\":\"https:\\\/\\\/letrame.com\\\/catalogo\\\/producto\\\/somos-diosas\\\/\",\"url\":\"https:\\\/\\\/letrame.com\\\/catalogo\\\/producto\\\/somos-diosas\\\/\",\"name\":\"Somos Diosas - Catalogo | Letrame Grupo Editorial\",\"isPartOf\":{\"@id\":\"https:\\\/\\\/letrame.com\\\/catalogo\\\/#website\"},\"primaryImageOfPage\":{\"@id\":\"https:\\\/\\\/letrame.com\\\/catalogo\\\/producto\\\/somos-diosas\\\/#primaryimage\"},\"image\":{\"@id\":\"https:\\\/\\\/letrame.com\\\/catalogo\\\/producto\\\/somos-diosas\\\/#primaryimage\"},\"thumbnailUrl\":\"https:\\\/\\\/letrame.com\\\/catalogo\\\/wp-content\\\/uploads\\\/2024\\\/04\\\/redportada_somosdiosas_2041mm-2-compressed.jpg\",\"datePublished\":\"2024-04-29T12:58:56+00:00\",\"breadcrumb\":{\"@id\":\"https:\\\/\\\/letrame.com\\\/catalogo\\\/producto\\\/somos-diosas\\\/#breadcrumb\"},\"inLanguage\":\"es\",\"potentialAction\":[{\"@type\":\"ReadAction\",\"target\":[\"https:\\\/\\\/letrame.com\\\/catalogo\\\/producto\\\/somos-diosas\\\/\"]}]},{\"@type\":\"ImageObject\",\"inLanguage\":\"es\",\"@id\":\"https:\\\/\\\/letrame.com\\\/catalogo\\\/producto\\\/somos-diosas\\\/#primaryimage\",\"url\":\"https:\\\/\\\/letrame.com\\\/catalogo\\\/wp-content\\\/uploads\\\/2024\\\/04\\\/redportada_somosdiosas_2041mm-2-compressed.jpg\",\"contentUrl\":\"https:\\\/\\\/letrame.com\\\/catalogo\\\/wp-content\\\/uploads\\\/2024\\\/04\\\/redportada_somosdiosas_2041mm-2-compressed.jpg\",\"width\":601,\"height\":881},{\"@type\":\"BreadcrumbList\",\"@id\":\"https:\\\/\\\/letrame.com\\\/catalogo\\\/producto\\\/somos-diosas\\\/#breadcrumb\",\"itemListElement\":[{\"@type\":\"ListItem\",\"position\":1,\"name\":\"Portada\",\"item\":\"https:\\\/\\\/letrame.com\\\/catalogo\\\/\"},{\"@type\":\"ListItem\",\"position\":2,\"name\":\"Cat\u00e1logo\",\"item\":\"https:\\\/\\\/letrame.com\\\/catalogo\\\/\"},{\"@type\":\"ListItem\",\"position\":3,\"name\":\"Somos Diosas\"}]},{\"@type\":\"WebSite\",\"@id\":\"https:\\\/\\\/letrame.com\\\/catalogo\\\/#website\",\"url\":\"https:\\\/\\\/letrame.com\\\/catalogo\\\/\",\"name\":\"Catalogo | Letrame Grupo Editorial\",\"description\":\"\",\"publisher\":{\"@id\":\"https:\\\/\\\/letrame.com\\\/catalogo\\\/#organization\"},\"potentialAction\":[{\"@type\":\"SearchAction\",\"target\":{\"@type\":\"EntryPoint\",\"urlTemplate\":\"https:\\\/\\\/letrame.com\\\/catalogo\\\/?s={search_term_string}\"},\"query-input\":{\"@type\":\"PropertyValueSpecification\",\"valueRequired\":true,\"valueName\":\"search_term_string\"}}],\"inLanguage\":\"es\"},{\"@type\":\"Organization\",\"@id\":\"https:\\\/\\\/letrame.com\\\/catalogo\\\/#organization\",\"name\":\"Catalogo | Letrame Grupo Editorial\",\"url\":\"https:\\\/\\\/letrame.com\\\/catalogo\\\/\",\"logo\":{\"@type\":\"ImageObject\",\"inLanguage\":\"es\",\"@id\":\"https:\\\/\\\/letrame.com\\\/catalogo\\\/#\\\/schema\\\/logo\\\/image\\\/\",\"url\":\"https:\\\/\\\/letrame.com\\\/catalogo\\\/wp-content\\\/uploads\\\/2024\\\/03\\\/logo2.webp\",\"contentUrl\":\"https:\\\/\\\/letrame.com\\\/catalogo\\\/wp-content\\\/uploads\\\/2024\\\/03\\\/logo2.webp\",\"width\":394,\"height\":128,\"caption\":\"Catalogo | Letrame Grupo Editorial\"},\"image\":{\"@id\":\"https:\\\/\\\/letrame.com\\\/catalogo\\\/#\\\/schema\\\/logo\\\/image\\\/\"}}]}<\/script>\n<!-- \/ Yoast SEO plugin. -->","yoast_head_json":{"title":"Somos Diosas - Catalogo | Letrame Grupo Editorial","robots":{"index":"index","follow":"follow","max-snippet":"max-snippet:-1","max-image-preview":"max-image-preview:large","max-video-preview":"max-video-preview:-1"},"canonical":"https:\/\/letrame.com\/catalogo\/producto\/somos-diosas\/","og_locale":"es_ES","og_type":"article","og_title":"Somos Diosas - Catalogo | Letrame Grupo Editorial","og_description":"ISBN: 978-84-1114-999-0 SINOPSIS \u00bfTienes dudas de cu\u00e1l es la mejor manera de traer al mundo a tu beb\u00e9? \u00bfTienes miedo por si el parto no acaba como esperabas? \u00bfQuieres tomar las mejores decisiones para ti y tu beb\u00e9? Partos hay tantos como mujeres y cada una tiene unas necesidades diferentes, pero independientemente de c\u00f3mo se desarrolle ese momento, tu hijo puede nacer de una forma positiva y empoderada. En este libro encontrar\u00e1s un sinf\u00edn de historias con circunstancias diferentes donde la mujer pari\u00f3 como lo que t\u00fa eres, una diosa. A trav\u00e9s de estas p\u00e1ginas encontrar\u00e1s informaci\u00f3n que te aclara muchas dudas y encontrar\u00e1s el mejor camino para vivir de la mejor forma posible al amor de tu vida. Porque la mejor forma de parir es la que mejor se adapte a tus necesidades y a las de tu beb\u00e9, y porque t\u00fa eres una diosa.","og_url":"https:\/\/letrame.com\/catalogo\/producto\/somos-diosas\/","og_site_name":"Catalogo | Letrame Grupo Editorial","og_image":[{"width":601,"height":881,"url":"https:\/\/letrame.com\/catalogo\/wp-content\/uploads\/2024\/04\/redportada_somosdiosas_2041mm-2-compressed.jpg","type":"image\/jpeg"}],"twitter_card":"summary_large_image","twitter_misc":{"Tiempo de lectura":"1 minuto"},"schema":{"@context":"https:\/\/schema.org","@graph":[{"@type":"WebPage","@id":"https:\/\/letrame.com\/catalogo\/producto\/somos-diosas\/","url":"https:\/\/letrame.com\/catalogo\/producto\/somos-diosas\/","name":"Somos Diosas - Catalogo | Letrame Grupo Editorial","isPartOf":{"@id":"https:\/\/letrame.com\/catalogo\/#website"},"primaryImageOfPage":{"@id":"https:\/\/letrame.com\/catalogo\/producto\/somos-diosas\/#primaryimage"},"image":{"@id":"https:\/\/letrame.com\/catalogo\/producto\/somos-diosas\/#primaryimage"},"thumbnailUrl":"https:\/\/letrame.com\/catalogo\/wp-content\/uploads\/2024\/04\/redportada_somosdiosas_2041mm-2-compressed.jpg","datePublished":"2024-04-29T12:58:56+00:00","breadcrumb":{"@id":"https:\/\/letrame.com\/catalogo\/producto\/somos-diosas\/#breadcrumb"},"inLanguage":"es","potentialAction":[{"@type":"ReadAction","target":["https:\/\/letrame.com\/catalogo\/producto\/somos-diosas\/"]}]},{"@type":"ImageObject","inLanguage":"es","@id":"https:\/\/letrame.com\/catalogo\/producto\/somos-diosas\/#primaryimage","url":"https:\/\/letrame.com\/catalogo\/wp-content\/uploads\/2024\/04\/redportada_somosdiosas_2041mm-2-compressed.jpg","contentUrl":"https:\/\/letrame.com\/catalogo\/wp-content\/uploads\/2024\/04\/redportada_somosdiosas_2041mm-2-compressed.jpg","width":601,"height":881},{"@type":"BreadcrumbList","@id":"https:\/\/letrame.com\/catalogo\/producto\/somos-diosas\/#breadcrumb","itemListElement":[{"@type":"ListItem","position":1,"name":"Portada","item":"https:\/\/letrame.com\/catalogo\/"},{"@type":"ListItem","position":2,"name":"Cat\u00e1logo","item":"https:\/\/letrame.com\/catalogo\/"},{"@type":"ListItem","position":3,"name":"Somos Diosas"}]},{"@type":"WebSite","@id":"https:\/\/letrame.com\/catalogo\/#website","url":"https:\/\/letrame.com\/catalogo\/","name":"Catalogo | Letrame Grupo Editorial","description":"","publisher":{"@id":"https:\/\/letrame.com\/catalogo\/#organization"},"potentialAction":[{"@type":"SearchAction","target":{"@type":"EntryPoint","urlTemplate":"https:\/\/letrame.com\/catalogo\/?s={search_term_string}"},"query-input":{"@type":"PropertyValueSpecification","valueRequired":true,"valueName":"search_term_string"}}],"inLanguage":"es"},{"@type":"Organization","@id":"https:\/\/letrame.com\/catalogo\/#organization","name":"Catalogo | Letrame Grupo Editorial","url":"https:\/\/letrame.com\/catalogo\/","logo":{"@type":"ImageObject","inLanguage":"es","@id":"https:\/\/letrame.com\/catalogo\/#\/schema\/logo\/image\/","url":"https:\/\/letrame.com\/catalogo\/wp-content\/uploads\/2024\/03\/logo2.webp","contentUrl":"https:\/\/letrame.com\/catalogo\/wp-content\/uploads\/2024\/03\/logo2.webp","width":394,"height":128,"caption":"Catalogo | Letrame Grupo Editorial"},"image":{"@id":"https:\/\/letrame.com\/catalogo\/#\/schema\/logo\/image\/"}}]}},"_links":{"self":[{"href":"https:\/\/letrame.com\/catalogo\/wp-json\/wp\/v2\/product\/98316","targetHints":{"allow":["GET"]}}],"collection":[{"href":"https:\/\/letrame.com\/catalogo\/wp-json\/wp\/v2\/product"}],"about":[{"href":"https:\/\/letrame.com\/catalogo\/wp-json\/wp\/v2\/types\/product"}],"replies":[{"embeddable":true,"href":"https:\/\/letrame.com\/catalogo\/wp-json\/wp\/v2\/comments?post=98316"}],"acf:post":[{"embeddable":true,"href":"https:\/\/letrame.com\/catalogo\/wp-json\/wp\/v2\/author_book\/76801"}],"wp:featuredmedia":[{"embeddable":true,"href":"https:\/\/letrame.com\/catalogo\/wp-json\/wp\/v2\/media\/98317"}],"wp:attachment":[{"href":"https:\/\/letrame.com\/catalogo\/wp-json\/wp\/v2\/media?parent=98316"}],"wp:term":[{"taxonomy":"libro","embeddable":true,"href":"https:\/\/letrame.com\/catalogo\/wp-json\/wp\/v2\/libro?post=98316"},{"taxonomy":"product_brand","embeddable":true,"href":"https:\/\/letrame.com\/catalogo\/wp-json\/wp\/v2\/product_brand?post=98316"},{"taxonomy":"product_cat","embeddable":true,"href":"https:\/\/letrame.com\/catalogo\/wp-json\/wp\/v2\/product_cat?post=98316"},{"taxonomy":"product_tag","embeddable":true,"href":"https:\/\/letrame.com\/catalogo\/wp-json\/wp\/v2\/product_tag?post=98316"}],"curies":[{"name":"wp","href":"https:\/\/api.w.org\/{rel}","templated":true}]}}