{"id":98270,"date":"2024-04-29T14:55:52","date_gmt":"2024-04-29T12:55:52","guid":{"rendered":"https:\/\/letrame.com\/catalogo\/producto\/del-amor-y-algo-mas\/"},"modified":"2024-04-29T14:55:58","modified_gmt":"2024-04-29T12:55:58","slug":"del-amor-y-algo-mas","status":"publish","type":"product","link":"https:\/\/letrame.com\/catalogo\/producto\/del-amor-y-algo-mas\/","title":{"rendered":"Del amor&#8230; y algo m\u00e1s"},"content":{"rendered":"<p><strong>ISBN<\/strong>: 978-84-1144-250-3<\/p>\n<p><strong>T\u00edtulo<\/strong>: Del amor&#8230; y algo m\u00e1s<br \/>\n<strong>Fecha<\/strong>: 2022<br \/>\n<strong>P\u00e1ginas<\/strong>: 270<\/p>\n<p><strong>SINOPSIS<\/strong><\/p>\n<p>El amor es aquella sensaci\u00f3n inexplicable que experimentamos todos los seres humanos en diferentes etapas de nuestra vida y de diferentes maneras, dicha sensaci\u00f3n es la que no podemos estar exentos de experimentar por lo menos una vez en este viaje llamado vida.<\/p>\n<p>Al sentir la presencia de esta sensaci\u00f3n en nosotros, nos hace tomar decisiones que nos hace cambiar dr\u00e1sticamente el rumbo de nuestra manera normal de comportarnos, nos altera nuestro sentir y hasta en ocasiones, nuestra forma de vivir, despu\u00e9s de hacer un auto an\u00e1lisis, llegar el momento de pensar como hemos cambiado a trav\u00e9s del tiempo y preguntarnos \u00bfPor qu\u00e9 siento esta sensaci\u00f3n? \u00bfQu\u00e9 me est\u00e1 pasando que estoy cambiando junto con mi manera de pensar?<\/p>\n<p>Estas p\u00e1ginas te llevar\u00e1n por el viaje al que nos enfrentamos durante nuestro crecimiento y desarrollo, la manera de reaccionar cuando nos encontramos a aquella persona especial a la que quisi\u00e9ramos darle todo nuestro ser, as\u00ed como la manera en que le entregamos todo nuestro sentir, transform\u00e1ndonos los dos como pareja, llegando a formar una historia \u00fanica, cambiando nuestras vidas y nuestra manera de ver el mundo, llegando a formar una historia\u2026 \u00a1nuestra historia!<\/p>\n","protected":false},"excerpt":{"rendered":"<p><strong>ISBN<\/strong>: 978-84-1144-250-3<\/p>\n<p><strong>SINOPSIS<\/strong><\/p>\n<p>El amor es aquella sensaci\u00f3n inexplicable que experimentamos todos los seres humanos en diferentes etapas de nuestra vida y de diferentes maneras, dicha sensaci\u00f3n es la que no podemos estar exentos de experimentar por lo menos una vez en este viaje llamado vida.<\/p>\n<p>Al sentir la presencia de esta sensaci\u00f3n en nosotros, nos hace tomar decisiones que nos hace cambiar dr\u00e1sticamente el rumbo de nuestra manera normal de comportarnos, nos altera nuestro sentir y hasta en ocasiones, nuestra forma de vivir, despu\u00e9s de hacer un auto an\u00e1lisis, llegar el momento de pensar como hemos cambiado a trav\u00e9s del tiempo y preguntarnos \u00bfPor qu\u00e9 siento esta sensaci\u00f3n? \u00bfQu\u00e9 me est\u00e1 pasando que estoy cambiando junto con mi manera de pensar?<\/p>\n<p>Estas p\u00e1ginas te llevar\u00e1n por el viaje al que nos enfrentamos durante nuestro crecimiento y desarrollo, la manera de reaccionar cuando nos encontramos a aquella persona especial a la que quisi\u00e9ramos darle todo nuestro ser, as\u00ed como la manera en que le entregamos todo nuestro sentir, transform\u00e1ndonos los dos como pareja, llegando a formar una historia \u00fanica, cambiando nuestras vidas y nuestra manera de ver el mundo, llegando a formar una historia\u2026 \u00a1nuestra historia!<\/p>\n","protected":false},"featured_media":98271,"comment_status":"closed","ping_status":"open","template":"","meta":{"_acf_changed":false},"libro":[],"product_brand":[],"product_cat":[26],"product_tag":[],"class_list":{"0":"post-98270","1":"product","2":"type-product","3":"status-publish","4":"has-post-thumbnail","6":"product_cat-sin-categoria","8":"first","9":"instock","10":"purchasable","11":"product-type-simple"},"acf":{"autor":[76761],"enlace_de_compra":"https:\/\/www.amazon.es\/Del-amor-y-algo-m%C3%A1s\/dp\/8411442500\/"},"yoast_head":"<!-- This site is optimized with the Yoast SEO plugin v27.4 - https:\/\/yoast.com\/product\/yoast-seo-wordpress\/ -->\n<title>Del amor... y algo m\u00e1s - Catalogo | Letrame Grupo Editorial<\/title>\n<meta name=\"robots\" content=\"index, follow, max-snippet:-1, max-image-preview:large, max-video-preview:-1\" \/>\n<link rel=\"canonical\" href=\"https:\/\/letrame.com\/catalogo\/producto\/del-amor-y-algo-mas\/\" \/>\n<meta property=\"og:locale\" content=\"es_ES\" \/>\n<meta property=\"og:type\" content=\"article\" \/>\n<meta property=\"og:title\" content=\"Del amor... y algo m\u00e1s - Catalogo | Letrame Grupo Editorial\" \/>\n<meta property=\"og:description\" content=\"ISBN: 978-84-1144-250-3 SINOPSIS El amor es aquella sensaci\u00f3n inexplicable que experimentamos todos los seres humanos en diferentes etapas de nuestra vida y de diferentes maneras, dicha sensaci\u00f3n es la que no podemos estar exentos de experimentar por lo menos una vez en este viaje llamado vida. Al sentir la presencia de esta sensaci\u00f3n en nosotros, nos hace tomar decisiones que nos hace cambiar dr\u00e1sticamente el rumbo de nuestra manera normal de comportarnos, nos altera nuestro sentir y hasta en ocasiones, nuestra forma de vivir, despu\u00e9s de hacer un auto an\u00e1lisis, llegar el momento de pensar como hemos cambiado a trav\u00e9s del tiempo y preguntarnos \u00bfPor qu\u00e9 siento esta sensaci\u00f3n? \u00bfQu\u00e9 me est\u00e1 pasando que estoy cambiando junto con mi manera de pensar? Estas p\u00e1ginas te llevar\u00e1n por el viaje al que nos enfrentamos durante nuestro crecimiento y desarrollo, la manera de reaccionar cuando nos encontramos a aquella persona especial a la que quisi\u00e9ramos darle todo nuestro ser, as\u00ed como la manera en que le entregamos todo nuestro sentir, transform\u00e1ndonos los dos como pareja, llegando a formar una historia \u00fanica, cambiando nuestras vidas y nuestra manera de ver el mundo, llegando a formar una historia\u2026 \u00a1nuestra historia!\" \/>\n<meta property=\"og:url\" content=\"https:\/\/letrame.com\/catalogo\/producto\/del-amor-y-algo-mas\/\" \/>\n<meta property=\"og:site_name\" content=\"Catalogo | Letrame Grupo Editorial\" \/>\n<meta property=\"article:modified_time\" content=\"2024-04-29T12:55:58+00:00\" \/>\n<meta property=\"og:image\" content=\"https:\/\/letrame.com\/catalogo\/wp-content\/uploads\/2024\/04\/redportada_delamoryalgomas_1352mm.jpg\" \/>\n\t<meta property=\"og:image:width\" content=\"601\" \/>\n\t<meta property=\"og:image:height\" content=\"881\" \/>\n\t<meta property=\"og:image:type\" content=\"image\/jpeg\" \/>\n<meta name=\"twitter:card\" content=\"summary_large_image\" \/>\n<meta name=\"twitter:label1\" content=\"Tiempo de lectura\" \/>\n\t<meta name=\"twitter:data1\" content=\"1 minuto\" \/>\n<script type=\"application\/ld+json\" class=\"yoast-schema-graph\">{\"@context\":\"https:\\\/\\\/schema.org\",\"@graph\":[{\"@type\":\"WebPage\",\"@id\":\"https:\\\/\\\/letrame.com\\\/catalogo\\\/producto\\\/del-amor-y-algo-mas\\\/\",\"url\":\"https:\\\/\\\/letrame.com\\\/catalogo\\\/producto\\\/del-amor-y-algo-mas\\\/\",\"name\":\"Del amor... y algo m\u00e1s - Catalogo | Letrame Grupo Editorial\",\"isPartOf\":{\"@id\":\"https:\\\/\\\/letrame.com\\\/catalogo\\\/#website\"},\"primaryImageOfPage\":{\"@id\":\"https:\\\/\\\/letrame.com\\\/catalogo\\\/producto\\\/del-amor-y-algo-mas\\\/#primaryimage\"},\"image\":{\"@id\":\"https:\\\/\\\/letrame.com\\\/catalogo\\\/producto\\\/del-amor-y-algo-mas\\\/#primaryimage\"},\"thumbnailUrl\":\"https:\\\/\\\/letrame.com\\\/catalogo\\\/wp-content\\\/uploads\\\/2024\\\/04\\\/redportada_delamoryalgomas_1352mm.jpg\",\"datePublished\":\"2024-04-29T12:55:52+00:00\",\"dateModified\":\"2024-04-29T12:55:58+00:00\",\"breadcrumb\":{\"@id\":\"https:\\\/\\\/letrame.com\\\/catalogo\\\/producto\\\/del-amor-y-algo-mas\\\/#breadcrumb\"},\"inLanguage\":\"es\",\"potentialAction\":[{\"@type\":\"ReadAction\",\"target\":[\"https:\\\/\\\/letrame.com\\\/catalogo\\\/producto\\\/del-amor-y-algo-mas\\\/\"]}]},{\"@type\":\"ImageObject\",\"inLanguage\":\"es\",\"@id\":\"https:\\\/\\\/letrame.com\\\/catalogo\\\/producto\\\/del-amor-y-algo-mas\\\/#primaryimage\",\"url\":\"https:\\\/\\\/letrame.com\\\/catalogo\\\/wp-content\\\/uploads\\\/2024\\\/04\\\/redportada_delamoryalgomas_1352mm.jpg\",\"contentUrl\":\"https:\\\/\\\/letrame.com\\\/catalogo\\\/wp-content\\\/uploads\\\/2024\\\/04\\\/redportada_delamoryalgomas_1352mm.jpg\",\"width\":601,\"height\":881},{\"@type\":\"BreadcrumbList\",\"@id\":\"https:\\\/\\\/letrame.com\\\/catalogo\\\/producto\\\/del-amor-y-algo-mas\\\/#breadcrumb\",\"itemListElement\":[{\"@type\":\"ListItem\",\"position\":1,\"name\":\"Portada\",\"item\":\"https:\\\/\\\/letrame.com\\\/catalogo\\\/\"},{\"@type\":\"ListItem\",\"position\":2,\"name\":\"Cat\u00e1logo\",\"item\":\"https:\\\/\\\/letrame.com\\\/catalogo\\\/\"},{\"@type\":\"ListItem\",\"position\":3,\"name\":\"Del amor&#8230; y algo m\u00e1s\"}]},{\"@type\":\"WebSite\",\"@id\":\"https:\\\/\\\/letrame.com\\\/catalogo\\\/#website\",\"url\":\"https:\\\/\\\/letrame.com\\\/catalogo\\\/\",\"name\":\"Catalogo | Letrame Grupo Editorial\",\"description\":\"\",\"publisher\":{\"@id\":\"https:\\\/\\\/letrame.com\\\/catalogo\\\/#organization\"},\"potentialAction\":[{\"@type\":\"SearchAction\",\"target\":{\"@type\":\"EntryPoint\",\"urlTemplate\":\"https:\\\/\\\/letrame.com\\\/catalogo\\\/?s={search_term_string}\"},\"query-input\":{\"@type\":\"PropertyValueSpecification\",\"valueRequired\":true,\"valueName\":\"search_term_string\"}}],\"inLanguage\":\"es\"},{\"@type\":\"Organization\",\"@id\":\"https:\\\/\\\/letrame.com\\\/catalogo\\\/#organization\",\"name\":\"Catalogo | Letrame Grupo Editorial\",\"url\":\"https:\\\/\\\/letrame.com\\\/catalogo\\\/\",\"logo\":{\"@type\":\"ImageObject\",\"inLanguage\":\"es\",\"@id\":\"https:\\\/\\\/letrame.com\\\/catalogo\\\/#\\\/schema\\\/logo\\\/image\\\/\",\"url\":\"https:\\\/\\\/letrame.com\\\/catalogo\\\/wp-content\\\/uploads\\\/2024\\\/03\\\/logo2.webp\",\"contentUrl\":\"https:\\\/\\\/letrame.com\\\/catalogo\\\/wp-content\\\/uploads\\\/2024\\\/03\\\/logo2.webp\",\"width\":394,\"height\":128,\"caption\":\"Catalogo | Letrame Grupo Editorial\"},\"image\":{\"@id\":\"https:\\\/\\\/letrame.com\\\/catalogo\\\/#\\\/schema\\\/logo\\\/image\\\/\"}}]}<\/script>\n<!-- \/ Yoast SEO plugin. -->","yoast_head_json":{"title":"Del amor... y algo m\u00e1s - Catalogo | Letrame Grupo Editorial","robots":{"index":"index","follow":"follow","max-snippet":"max-snippet:-1","max-image-preview":"max-image-preview:large","max-video-preview":"max-video-preview:-1"},"canonical":"https:\/\/letrame.com\/catalogo\/producto\/del-amor-y-algo-mas\/","og_locale":"es_ES","og_type":"article","og_title":"Del amor... y algo m\u00e1s - Catalogo | Letrame Grupo Editorial","og_description":"ISBN: 978-84-1144-250-3 SINOPSIS El amor es aquella sensaci\u00f3n inexplicable que experimentamos todos los seres humanos en diferentes etapas de nuestra vida y de diferentes maneras, dicha sensaci\u00f3n es la que no podemos estar exentos de experimentar por lo menos una vez en este viaje llamado vida. Al sentir la presencia de esta sensaci\u00f3n en nosotros, nos hace tomar decisiones que nos hace cambiar dr\u00e1sticamente el rumbo de nuestra manera normal de comportarnos, nos altera nuestro sentir y hasta en ocasiones, nuestra forma de vivir, despu\u00e9s de hacer un auto an\u00e1lisis, llegar el momento de pensar como hemos cambiado a trav\u00e9s del tiempo y preguntarnos \u00bfPor qu\u00e9 siento esta sensaci\u00f3n? \u00bfQu\u00e9 me est\u00e1 pasando que estoy cambiando junto con mi manera de pensar? Estas p\u00e1ginas te llevar\u00e1n por el viaje al que nos enfrentamos durante nuestro crecimiento y desarrollo, la manera de reaccionar cuando nos encontramos a aquella persona especial a la que quisi\u00e9ramos darle todo nuestro ser, as\u00ed como la manera en que le entregamos todo nuestro sentir, transform\u00e1ndonos los dos como pareja, llegando a formar una historia \u00fanica, cambiando nuestras vidas y nuestra manera de ver el mundo, llegando a formar una historia\u2026 \u00a1nuestra historia!","og_url":"https:\/\/letrame.com\/catalogo\/producto\/del-amor-y-algo-mas\/","og_site_name":"Catalogo | Letrame Grupo Editorial","article_modified_time":"2024-04-29T12:55:58+00:00","og_image":[{"width":601,"height":881,"url":"https:\/\/letrame.com\/catalogo\/wp-content\/uploads\/2024\/04\/redportada_delamoryalgomas_1352mm.jpg","type":"image\/jpeg"}],"twitter_card":"summary_large_image","twitter_misc":{"Tiempo de lectura":"1 minuto"},"schema":{"@context":"https:\/\/schema.org","@graph":[{"@type":"WebPage","@id":"https:\/\/letrame.com\/catalogo\/producto\/del-amor-y-algo-mas\/","url":"https:\/\/letrame.com\/catalogo\/producto\/del-amor-y-algo-mas\/","name":"Del amor... y algo m\u00e1s - Catalogo | Letrame Grupo Editorial","isPartOf":{"@id":"https:\/\/letrame.com\/catalogo\/#website"},"primaryImageOfPage":{"@id":"https:\/\/letrame.com\/catalogo\/producto\/del-amor-y-algo-mas\/#primaryimage"},"image":{"@id":"https:\/\/letrame.com\/catalogo\/producto\/del-amor-y-algo-mas\/#primaryimage"},"thumbnailUrl":"https:\/\/letrame.com\/catalogo\/wp-content\/uploads\/2024\/04\/redportada_delamoryalgomas_1352mm.jpg","datePublished":"2024-04-29T12:55:52+00:00","dateModified":"2024-04-29T12:55:58+00:00","breadcrumb":{"@id":"https:\/\/letrame.com\/catalogo\/producto\/del-amor-y-algo-mas\/#breadcrumb"},"inLanguage":"es","potentialAction":[{"@type":"ReadAction","target":["https:\/\/letrame.com\/catalogo\/producto\/del-amor-y-algo-mas\/"]}]},{"@type":"ImageObject","inLanguage":"es","@id":"https:\/\/letrame.com\/catalogo\/producto\/del-amor-y-algo-mas\/#primaryimage","url":"https:\/\/letrame.com\/catalogo\/wp-content\/uploads\/2024\/04\/redportada_delamoryalgomas_1352mm.jpg","contentUrl":"https:\/\/letrame.com\/catalogo\/wp-content\/uploads\/2024\/04\/redportada_delamoryalgomas_1352mm.jpg","width":601,"height":881},{"@type":"BreadcrumbList","@id":"https:\/\/letrame.com\/catalogo\/producto\/del-amor-y-algo-mas\/#breadcrumb","itemListElement":[{"@type":"ListItem","position":1,"name":"Portada","item":"https:\/\/letrame.com\/catalogo\/"},{"@type":"ListItem","position":2,"name":"Cat\u00e1logo","item":"https:\/\/letrame.com\/catalogo\/"},{"@type":"ListItem","position":3,"name":"Del amor&#8230; y algo m\u00e1s"}]},{"@type":"WebSite","@id":"https:\/\/letrame.com\/catalogo\/#website","url":"https:\/\/letrame.com\/catalogo\/","name":"Catalogo | Letrame Grupo Editorial","description":"","publisher":{"@id":"https:\/\/letrame.com\/catalogo\/#organization"},"potentialAction":[{"@type":"SearchAction","target":{"@type":"EntryPoint","urlTemplate":"https:\/\/letrame.com\/catalogo\/?s={search_term_string}"},"query-input":{"@type":"PropertyValueSpecification","valueRequired":true,"valueName":"search_term_string"}}],"inLanguage":"es"},{"@type":"Organization","@id":"https:\/\/letrame.com\/catalogo\/#organization","name":"Catalogo | Letrame Grupo Editorial","url":"https:\/\/letrame.com\/catalogo\/","logo":{"@type":"ImageObject","inLanguage":"es","@id":"https:\/\/letrame.com\/catalogo\/#\/schema\/logo\/image\/","url":"https:\/\/letrame.com\/catalogo\/wp-content\/uploads\/2024\/03\/logo2.webp","contentUrl":"https:\/\/letrame.com\/catalogo\/wp-content\/uploads\/2024\/03\/logo2.webp","width":394,"height":128,"caption":"Catalogo | Letrame Grupo Editorial"},"image":{"@id":"https:\/\/letrame.com\/catalogo\/#\/schema\/logo\/image\/"}}]}},"_links":{"self":[{"href":"https:\/\/letrame.com\/catalogo\/wp-json\/wp\/v2\/product\/98270","targetHints":{"allow":["GET"]}}],"collection":[{"href":"https:\/\/letrame.com\/catalogo\/wp-json\/wp\/v2\/product"}],"about":[{"href":"https:\/\/letrame.com\/catalogo\/wp-json\/wp\/v2\/types\/product"}],"replies":[{"embeddable":true,"href":"https:\/\/letrame.com\/catalogo\/wp-json\/wp\/v2\/comments?post=98270"}],"acf:post":[{"embeddable":true,"href":"https:\/\/letrame.com\/catalogo\/wp-json\/wp\/v2\/author_book\/76761"}],"wp:featuredmedia":[{"embeddable":true,"href":"https:\/\/letrame.com\/catalogo\/wp-json\/wp\/v2\/media\/98271"}],"wp:attachment":[{"href":"https:\/\/letrame.com\/catalogo\/wp-json\/wp\/v2\/media?parent=98270"}],"wp:term":[{"taxonomy":"libro","embeddable":true,"href":"https:\/\/letrame.com\/catalogo\/wp-json\/wp\/v2\/libro?post=98270"},{"taxonomy":"product_brand","embeddable":true,"href":"https:\/\/letrame.com\/catalogo\/wp-json\/wp\/v2\/product_brand?post=98270"},{"taxonomy":"product_cat","embeddable":true,"href":"https:\/\/letrame.com\/catalogo\/wp-json\/wp\/v2\/product_cat?post=98270"},{"taxonomy":"product_tag","embeddable":true,"href":"https:\/\/letrame.com\/catalogo\/wp-json\/wp\/v2\/product_tag?post=98270"}],"curies":[{"name":"wp","href":"https:\/\/api.w.org\/{rel}","templated":true}]}}