{"id":98228,"date":"2024-04-29T14:54:15","date_gmt":"2024-04-29T12:54:15","guid":{"rendered":"https:\/\/letrame.com\/catalogo\/producto\/nueva-era-el-paraiso-de-la-luz-de-la-luna\/"},"modified":"2024-04-29T14:54:18","modified_gmt":"2024-04-29T12:54:18","slug":"nueva-era-el-paraiso-de-la-luz-de-la-luna","status":"publish","type":"product","link":"https:\/\/letrame.com\/catalogo\/producto\/nueva-era-el-paraiso-de-la-luz-de-la-luna\/","title":{"rendered":"Nueva era: El para\u00edso de la luz de la luna"},"content":{"rendered":"<p><strong>ISBN<\/strong>: 978-84-1144-220-6<\/p>\n<p><strong>T\u00edtulo<\/strong>: Nueva era: El para\u00edso de la luz de la luna<br \/>\n<strong>Fecha<\/strong>: 2022<br \/>\n<strong>P\u00e1ginas<\/strong>: 296<\/p>\n<p><strong>SINOPSIS<\/strong><\/p>\n<p>\u00abLas dunas, tanto anaranjadas como albas, pose\u00edan un absurdo brillo por s\u00ed mismas. Eran tan hermosas, extendidas a innumerables kil\u00f3metros de distancia, formando un mundo un\u00e1nime al misterio comprendido por \u00ab<em>galaxias espejismo<\/em>\u00bb. Contrastaban con la noche eterna, que por cielo pose\u00eda un mar con miles de burbujas, cada una con un singular destello en reflejo del protag\u00f3nico invitado. Al centro, escondida entre aquel oc\u00e9ano, se encontraba una luna, pero no una cualquiera, no sat\u00e9lites naturales de planetas. Si bien, su apariencia no era muy distinta a los cuerpos celestes que rondan nuestro sistema, su misterio yac\u00eda en un orden nunca comprendido por los mortales y los metahumanos. Se deb\u00eda poseer aquella energ\u00eda, la gama esmeralda, que concede, m\u00e1s alla de fuerza, una armon\u00eda con la mortalidad y el infinito&#8230;\u00bb.<\/p>\n<p>As\u00ed abre <em>Nueva Era:<\/em> <em>El para\u00edso de la luz de la luna<\/em>. La historia de Malcolm Lee es una de esas historias que comienza con un gui\u00f1o y que persiste eternamente, como un recuerdo que se pierde a trav\u00e9s de los d\u00edas y termina por volverse solo un sue\u00f1o. Desde las rotas calles de Ciudad S emprende el viaje de un joven que no se detendr\u00e1 hasta tocar los pelda\u00f1os de un para\u00edso destinado a esos elegidos perdidos en s\u00ed mismos. Una historia verdadera, una historia a la que todos pertenecemos. Una historia destinada a tocar la fe de nuestros tiempos.<\/p>\n","protected":false},"excerpt":{"rendered":"<p><strong>ISBN<\/strong>: 978-84-1144-220-6<\/p>\n<p><strong>SINOPSIS<\/strong><\/p>\n<p>\u00abLas dunas, tanto anaranjadas como albas, pose\u00edan un absurdo brillo por s\u00ed mismas. Eran tan hermosas, extendidas a innumerables kil\u00f3metros de distancia, formando un mundo un\u00e1nime al misterio comprendido por \u00ab<em>galaxias espejismo<\/em>\u00bb. Contrastaban con la noche eterna, que por cielo pose\u00eda un mar con miles de burbujas, cada una con un singular destello en reflejo del protag\u00f3nico invitado. Al centro, escondida entre aquel oc\u00e9ano, se encontraba una luna, pero no una cualquiera, no sat\u00e9lites naturales de planetas. Si bien, su apariencia no era muy distinta a los cuerpos celestes que rondan nuestro sistema, su misterio yac\u00eda en un orden nunca comprendido por los mortales y los metahumanos. Se deb\u00eda poseer aquella energ\u00eda, la gama esmeralda, que concede, m\u00e1s alla de fuerza, una armon\u00eda con la mortalidad y el infinito&#8230;\u00bb.<\/p>\n<p>As\u00ed abre <em>Nueva Era:<\/em> <em>El para\u00edso de la luz de la luna<\/em>. La historia de Malcolm Lee es una de esas historias que comienza con un gui\u00f1o y que persiste eternamente, como un recuerdo que se pierde a trav\u00e9s de los d\u00edas y termina por volverse solo un sue\u00f1o. Desde las rotas calles de Ciudad S emprende el viaje de un joven que no se detendr\u00e1 hasta tocar los pelda\u00f1os de un para\u00edso destinado a esos elegidos perdidos en s\u00ed mismos. Una historia verdadera, una historia a la que todos pertenecemos. Una historia destinada a tocar la fe de nuestros tiempos.<\/p>\n","protected":false},"featured_media":98229,"comment_status":"closed","ping_status":"open","template":"","meta":{"_acf_changed":false},"libro":[],"product_brand":[],"product_cat":[26],"product_tag":[],"class_list":{"0":"post-98228","1":"product","2":"type-product","3":"status-publish","4":"has-post-thumbnail","6":"product_cat-sin-categoria","8":"first","9":"instock","10":"product-type-simple"},"acf":{"autor":[76730],"enlace_de_compra":"https:\/\/www.amazon.es\/NUEVA-ERA-para%C3%ADso-luz-luna\/dp\/8411442209\/"},"yoast_head":"<!-- This site is optimized with the Yoast SEO plugin v27.4 - https:\/\/yoast.com\/product\/yoast-seo-wordpress\/ -->\n<title>Nueva era: El para\u00edso de la luz de la luna - Catalogo | Letrame Grupo Editorial<\/title>\n<meta name=\"robots\" content=\"index, follow, max-snippet:-1, max-image-preview:large, max-video-preview:-1\" \/>\n<link rel=\"canonical\" href=\"https:\/\/letrame.com\/catalogo\/producto\/nueva-era-el-paraiso-de-la-luz-de-la-luna\/\" \/>\n<meta property=\"og:locale\" content=\"es_ES\" \/>\n<meta property=\"og:type\" content=\"article\" \/>\n<meta property=\"og:title\" content=\"Nueva era: El para\u00edso de la luz de la luna - Catalogo | Letrame Grupo Editorial\" \/>\n<meta property=\"og:description\" content=\"ISBN: 978-84-1144-220-6 SINOPSIS \u00abLas dunas, tanto anaranjadas como albas, pose\u00edan un absurdo brillo por s\u00ed mismas. Eran tan hermosas, extendidas a innumerables kil\u00f3metros de distancia, formando un mundo un\u00e1nime al misterio comprendido por \u00abgalaxias espejismo\u00bb. Contrastaban con la noche eterna, que por cielo pose\u00eda un mar con miles de burbujas, cada una con un singular destello en reflejo del protag\u00f3nico invitado. Al centro, escondida entre aquel oc\u00e9ano, se encontraba una luna, pero no una cualquiera, no sat\u00e9lites naturales de planetas. Si bien, su apariencia no era muy distinta a los cuerpos celestes que rondan nuestro sistema, su misterio yac\u00eda en un orden nunca comprendido por los mortales y los metahumanos. Se deb\u00eda poseer aquella energ\u00eda, la gama esmeralda, que concede, m\u00e1s alla de fuerza, una armon\u00eda con la mortalidad y el infinito...\u00bb. As\u00ed abre Nueva Era: El para\u00edso de la luz de la luna. La historia de Malcolm Lee es una de esas historias que comienza con un gui\u00f1o y que persiste eternamente, como un recuerdo que se pierde a trav\u00e9s de los d\u00edas y termina por volverse solo un sue\u00f1o. Desde las rotas calles de Ciudad S emprende el viaje de un joven que no se detendr\u00e1 hasta tocar los pelda\u00f1os de un para\u00edso destinado a esos elegidos perdidos en s\u00ed mismos. Una historia verdadera, una historia a la que todos pertenecemos. Una historia destinada a tocar la fe de nuestros tiempos.\" \/>\n<meta property=\"og:url\" content=\"https:\/\/letrame.com\/catalogo\/producto\/nueva-era-el-paraiso-de-la-luz-de-la-luna\/\" \/>\n<meta property=\"og:site_name\" content=\"Catalogo | Letrame Grupo Editorial\" \/>\n<meta property=\"article:modified_time\" content=\"2024-04-29T12:54:18+00:00\" \/>\n<meta property=\"og:image\" content=\"https:\/\/letrame.com\/catalogo\/wp-content\/uploads\/2024\/04\/redportada_nuevaera_1472mm-2-compressed.jpg\" \/>\n\t<meta property=\"og:image:width\" content=\"601\" \/>\n\t<meta property=\"og:image:height\" content=\"881\" \/>\n\t<meta property=\"og:image:type\" content=\"image\/jpeg\" \/>\n<meta name=\"twitter:card\" content=\"summary_large_image\" \/>\n<meta name=\"twitter:label1\" content=\"Tiempo de lectura\" \/>\n\t<meta name=\"twitter:data1\" content=\"1 minuto\" \/>\n<script type=\"application\/ld+json\" class=\"yoast-schema-graph\">{\"@context\":\"https:\\\/\\\/schema.org\",\"@graph\":[{\"@type\":\"WebPage\",\"@id\":\"https:\\\/\\\/letrame.com\\\/catalogo\\\/producto\\\/nueva-era-el-paraiso-de-la-luz-de-la-luna\\\/\",\"url\":\"https:\\\/\\\/letrame.com\\\/catalogo\\\/producto\\\/nueva-era-el-paraiso-de-la-luz-de-la-luna\\\/\",\"name\":\"Nueva era: El para\u00edso de la luz de la luna - Catalogo | Letrame Grupo Editorial\",\"isPartOf\":{\"@id\":\"https:\\\/\\\/letrame.com\\\/catalogo\\\/#website\"},\"primaryImageOfPage\":{\"@id\":\"https:\\\/\\\/letrame.com\\\/catalogo\\\/producto\\\/nueva-era-el-paraiso-de-la-luz-de-la-luna\\\/#primaryimage\"},\"image\":{\"@id\":\"https:\\\/\\\/letrame.com\\\/catalogo\\\/producto\\\/nueva-era-el-paraiso-de-la-luz-de-la-luna\\\/#primaryimage\"},\"thumbnailUrl\":\"https:\\\/\\\/letrame.com\\\/catalogo\\\/wp-content\\\/uploads\\\/2024\\\/04\\\/redportada_nuevaera_1472mm-2-compressed.jpg\",\"datePublished\":\"2024-04-29T12:54:15+00:00\",\"dateModified\":\"2024-04-29T12:54:18+00:00\",\"breadcrumb\":{\"@id\":\"https:\\\/\\\/letrame.com\\\/catalogo\\\/producto\\\/nueva-era-el-paraiso-de-la-luz-de-la-luna\\\/#breadcrumb\"},\"inLanguage\":\"es\",\"potentialAction\":[{\"@type\":\"ReadAction\",\"target\":[\"https:\\\/\\\/letrame.com\\\/catalogo\\\/producto\\\/nueva-era-el-paraiso-de-la-luz-de-la-luna\\\/\"]}]},{\"@type\":\"ImageObject\",\"inLanguage\":\"es\",\"@id\":\"https:\\\/\\\/letrame.com\\\/catalogo\\\/producto\\\/nueva-era-el-paraiso-de-la-luz-de-la-luna\\\/#primaryimage\",\"url\":\"https:\\\/\\\/letrame.com\\\/catalogo\\\/wp-content\\\/uploads\\\/2024\\\/04\\\/redportada_nuevaera_1472mm-2-compressed.jpg\",\"contentUrl\":\"https:\\\/\\\/letrame.com\\\/catalogo\\\/wp-content\\\/uploads\\\/2024\\\/04\\\/redportada_nuevaera_1472mm-2-compressed.jpg\",\"width\":601,\"height\":881},{\"@type\":\"BreadcrumbList\",\"@id\":\"https:\\\/\\\/letrame.com\\\/catalogo\\\/producto\\\/nueva-era-el-paraiso-de-la-luz-de-la-luna\\\/#breadcrumb\",\"itemListElement\":[{\"@type\":\"ListItem\",\"position\":1,\"name\":\"Portada\",\"item\":\"https:\\\/\\\/letrame.com\\\/catalogo\\\/\"},{\"@type\":\"ListItem\",\"position\":2,\"name\":\"Cat\u00e1logo\",\"item\":\"https:\\\/\\\/letrame.com\\\/catalogo\\\/\"},{\"@type\":\"ListItem\",\"position\":3,\"name\":\"Nueva era: El para\u00edso de la luz de la luna\"}]},{\"@type\":\"WebSite\",\"@id\":\"https:\\\/\\\/letrame.com\\\/catalogo\\\/#website\",\"url\":\"https:\\\/\\\/letrame.com\\\/catalogo\\\/\",\"name\":\"Catalogo | Letrame Grupo Editorial\",\"description\":\"\",\"publisher\":{\"@id\":\"https:\\\/\\\/letrame.com\\\/catalogo\\\/#organization\"},\"potentialAction\":[{\"@type\":\"SearchAction\",\"target\":{\"@type\":\"EntryPoint\",\"urlTemplate\":\"https:\\\/\\\/letrame.com\\\/catalogo\\\/?s={search_term_string}\"},\"query-input\":{\"@type\":\"PropertyValueSpecification\",\"valueRequired\":true,\"valueName\":\"search_term_string\"}}],\"inLanguage\":\"es\"},{\"@type\":\"Organization\",\"@id\":\"https:\\\/\\\/letrame.com\\\/catalogo\\\/#organization\",\"name\":\"Catalogo | Letrame Grupo Editorial\",\"url\":\"https:\\\/\\\/letrame.com\\\/catalogo\\\/\",\"logo\":{\"@type\":\"ImageObject\",\"inLanguage\":\"es\",\"@id\":\"https:\\\/\\\/letrame.com\\\/catalogo\\\/#\\\/schema\\\/logo\\\/image\\\/\",\"url\":\"https:\\\/\\\/letrame.com\\\/catalogo\\\/wp-content\\\/uploads\\\/2024\\\/03\\\/logo2.webp\",\"contentUrl\":\"https:\\\/\\\/letrame.com\\\/catalogo\\\/wp-content\\\/uploads\\\/2024\\\/03\\\/logo2.webp\",\"width\":394,\"height\":128,\"caption\":\"Catalogo | Letrame Grupo Editorial\"},\"image\":{\"@id\":\"https:\\\/\\\/letrame.com\\\/catalogo\\\/#\\\/schema\\\/logo\\\/image\\\/\"}}]}<\/script>\n<!-- \/ Yoast SEO plugin. -->","yoast_head_json":{"title":"Nueva era: El para\u00edso de la luz de la luna - Catalogo | Letrame Grupo Editorial","robots":{"index":"index","follow":"follow","max-snippet":"max-snippet:-1","max-image-preview":"max-image-preview:large","max-video-preview":"max-video-preview:-1"},"canonical":"https:\/\/letrame.com\/catalogo\/producto\/nueva-era-el-paraiso-de-la-luz-de-la-luna\/","og_locale":"es_ES","og_type":"article","og_title":"Nueva era: El para\u00edso de la luz de la luna - Catalogo | Letrame Grupo Editorial","og_description":"ISBN: 978-84-1144-220-6 SINOPSIS \u00abLas dunas, tanto anaranjadas como albas, pose\u00edan un absurdo brillo por s\u00ed mismas. Eran tan hermosas, extendidas a innumerables kil\u00f3metros de distancia, formando un mundo un\u00e1nime al misterio comprendido por \u00abgalaxias espejismo\u00bb. Contrastaban con la noche eterna, que por cielo pose\u00eda un mar con miles de burbujas, cada una con un singular destello en reflejo del protag\u00f3nico invitado. Al centro, escondida entre aquel oc\u00e9ano, se encontraba una luna, pero no una cualquiera, no sat\u00e9lites naturales de planetas. Si bien, su apariencia no era muy distinta a los cuerpos celestes que rondan nuestro sistema, su misterio yac\u00eda en un orden nunca comprendido por los mortales y los metahumanos. Se deb\u00eda poseer aquella energ\u00eda, la gama esmeralda, que concede, m\u00e1s alla de fuerza, una armon\u00eda con la mortalidad y el infinito...\u00bb. As\u00ed abre Nueva Era: El para\u00edso de la luz de la luna. La historia de Malcolm Lee es una de esas historias que comienza con un gui\u00f1o y que persiste eternamente, como un recuerdo que se pierde a trav\u00e9s de los d\u00edas y termina por volverse solo un sue\u00f1o. Desde las rotas calles de Ciudad S emprende el viaje de un joven que no se detendr\u00e1 hasta tocar los pelda\u00f1os de un para\u00edso destinado a esos elegidos perdidos en s\u00ed mismos. Una historia verdadera, una historia a la que todos pertenecemos. Una historia destinada a tocar la fe de nuestros tiempos.","og_url":"https:\/\/letrame.com\/catalogo\/producto\/nueva-era-el-paraiso-de-la-luz-de-la-luna\/","og_site_name":"Catalogo | Letrame Grupo Editorial","article_modified_time":"2024-04-29T12:54:18+00:00","og_image":[{"width":601,"height":881,"url":"https:\/\/letrame.com\/catalogo\/wp-content\/uploads\/2024\/04\/redportada_nuevaera_1472mm-2-compressed.jpg","type":"image\/jpeg"}],"twitter_card":"summary_large_image","twitter_misc":{"Tiempo de lectura":"1 minuto"},"schema":{"@context":"https:\/\/schema.org","@graph":[{"@type":"WebPage","@id":"https:\/\/letrame.com\/catalogo\/producto\/nueva-era-el-paraiso-de-la-luz-de-la-luna\/","url":"https:\/\/letrame.com\/catalogo\/producto\/nueva-era-el-paraiso-de-la-luz-de-la-luna\/","name":"Nueva era: El para\u00edso de la luz de la luna - Catalogo | Letrame Grupo Editorial","isPartOf":{"@id":"https:\/\/letrame.com\/catalogo\/#website"},"primaryImageOfPage":{"@id":"https:\/\/letrame.com\/catalogo\/producto\/nueva-era-el-paraiso-de-la-luz-de-la-luna\/#primaryimage"},"image":{"@id":"https:\/\/letrame.com\/catalogo\/producto\/nueva-era-el-paraiso-de-la-luz-de-la-luna\/#primaryimage"},"thumbnailUrl":"https:\/\/letrame.com\/catalogo\/wp-content\/uploads\/2024\/04\/redportada_nuevaera_1472mm-2-compressed.jpg","datePublished":"2024-04-29T12:54:15+00:00","dateModified":"2024-04-29T12:54:18+00:00","breadcrumb":{"@id":"https:\/\/letrame.com\/catalogo\/producto\/nueva-era-el-paraiso-de-la-luz-de-la-luna\/#breadcrumb"},"inLanguage":"es","potentialAction":[{"@type":"ReadAction","target":["https:\/\/letrame.com\/catalogo\/producto\/nueva-era-el-paraiso-de-la-luz-de-la-luna\/"]}]},{"@type":"ImageObject","inLanguage":"es","@id":"https:\/\/letrame.com\/catalogo\/producto\/nueva-era-el-paraiso-de-la-luz-de-la-luna\/#primaryimage","url":"https:\/\/letrame.com\/catalogo\/wp-content\/uploads\/2024\/04\/redportada_nuevaera_1472mm-2-compressed.jpg","contentUrl":"https:\/\/letrame.com\/catalogo\/wp-content\/uploads\/2024\/04\/redportada_nuevaera_1472mm-2-compressed.jpg","width":601,"height":881},{"@type":"BreadcrumbList","@id":"https:\/\/letrame.com\/catalogo\/producto\/nueva-era-el-paraiso-de-la-luz-de-la-luna\/#breadcrumb","itemListElement":[{"@type":"ListItem","position":1,"name":"Portada","item":"https:\/\/letrame.com\/catalogo\/"},{"@type":"ListItem","position":2,"name":"Cat\u00e1logo","item":"https:\/\/letrame.com\/catalogo\/"},{"@type":"ListItem","position":3,"name":"Nueva era: El para\u00edso de la luz de la luna"}]},{"@type":"WebSite","@id":"https:\/\/letrame.com\/catalogo\/#website","url":"https:\/\/letrame.com\/catalogo\/","name":"Catalogo | Letrame Grupo Editorial","description":"","publisher":{"@id":"https:\/\/letrame.com\/catalogo\/#organization"},"potentialAction":[{"@type":"SearchAction","target":{"@type":"EntryPoint","urlTemplate":"https:\/\/letrame.com\/catalogo\/?s={search_term_string}"},"query-input":{"@type":"PropertyValueSpecification","valueRequired":true,"valueName":"search_term_string"}}],"inLanguage":"es"},{"@type":"Organization","@id":"https:\/\/letrame.com\/catalogo\/#organization","name":"Catalogo | Letrame Grupo Editorial","url":"https:\/\/letrame.com\/catalogo\/","logo":{"@type":"ImageObject","inLanguage":"es","@id":"https:\/\/letrame.com\/catalogo\/#\/schema\/logo\/image\/","url":"https:\/\/letrame.com\/catalogo\/wp-content\/uploads\/2024\/03\/logo2.webp","contentUrl":"https:\/\/letrame.com\/catalogo\/wp-content\/uploads\/2024\/03\/logo2.webp","width":394,"height":128,"caption":"Catalogo | Letrame Grupo Editorial"},"image":{"@id":"https:\/\/letrame.com\/catalogo\/#\/schema\/logo\/image\/"}}]}},"_links":{"self":[{"href":"https:\/\/letrame.com\/catalogo\/wp-json\/wp\/v2\/product\/98228","targetHints":{"allow":["GET"]}}],"collection":[{"href":"https:\/\/letrame.com\/catalogo\/wp-json\/wp\/v2\/product"}],"about":[{"href":"https:\/\/letrame.com\/catalogo\/wp-json\/wp\/v2\/types\/product"}],"replies":[{"embeddable":true,"href":"https:\/\/letrame.com\/catalogo\/wp-json\/wp\/v2\/comments?post=98228"}],"acf:post":[{"embeddable":true,"href":"https:\/\/letrame.com\/catalogo\/wp-json\/wp\/v2\/author_book\/76730"}],"wp:featuredmedia":[{"embeddable":true,"href":"https:\/\/letrame.com\/catalogo\/wp-json\/wp\/v2\/media\/98229"}],"wp:attachment":[{"href":"https:\/\/letrame.com\/catalogo\/wp-json\/wp\/v2\/media?parent=98228"}],"wp:term":[{"taxonomy":"libro","embeddable":true,"href":"https:\/\/letrame.com\/catalogo\/wp-json\/wp\/v2\/libro?post=98228"},{"taxonomy":"product_brand","embeddable":true,"href":"https:\/\/letrame.com\/catalogo\/wp-json\/wp\/v2\/product_brand?post=98228"},{"taxonomy":"product_cat","embeddable":true,"href":"https:\/\/letrame.com\/catalogo\/wp-json\/wp\/v2\/product_cat?post=98228"},{"taxonomy":"product_tag","embeddable":true,"href":"https:\/\/letrame.com\/catalogo\/wp-json\/wp\/v2\/product_tag?post=98228"}],"curies":[{"name":"wp","href":"https:\/\/api.w.org\/{rel}","templated":true}]}}