{"id":98218,"date":"2024-04-29T14:53:54","date_gmt":"2024-04-29T12:53:54","guid":{"rendered":"https:\/\/letrame.com\/catalogo\/producto\/miserere\/"},"modified":"2024-07-22T08:49:35","modified_gmt":"2024-07-22T06:49:35","slug":"miserere","status":"publish","type":"product","link":"https:\/\/letrame.com\/catalogo\/producto\/miserere\/","title":{"rendered":"Miserere"},"content":{"rendered":"<p><strong>ISBN<\/strong>: 978-84-1144-098-1<\/p>\n<p><strong>T\u00edtulo<\/strong>: Miserere<br \/>\n<strong>Fecha<\/strong>: 2022<br \/>\n<strong>P\u00e1ginas<\/strong>: 360<\/p>\n<p><strong>SINOPSIS<\/strong><\/p>\n<p>El segle xiii portar\u00e0 un descobriment, des del m\u00e9s profund del Sacre Imperi Romanogerm\u00e0nic, que lligar\u00e0 dos anys: el 1348 i el 1982, a la comarca del Priorat. Un objecte misteri\u00f3s, uns pobles, la cartoixa d\u2019Escaladei i els seus habitants&#8230; Uns habitants que es veuran portats al l\u00edmit, en aquestes dues \u00e8poques entrelligades per aquell fet i per l\u2019obsessi\u00f3 que cada personatge pateix.<\/p>\n<p>Aquest llibre, amb esperit de novel\u00b7la vol treure a la llum el tema de les obsessions que qualsevol de nosaltres pot patir o, simplement, utilitzar per justificar certes actituds davant la vida.<\/p>\n<p>La gent que va habitar aquestes contrades el 1348, any d\u2019una pesta terrible, i el 1982, any de ple sorgiment de conviv\u00e8ncies alternatives i comunes, es veu atrapada per l\u2019obsessi\u00f3 sobre la ci\u00e8ncia, les pseudoci\u00e8ncies, el deure, les passions, la religiositat o la simple superviv\u00e8ncia.<\/p>\n<p>Potser aquests fets, relatats en aquestes p\u00e0gines, no estan tan lluny de l\u2019experi\u00e8ncia vital actual a la Vilella Baixa, la Vilella Alta, Falset, la Conreria, la cartoixa d\u2019Escaladei, Montalt i tot el seu voltant.<\/p>\n","protected":false},"excerpt":{"rendered":"<p><strong>ISBN<\/strong>: 978-84-1144-098-1<\/p>\n<p><strong>SINOPSIS<\/strong><\/p>\n<p>El segle xiii portar\u00e0 un descobriment, des del m\u00e9s profund del Sacre Imperi Romanogerm\u00e0nic, que lligar\u00e0 dos anys: el 1348 i el 1982, a la comarca del Priorat. Un objecte misteri\u00f3s, uns pobles, la cartoixa d\u2019Escaladei i els seus habitants&#8230; Uns habitants que es veuran portats al l\u00edmit, en aquestes dues \u00e8poques entrelligades per aquell fet i per l\u2019obsessi\u00f3 que cada personatge pateix.<\/p>\n<p>Aquest llibre, amb esperit de novel\u00b7la vol treure a la llum el tema de les obsessions que qualsevol de nosaltres pot patir o, simplement, utilitzar per justificar certes actituds davant la vida.<\/p>\n<p>La gent que va habitar aquestes contrades el 1348, any d\u2019una pesta terrible, i el 1982, any de ple sorgiment de conviv\u00e8ncies alternatives i comunes, es veu atrapada per l\u2019obsessi\u00f3 sobre la ci\u00e8ncia, les pseudoci\u00e8ncies, el deure, les passions, la religiositat o la simple superviv\u00e8ncia.<\/p>\n<p>Potser aquests fets, relatats en aquestes p\u00e0gines, no estan tan lluny de l\u2019experi\u00e8ncia vital actual a la Vilella Baixa, la Vilella Alta, Falset, la Conreria, la cartoixa d\u2019Escaladei, Montalt i tot el seu voltant.<\/p>\n","protected":false},"featured_media":98219,"comment_status":"closed","ping_status":"closed","template":"","meta":{"_acf_changed":false},"libro":[],"product_brand":[],"product_cat":[26],"product_tag":[],"class_list":{"0":"post-98218","1":"product","2":"type-product","3":"status-publish","4":"has-post-thumbnail","6":"product_cat-sin-categoria","8":"first","9":"instock","10":"product-type-simple"},"acf":{"autor":[76719],"enlace_de_compra":"https:\/\/amzn.to\/4d5PD6A"},"yoast_head":"<!-- This site is optimized with the Yoast SEO plugin v27.4 - https:\/\/yoast.com\/product\/yoast-seo-wordpress\/ -->\n<title>Miserere - Catalogo | Letrame Grupo Editorial<\/title>\n<meta name=\"robots\" content=\"index, follow, max-snippet:-1, max-image-preview:large, max-video-preview:-1\" \/>\n<link rel=\"canonical\" href=\"https:\/\/letrame.com\/catalogo\/producto\/miserere\/\" \/>\n<meta property=\"og:locale\" content=\"es_ES\" \/>\n<meta property=\"og:type\" content=\"article\" \/>\n<meta property=\"og:title\" content=\"Miserere - Catalogo | Letrame Grupo Editorial\" \/>\n<meta property=\"og:description\" content=\"ISBN: 978-84-1144-098-1  SINOPSIS  El segle xiii portar\u00e0 un descobriment, des del m\u00e9s profund del Sacre Imperi Romanogerm\u00e0nic, que lligar\u00e0 dos anys: el 1348 i el 1982, a la comarca del Priorat. Un objecte misteri\u00f3s, uns pobles, la cartoixa d\u2019Escaladei i els seus habitants... Uns habitants que es veuran portats al l\u00edmit, en aquestes dues \u00e8poques entrelligades per aquell fet i per l\u2019obsessi\u00f3 que cada personatge pateix.  Aquest llibre, amb esperit de novel\u00b7la vol treure a la llum el tema de les obsessions que qualsevol de nosaltres pot patir o, simplement, utilitzar per justificar certes actituds davant la vida.  La gent que va habitar aquestes contrades el 1348, any d\u2019una pesta terrible, i el 1982, any de ple sorgiment de conviv\u00e8ncies alternatives i comunes, es veu atrapada per l\u2019obsessi\u00f3 sobre la ci\u00e8ncia, les pseudoci\u00e8ncies, el deure, les passions, la religiositat o la simple superviv\u00e8ncia.  Potser aquests fets, relatats en aquestes p\u00e0gines, no estan tan lluny de l\u2019experi\u00e8ncia vital actual a la Vilella Baixa, la Vilella Alta, Falset, la Conreria, la cartoixa d\u2019Escaladei, Montalt i tot el seu voltant.\" \/>\n<meta property=\"og:url\" content=\"https:\/\/letrame.com\/catalogo\/producto\/miserere\/\" \/>\n<meta property=\"og:site_name\" content=\"Catalogo | Letrame Grupo Editorial\" \/>\n<meta property=\"article:modified_time\" content=\"2024-07-22T06:49:35+00:00\" \/>\n<meta property=\"og:image\" content=\"https:\/\/letrame.com\/catalogo\/wp-content\/uploads\/2024\/04\/redportada_miserere_1767mm-compressed-1.jpg\" \/>\n\t<meta property=\"og:image:width\" content=\"601\" \/>\n\t<meta property=\"og:image:height\" content=\"881\" \/>\n\t<meta property=\"og:image:type\" content=\"image\/jpeg\" \/>\n<meta name=\"twitter:card\" content=\"summary_large_image\" \/>\n<meta name=\"twitter:label1\" content=\"Tiempo de lectura\" \/>\n\t<meta name=\"twitter:data1\" content=\"2 minutos\" \/>\n<script type=\"application\/ld+json\" class=\"yoast-schema-graph\">{\"@context\":\"https:\\\/\\\/schema.org\",\"@graph\":[{\"@type\":\"WebPage\",\"@id\":\"https:\\\/\\\/letrame.com\\\/catalogo\\\/producto\\\/miserere\\\/\",\"url\":\"https:\\\/\\\/letrame.com\\\/catalogo\\\/producto\\\/miserere\\\/\",\"name\":\"Miserere - Catalogo | Letrame Grupo Editorial\",\"isPartOf\":{\"@id\":\"https:\\\/\\\/letrame.com\\\/catalogo\\\/#website\"},\"primaryImageOfPage\":{\"@id\":\"https:\\\/\\\/letrame.com\\\/catalogo\\\/producto\\\/miserere\\\/#primaryimage\"},\"image\":{\"@id\":\"https:\\\/\\\/letrame.com\\\/catalogo\\\/producto\\\/miserere\\\/#primaryimage\"},\"thumbnailUrl\":\"https:\\\/\\\/letrame.com\\\/catalogo\\\/wp-content\\\/uploads\\\/2024\\\/04\\\/redportada_miserere_1767mm-compressed-1.jpg\",\"datePublished\":\"2024-04-29T12:53:54+00:00\",\"dateModified\":\"2024-07-22T06:49:35+00:00\",\"breadcrumb\":{\"@id\":\"https:\\\/\\\/letrame.com\\\/catalogo\\\/producto\\\/miserere\\\/#breadcrumb\"},\"inLanguage\":\"es\",\"potentialAction\":[{\"@type\":\"ReadAction\",\"target\":[\"https:\\\/\\\/letrame.com\\\/catalogo\\\/producto\\\/miserere\\\/\"]}]},{\"@type\":\"ImageObject\",\"inLanguage\":\"es\",\"@id\":\"https:\\\/\\\/letrame.com\\\/catalogo\\\/producto\\\/miserere\\\/#primaryimage\",\"url\":\"https:\\\/\\\/letrame.com\\\/catalogo\\\/wp-content\\\/uploads\\\/2024\\\/04\\\/redportada_miserere_1767mm-compressed-1.jpg\",\"contentUrl\":\"https:\\\/\\\/letrame.com\\\/catalogo\\\/wp-content\\\/uploads\\\/2024\\\/04\\\/redportada_miserere_1767mm-compressed-1.jpg\",\"width\":601,\"height\":881},{\"@type\":\"BreadcrumbList\",\"@id\":\"https:\\\/\\\/letrame.com\\\/catalogo\\\/producto\\\/miserere\\\/#breadcrumb\",\"itemListElement\":[{\"@type\":\"ListItem\",\"position\":1,\"name\":\"Portada\",\"item\":\"https:\\\/\\\/letrame.com\\\/catalogo\\\/\"},{\"@type\":\"ListItem\",\"position\":2,\"name\":\"Cat\u00e1logo\",\"item\":\"https:\\\/\\\/letrame.com\\\/catalogo\\\/\"},{\"@type\":\"ListItem\",\"position\":3,\"name\":\"Miserere\"}]},{\"@type\":\"WebSite\",\"@id\":\"https:\\\/\\\/letrame.com\\\/catalogo\\\/#website\",\"url\":\"https:\\\/\\\/letrame.com\\\/catalogo\\\/\",\"name\":\"Catalogo | Letrame Grupo Editorial\",\"description\":\"\",\"publisher\":{\"@id\":\"https:\\\/\\\/letrame.com\\\/catalogo\\\/#organization\"},\"potentialAction\":[{\"@type\":\"SearchAction\",\"target\":{\"@type\":\"EntryPoint\",\"urlTemplate\":\"https:\\\/\\\/letrame.com\\\/catalogo\\\/?s={search_term_string}\"},\"query-input\":{\"@type\":\"PropertyValueSpecification\",\"valueRequired\":true,\"valueName\":\"search_term_string\"}}],\"inLanguage\":\"es\"},{\"@type\":\"Organization\",\"@id\":\"https:\\\/\\\/letrame.com\\\/catalogo\\\/#organization\",\"name\":\"Catalogo | Letrame Grupo Editorial\",\"url\":\"https:\\\/\\\/letrame.com\\\/catalogo\\\/\",\"logo\":{\"@type\":\"ImageObject\",\"inLanguage\":\"es\",\"@id\":\"https:\\\/\\\/letrame.com\\\/catalogo\\\/#\\\/schema\\\/logo\\\/image\\\/\",\"url\":\"https:\\\/\\\/letrame.com\\\/catalogo\\\/wp-content\\\/uploads\\\/2024\\\/03\\\/logo2.webp\",\"contentUrl\":\"https:\\\/\\\/letrame.com\\\/catalogo\\\/wp-content\\\/uploads\\\/2024\\\/03\\\/logo2.webp\",\"width\":394,\"height\":128,\"caption\":\"Catalogo | Letrame Grupo Editorial\"},\"image\":{\"@id\":\"https:\\\/\\\/letrame.com\\\/catalogo\\\/#\\\/schema\\\/logo\\\/image\\\/\"}}]}<\/script>\n<!-- \/ Yoast SEO plugin. -->","yoast_head_json":{"title":"Miserere - Catalogo | Letrame Grupo Editorial","robots":{"index":"index","follow":"follow","max-snippet":"max-snippet:-1","max-image-preview":"max-image-preview:large","max-video-preview":"max-video-preview:-1"},"canonical":"https:\/\/letrame.com\/catalogo\/producto\/miserere\/","og_locale":"es_ES","og_type":"article","og_title":"Miserere - Catalogo | Letrame Grupo Editorial","og_description":"ISBN: 978-84-1144-098-1  SINOPSIS  El segle xiii portar\u00e0 un descobriment, des del m\u00e9s profund del Sacre Imperi Romanogerm\u00e0nic, que lligar\u00e0 dos anys: el 1348 i el 1982, a la comarca del Priorat. Un objecte misteri\u00f3s, uns pobles, la cartoixa d\u2019Escaladei i els seus habitants... Uns habitants que es veuran portats al l\u00edmit, en aquestes dues \u00e8poques entrelligades per aquell fet i per l\u2019obsessi\u00f3 que cada personatge pateix.  Aquest llibre, amb esperit de novel\u00b7la vol treure a la llum el tema de les obsessions que qualsevol de nosaltres pot patir o, simplement, utilitzar per justificar certes actituds davant la vida.  La gent que va habitar aquestes contrades el 1348, any d\u2019una pesta terrible, i el 1982, any de ple sorgiment de conviv\u00e8ncies alternatives i comunes, es veu atrapada per l\u2019obsessi\u00f3 sobre la ci\u00e8ncia, les pseudoci\u00e8ncies, el deure, les passions, la religiositat o la simple superviv\u00e8ncia.  Potser aquests fets, relatats en aquestes p\u00e0gines, no estan tan lluny de l\u2019experi\u00e8ncia vital actual a la Vilella Baixa, la Vilella Alta, Falset, la Conreria, la cartoixa d\u2019Escaladei, Montalt i tot el seu voltant.","og_url":"https:\/\/letrame.com\/catalogo\/producto\/miserere\/","og_site_name":"Catalogo | Letrame Grupo Editorial","article_modified_time":"2024-07-22T06:49:35+00:00","og_image":[{"width":601,"height":881,"url":"https:\/\/letrame.com\/catalogo\/wp-content\/uploads\/2024\/04\/redportada_miserere_1767mm-compressed-1.jpg","type":"image\/jpeg"}],"twitter_card":"summary_large_image","twitter_misc":{"Tiempo de lectura":"2 minutos"},"schema":{"@context":"https:\/\/schema.org","@graph":[{"@type":"WebPage","@id":"https:\/\/letrame.com\/catalogo\/producto\/miserere\/","url":"https:\/\/letrame.com\/catalogo\/producto\/miserere\/","name":"Miserere - Catalogo | Letrame Grupo Editorial","isPartOf":{"@id":"https:\/\/letrame.com\/catalogo\/#website"},"primaryImageOfPage":{"@id":"https:\/\/letrame.com\/catalogo\/producto\/miserere\/#primaryimage"},"image":{"@id":"https:\/\/letrame.com\/catalogo\/producto\/miserere\/#primaryimage"},"thumbnailUrl":"https:\/\/letrame.com\/catalogo\/wp-content\/uploads\/2024\/04\/redportada_miserere_1767mm-compressed-1.jpg","datePublished":"2024-04-29T12:53:54+00:00","dateModified":"2024-07-22T06:49:35+00:00","breadcrumb":{"@id":"https:\/\/letrame.com\/catalogo\/producto\/miserere\/#breadcrumb"},"inLanguage":"es","potentialAction":[{"@type":"ReadAction","target":["https:\/\/letrame.com\/catalogo\/producto\/miserere\/"]}]},{"@type":"ImageObject","inLanguage":"es","@id":"https:\/\/letrame.com\/catalogo\/producto\/miserere\/#primaryimage","url":"https:\/\/letrame.com\/catalogo\/wp-content\/uploads\/2024\/04\/redportada_miserere_1767mm-compressed-1.jpg","contentUrl":"https:\/\/letrame.com\/catalogo\/wp-content\/uploads\/2024\/04\/redportada_miserere_1767mm-compressed-1.jpg","width":601,"height":881},{"@type":"BreadcrumbList","@id":"https:\/\/letrame.com\/catalogo\/producto\/miserere\/#breadcrumb","itemListElement":[{"@type":"ListItem","position":1,"name":"Portada","item":"https:\/\/letrame.com\/catalogo\/"},{"@type":"ListItem","position":2,"name":"Cat\u00e1logo","item":"https:\/\/letrame.com\/catalogo\/"},{"@type":"ListItem","position":3,"name":"Miserere"}]},{"@type":"WebSite","@id":"https:\/\/letrame.com\/catalogo\/#website","url":"https:\/\/letrame.com\/catalogo\/","name":"Catalogo | Letrame Grupo Editorial","description":"","publisher":{"@id":"https:\/\/letrame.com\/catalogo\/#organization"},"potentialAction":[{"@type":"SearchAction","target":{"@type":"EntryPoint","urlTemplate":"https:\/\/letrame.com\/catalogo\/?s={search_term_string}"},"query-input":{"@type":"PropertyValueSpecification","valueRequired":true,"valueName":"search_term_string"}}],"inLanguage":"es"},{"@type":"Organization","@id":"https:\/\/letrame.com\/catalogo\/#organization","name":"Catalogo | Letrame Grupo Editorial","url":"https:\/\/letrame.com\/catalogo\/","logo":{"@type":"ImageObject","inLanguage":"es","@id":"https:\/\/letrame.com\/catalogo\/#\/schema\/logo\/image\/","url":"https:\/\/letrame.com\/catalogo\/wp-content\/uploads\/2024\/03\/logo2.webp","contentUrl":"https:\/\/letrame.com\/catalogo\/wp-content\/uploads\/2024\/03\/logo2.webp","width":394,"height":128,"caption":"Catalogo | Letrame Grupo Editorial"},"image":{"@id":"https:\/\/letrame.com\/catalogo\/#\/schema\/logo\/image\/"}}]}},"_links":{"self":[{"href":"https:\/\/letrame.com\/catalogo\/wp-json\/wp\/v2\/product\/98218","targetHints":{"allow":["GET"]}}],"collection":[{"href":"https:\/\/letrame.com\/catalogo\/wp-json\/wp\/v2\/product"}],"about":[{"href":"https:\/\/letrame.com\/catalogo\/wp-json\/wp\/v2\/types\/product"}],"replies":[{"embeddable":true,"href":"https:\/\/letrame.com\/catalogo\/wp-json\/wp\/v2\/comments?post=98218"}],"acf:post":[{"embeddable":true,"href":"https:\/\/letrame.com\/catalogo\/wp-json\/wp\/v2\/author_book\/76719"}],"wp:featuredmedia":[{"embeddable":true,"href":"https:\/\/letrame.com\/catalogo\/wp-json\/wp\/v2\/media\/98219"}],"wp:attachment":[{"href":"https:\/\/letrame.com\/catalogo\/wp-json\/wp\/v2\/media?parent=98218"}],"wp:term":[{"taxonomy":"libro","embeddable":true,"href":"https:\/\/letrame.com\/catalogo\/wp-json\/wp\/v2\/libro?post=98218"},{"taxonomy":"product_brand","embeddable":true,"href":"https:\/\/letrame.com\/catalogo\/wp-json\/wp\/v2\/product_brand?post=98218"},{"taxonomy":"product_cat","embeddable":true,"href":"https:\/\/letrame.com\/catalogo\/wp-json\/wp\/v2\/product_cat?post=98218"},{"taxonomy":"product_tag","embeddable":true,"href":"https:\/\/letrame.com\/catalogo\/wp-json\/wp\/v2\/product_tag?post=98218"}],"curies":[{"name":"wp","href":"https:\/\/api.w.org\/{rel}","templated":true}]}}