{"id":98159,"date":"2024-04-29T14:50:44","date_gmt":"2024-04-29T12:50:44","guid":{"rendered":"https:\/\/letrame.com\/catalogo\/producto\/cronicas-de-la-mancha-humeda\/"},"modified":"2024-04-29T14:50:48","modified_gmt":"2024-04-29T12:50:48","slug":"cronicas-de-la-mancha-humeda","status":"publish","type":"product","link":"https:\/\/letrame.com\/catalogo\/producto\/cronicas-de-la-mancha-humeda\/","title":{"rendered":"Cr\u00f3nicas de la mancha h\u00fameda"},"content":{"rendered":"<p><strong>ISBN<\/strong>: 978-84-1144-221-3<\/p>\n<p><strong>T\u00edtulo<\/strong>: Cr\u00f3nicas de la mancha h\u00fameda<br \/>\n<strong>Fecha<\/strong>: 2022<br \/>\n<strong>P\u00e1ginas<\/strong>: 218<\/p>\n<p><strong>SINOPSIS<\/strong><\/p>\n<p>Este librito es una especie de cr\u00f3nica sobre las lagunas manchegas durante el periodo 1974-2021. Trata de reflejar algunos aspectos ambientales de estos humedales, historietas y an\u00e9cdotas relacionadas con su conservaci\u00f3n, con su gesti\u00f3n, y en alg\u00fan caso con su recuperaci\u00f3n. Est\u00e1 enfocado desde la perspectiva de los viajes, relaciones y conocimientos que a lo largo del periodo indicado realic\u00e9 dando saltos de una a otra laguna, observando c\u00f3mo eran, estudiando su flora y vegetaci\u00f3n y, por otro lado, contactando con personas que se implicaron en el estudio y divulgaci\u00f3n de los valores ambientales de estos ecosistemas acu\u00e1ticos, que tanto han cambiado desde mediados del siglo XX.<\/p>\n","protected":false},"excerpt":{"rendered":"<p><strong>ISBN<\/strong>: 978-84-1144-221-3<\/p>\n<p><strong>SINOPSIS<\/strong><\/p>\n<p>Este librito es una especie de cr\u00f3nica sobre las lagunas manchegas durante el periodo 1974-2021. Trata de reflejar algunos aspectos ambientales de estos humedales, historietas y an\u00e9cdotas relacionadas con su conservaci\u00f3n, con su gesti\u00f3n, y en alg\u00fan caso con su recuperaci\u00f3n. Est\u00e1 enfocado desde la perspectiva de los viajes, relaciones y conocimientos que a lo largo del periodo indicado realic\u00e9 dando saltos de una a otra laguna, observando c\u00f3mo eran, estudiando su flora y vegetaci\u00f3n y, por otro lado, contactando con personas que se implicaron en el estudio y divulgaci\u00f3n de los valores ambientales de estos ecosistemas acu\u00e1ticos, que tanto han cambiado desde mediados del siglo XX.<\/p>\n","protected":false},"featured_media":98160,"comment_status":"closed","ping_status":"open","template":"","meta":{"_acf_changed":false},"libro":[],"product_brand":[],"product_cat":[26],"product_tag":[],"class_list":{"0":"post-98159","1":"product","2":"type-product","3":"status-publish","4":"has-post-thumbnail","6":"product_cat-sin-categoria","8":"first","9":"instock","10":"product-type-simple"},"acf":{"autor":[76670],"enlace_de_compra":""},"yoast_head":"<!-- This site is optimized with the Yoast SEO plugin v26.6 - https:\/\/yoast.com\/wordpress\/plugins\/seo\/ -->\n<title>Cr\u00f3nicas de la mancha h\u00fameda - Catalogo | Letrame Grupo Editorial<\/title>\n<meta name=\"robots\" content=\"index, follow, max-snippet:-1, max-image-preview:large, max-video-preview:-1\" \/>\n<link rel=\"canonical\" href=\"https:\/\/letrame.com\/catalogo\/producto\/cronicas-de-la-mancha-humeda\/\" \/>\n<meta property=\"og:locale\" content=\"es_ES\" \/>\n<meta property=\"og:type\" content=\"article\" \/>\n<meta property=\"og:title\" content=\"Cr\u00f3nicas de la mancha h\u00fameda - Catalogo | Letrame Grupo Editorial\" \/>\n<meta property=\"og:description\" content=\"ISBN: 978-84-1144-221-3 SINOPSIS Este librito es una especie de cr\u00f3nica sobre las lagunas manchegas durante el periodo 1974-2021. Trata de reflejar algunos aspectos ambientales de estos humedales, historietas y an\u00e9cdotas relacionadas con su conservaci\u00f3n, con su gesti\u00f3n, y en alg\u00fan caso con su recuperaci\u00f3n. Est\u00e1 enfocado desde la perspectiva de los viajes, relaciones y conocimientos que a lo largo del periodo indicado realic\u00e9 dando saltos de una a otra laguna, observando c\u00f3mo eran, estudiando su flora y vegetaci\u00f3n y, por otro lado, contactando con personas que se implicaron en el estudio y divulgaci\u00f3n de los valores ambientales de estos ecosistemas acu\u00e1ticos, que tanto han cambiado desde mediados del siglo XX.\" \/>\n<meta property=\"og:url\" content=\"https:\/\/letrame.com\/catalogo\/producto\/cronicas-de-la-mancha-humeda\/\" \/>\n<meta property=\"og:site_name\" content=\"Catalogo | Letrame Grupo Editorial\" \/>\n<meta property=\"article:modified_time\" content=\"2024-04-29T12:50:48+00:00\" \/>\n<meta property=\"og:image\" content=\"https:\/\/letrame.com\/catalogo\/wp-content\/uploads\/2024\/04\/redportada_cronicasdelamancha_1151mm-compressed.jpg\" \/>\n\t<meta property=\"og:image:width\" content=\"601\" \/>\n\t<meta property=\"og:image:height\" content=\"849\" \/>\n\t<meta property=\"og:image:type\" content=\"image\/jpeg\" \/>\n<meta name=\"twitter:card\" content=\"summary_large_image\" \/>\n<meta name=\"twitter:label1\" content=\"Tiempo de lectura\" \/>\n\t<meta name=\"twitter:data1\" content=\"1 minuto\" \/>\n<script type=\"application\/ld+json\" class=\"yoast-schema-graph\">{\"@context\":\"https:\/\/schema.org\",\"@graph\":[{\"@type\":\"WebPage\",\"@id\":\"https:\/\/letrame.com\/catalogo\/producto\/cronicas-de-la-mancha-humeda\/\",\"url\":\"https:\/\/letrame.com\/catalogo\/producto\/cronicas-de-la-mancha-humeda\/\",\"name\":\"Cr\u00f3nicas de la mancha h\u00fameda - Catalogo | Letrame Grupo Editorial\",\"isPartOf\":{\"@id\":\"https:\/\/letrame.com\/catalogo\/#website\"},\"primaryImageOfPage\":{\"@id\":\"https:\/\/letrame.com\/catalogo\/producto\/cronicas-de-la-mancha-humeda\/#primaryimage\"},\"image\":{\"@id\":\"https:\/\/letrame.com\/catalogo\/producto\/cronicas-de-la-mancha-humeda\/#primaryimage\"},\"thumbnailUrl\":\"https:\/\/letrame.com\/catalogo\/wp-content\/uploads\/2024\/04\/redportada_cronicasdelamancha_1151mm-compressed.jpg\",\"datePublished\":\"2024-04-29T12:50:44+00:00\",\"dateModified\":\"2024-04-29T12:50:48+00:00\",\"breadcrumb\":{\"@id\":\"https:\/\/letrame.com\/catalogo\/producto\/cronicas-de-la-mancha-humeda\/#breadcrumb\"},\"inLanguage\":\"es\",\"potentialAction\":[{\"@type\":\"ReadAction\",\"target\":[\"https:\/\/letrame.com\/catalogo\/producto\/cronicas-de-la-mancha-humeda\/\"]}]},{\"@type\":\"ImageObject\",\"inLanguage\":\"es\",\"@id\":\"https:\/\/letrame.com\/catalogo\/producto\/cronicas-de-la-mancha-humeda\/#primaryimage\",\"url\":\"https:\/\/letrame.com\/catalogo\/wp-content\/uploads\/2024\/04\/redportada_cronicasdelamancha_1151mm-compressed.jpg\",\"contentUrl\":\"https:\/\/letrame.com\/catalogo\/wp-content\/uploads\/2024\/04\/redportada_cronicasdelamancha_1151mm-compressed.jpg\",\"width\":601,\"height\":849},{\"@type\":\"BreadcrumbList\",\"@id\":\"https:\/\/letrame.com\/catalogo\/producto\/cronicas-de-la-mancha-humeda\/#breadcrumb\",\"itemListElement\":[{\"@type\":\"ListItem\",\"position\":1,\"name\":\"Portada\",\"item\":\"https:\/\/letrame.com\/catalogo\/\"},{\"@type\":\"ListItem\",\"position\":2,\"name\":\"Cat\u00e1logo\",\"item\":\"https:\/\/letrame.com\/catalogo\/\"},{\"@type\":\"ListItem\",\"position\":3,\"name\":\"Cr\u00f3nicas de la mancha h\u00fameda\"}]},{\"@type\":\"WebSite\",\"@id\":\"https:\/\/letrame.com\/catalogo\/#website\",\"url\":\"https:\/\/letrame.com\/catalogo\/\",\"name\":\"Catalogo | Letrame Grupo Editorial\",\"description\":\"\",\"publisher\":{\"@id\":\"https:\/\/letrame.com\/catalogo\/#organization\"},\"potentialAction\":[{\"@type\":\"SearchAction\",\"target\":{\"@type\":\"EntryPoint\",\"urlTemplate\":\"https:\/\/letrame.com\/catalogo\/?s={search_term_string}\"},\"query-input\":{\"@type\":\"PropertyValueSpecification\",\"valueRequired\":true,\"valueName\":\"search_term_string\"}}],\"inLanguage\":\"es\"},{\"@type\":\"Organization\",\"@id\":\"https:\/\/letrame.com\/catalogo\/#organization\",\"name\":\"Catalogo | Letrame Grupo Editorial\",\"url\":\"https:\/\/letrame.com\/catalogo\/\",\"logo\":{\"@type\":\"ImageObject\",\"inLanguage\":\"es\",\"@id\":\"https:\/\/letrame.com\/catalogo\/#\/schema\/logo\/image\/\",\"url\":\"https:\/\/letrame.com\/catalogo\/wp-content\/uploads\/2024\/03\/logo2.webp\",\"contentUrl\":\"https:\/\/letrame.com\/catalogo\/wp-content\/uploads\/2024\/03\/logo2.webp\",\"width\":394,\"height\":128,\"caption\":\"Catalogo | Letrame Grupo Editorial\"},\"image\":{\"@id\":\"https:\/\/letrame.com\/catalogo\/#\/schema\/logo\/image\/\"}}]}<\/script>\n<!-- \/ Yoast SEO plugin. -->","yoast_head_json":{"title":"Cr\u00f3nicas de la mancha h\u00fameda - Catalogo | Letrame Grupo Editorial","robots":{"index":"index","follow":"follow","max-snippet":"max-snippet:-1","max-image-preview":"max-image-preview:large","max-video-preview":"max-video-preview:-1"},"canonical":"https:\/\/letrame.com\/catalogo\/producto\/cronicas-de-la-mancha-humeda\/","og_locale":"es_ES","og_type":"article","og_title":"Cr\u00f3nicas de la mancha h\u00fameda - Catalogo | Letrame Grupo Editorial","og_description":"ISBN: 978-84-1144-221-3 SINOPSIS Este librito es una especie de cr\u00f3nica sobre las lagunas manchegas durante el periodo 1974-2021. Trata de reflejar algunos aspectos ambientales de estos humedales, historietas y an\u00e9cdotas relacionadas con su conservaci\u00f3n, con su gesti\u00f3n, y en alg\u00fan caso con su recuperaci\u00f3n. Est\u00e1 enfocado desde la perspectiva de los viajes, relaciones y conocimientos que a lo largo del periodo indicado realic\u00e9 dando saltos de una a otra laguna, observando c\u00f3mo eran, estudiando su flora y vegetaci\u00f3n y, por otro lado, contactando con personas que se implicaron en el estudio y divulgaci\u00f3n de los valores ambientales de estos ecosistemas acu\u00e1ticos, que tanto han cambiado desde mediados del siglo XX.","og_url":"https:\/\/letrame.com\/catalogo\/producto\/cronicas-de-la-mancha-humeda\/","og_site_name":"Catalogo | Letrame Grupo Editorial","article_modified_time":"2024-04-29T12:50:48+00:00","og_image":[{"width":601,"height":849,"url":"https:\/\/letrame.com\/catalogo\/wp-content\/uploads\/2024\/04\/redportada_cronicasdelamancha_1151mm-compressed.jpg","type":"image\/jpeg"}],"twitter_card":"summary_large_image","twitter_misc":{"Tiempo de lectura":"1 minuto"},"schema":{"@context":"https:\/\/schema.org","@graph":[{"@type":"WebPage","@id":"https:\/\/letrame.com\/catalogo\/producto\/cronicas-de-la-mancha-humeda\/","url":"https:\/\/letrame.com\/catalogo\/producto\/cronicas-de-la-mancha-humeda\/","name":"Cr\u00f3nicas de la mancha h\u00fameda - Catalogo | Letrame Grupo Editorial","isPartOf":{"@id":"https:\/\/letrame.com\/catalogo\/#website"},"primaryImageOfPage":{"@id":"https:\/\/letrame.com\/catalogo\/producto\/cronicas-de-la-mancha-humeda\/#primaryimage"},"image":{"@id":"https:\/\/letrame.com\/catalogo\/producto\/cronicas-de-la-mancha-humeda\/#primaryimage"},"thumbnailUrl":"https:\/\/letrame.com\/catalogo\/wp-content\/uploads\/2024\/04\/redportada_cronicasdelamancha_1151mm-compressed.jpg","datePublished":"2024-04-29T12:50:44+00:00","dateModified":"2024-04-29T12:50:48+00:00","breadcrumb":{"@id":"https:\/\/letrame.com\/catalogo\/producto\/cronicas-de-la-mancha-humeda\/#breadcrumb"},"inLanguage":"es","potentialAction":[{"@type":"ReadAction","target":["https:\/\/letrame.com\/catalogo\/producto\/cronicas-de-la-mancha-humeda\/"]}]},{"@type":"ImageObject","inLanguage":"es","@id":"https:\/\/letrame.com\/catalogo\/producto\/cronicas-de-la-mancha-humeda\/#primaryimage","url":"https:\/\/letrame.com\/catalogo\/wp-content\/uploads\/2024\/04\/redportada_cronicasdelamancha_1151mm-compressed.jpg","contentUrl":"https:\/\/letrame.com\/catalogo\/wp-content\/uploads\/2024\/04\/redportada_cronicasdelamancha_1151mm-compressed.jpg","width":601,"height":849},{"@type":"BreadcrumbList","@id":"https:\/\/letrame.com\/catalogo\/producto\/cronicas-de-la-mancha-humeda\/#breadcrumb","itemListElement":[{"@type":"ListItem","position":1,"name":"Portada","item":"https:\/\/letrame.com\/catalogo\/"},{"@type":"ListItem","position":2,"name":"Cat\u00e1logo","item":"https:\/\/letrame.com\/catalogo\/"},{"@type":"ListItem","position":3,"name":"Cr\u00f3nicas de la mancha h\u00fameda"}]},{"@type":"WebSite","@id":"https:\/\/letrame.com\/catalogo\/#website","url":"https:\/\/letrame.com\/catalogo\/","name":"Catalogo | Letrame Grupo Editorial","description":"","publisher":{"@id":"https:\/\/letrame.com\/catalogo\/#organization"},"potentialAction":[{"@type":"SearchAction","target":{"@type":"EntryPoint","urlTemplate":"https:\/\/letrame.com\/catalogo\/?s={search_term_string}"},"query-input":{"@type":"PropertyValueSpecification","valueRequired":true,"valueName":"search_term_string"}}],"inLanguage":"es"},{"@type":"Organization","@id":"https:\/\/letrame.com\/catalogo\/#organization","name":"Catalogo | Letrame Grupo Editorial","url":"https:\/\/letrame.com\/catalogo\/","logo":{"@type":"ImageObject","inLanguage":"es","@id":"https:\/\/letrame.com\/catalogo\/#\/schema\/logo\/image\/","url":"https:\/\/letrame.com\/catalogo\/wp-content\/uploads\/2024\/03\/logo2.webp","contentUrl":"https:\/\/letrame.com\/catalogo\/wp-content\/uploads\/2024\/03\/logo2.webp","width":394,"height":128,"caption":"Catalogo | Letrame Grupo Editorial"},"image":{"@id":"https:\/\/letrame.com\/catalogo\/#\/schema\/logo\/image\/"}}]}},"_links":{"self":[{"href":"https:\/\/letrame.com\/catalogo\/wp-json\/wp\/v2\/product\/98159","targetHints":{"allow":["GET"]}}],"collection":[{"href":"https:\/\/letrame.com\/catalogo\/wp-json\/wp\/v2\/product"}],"about":[{"href":"https:\/\/letrame.com\/catalogo\/wp-json\/wp\/v2\/types\/product"}],"replies":[{"embeddable":true,"href":"https:\/\/letrame.com\/catalogo\/wp-json\/wp\/v2\/comments?post=98159"}],"acf:post":[{"embeddable":true,"href":"https:\/\/letrame.com\/catalogo\/wp-json\/wp\/v2\/author_book\/76670"}],"wp:featuredmedia":[{"embeddable":true,"href":"https:\/\/letrame.com\/catalogo\/wp-json\/wp\/v2\/media\/98160"}],"wp:attachment":[{"href":"https:\/\/letrame.com\/catalogo\/wp-json\/wp\/v2\/media?parent=98159"}],"wp:term":[{"taxonomy":"libro","embeddable":true,"href":"https:\/\/letrame.com\/catalogo\/wp-json\/wp\/v2\/libro?post=98159"},{"taxonomy":"product_brand","embeddable":true,"href":"https:\/\/letrame.com\/catalogo\/wp-json\/wp\/v2\/product_brand?post=98159"},{"taxonomy":"product_cat","embeddable":true,"href":"https:\/\/letrame.com\/catalogo\/wp-json\/wp\/v2\/product_cat?post=98159"},{"taxonomy":"product_tag","embeddable":true,"href":"https:\/\/letrame.com\/catalogo\/wp-json\/wp\/v2\/product_tag?post=98159"}],"curies":[{"name":"wp","href":"https:\/\/api.w.org\/{rel}","templated":true}]}}