{"id":98109,"date":"2024-04-29T14:48:46","date_gmt":"2024-04-29T12:48:46","guid":{"rendered":"https:\/\/letrame.com\/catalogo\/producto\/el-factor-inhumano\/"},"modified":"2024-12-03T13:32:15","modified_gmt":"2024-12-03T12:32:15","slug":"el-factor-inhumano","status":"publish","type":"product","link":"https:\/\/letrame.com\/catalogo\/producto\/el-factor-inhumano\/","title":{"rendered":"El factor inhumano 2\u00baEd"},"content":{"rendered":"<p><strong>ISBN<\/strong>: 978-84-1089-142-5<\/p>\n<p><strong>T\u00edtulo<\/strong>: <span data-sheets-value=\"{&quot;1&quot;:2,&quot;2&quot;:&quot;El factor inhumano&quot;}\" data-sheets-userformat=\"{&quot;2&quot;:579,&quot;3&quot;:{&quot;1&quot;:0},&quot;4&quot;:{&quot;1&quot;:2,&quot;2&quot;:14281427},&quot;9&quot;:1,&quot;12&quot;:0}\">El factor inhumano<\/span><br \/>\n<strong>Fecha<\/strong>: 2022<br \/>\n<strong>P\u00e1ginas<\/strong>: 109<\/p>\n<p><strong>SINOPSIS<\/strong><\/p>\n<p>Un grupo de rid\u00edculos delincuentes planifica dar su atraco perfecto. Sin embargo, cuando est\u00e1n a punto dar el golpe final, un giro sorprendente lo cambiar\u00e1 todo, ya que no contaban con un factor inesperado. Si quieres averiguar m\u00e1s, emb\u00e1rcate en esta piragua que hace aguas por todos sus costados; viajar\u00e1s a Berl\u00edn en barco, visitar\u00e1s la funeraria m\u00e1s viva y alocada en la que te lo pasar\u00e1s de muerte; te pegar\u00e1s un <em>atrac\u00f3<\/em>n de macarrones sicilianos con tomate y <em>chorizos<\/em>; te llevaremos de desfile a la mercer\u00eda m\u00e1s cuqui de tu barrio y aprender\u00e1s a descifrar el cifrado de cualquier caja fuerte inexpugnable. Pero&#8230; \u00a1ten cuidado, no vayas a quedar atrapado por las comidas de bola del Esponjo!<\/p>\n<p><em>El factor inhumano<\/em> pretende entretener con sus personajes absurdos, pero detr\u00e1s de cada uno de ellos apreciamos m\u00e1s realidad de la aparente, pues representan elementos d t\u00e9cnica.e la vida misma sobre los que reflexionar: enga\u00f1o, falsedad, fingimiento, identidad, tecnolog\u00eda y redes sociales. El ser humano o inhumano, tan capaz de lucir como de embrutecer.<\/p>\n<p>&nbsp;<\/p>\n","protected":false},"excerpt":{"rendered":"<p><strong>ISBN<\/strong>: 978-84-1089-142-5<\/p>\n<p><strong>SINOPSIS<\/strong><\/p>\n<p>Un grupo de rid\u00edculos delincuentes planifica dar su atraco perfecto. Sin embargo, cuando est\u00e1n a punto dar el golpe final, un giro sorprendente lo cambiar\u00e1 todo, ya que no contaban con un factor inesperado. Si quieres averiguar m\u00e1s, emb\u00e1rcate en esta piragua que hace aguas por todos sus costados; viajar\u00e1s a Berl\u00edn en barco, visitar\u00e1s la funeraria m\u00e1s viva y alocada en la que te lo pasar\u00e1s de muerte; te pegar\u00e1s un <em>atrac\u00f3<\/em>n de macarrones sicilianos con tomate y <em>chorizos<\/em>; te llevaremos de desfile a la mercer\u00eda m\u00e1s cuqui de tu barrio y aprender\u00e1s a descifrar el cifrado de cualquier caja fuerte inexpugnable. Pero&#8230; \u00a1ten cuidado, no vayas a quedar atrapado por las comidas de bola del Esponjo!<\/p>\n<p><em>El factor inhumano<\/em> pretende entretener con sus personajes absurdos, pero detr\u00e1s de cada uno de ellos apreciamos m\u00e1s realidad de la aparente, pues representan elementos de la vida misma sobre los que reflexionar: enga\u00f1o, fa t\u00e9cnica.lsedad, fingimiento, identidad, tecnolog\u00eda y redes sociales. El ser humano o inhumano, tan capaz de lucir como de embrutecer.<\/p>\n","protected":false},"featured_media":107332,"comment_status":"closed","ping_status":"closed","template":"","meta":{"_acf_changed":false},"libro":[],"product_brand":[],"product_cat":[46],"product_tag":[],"class_list":{"0":"post-98109","1":"product","2":"type-product","3":"status-publish","4":"has-post-thumbnail","6":"product_cat-teatro","8":"first","9":"instock","10":"product-type-simple"},"acf":{"autor":[76636],"enlace_de_compra":"https:\/\/www.amazon.es\/El-factor-inhumano-1-novela\/dp\/8411441504"},"yoast_head":"<!-- This site is optimized with the Yoast SEO plugin v27.4 - https:\/\/yoast.com\/product\/yoast-seo-wordpress\/ -->\n<title>El factor inhumano 2\u00baEd - Catalogo | Letrame Grupo Editorial<\/title>\n<meta name=\"robots\" content=\"index, follow, max-snippet:-1, max-image-preview:large, max-video-preview:-1\" \/>\n<link rel=\"canonical\" href=\"https:\/\/letrame.com\/catalogo\/producto\/el-factor-inhumano\/\" \/>\n<meta property=\"og:locale\" content=\"es_ES\" \/>\n<meta property=\"og:type\" content=\"article\" \/>\n<meta property=\"og:title\" content=\"El factor inhumano 2\u00baEd - Catalogo | Letrame Grupo Editorial\" \/>\n<meta property=\"og:description\" content=\"ISBN: 978-84-1089-142-5  SINOPSIS  Un grupo de rid\u00edculos delincuentes planifica dar su atraco perfecto. Sin embargo, cuando est\u00e1n a punto dar el golpe final, un giro sorprendente lo cambiar\u00e1 todo, ya que no contaban con un factor inesperado. Si quieres averiguar m\u00e1s, emb\u00e1rcate en esta piragua que hace aguas por todos sus costados; viajar\u00e1s a Berl\u00edn en barco, visitar\u00e1s la funeraria m\u00e1s viva y alocada en la que te lo pasar\u00e1s de muerte; te pegar\u00e1s un atrac\u00f3n de macarrones sicilianos con tomate y chorizos; te llevaremos de desfile a la mercer\u00eda m\u00e1s cuqui de tu barrio y aprender\u00e1s a descifrar el cifrado de cualquier caja fuerte inexpugnable. Pero... \u00a1ten cuidado, no vayas a quedar atrapado por las comidas de bola del Esponjo!  El factor inhumano pretende entretener con sus personajes absurdos, pero detr\u00e1s de cada uno de ellos apreciamos m\u00e1s realidad de la aparente, pues representan elementos de la vida misma sobre los que reflexionar: enga\u00f1o, fa t\u00e9cnica.lsedad, fingimiento, identidad, tecnolog\u00eda y redes sociales. El ser humano o inhumano, tan capaz de lucir como de embrutecer.\" \/>\n<meta property=\"og:url\" content=\"https:\/\/letrame.com\/catalogo\/producto\/el-factor-inhumano\/\" \/>\n<meta property=\"og:site_name\" content=\"Catalogo | Letrame Grupo Editorial\" \/>\n<meta property=\"article:modified_time\" content=\"2024-12-03T12:32:15+00:00\" \/>\n<meta property=\"og:image\" content=\"https:\/\/letrame.com\/catalogo\/wp-content\/uploads\/2024\/04\/zBM2edi_elfactorinhumano_61mm.jpg\" \/>\n\t<meta property=\"og:image:width\" content=\"650\" \/>\n\t<meta property=\"og:image:height\" content=\"974\" \/>\n\t<meta property=\"og:image:type\" content=\"image\/jpeg\" \/>\n<meta name=\"twitter:card\" content=\"summary_large_image\" \/>\n<meta name=\"twitter:label1\" content=\"Tiempo de lectura\" \/>\n\t<meta name=\"twitter:data1\" content=\"2 minutos\" \/>\n<script type=\"application\/ld+json\" class=\"yoast-schema-graph\">{\"@context\":\"https:\\\/\\\/schema.org\",\"@graph\":[{\"@type\":\"WebPage\",\"@id\":\"https:\\\/\\\/letrame.com\\\/catalogo\\\/producto\\\/el-factor-inhumano\\\/\",\"url\":\"https:\\\/\\\/letrame.com\\\/catalogo\\\/producto\\\/el-factor-inhumano\\\/\",\"name\":\"El factor inhumano 2\u00baEd - Catalogo | Letrame Grupo Editorial\",\"isPartOf\":{\"@id\":\"https:\\\/\\\/letrame.com\\\/catalogo\\\/#website\"},\"primaryImageOfPage\":{\"@id\":\"https:\\\/\\\/letrame.com\\\/catalogo\\\/producto\\\/el-factor-inhumano\\\/#primaryimage\"},\"image\":{\"@id\":\"https:\\\/\\\/letrame.com\\\/catalogo\\\/producto\\\/el-factor-inhumano\\\/#primaryimage\"},\"thumbnailUrl\":\"https:\\\/\\\/letrame.com\\\/catalogo\\\/wp-content\\\/uploads\\\/2024\\\/04\\\/zBM2edi_elfactorinhumano_61mm.jpg\",\"datePublished\":\"2024-04-29T12:48:46+00:00\",\"dateModified\":\"2024-12-03T12:32:15+00:00\",\"breadcrumb\":{\"@id\":\"https:\\\/\\\/letrame.com\\\/catalogo\\\/producto\\\/el-factor-inhumano\\\/#breadcrumb\"},\"inLanguage\":\"es\",\"potentialAction\":[{\"@type\":\"ReadAction\",\"target\":[\"https:\\\/\\\/letrame.com\\\/catalogo\\\/producto\\\/el-factor-inhumano\\\/\"]}]},{\"@type\":\"ImageObject\",\"inLanguage\":\"es\",\"@id\":\"https:\\\/\\\/letrame.com\\\/catalogo\\\/producto\\\/el-factor-inhumano\\\/#primaryimage\",\"url\":\"https:\\\/\\\/letrame.com\\\/catalogo\\\/wp-content\\\/uploads\\\/2024\\\/04\\\/zBM2edi_elfactorinhumano_61mm.jpg\",\"contentUrl\":\"https:\\\/\\\/letrame.com\\\/catalogo\\\/wp-content\\\/uploads\\\/2024\\\/04\\\/zBM2edi_elfactorinhumano_61mm.jpg\",\"width\":650,\"height\":974},{\"@type\":\"BreadcrumbList\",\"@id\":\"https:\\\/\\\/letrame.com\\\/catalogo\\\/producto\\\/el-factor-inhumano\\\/#breadcrumb\",\"itemListElement\":[{\"@type\":\"ListItem\",\"position\":1,\"name\":\"Portada\",\"item\":\"https:\\\/\\\/letrame.com\\\/catalogo\\\/\"},{\"@type\":\"ListItem\",\"position\":2,\"name\":\"Cat\u00e1logo\",\"item\":\"https:\\\/\\\/letrame.com\\\/catalogo\\\/\"},{\"@type\":\"ListItem\",\"position\":3,\"name\":\"El factor inhumano 2\u00baEd\"}]},{\"@type\":\"WebSite\",\"@id\":\"https:\\\/\\\/letrame.com\\\/catalogo\\\/#website\",\"url\":\"https:\\\/\\\/letrame.com\\\/catalogo\\\/\",\"name\":\"Catalogo | Letrame Grupo Editorial\",\"description\":\"\",\"publisher\":{\"@id\":\"https:\\\/\\\/letrame.com\\\/catalogo\\\/#organization\"},\"potentialAction\":[{\"@type\":\"SearchAction\",\"target\":{\"@type\":\"EntryPoint\",\"urlTemplate\":\"https:\\\/\\\/letrame.com\\\/catalogo\\\/?s={search_term_string}\"},\"query-input\":{\"@type\":\"PropertyValueSpecification\",\"valueRequired\":true,\"valueName\":\"search_term_string\"}}],\"inLanguage\":\"es\"},{\"@type\":\"Organization\",\"@id\":\"https:\\\/\\\/letrame.com\\\/catalogo\\\/#organization\",\"name\":\"Catalogo | Letrame Grupo Editorial\",\"url\":\"https:\\\/\\\/letrame.com\\\/catalogo\\\/\",\"logo\":{\"@type\":\"ImageObject\",\"inLanguage\":\"es\",\"@id\":\"https:\\\/\\\/letrame.com\\\/catalogo\\\/#\\\/schema\\\/logo\\\/image\\\/\",\"url\":\"https:\\\/\\\/letrame.com\\\/catalogo\\\/wp-content\\\/uploads\\\/2024\\\/03\\\/logo2.webp\",\"contentUrl\":\"https:\\\/\\\/letrame.com\\\/catalogo\\\/wp-content\\\/uploads\\\/2024\\\/03\\\/logo2.webp\",\"width\":394,\"height\":128,\"caption\":\"Catalogo | Letrame Grupo Editorial\"},\"image\":{\"@id\":\"https:\\\/\\\/letrame.com\\\/catalogo\\\/#\\\/schema\\\/logo\\\/image\\\/\"}}]}<\/script>\n<!-- \/ Yoast SEO plugin. -->","yoast_head_json":{"title":"El factor inhumano 2\u00baEd - Catalogo | Letrame Grupo Editorial","robots":{"index":"index","follow":"follow","max-snippet":"max-snippet:-1","max-image-preview":"max-image-preview:large","max-video-preview":"max-video-preview:-1"},"canonical":"https:\/\/letrame.com\/catalogo\/producto\/el-factor-inhumano\/","og_locale":"es_ES","og_type":"article","og_title":"El factor inhumano 2\u00baEd - Catalogo | Letrame Grupo Editorial","og_description":"ISBN: 978-84-1089-142-5  SINOPSIS  Un grupo de rid\u00edculos delincuentes planifica dar su atraco perfecto. Sin embargo, cuando est\u00e1n a punto dar el golpe final, un giro sorprendente lo cambiar\u00e1 todo, ya que no contaban con un factor inesperado. Si quieres averiguar m\u00e1s, emb\u00e1rcate en esta piragua que hace aguas por todos sus costados; viajar\u00e1s a Berl\u00edn en barco, visitar\u00e1s la funeraria m\u00e1s viva y alocada en la que te lo pasar\u00e1s de muerte; te pegar\u00e1s un atrac\u00f3n de macarrones sicilianos con tomate y chorizos; te llevaremos de desfile a la mercer\u00eda m\u00e1s cuqui de tu barrio y aprender\u00e1s a descifrar el cifrado de cualquier caja fuerte inexpugnable. Pero... \u00a1ten cuidado, no vayas a quedar atrapado por las comidas de bola del Esponjo!  El factor inhumano pretende entretener con sus personajes absurdos, pero detr\u00e1s de cada uno de ellos apreciamos m\u00e1s realidad de la aparente, pues representan elementos de la vida misma sobre los que reflexionar: enga\u00f1o, fa t\u00e9cnica.lsedad, fingimiento, identidad, tecnolog\u00eda y redes sociales. El ser humano o inhumano, tan capaz de lucir como de embrutecer.","og_url":"https:\/\/letrame.com\/catalogo\/producto\/el-factor-inhumano\/","og_site_name":"Catalogo | Letrame Grupo Editorial","article_modified_time":"2024-12-03T12:32:15+00:00","og_image":[{"width":650,"height":974,"url":"https:\/\/letrame.com\/catalogo\/wp-content\/uploads\/2024\/04\/zBM2edi_elfactorinhumano_61mm.jpg","type":"image\/jpeg"}],"twitter_card":"summary_large_image","twitter_misc":{"Tiempo de lectura":"2 minutos"},"schema":{"@context":"https:\/\/schema.org","@graph":[{"@type":"WebPage","@id":"https:\/\/letrame.com\/catalogo\/producto\/el-factor-inhumano\/","url":"https:\/\/letrame.com\/catalogo\/producto\/el-factor-inhumano\/","name":"El factor inhumano 2\u00baEd - Catalogo | Letrame Grupo Editorial","isPartOf":{"@id":"https:\/\/letrame.com\/catalogo\/#website"},"primaryImageOfPage":{"@id":"https:\/\/letrame.com\/catalogo\/producto\/el-factor-inhumano\/#primaryimage"},"image":{"@id":"https:\/\/letrame.com\/catalogo\/producto\/el-factor-inhumano\/#primaryimage"},"thumbnailUrl":"https:\/\/letrame.com\/catalogo\/wp-content\/uploads\/2024\/04\/zBM2edi_elfactorinhumano_61mm.jpg","datePublished":"2024-04-29T12:48:46+00:00","dateModified":"2024-12-03T12:32:15+00:00","breadcrumb":{"@id":"https:\/\/letrame.com\/catalogo\/producto\/el-factor-inhumano\/#breadcrumb"},"inLanguage":"es","potentialAction":[{"@type":"ReadAction","target":["https:\/\/letrame.com\/catalogo\/producto\/el-factor-inhumano\/"]}]},{"@type":"ImageObject","inLanguage":"es","@id":"https:\/\/letrame.com\/catalogo\/producto\/el-factor-inhumano\/#primaryimage","url":"https:\/\/letrame.com\/catalogo\/wp-content\/uploads\/2024\/04\/zBM2edi_elfactorinhumano_61mm.jpg","contentUrl":"https:\/\/letrame.com\/catalogo\/wp-content\/uploads\/2024\/04\/zBM2edi_elfactorinhumano_61mm.jpg","width":650,"height":974},{"@type":"BreadcrumbList","@id":"https:\/\/letrame.com\/catalogo\/producto\/el-factor-inhumano\/#breadcrumb","itemListElement":[{"@type":"ListItem","position":1,"name":"Portada","item":"https:\/\/letrame.com\/catalogo\/"},{"@type":"ListItem","position":2,"name":"Cat\u00e1logo","item":"https:\/\/letrame.com\/catalogo\/"},{"@type":"ListItem","position":3,"name":"El factor inhumano 2\u00baEd"}]},{"@type":"WebSite","@id":"https:\/\/letrame.com\/catalogo\/#website","url":"https:\/\/letrame.com\/catalogo\/","name":"Catalogo | Letrame Grupo Editorial","description":"","publisher":{"@id":"https:\/\/letrame.com\/catalogo\/#organization"},"potentialAction":[{"@type":"SearchAction","target":{"@type":"EntryPoint","urlTemplate":"https:\/\/letrame.com\/catalogo\/?s={search_term_string}"},"query-input":{"@type":"PropertyValueSpecification","valueRequired":true,"valueName":"search_term_string"}}],"inLanguage":"es"},{"@type":"Organization","@id":"https:\/\/letrame.com\/catalogo\/#organization","name":"Catalogo | Letrame Grupo Editorial","url":"https:\/\/letrame.com\/catalogo\/","logo":{"@type":"ImageObject","inLanguage":"es","@id":"https:\/\/letrame.com\/catalogo\/#\/schema\/logo\/image\/","url":"https:\/\/letrame.com\/catalogo\/wp-content\/uploads\/2024\/03\/logo2.webp","contentUrl":"https:\/\/letrame.com\/catalogo\/wp-content\/uploads\/2024\/03\/logo2.webp","width":394,"height":128,"caption":"Catalogo | Letrame Grupo Editorial"},"image":{"@id":"https:\/\/letrame.com\/catalogo\/#\/schema\/logo\/image\/"}}]}},"_links":{"self":[{"href":"https:\/\/letrame.com\/catalogo\/wp-json\/wp\/v2\/product\/98109","targetHints":{"allow":["GET"]}}],"collection":[{"href":"https:\/\/letrame.com\/catalogo\/wp-json\/wp\/v2\/product"}],"about":[{"href":"https:\/\/letrame.com\/catalogo\/wp-json\/wp\/v2\/types\/product"}],"replies":[{"embeddable":true,"href":"https:\/\/letrame.com\/catalogo\/wp-json\/wp\/v2\/comments?post=98109"}],"acf:post":[{"embeddable":true,"href":"https:\/\/letrame.com\/catalogo\/wp-json\/wp\/v2\/author_book\/76636"}],"wp:featuredmedia":[{"embeddable":true,"href":"https:\/\/letrame.com\/catalogo\/wp-json\/wp\/v2\/media\/107332"}],"wp:attachment":[{"href":"https:\/\/letrame.com\/catalogo\/wp-json\/wp\/v2\/media?parent=98109"}],"wp:term":[{"taxonomy":"libro","embeddable":true,"href":"https:\/\/letrame.com\/catalogo\/wp-json\/wp\/v2\/libro?post=98109"},{"taxonomy":"product_brand","embeddable":true,"href":"https:\/\/letrame.com\/catalogo\/wp-json\/wp\/v2\/product_brand?post=98109"},{"taxonomy":"product_cat","embeddable":true,"href":"https:\/\/letrame.com\/catalogo\/wp-json\/wp\/v2\/product_cat?post=98109"},{"taxonomy":"product_tag","embeddable":true,"href":"https:\/\/letrame.com\/catalogo\/wp-json\/wp\/v2\/product_tag?post=98109"}],"curies":[{"name":"wp","href":"https:\/\/api.w.org\/{rel}","templated":true}]}}