{"id":98098,"date":"2024-04-29T14:48:14","date_gmt":"2024-04-29T12:48:14","guid":{"rendered":"https:\/\/letrame.com\/catalogo\/producto\/hacia-donde-el-viento-me-lleve\/"},"modified":"2024-04-29T14:48:17","modified_gmt":"2024-04-29T12:48:17","slug":"hacia-donde-el-viento-me-lleve","status":"publish","type":"product","link":"https:\/\/letrame.com\/catalogo\/producto\/hacia-donde-el-viento-me-lleve\/","title":{"rendered":"Hacia donde el viento me lleve"},"content":{"rendered":"<p><strong>ISBN<\/strong>: 978-84-1114-995-2<\/p>\n<p><strong>T\u00edtulo<\/strong>: <span data-sheets-value=\"{&quot;1&quot;:2,&quot;2&quot;:&quot;Hacia donde el viento me lleve&quot;}\" data-sheets-userformat=\"{&quot;2&quot;:579,&quot;3&quot;:{&quot;1&quot;:0},&quot;4&quot;:{&quot;1&quot;:2,&quot;2&quot;:14281427},&quot;9&quot;:1,&quot;12&quot;:0}\">Hacia donde el viento me lleve<\/span><br \/>\n<strong>Fecha<\/strong>: 2022<br \/>\n<strong>P\u00e1ginas<\/strong>: 614<\/p>\n<p><strong>SINOPSIS<\/strong><\/p>\n<p>Un gitano en la historia<\/p>\n<p>D\u2019Dios, personaje central de esta novela no es un personaje al uso que nace y vive su peripecia en una \u00e9poca determinada, una vida, un a\u00f1o, semanas o d\u00edas atravesando un n\u00famero indeterminado de p\u00e1ginas hasta escribir la palabra FIN. D\u2019Dios personifica el esp\u00edritu de libertad de un pueblo cuya cultura \u00e1grafa no ha dejado nada escrito sobre su historia consagrado a vivir a su libre albedr\u00edo, como el Viento. No haber escrito su historia no significa que el pueblo gitano, atsinganoi, zott, dom, tzigane, tsigane, zigeuner, zingari, z\u00edngaros, cig\u00e1ny, cingene, egiptiano, bohemio, ijito, motzaile, cal\u00e9, rom, roma, roman\u00ed -que de tantas y m\u00e1s maneras es llamado-, no haya vivido en la historia incluso la haya protagonizado en muchas ocasiones. Con la misma intuici\u00f3n aplicada por paleont\u00f3logos y arque\u00f3logos ante el descubrimiento de un fragmento de hueso o cer\u00e1mica que conduce a trazar una teor\u00eda de la evoluci\u00f3n humana, incluso revisar la asumida hasta el momento, he cedido a la tentaci\u00f3n de imaginar una historia del pueblo gitano dando vida a mi personaje, D\u2019Dios, desde su primera migraci\u00f3n desde \u00c1frica a Eurasia 200.000 a\u00f1os atr\u00e1s, hasta la <em>Zigeunernatch<\/em> del 1 de agosto del a\u00f1o 1944 de nuestra era.<\/p>\n<p>&nbsp;<\/p>\n","protected":false},"excerpt":{"rendered":"<p><strong>ISBN<\/strong>: 978-84-1114-995-2<\/p>\n<p><strong>SINOPSIS<\/strong><\/p>\n<p>Un gitano en la historia<\/p>\n<p>D\u2019Dios, personaje central de esta novela no es un personaje al uso que nace y vive su peripecia en una \u00e9poca determinada, una vida, un a\u00f1o, semanas o d\u00edas atravesando un n\u00famero indeterminado de p\u00e1ginas hasta escribir la palabra FIN. D\u2019Dios personifica el esp\u00edritu de libertad de un pueblo cuya cultura \u00e1grafa no ha dejado nada escrito sobre su historia consagrado a vivir a su libre albedr\u00edo, como el Viento. No haber escrito su historia no significa que el pueblo gitano, atsinganoi, zott, dom, tzigane, tsigane, zigeuner, zingari, z\u00edngaros, cig\u00e1ny, cingene, egiptiano, bohemio, ijito, motzaile, cal\u00e9, rom, roma, roman\u00ed -que de tantas y m\u00e1s maneras es llamado-, no haya vivido en la historia incluso la haya protagonizado en muchas ocasiones. Con la misma intuici\u00f3n aplicada por paleont\u00f3logos y arque\u00f3logos ante el descubrimiento de un fragmento de hueso o cer\u00e1mica que conduce a trazar una teor\u00eda de la evoluci\u00f3n humana, incluso revisar la asumida hasta el momento, he cedido a la tentaci\u00f3n de imaginar una historia del pueblo gitano dando vida a mi personaje, D\u2019Dios, desde su primera migraci\u00f3n desde \u00c1frica a Eurasia 200.000 a\u00f1os atr\u00e1s, hasta la <em>Zigeunernatch<\/em> del 1 de agosto del a\u00f1o 1944 de nuestra era.<\/p>\n","protected":false},"featured_media":98099,"comment_status":"closed","ping_status":"open","template":"","meta":{"_acf_changed":false},"libro":[],"product_brand":[],"product_cat":[16],"product_tag":[],"class_list":{"0":"post-98098","1":"product","2":"type-product","3":"status-publish","4":"has-post-thumbnail","6":"product_cat-novela","8":"first","9":"instock","10":"product-type-simple"},"acf":{"autor":[76626],"enlace_de_compra":"https:\/\/www.amazon.es\/Hacia-donde-viento-lleve-Novela\/dp\/8411149951"},"yoast_head":"<!-- This site is optimized with the Yoast SEO plugin v27.4 - https:\/\/yoast.com\/product\/yoast-seo-wordpress\/ -->\n<title>Hacia donde el viento me lleve - Catalogo | Letrame Grupo Editorial<\/title>\n<meta name=\"robots\" content=\"index, follow, max-snippet:-1, max-image-preview:large, max-video-preview:-1\" \/>\n<link rel=\"canonical\" href=\"https:\/\/letrame.com\/catalogo\/producto\/hacia-donde-el-viento-me-lleve\/\" \/>\n<meta property=\"og:locale\" content=\"es_ES\" \/>\n<meta property=\"og:type\" content=\"article\" \/>\n<meta property=\"og:title\" content=\"Hacia donde el viento me lleve - Catalogo | Letrame Grupo Editorial\" \/>\n<meta property=\"og:description\" content=\"ISBN: 978-84-1114-995-2 SINOPSIS Un gitano en la historia D\u2019Dios, personaje central de esta novela no es un personaje al uso que nace y vive su peripecia en una \u00e9poca determinada, una vida, un a\u00f1o, semanas o d\u00edas atravesando un n\u00famero indeterminado de p\u00e1ginas hasta escribir la palabra FIN. D\u2019Dios personifica el esp\u00edritu de libertad de un pueblo cuya cultura \u00e1grafa no ha dejado nada escrito sobre su historia consagrado a vivir a su libre albedr\u00edo, como el Viento. No haber escrito su historia no significa que el pueblo gitano, atsinganoi, zott, dom, tzigane, tsigane, zigeuner, zingari, z\u00edngaros, cig\u00e1ny, cingene, egiptiano, bohemio, ijito, motzaile, cal\u00e9, rom, roma, roman\u00ed -que de tantas y m\u00e1s maneras es llamado-, no haya vivido en la historia incluso la haya protagonizado en muchas ocasiones. Con la misma intuici\u00f3n aplicada por paleont\u00f3logos y arque\u00f3logos ante el descubrimiento de un fragmento de hueso o cer\u00e1mica que conduce a trazar una teor\u00eda de la evoluci\u00f3n humana, incluso revisar la asumida hasta el momento, he cedido a la tentaci\u00f3n de imaginar una historia del pueblo gitano dando vida a mi personaje, D\u2019Dios, desde su primera migraci\u00f3n desde \u00c1frica a Eurasia 200.000 a\u00f1os atr\u00e1s, hasta la Zigeunernatch del 1 de agosto del a\u00f1o 1944 de nuestra era.\" \/>\n<meta property=\"og:url\" content=\"https:\/\/letrame.com\/catalogo\/producto\/hacia-donde-el-viento-me-lleve\/\" \/>\n<meta property=\"og:site_name\" content=\"Catalogo | Letrame Grupo Editorial\" \/>\n<meta property=\"article:modified_time\" content=\"2024-04-29T12:48:17+00:00\" \/>\n<meta property=\"og:image\" content=\"https:\/\/letrame.com\/catalogo\/wp-content\/uploads\/2024\/04\/redportada_haciadondeelvientomelleve_2942mm-compressed.jpg\" \/>\n\t<meta property=\"og:image:width\" content=\"601\" \/>\n\t<meta property=\"og:image:height\" content=\"849\" \/>\n\t<meta property=\"og:image:type\" content=\"image\/jpeg\" \/>\n<meta name=\"twitter:card\" content=\"summary_large_image\" \/>\n<meta name=\"twitter:label1\" content=\"Tiempo de lectura\" \/>\n\t<meta name=\"twitter:data1\" content=\"1 minuto\" \/>\n<script type=\"application\/ld+json\" class=\"yoast-schema-graph\">{\"@context\":\"https:\\\/\\\/schema.org\",\"@graph\":[{\"@type\":\"WebPage\",\"@id\":\"https:\\\/\\\/letrame.com\\\/catalogo\\\/producto\\\/hacia-donde-el-viento-me-lleve\\\/\",\"url\":\"https:\\\/\\\/letrame.com\\\/catalogo\\\/producto\\\/hacia-donde-el-viento-me-lleve\\\/\",\"name\":\"Hacia donde el viento me lleve - Catalogo | Letrame Grupo Editorial\",\"isPartOf\":{\"@id\":\"https:\\\/\\\/letrame.com\\\/catalogo\\\/#website\"},\"primaryImageOfPage\":{\"@id\":\"https:\\\/\\\/letrame.com\\\/catalogo\\\/producto\\\/hacia-donde-el-viento-me-lleve\\\/#primaryimage\"},\"image\":{\"@id\":\"https:\\\/\\\/letrame.com\\\/catalogo\\\/producto\\\/hacia-donde-el-viento-me-lleve\\\/#primaryimage\"},\"thumbnailUrl\":\"https:\\\/\\\/letrame.com\\\/catalogo\\\/wp-content\\\/uploads\\\/2024\\\/04\\\/redportada_haciadondeelvientomelleve_2942mm-compressed.jpg\",\"datePublished\":\"2024-04-29T12:48:14+00:00\",\"dateModified\":\"2024-04-29T12:48:17+00:00\",\"breadcrumb\":{\"@id\":\"https:\\\/\\\/letrame.com\\\/catalogo\\\/producto\\\/hacia-donde-el-viento-me-lleve\\\/#breadcrumb\"},\"inLanguage\":\"es\",\"potentialAction\":[{\"@type\":\"ReadAction\",\"target\":[\"https:\\\/\\\/letrame.com\\\/catalogo\\\/producto\\\/hacia-donde-el-viento-me-lleve\\\/\"]}]},{\"@type\":\"ImageObject\",\"inLanguage\":\"es\",\"@id\":\"https:\\\/\\\/letrame.com\\\/catalogo\\\/producto\\\/hacia-donde-el-viento-me-lleve\\\/#primaryimage\",\"url\":\"https:\\\/\\\/letrame.com\\\/catalogo\\\/wp-content\\\/uploads\\\/2024\\\/04\\\/redportada_haciadondeelvientomelleve_2942mm-compressed.jpg\",\"contentUrl\":\"https:\\\/\\\/letrame.com\\\/catalogo\\\/wp-content\\\/uploads\\\/2024\\\/04\\\/redportada_haciadondeelvientomelleve_2942mm-compressed.jpg\",\"width\":601,\"height\":849},{\"@type\":\"BreadcrumbList\",\"@id\":\"https:\\\/\\\/letrame.com\\\/catalogo\\\/producto\\\/hacia-donde-el-viento-me-lleve\\\/#breadcrumb\",\"itemListElement\":[{\"@type\":\"ListItem\",\"position\":1,\"name\":\"Portada\",\"item\":\"https:\\\/\\\/letrame.com\\\/catalogo\\\/\"},{\"@type\":\"ListItem\",\"position\":2,\"name\":\"Cat\u00e1logo\",\"item\":\"https:\\\/\\\/letrame.com\\\/catalogo\\\/\"},{\"@type\":\"ListItem\",\"position\":3,\"name\":\"Hacia donde el viento me lleve\"}]},{\"@type\":\"WebSite\",\"@id\":\"https:\\\/\\\/letrame.com\\\/catalogo\\\/#website\",\"url\":\"https:\\\/\\\/letrame.com\\\/catalogo\\\/\",\"name\":\"Catalogo | Letrame Grupo Editorial\",\"description\":\"\",\"publisher\":{\"@id\":\"https:\\\/\\\/letrame.com\\\/catalogo\\\/#organization\"},\"potentialAction\":[{\"@type\":\"SearchAction\",\"target\":{\"@type\":\"EntryPoint\",\"urlTemplate\":\"https:\\\/\\\/letrame.com\\\/catalogo\\\/?s={search_term_string}\"},\"query-input\":{\"@type\":\"PropertyValueSpecification\",\"valueRequired\":true,\"valueName\":\"search_term_string\"}}],\"inLanguage\":\"es\"},{\"@type\":\"Organization\",\"@id\":\"https:\\\/\\\/letrame.com\\\/catalogo\\\/#organization\",\"name\":\"Catalogo | Letrame Grupo Editorial\",\"url\":\"https:\\\/\\\/letrame.com\\\/catalogo\\\/\",\"logo\":{\"@type\":\"ImageObject\",\"inLanguage\":\"es\",\"@id\":\"https:\\\/\\\/letrame.com\\\/catalogo\\\/#\\\/schema\\\/logo\\\/image\\\/\",\"url\":\"https:\\\/\\\/letrame.com\\\/catalogo\\\/wp-content\\\/uploads\\\/2024\\\/03\\\/logo2.webp\",\"contentUrl\":\"https:\\\/\\\/letrame.com\\\/catalogo\\\/wp-content\\\/uploads\\\/2024\\\/03\\\/logo2.webp\",\"width\":394,\"height\":128,\"caption\":\"Catalogo | Letrame Grupo Editorial\"},\"image\":{\"@id\":\"https:\\\/\\\/letrame.com\\\/catalogo\\\/#\\\/schema\\\/logo\\\/image\\\/\"}}]}<\/script>\n<!-- \/ Yoast SEO plugin. -->","yoast_head_json":{"title":"Hacia donde el viento me lleve - Catalogo | Letrame Grupo Editorial","robots":{"index":"index","follow":"follow","max-snippet":"max-snippet:-1","max-image-preview":"max-image-preview:large","max-video-preview":"max-video-preview:-1"},"canonical":"https:\/\/letrame.com\/catalogo\/producto\/hacia-donde-el-viento-me-lleve\/","og_locale":"es_ES","og_type":"article","og_title":"Hacia donde el viento me lleve - Catalogo | Letrame Grupo Editorial","og_description":"ISBN: 978-84-1114-995-2 SINOPSIS Un gitano en la historia D\u2019Dios, personaje central de esta novela no es un personaje al uso que nace y vive su peripecia en una \u00e9poca determinada, una vida, un a\u00f1o, semanas o d\u00edas atravesando un n\u00famero indeterminado de p\u00e1ginas hasta escribir la palabra FIN. D\u2019Dios personifica el esp\u00edritu de libertad de un pueblo cuya cultura \u00e1grafa no ha dejado nada escrito sobre su historia consagrado a vivir a su libre albedr\u00edo, como el Viento. No haber escrito su historia no significa que el pueblo gitano, atsinganoi, zott, dom, tzigane, tsigane, zigeuner, zingari, z\u00edngaros, cig\u00e1ny, cingene, egiptiano, bohemio, ijito, motzaile, cal\u00e9, rom, roma, roman\u00ed -que de tantas y m\u00e1s maneras es llamado-, no haya vivido en la historia incluso la haya protagonizado en muchas ocasiones. Con la misma intuici\u00f3n aplicada por paleont\u00f3logos y arque\u00f3logos ante el descubrimiento de un fragmento de hueso o cer\u00e1mica que conduce a trazar una teor\u00eda de la evoluci\u00f3n humana, incluso revisar la asumida hasta el momento, he cedido a la tentaci\u00f3n de imaginar una historia del pueblo gitano dando vida a mi personaje, D\u2019Dios, desde su primera migraci\u00f3n desde \u00c1frica a Eurasia 200.000 a\u00f1os atr\u00e1s, hasta la Zigeunernatch del 1 de agosto del a\u00f1o 1944 de nuestra era.","og_url":"https:\/\/letrame.com\/catalogo\/producto\/hacia-donde-el-viento-me-lleve\/","og_site_name":"Catalogo | Letrame Grupo Editorial","article_modified_time":"2024-04-29T12:48:17+00:00","og_image":[{"width":601,"height":849,"url":"https:\/\/letrame.com\/catalogo\/wp-content\/uploads\/2024\/04\/redportada_haciadondeelvientomelleve_2942mm-compressed.jpg","type":"image\/jpeg"}],"twitter_card":"summary_large_image","twitter_misc":{"Tiempo de lectura":"1 minuto"},"schema":{"@context":"https:\/\/schema.org","@graph":[{"@type":"WebPage","@id":"https:\/\/letrame.com\/catalogo\/producto\/hacia-donde-el-viento-me-lleve\/","url":"https:\/\/letrame.com\/catalogo\/producto\/hacia-donde-el-viento-me-lleve\/","name":"Hacia donde el viento me lleve - Catalogo | Letrame Grupo Editorial","isPartOf":{"@id":"https:\/\/letrame.com\/catalogo\/#website"},"primaryImageOfPage":{"@id":"https:\/\/letrame.com\/catalogo\/producto\/hacia-donde-el-viento-me-lleve\/#primaryimage"},"image":{"@id":"https:\/\/letrame.com\/catalogo\/producto\/hacia-donde-el-viento-me-lleve\/#primaryimage"},"thumbnailUrl":"https:\/\/letrame.com\/catalogo\/wp-content\/uploads\/2024\/04\/redportada_haciadondeelvientomelleve_2942mm-compressed.jpg","datePublished":"2024-04-29T12:48:14+00:00","dateModified":"2024-04-29T12:48:17+00:00","breadcrumb":{"@id":"https:\/\/letrame.com\/catalogo\/producto\/hacia-donde-el-viento-me-lleve\/#breadcrumb"},"inLanguage":"es","potentialAction":[{"@type":"ReadAction","target":["https:\/\/letrame.com\/catalogo\/producto\/hacia-donde-el-viento-me-lleve\/"]}]},{"@type":"ImageObject","inLanguage":"es","@id":"https:\/\/letrame.com\/catalogo\/producto\/hacia-donde-el-viento-me-lleve\/#primaryimage","url":"https:\/\/letrame.com\/catalogo\/wp-content\/uploads\/2024\/04\/redportada_haciadondeelvientomelleve_2942mm-compressed.jpg","contentUrl":"https:\/\/letrame.com\/catalogo\/wp-content\/uploads\/2024\/04\/redportada_haciadondeelvientomelleve_2942mm-compressed.jpg","width":601,"height":849},{"@type":"BreadcrumbList","@id":"https:\/\/letrame.com\/catalogo\/producto\/hacia-donde-el-viento-me-lleve\/#breadcrumb","itemListElement":[{"@type":"ListItem","position":1,"name":"Portada","item":"https:\/\/letrame.com\/catalogo\/"},{"@type":"ListItem","position":2,"name":"Cat\u00e1logo","item":"https:\/\/letrame.com\/catalogo\/"},{"@type":"ListItem","position":3,"name":"Hacia donde el viento me lleve"}]},{"@type":"WebSite","@id":"https:\/\/letrame.com\/catalogo\/#website","url":"https:\/\/letrame.com\/catalogo\/","name":"Catalogo | Letrame Grupo Editorial","description":"","publisher":{"@id":"https:\/\/letrame.com\/catalogo\/#organization"},"potentialAction":[{"@type":"SearchAction","target":{"@type":"EntryPoint","urlTemplate":"https:\/\/letrame.com\/catalogo\/?s={search_term_string}"},"query-input":{"@type":"PropertyValueSpecification","valueRequired":true,"valueName":"search_term_string"}}],"inLanguage":"es"},{"@type":"Organization","@id":"https:\/\/letrame.com\/catalogo\/#organization","name":"Catalogo | Letrame Grupo Editorial","url":"https:\/\/letrame.com\/catalogo\/","logo":{"@type":"ImageObject","inLanguage":"es","@id":"https:\/\/letrame.com\/catalogo\/#\/schema\/logo\/image\/","url":"https:\/\/letrame.com\/catalogo\/wp-content\/uploads\/2024\/03\/logo2.webp","contentUrl":"https:\/\/letrame.com\/catalogo\/wp-content\/uploads\/2024\/03\/logo2.webp","width":394,"height":128,"caption":"Catalogo | Letrame Grupo Editorial"},"image":{"@id":"https:\/\/letrame.com\/catalogo\/#\/schema\/logo\/image\/"}}]}},"_links":{"self":[{"href":"https:\/\/letrame.com\/catalogo\/wp-json\/wp\/v2\/product\/98098","targetHints":{"allow":["GET"]}}],"collection":[{"href":"https:\/\/letrame.com\/catalogo\/wp-json\/wp\/v2\/product"}],"about":[{"href":"https:\/\/letrame.com\/catalogo\/wp-json\/wp\/v2\/types\/product"}],"replies":[{"embeddable":true,"href":"https:\/\/letrame.com\/catalogo\/wp-json\/wp\/v2\/comments?post=98098"}],"acf:post":[{"embeddable":true,"href":"https:\/\/letrame.com\/catalogo\/wp-json\/wp\/v2\/author_book\/76626"}],"wp:featuredmedia":[{"embeddable":true,"href":"https:\/\/letrame.com\/catalogo\/wp-json\/wp\/v2\/media\/98099"}],"wp:attachment":[{"href":"https:\/\/letrame.com\/catalogo\/wp-json\/wp\/v2\/media?parent=98098"}],"wp:term":[{"taxonomy":"libro","embeddable":true,"href":"https:\/\/letrame.com\/catalogo\/wp-json\/wp\/v2\/libro?post=98098"},{"taxonomy":"product_brand","embeddable":true,"href":"https:\/\/letrame.com\/catalogo\/wp-json\/wp\/v2\/product_brand?post=98098"},{"taxonomy":"product_cat","embeddable":true,"href":"https:\/\/letrame.com\/catalogo\/wp-json\/wp\/v2\/product_cat?post=98098"},{"taxonomy":"product_tag","embeddable":true,"href":"https:\/\/letrame.com\/catalogo\/wp-json\/wp\/v2\/product_tag?post=98098"}],"curies":[{"name":"wp","href":"https:\/\/api.w.org\/{rel}","templated":true}]}}