{"id":98032,"date":"2024-04-29T14:44:51","date_gmt":"2024-04-29T12:44:51","guid":{"rendered":"https:\/\/letrame.com\/catalogo\/producto\/kocina-con-kuko\/"},"modified":"2024-08-12T13:26:11","modified_gmt":"2024-08-12T11:26:11","slug":"kocina-con-kuko","status":"publish","type":"product","link":"https:\/\/letrame.com\/catalogo\/producto\/kocina-con-kuko\/","title":{"rendered":"kocina con kuko"},"content":{"rendered":"<p><strong>ISBN<\/strong>: 978-84-1144-070-7<\/p>\n<p><strong>T\u00edtulo<\/strong>: kocina con kuko<br \/>\n<strong>Fecha<\/strong>: 2022<br \/>\n<strong>P\u00e1ginas<\/strong>: 188<\/p>\n<p><strong>SINOPSIS<\/strong><\/p>\n<p>Kocina con Kuko es la recopilaci\u00f3n de las primeras sugerencias gastron\u00f3micas que ofrec\u00ed desde mi humilde cocina, de las cuales algunas eran de cosecha propia y otras con un toque de distinci\u00f3n.<\/p>\n<p>La idiosincrasia de mi propuesta va dirigida muy particularmente a esas personas que les gusta la cocina, pero piensan que no son capaces.<\/p>\n<p>Trato en todo momento de hacerlo f\u00e1cil para que resulte f\u00e1cil, alejando los estereotipos que encorsetan los intentos por hacerlo, llev\u00e1ndote por su simpleza a tratarlo de intentar.<\/p>\n<p>Con este libro, adem\u00e1s, podr\u00e1s encontrar diferentes alternativas que abre mucho m\u00e1s el abanico de posibilidades.<\/p>\n","protected":false},"excerpt":{"rendered":"<p><strong>ISBN<\/strong>: 978-84-1144-070-7<\/p>\n<p><strong>SINOPSIS<\/strong><\/p>\n<p>Kocina con Kuko es la recopilaci\u00f3n de las primeras sugerencias gastron\u00f3micas que ofrec\u00ed desde mi humilde cocina, de las cuales algunas eran de cosecha propia y otras con un toque de distinci\u00f3n.<\/p>\n<p>La idiosincrasia de mi propuesta va dirigida muy particularmente a esas personas que les gusta la cocina, pero piensan que no son capaces.<\/p>\n<p>Trato en todo momento de hacerlo f\u00e1cil para que resulte f\u00e1cil, alejando los estereotipos que encorsetan los intentos por hacerlo, llev\u00e1ndote por su simpleza a tratarlo de intentar.<\/p>\n<p>Con este libro, adem\u00e1s, podr\u00e1s encontrar diferentes alternativas que abre mucho m\u00e1s el abanico de posibilidades.<\/p>\n","protected":false},"featured_media":98033,"comment_status":"closed","ping_status":"closed","template":"","meta":{"_acf_changed":false},"libro":[],"product_brand":[],"product_cat":[26],"product_tag":[],"class_list":{"0":"post-98032","1":"product","2":"type-product","3":"status-publish","4":"has-post-thumbnail","6":"product_cat-sin-categoria","8":"first","9":"instock","10":"product-type-simple"},"acf":{"autor":[77702],"enlace_de_compra":"https:\/\/amzn.to\/4djuiai"},"yoast_head":"<!-- This site is optimized with the Yoast SEO plugin v27.4 - https:\/\/yoast.com\/product\/yoast-seo-wordpress\/ -->\n<title>kocina con kuko - Catalogo | Letrame Grupo Editorial<\/title>\n<meta name=\"robots\" content=\"index, follow, max-snippet:-1, max-image-preview:large, max-video-preview:-1\" \/>\n<link rel=\"canonical\" href=\"https:\/\/letrame.com\/catalogo\/producto\/kocina-con-kuko\/\" \/>\n<meta property=\"og:locale\" content=\"es_ES\" \/>\n<meta property=\"og:type\" content=\"article\" \/>\n<meta property=\"og:title\" content=\"kocina con kuko - Catalogo | Letrame Grupo Editorial\" \/>\n<meta property=\"og:description\" content=\"ISBN: 978-84-1144-070-7  SINOPSIS  Kocina con Kuko es la recopilaci\u00f3n de las primeras sugerencias gastron\u00f3micas que ofrec\u00ed desde mi humilde cocina, de las cuales algunas eran de cosecha propia y otras con un toque de distinci\u00f3n.  La idiosincrasia de mi propuesta va dirigida muy particularmente a esas personas que les gusta la cocina, pero piensan que no son capaces.  Trato en todo momento de hacerlo f\u00e1cil para que resulte f\u00e1cil, alejando los estereotipos que encorsetan los intentos por hacerlo, llev\u00e1ndote por su simpleza a tratarlo de intentar.  Con este libro, adem\u00e1s, podr\u00e1s encontrar diferentes alternativas que abre mucho m\u00e1s el abanico de posibilidades.\" \/>\n<meta property=\"og:url\" content=\"https:\/\/letrame.com\/catalogo\/producto\/kocina-con-kuko\/\" \/>\n<meta property=\"og:site_name\" content=\"Catalogo | Letrame Grupo Editorial\" \/>\n<meta property=\"article:modified_time\" content=\"2024-08-12T11:26:11+00:00\" \/>\n<meta property=\"og:image\" content=\"https:\/\/letrame.com\/catalogo\/wp-content\/uploads\/2024\/04\/redportada_kocinaconkuko_974mm-compressed-1.jpg\" \/>\n\t<meta property=\"og:image:width\" content=\"601\" \/>\n\t<meta property=\"og:image:height\" content=\"881\" \/>\n\t<meta property=\"og:image:type\" content=\"image\/jpeg\" \/>\n<meta name=\"twitter:card\" content=\"summary_large_image\" \/>\n<meta name=\"twitter:label1\" content=\"Tiempo de lectura\" \/>\n\t<meta name=\"twitter:data1\" content=\"1 minuto\" \/>\n<script type=\"application\/ld+json\" class=\"yoast-schema-graph\">{\"@context\":\"https:\\\/\\\/schema.org\",\"@graph\":[{\"@type\":\"WebPage\",\"@id\":\"https:\\\/\\\/letrame.com\\\/catalogo\\\/producto\\\/kocina-con-kuko\\\/\",\"url\":\"https:\\\/\\\/letrame.com\\\/catalogo\\\/producto\\\/kocina-con-kuko\\\/\",\"name\":\"kocina con kuko - Catalogo | Letrame Grupo Editorial\",\"isPartOf\":{\"@id\":\"https:\\\/\\\/letrame.com\\\/catalogo\\\/#website\"},\"primaryImageOfPage\":{\"@id\":\"https:\\\/\\\/letrame.com\\\/catalogo\\\/producto\\\/kocina-con-kuko\\\/#primaryimage\"},\"image\":{\"@id\":\"https:\\\/\\\/letrame.com\\\/catalogo\\\/producto\\\/kocina-con-kuko\\\/#primaryimage\"},\"thumbnailUrl\":\"https:\\\/\\\/letrame.com\\\/catalogo\\\/wp-content\\\/uploads\\\/2024\\\/04\\\/redportada_kocinaconkuko_974mm-compressed-1.jpg\",\"datePublished\":\"2024-04-29T12:44:51+00:00\",\"dateModified\":\"2024-08-12T11:26:11+00:00\",\"breadcrumb\":{\"@id\":\"https:\\\/\\\/letrame.com\\\/catalogo\\\/producto\\\/kocina-con-kuko\\\/#breadcrumb\"},\"inLanguage\":\"es\",\"potentialAction\":[{\"@type\":\"ReadAction\",\"target\":[\"https:\\\/\\\/letrame.com\\\/catalogo\\\/producto\\\/kocina-con-kuko\\\/\"]}]},{\"@type\":\"ImageObject\",\"inLanguage\":\"es\",\"@id\":\"https:\\\/\\\/letrame.com\\\/catalogo\\\/producto\\\/kocina-con-kuko\\\/#primaryimage\",\"url\":\"https:\\\/\\\/letrame.com\\\/catalogo\\\/wp-content\\\/uploads\\\/2024\\\/04\\\/redportada_kocinaconkuko_974mm-compressed-1.jpg\",\"contentUrl\":\"https:\\\/\\\/letrame.com\\\/catalogo\\\/wp-content\\\/uploads\\\/2024\\\/04\\\/redportada_kocinaconkuko_974mm-compressed-1.jpg\",\"width\":601,\"height\":881},{\"@type\":\"BreadcrumbList\",\"@id\":\"https:\\\/\\\/letrame.com\\\/catalogo\\\/producto\\\/kocina-con-kuko\\\/#breadcrumb\",\"itemListElement\":[{\"@type\":\"ListItem\",\"position\":1,\"name\":\"Portada\",\"item\":\"https:\\\/\\\/letrame.com\\\/catalogo\\\/\"},{\"@type\":\"ListItem\",\"position\":2,\"name\":\"Cat\u00e1logo\",\"item\":\"https:\\\/\\\/letrame.com\\\/catalogo\\\/\"},{\"@type\":\"ListItem\",\"position\":3,\"name\":\"kocina con kuko\"}]},{\"@type\":\"WebSite\",\"@id\":\"https:\\\/\\\/letrame.com\\\/catalogo\\\/#website\",\"url\":\"https:\\\/\\\/letrame.com\\\/catalogo\\\/\",\"name\":\"Catalogo | Letrame Grupo Editorial\",\"description\":\"\",\"publisher\":{\"@id\":\"https:\\\/\\\/letrame.com\\\/catalogo\\\/#organization\"},\"potentialAction\":[{\"@type\":\"SearchAction\",\"target\":{\"@type\":\"EntryPoint\",\"urlTemplate\":\"https:\\\/\\\/letrame.com\\\/catalogo\\\/?s={search_term_string}\"},\"query-input\":{\"@type\":\"PropertyValueSpecification\",\"valueRequired\":true,\"valueName\":\"search_term_string\"}}],\"inLanguage\":\"es\"},{\"@type\":\"Organization\",\"@id\":\"https:\\\/\\\/letrame.com\\\/catalogo\\\/#organization\",\"name\":\"Catalogo | Letrame Grupo Editorial\",\"url\":\"https:\\\/\\\/letrame.com\\\/catalogo\\\/\",\"logo\":{\"@type\":\"ImageObject\",\"inLanguage\":\"es\",\"@id\":\"https:\\\/\\\/letrame.com\\\/catalogo\\\/#\\\/schema\\\/logo\\\/image\\\/\",\"url\":\"https:\\\/\\\/letrame.com\\\/catalogo\\\/wp-content\\\/uploads\\\/2024\\\/03\\\/logo2.webp\",\"contentUrl\":\"https:\\\/\\\/letrame.com\\\/catalogo\\\/wp-content\\\/uploads\\\/2024\\\/03\\\/logo2.webp\",\"width\":394,\"height\":128,\"caption\":\"Catalogo | Letrame Grupo Editorial\"},\"image\":{\"@id\":\"https:\\\/\\\/letrame.com\\\/catalogo\\\/#\\\/schema\\\/logo\\\/image\\\/\"}}]}<\/script>\n<!-- \/ Yoast SEO plugin. -->","yoast_head_json":{"title":"kocina con kuko - Catalogo | Letrame Grupo Editorial","robots":{"index":"index","follow":"follow","max-snippet":"max-snippet:-1","max-image-preview":"max-image-preview:large","max-video-preview":"max-video-preview:-1"},"canonical":"https:\/\/letrame.com\/catalogo\/producto\/kocina-con-kuko\/","og_locale":"es_ES","og_type":"article","og_title":"kocina con kuko - Catalogo | Letrame Grupo Editorial","og_description":"ISBN: 978-84-1144-070-7  SINOPSIS  Kocina con Kuko es la recopilaci\u00f3n de las primeras sugerencias gastron\u00f3micas que ofrec\u00ed desde mi humilde cocina, de las cuales algunas eran de cosecha propia y otras con un toque de distinci\u00f3n.  La idiosincrasia de mi propuesta va dirigida muy particularmente a esas personas que les gusta la cocina, pero piensan que no son capaces.  Trato en todo momento de hacerlo f\u00e1cil para que resulte f\u00e1cil, alejando los estereotipos que encorsetan los intentos por hacerlo, llev\u00e1ndote por su simpleza a tratarlo de intentar.  Con este libro, adem\u00e1s, podr\u00e1s encontrar diferentes alternativas que abre mucho m\u00e1s el abanico de posibilidades.","og_url":"https:\/\/letrame.com\/catalogo\/producto\/kocina-con-kuko\/","og_site_name":"Catalogo | Letrame Grupo Editorial","article_modified_time":"2024-08-12T11:26:11+00:00","og_image":[{"width":601,"height":881,"url":"https:\/\/letrame.com\/catalogo\/wp-content\/uploads\/2024\/04\/redportada_kocinaconkuko_974mm-compressed-1.jpg","type":"image\/jpeg"}],"twitter_card":"summary_large_image","twitter_misc":{"Tiempo de lectura":"1 minuto"},"schema":{"@context":"https:\/\/schema.org","@graph":[{"@type":"WebPage","@id":"https:\/\/letrame.com\/catalogo\/producto\/kocina-con-kuko\/","url":"https:\/\/letrame.com\/catalogo\/producto\/kocina-con-kuko\/","name":"kocina con kuko - Catalogo | Letrame Grupo Editorial","isPartOf":{"@id":"https:\/\/letrame.com\/catalogo\/#website"},"primaryImageOfPage":{"@id":"https:\/\/letrame.com\/catalogo\/producto\/kocina-con-kuko\/#primaryimage"},"image":{"@id":"https:\/\/letrame.com\/catalogo\/producto\/kocina-con-kuko\/#primaryimage"},"thumbnailUrl":"https:\/\/letrame.com\/catalogo\/wp-content\/uploads\/2024\/04\/redportada_kocinaconkuko_974mm-compressed-1.jpg","datePublished":"2024-04-29T12:44:51+00:00","dateModified":"2024-08-12T11:26:11+00:00","breadcrumb":{"@id":"https:\/\/letrame.com\/catalogo\/producto\/kocina-con-kuko\/#breadcrumb"},"inLanguage":"es","potentialAction":[{"@type":"ReadAction","target":["https:\/\/letrame.com\/catalogo\/producto\/kocina-con-kuko\/"]}]},{"@type":"ImageObject","inLanguage":"es","@id":"https:\/\/letrame.com\/catalogo\/producto\/kocina-con-kuko\/#primaryimage","url":"https:\/\/letrame.com\/catalogo\/wp-content\/uploads\/2024\/04\/redportada_kocinaconkuko_974mm-compressed-1.jpg","contentUrl":"https:\/\/letrame.com\/catalogo\/wp-content\/uploads\/2024\/04\/redportada_kocinaconkuko_974mm-compressed-1.jpg","width":601,"height":881},{"@type":"BreadcrumbList","@id":"https:\/\/letrame.com\/catalogo\/producto\/kocina-con-kuko\/#breadcrumb","itemListElement":[{"@type":"ListItem","position":1,"name":"Portada","item":"https:\/\/letrame.com\/catalogo\/"},{"@type":"ListItem","position":2,"name":"Cat\u00e1logo","item":"https:\/\/letrame.com\/catalogo\/"},{"@type":"ListItem","position":3,"name":"kocina con kuko"}]},{"@type":"WebSite","@id":"https:\/\/letrame.com\/catalogo\/#website","url":"https:\/\/letrame.com\/catalogo\/","name":"Catalogo | Letrame Grupo Editorial","description":"","publisher":{"@id":"https:\/\/letrame.com\/catalogo\/#organization"},"potentialAction":[{"@type":"SearchAction","target":{"@type":"EntryPoint","urlTemplate":"https:\/\/letrame.com\/catalogo\/?s={search_term_string}"},"query-input":{"@type":"PropertyValueSpecification","valueRequired":true,"valueName":"search_term_string"}}],"inLanguage":"es"},{"@type":"Organization","@id":"https:\/\/letrame.com\/catalogo\/#organization","name":"Catalogo | Letrame Grupo Editorial","url":"https:\/\/letrame.com\/catalogo\/","logo":{"@type":"ImageObject","inLanguage":"es","@id":"https:\/\/letrame.com\/catalogo\/#\/schema\/logo\/image\/","url":"https:\/\/letrame.com\/catalogo\/wp-content\/uploads\/2024\/03\/logo2.webp","contentUrl":"https:\/\/letrame.com\/catalogo\/wp-content\/uploads\/2024\/03\/logo2.webp","width":394,"height":128,"caption":"Catalogo | Letrame Grupo Editorial"},"image":{"@id":"https:\/\/letrame.com\/catalogo\/#\/schema\/logo\/image\/"}}]}},"_links":{"self":[{"href":"https:\/\/letrame.com\/catalogo\/wp-json\/wp\/v2\/product\/98032","targetHints":{"allow":["GET"]}}],"collection":[{"href":"https:\/\/letrame.com\/catalogo\/wp-json\/wp\/v2\/product"}],"about":[{"href":"https:\/\/letrame.com\/catalogo\/wp-json\/wp\/v2\/types\/product"}],"replies":[{"embeddable":true,"href":"https:\/\/letrame.com\/catalogo\/wp-json\/wp\/v2\/comments?post=98032"}],"acf:post":[{"embeddable":true,"href":"https:\/\/letrame.com\/catalogo\/wp-json\/wp\/v2\/author_book\/77702"}],"wp:featuredmedia":[{"embeddable":true,"href":"https:\/\/letrame.com\/catalogo\/wp-json\/wp\/v2\/media\/98033"}],"wp:attachment":[{"href":"https:\/\/letrame.com\/catalogo\/wp-json\/wp\/v2\/media?parent=98032"}],"wp:term":[{"taxonomy":"libro","embeddable":true,"href":"https:\/\/letrame.com\/catalogo\/wp-json\/wp\/v2\/libro?post=98032"},{"taxonomy":"product_brand","embeddable":true,"href":"https:\/\/letrame.com\/catalogo\/wp-json\/wp\/v2\/product_brand?post=98032"},{"taxonomy":"product_cat","embeddable":true,"href":"https:\/\/letrame.com\/catalogo\/wp-json\/wp\/v2\/product_cat?post=98032"},{"taxonomy":"product_tag","embeddable":true,"href":"https:\/\/letrame.com\/catalogo\/wp-json\/wp\/v2\/product_tag?post=98032"}],"curies":[{"name":"wp","href":"https:\/\/api.w.org\/{rel}","templated":true}]}}