{"id":97994,"date":"2024-04-29T14:42:09","date_gmt":"2024-04-29T12:42:09","guid":{"rendered":"https:\/\/letrame.com\/catalogo\/producto\/no-todo-candidote-llega-a-candidato-y-triunfa\/"},"modified":"2024-04-29T14:42:16","modified_gmt":"2024-04-29T12:42:16","slug":"no-todo-candidote-llega-a-candidato-y-triunfa","status":"publish","type":"product","link":"https:\/\/letrame.com\/catalogo\/producto\/no-todo-candidote-llega-a-candidato-y-triunfa\/","title":{"rendered":"No todo candidote llega a candidato y triunfa"},"content":{"rendered":"<p><strong>ISBN<\/strong>: 978-84-1114-951-8<\/p>\n<p><strong>T\u00edtulo<\/strong>: <span data-sheets-value=\"{&quot;1&quot;:2,&quot;2&quot;:&quot;No todo candidote llega a candidato y triunfa&quot;}\" data-sheets-userformat=\"{&quot;2&quot;:579,&quot;3&quot;:{&quot;1&quot;:0},&quot;4&quot;:{&quot;1&quot;:2,&quot;2&quot;:14281427},&quot;9&quot;:1,&quot;12&quot;:0}\">No todo candidote llega a candidato y triunfa<\/span><br \/>\n<strong>Fecha<\/strong>: 2022<br \/>\n<strong>P\u00e1ginas<\/strong>: 138<\/p>\n<p><strong>SINOPSIS<\/strong><\/p>\n<p>En NO TODO CANDIDOTE LLEGA A CANDIDATO Y TRIUNFA, usted puede encontrar una ruta de navegaci\u00f3n o una metodolog\u00eda que le entregar\u00e1 el conocimiento para para que se enfrente a la contienda electoral con la artiller\u00eda necesaria para organizar su campa\u00f1a con las herramientas de EFICACIA, EFICIENCIA, EFECTIVIDAD Y ECONOM\u00cdA que le aproximen al \u00e9xito y que CANDIDATOS buenos (C\u00c1NDIDOS) puedan sin temor enfrentarse a los procesos electorales.<\/p>\n<p>Tambi\u00e9n entregar\u00e1 a candidatos que se eligen mediante el voto democr\u00e1tico y \u201clibre\u201d, una serie de acciones o caminos que se deben recorrer para llegar al objetivo con el menor n\u00famero de tropiezos y con mayor margen de maniobrabilidad t\u00e9cnica que conduzca al \u00e9xito, bajo la utilizaci\u00f3n de la casu\u00edstica basada en las experiencias que nos han permitido conocer; que hacer y \u00bfqu\u00e9 no hacer? y llevar la pr\u00e1ctica en terreno la \u00a0estrategia y la planificaci\u00f3n como par\u00e1metros de cualificaci\u00f3n de los recursos para llagar a que un CANDIDOTE, S\u00cd SEA UN CANDIDATO.<\/p>\n","protected":false},"excerpt":{"rendered":"<p><strong>ISBN<\/strong>: 978-84-1114-951-8<\/p>\n<p><strong>SINOPSIS<\/strong><\/p>\n<p>En NO TODO CANDIDOTE LLEGA A CANDIDATO Y TRIUNFA, usted puede encontrar una ruta de navegaci\u00f3n o una metodolog\u00eda que le entregar\u00e1 el conocimiento para para que se enfrente a la contienda electoral con la artiller\u00eda necesaria para organizar su campa\u00f1a con las herramientas de EFICACIA, EFICIENCIA, EFECTIVIDAD Y ECONOM\u00cdA que le aproximen al \u00e9xito y que CANDIDATOS buenos (C\u00c1NDIDOS) puedan sin temor enfrentarse a los procesos electorales.<\/p>\n<p>Tambi\u00e9n entregar\u00e1 a candidatos que se eligen mediante el voto democr\u00e1tico y \u201clibre\u201d, una serie de acciones o caminos que se deben recorrer para llegar al objetivo con el menor n\u00famero de tropiezos y con mayor margen de maniobrabilidad t\u00e9cnica que conduzca al \u00e9xito, bajo la utilizaci\u00f3n de la casu\u00edstica basada en las experiencias que nos han permitido conocer; que hacer y \u00bfqu\u00e9 no hacer? y llevar la pr\u00e1ctica en terreno la \u00a0estrategia y la planificaci\u00f3n como par\u00e1metros de cualificaci\u00f3n de los recursos para llagar a que un CANDIDOTE, S\u00cd SEA UN CANDIDATO.<\/p>\n","protected":false},"featured_media":97995,"comment_status":"closed","ping_status":"open","template":"","meta":{"_acf_changed":false},"libro":[],"product_brand":[],"product_cat":[26],"product_tag":[],"class_list":{"0":"post-97994","1":"product","2":"type-product","3":"status-publish","4":"has-post-thumbnail","6":"product_cat-sin-categoria","8":"first","9":"instock","10":"product-type-simple"},"acf":{"autor":[76530],"enlace_de_compra":"https:\/\/www.paypal.com\/cgi-bin\/webscr?cmd=_s-xclick&amp;hosted_button_id=QXEN4GN86E7HY"},"yoast_head":"<!-- This site is optimized with the Yoast SEO plugin v27.4 - https:\/\/yoast.com\/product\/yoast-seo-wordpress\/ -->\n<title>No todo candidote llega a candidato y triunfa - Catalogo | Letrame Grupo Editorial<\/title>\n<meta name=\"robots\" content=\"index, follow, max-snippet:-1, max-image-preview:large, max-video-preview:-1\" \/>\n<link rel=\"canonical\" href=\"https:\/\/letrame.com\/catalogo\/producto\/no-todo-candidote-llega-a-candidato-y-triunfa\/\" \/>\n<meta property=\"og:locale\" content=\"es_ES\" \/>\n<meta property=\"og:type\" content=\"article\" \/>\n<meta property=\"og:title\" content=\"No todo candidote llega a candidato y triunfa - Catalogo | Letrame Grupo Editorial\" \/>\n<meta property=\"og:description\" content=\"ISBN: 978-84-1114-951-8 SINOPSIS En NO TODO CANDIDOTE LLEGA A CANDIDATO Y TRIUNFA, usted puede encontrar una ruta de navegaci\u00f3n o una metodolog\u00eda que le entregar\u00e1 el conocimiento para para que se enfrente a la contienda electoral con la artiller\u00eda necesaria para organizar su campa\u00f1a con las herramientas de EFICACIA, EFICIENCIA, EFECTIVIDAD Y ECONOM\u00cdA que le aproximen al \u00e9xito y que CANDIDATOS buenos (C\u00c1NDIDOS) puedan sin temor enfrentarse a los procesos electorales. Tambi\u00e9n entregar\u00e1 a candidatos que se eligen mediante el voto democr\u00e1tico y \u201clibre\u201d, una serie de acciones o caminos que se deben recorrer para llegar al objetivo con el menor n\u00famero de tropiezos y con mayor margen de maniobrabilidad t\u00e9cnica que conduzca al \u00e9xito, bajo la utilizaci\u00f3n de la casu\u00edstica basada en las experiencias que nos han permitido conocer; que hacer y \u00bfqu\u00e9 no hacer? y llevar la pr\u00e1ctica en terreno la \u00a0estrategia y la planificaci\u00f3n como par\u00e1metros de cualificaci\u00f3n de los recursos para llagar a que un CANDIDOTE, S\u00cd SEA UN CANDIDATO.\" \/>\n<meta property=\"og:url\" content=\"https:\/\/letrame.com\/catalogo\/producto\/no-todo-candidote-llega-a-candidato-y-triunfa\/\" \/>\n<meta property=\"og:site_name\" content=\"Catalogo | Letrame Grupo Editorial\" \/>\n<meta property=\"article:modified_time\" content=\"2024-04-29T12:42:16+00:00\" \/>\n<meta property=\"og:image\" content=\"https:\/\/letrame.com\/catalogo\/wp-content\/uploads\/2024\/04\/redportada_notodocandidato_736mm.jpg\" \/>\n\t<meta property=\"og:image:width\" content=\"601\" \/>\n\t<meta property=\"og:image:height\" content=\"881\" \/>\n\t<meta property=\"og:image:type\" content=\"image\/jpeg\" \/>\n<meta name=\"twitter:card\" content=\"summary_large_image\" \/>\n<meta name=\"twitter:label1\" content=\"Tiempo de lectura\" \/>\n\t<meta name=\"twitter:data1\" content=\"1 minuto\" \/>\n<script type=\"application\/ld+json\" class=\"yoast-schema-graph\">{\"@context\":\"https:\\\/\\\/schema.org\",\"@graph\":[{\"@type\":\"WebPage\",\"@id\":\"https:\\\/\\\/letrame.com\\\/catalogo\\\/producto\\\/no-todo-candidote-llega-a-candidato-y-triunfa\\\/\",\"url\":\"https:\\\/\\\/letrame.com\\\/catalogo\\\/producto\\\/no-todo-candidote-llega-a-candidato-y-triunfa\\\/\",\"name\":\"No todo candidote llega a candidato y triunfa - Catalogo | Letrame Grupo Editorial\",\"isPartOf\":{\"@id\":\"https:\\\/\\\/letrame.com\\\/catalogo\\\/#website\"},\"primaryImageOfPage\":{\"@id\":\"https:\\\/\\\/letrame.com\\\/catalogo\\\/producto\\\/no-todo-candidote-llega-a-candidato-y-triunfa\\\/#primaryimage\"},\"image\":{\"@id\":\"https:\\\/\\\/letrame.com\\\/catalogo\\\/producto\\\/no-todo-candidote-llega-a-candidato-y-triunfa\\\/#primaryimage\"},\"thumbnailUrl\":\"https:\\\/\\\/letrame.com\\\/catalogo\\\/wp-content\\\/uploads\\\/2024\\\/04\\\/redportada_notodocandidato_736mm.jpg\",\"datePublished\":\"2024-04-29T12:42:09+00:00\",\"dateModified\":\"2024-04-29T12:42:16+00:00\",\"breadcrumb\":{\"@id\":\"https:\\\/\\\/letrame.com\\\/catalogo\\\/producto\\\/no-todo-candidote-llega-a-candidato-y-triunfa\\\/#breadcrumb\"},\"inLanguage\":\"es\",\"potentialAction\":[{\"@type\":\"ReadAction\",\"target\":[\"https:\\\/\\\/letrame.com\\\/catalogo\\\/producto\\\/no-todo-candidote-llega-a-candidato-y-triunfa\\\/\"]}]},{\"@type\":\"ImageObject\",\"inLanguage\":\"es\",\"@id\":\"https:\\\/\\\/letrame.com\\\/catalogo\\\/producto\\\/no-todo-candidote-llega-a-candidato-y-triunfa\\\/#primaryimage\",\"url\":\"https:\\\/\\\/letrame.com\\\/catalogo\\\/wp-content\\\/uploads\\\/2024\\\/04\\\/redportada_notodocandidato_736mm.jpg\",\"contentUrl\":\"https:\\\/\\\/letrame.com\\\/catalogo\\\/wp-content\\\/uploads\\\/2024\\\/04\\\/redportada_notodocandidato_736mm.jpg\",\"width\":601,\"height\":881},{\"@type\":\"BreadcrumbList\",\"@id\":\"https:\\\/\\\/letrame.com\\\/catalogo\\\/producto\\\/no-todo-candidote-llega-a-candidato-y-triunfa\\\/#breadcrumb\",\"itemListElement\":[{\"@type\":\"ListItem\",\"position\":1,\"name\":\"Portada\",\"item\":\"https:\\\/\\\/letrame.com\\\/catalogo\\\/\"},{\"@type\":\"ListItem\",\"position\":2,\"name\":\"Cat\u00e1logo\",\"item\":\"https:\\\/\\\/letrame.com\\\/catalogo\\\/\"},{\"@type\":\"ListItem\",\"position\":3,\"name\":\"No todo candidote llega a candidato y triunfa\"}]},{\"@type\":\"WebSite\",\"@id\":\"https:\\\/\\\/letrame.com\\\/catalogo\\\/#website\",\"url\":\"https:\\\/\\\/letrame.com\\\/catalogo\\\/\",\"name\":\"Catalogo | Letrame Grupo Editorial\",\"description\":\"\",\"publisher\":{\"@id\":\"https:\\\/\\\/letrame.com\\\/catalogo\\\/#organization\"},\"potentialAction\":[{\"@type\":\"SearchAction\",\"target\":{\"@type\":\"EntryPoint\",\"urlTemplate\":\"https:\\\/\\\/letrame.com\\\/catalogo\\\/?s={search_term_string}\"},\"query-input\":{\"@type\":\"PropertyValueSpecification\",\"valueRequired\":true,\"valueName\":\"search_term_string\"}}],\"inLanguage\":\"es\"},{\"@type\":\"Organization\",\"@id\":\"https:\\\/\\\/letrame.com\\\/catalogo\\\/#organization\",\"name\":\"Catalogo | Letrame Grupo Editorial\",\"url\":\"https:\\\/\\\/letrame.com\\\/catalogo\\\/\",\"logo\":{\"@type\":\"ImageObject\",\"inLanguage\":\"es\",\"@id\":\"https:\\\/\\\/letrame.com\\\/catalogo\\\/#\\\/schema\\\/logo\\\/image\\\/\",\"url\":\"https:\\\/\\\/letrame.com\\\/catalogo\\\/wp-content\\\/uploads\\\/2024\\\/03\\\/logo2.webp\",\"contentUrl\":\"https:\\\/\\\/letrame.com\\\/catalogo\\\/wp-content\\\/uploads\\\/2024\\\/03\\\/logo2.webp\",\"width\":394,\"height\":128,\"caption\":\"Catalogo | Letrame Grupo Editorial\"},\"image\":{\"@id\":\"https:\\\/\\\/letrame.com\\\/catalogo\\\/#\\\/schema\\\/logo\\\/image\\\/\"}}]}<\/script>\n<!-- \/ Yoast SEO plugin. -->","yoast_head_json":{"title":"No todo candidote llega a candidato y triunfa - Catalogo | Letrame Grupo Editorial","robots":{"index":"index","follow":"follow","max-snippet":"max-snippet:-1","max-image-preview":"max-image-preview:large","max-video-preview":"max-video-preview:-1"},"canonical":"https:\/\/letrame.com\/catalogo\/producto\/no-todo-candidote-llega-a-candidato-y-triunfa\/","og_locale":"es_ES","og_type":"article","og_title":"No todo candidote llega a candidato y triunfa - Catalogo | Letrame Grupo Editorial","og_description":"ISBN: 978-84-1114-951-8 SINOPSIS En NO TODO CANDIDOTE LLEGA A CANDIDATO Y TRIUNFA, usted puede encontrar una ruta de navegaci\u00f3n o una metodolog\u00eda que le entregar\u00e1 el conocimiento para para que se enfrente a la contienda electoral con la artiller\u00eda necesaria para organizar su campa\u00f1a con las herramientas de EFICACIA, EFICIENCIA, EFECTIVIDAD Y ECONOM\u00cdA que le aproximen al \u00e9xito y que CANDIDATOS buenos (C\u00c1NDIDOS) puedan sin temor enfrentarse a los procesos electorales. Tambi\u00e9n entregar\u00e1 a candidatos que se eligen mediante el voto democr\u00e1tico y \u201clibre\u201d, una serie de acciones o caminos que se deben recorrer para llegar al objetivo con el menor n\u00famero de tropiezos y con mayor margen de maniobrabilidad t\u00e9cnica que conduzca al \u00e9xito, bajo la utilizaci\u00f3n de la casu\u00edstica basada en las experiencias que nos han permitido conocer; que hacer y \u00bfqu\u00e9 no hacer? y llevar la pr\u00e1ctica en terreno la \u00a0estrategia y la planificaci\u00f3n como par\u00e1metros de cualificaci\u00f3n de los recursos para llagar a que un CANDIDOTE, S\u00cd SEA UN CANDIDATO.","og_url":"https:\/\/letrame.com\/catalogo\/producto\/no-todo-candidote-llega-a-candidato-y-triunfa\/","og_site_name":"Catalogo | Letrame Grupo Editorial","article_modified_time":"2024-04-29T12:42:16+00:00","og_image":[{"width":601,"height":881,"url":"https:\/\/letrame.com\/catalogo\/wp-content\/uploads\/2024\/04\/redportada_notodocandidato_736mm.jpg","type":"image\/jpeg"}],"twitter_card":"summary_large_image","twitter_misc":{"Tiempo de lectura":"1 minuto"},"schema":{"@context":"https:\/\/schema.org","@graph":[{"@type":"WebPage","@id":"https:\/\/letrame.com\/catalogo\/producto\/no-todo-candidote-llega-a-candidato-y-triunfa\/","url":"https:\/\/letrame.com\/catalogo\/producto\/no-todo-candidote-llega-a-candidato-y-triunfa\/","name":"No todo candidote llega a candidato y triunfa - Catalogo | Letrame Grupo Editorial","isPartOf":{"@id":"https:\/\/letrame.com\/catalogo\/#website"},"primaryImageOfPage":{"@id":"https:\/\/letrame.com\/catalogo\/producto\/no-todo-candidote-llega-a-candidato-y-triunfa\/#primaryimage"},"image":{"@id":"https:\/\/letrame.com\/catalogo\/producto\/no-todo-candidote-llega-a-candidato-y-triunfa\/#primaryimage"},"thumbnailUrl":"https:\/\/letrame.com\/catalogo\/wp-content\/uploads\/2024\/04\/redportada_notodocandidato_736mm.jpg","datePublished":"2024-04-29T12:42:09+00:00","dateModified":"2024-04-29T12:42:16+00:00","breadcrumb":{"@id":"https:\/\/letrame.com\/catalogo\/producto\/no-todo-candidote-llega-a-candidato-y-triunfa\/#breadcrumb"},"inLanguage":"es","potentialAction":[{"@type":"ReadAction","target":["https:\/\/letrame.com\/catalogo\/producto\/no-todo-candidote-llega-a-candidato-y-triunfa\/"]}]},{"@type":"ImageObject","inLanguage":"es","@id":"https:\/\/letrame.com\/catalogo\/producto\/no-todo-candidote-llega-a-candidato-y-triunfa\/#primaryimage","url":"https:\/\/letrame.com\/catalogo\/wp-content\/uploads\/2024\/04\/redportada_notodocandidato_736mm.jpg","contentUrl":"https:\/\/letrame.com\/catalogo\/wp-content\/uploads\/2024\/04\/redportada_notodocandidato_736mm.jpg","width":601,"height":881},{"@type":"BreadcrumbList","@id":"https:\/\/letrame.com\/catalogo\/producto\/no-todo-candidote-llega-a-candidato-y-triunfa\/#breadcrumb","itemListElement":[{"@type":"ListItem","position":1,"name":"Portada","item":"https:\/\/letrame.com\/catalogo\/"},{"@type":"ListItem","position":2,"name":"Cat\u00e1logo","item":"https:\/\/letrame.com\/catalogo\/"},{"@type":"ListItem","position":3,"name":"No todo candidote llega a candidato y triunfa"}]},{"@type":"WebSite","@id":"https:\/\/letrame.com\/catalogo\/#website","url":"https:\/\/letrame.com\/catalogo\/","name":"Catalogo | Letrame Grupo Editorial","description":"","publisher":{"@id":"https:\/\/letrame.com\/catalogo\/#organization"},"potentialAction":[{"@type":"SearchAction","target":{"@type":"EntryPoint","urlTemplate":"https:\/\/letrame.com\/catalogo\/?s={search_term_string}"},"query-input":{"@type":"PropertyValueSpecification","valueRequired":true,"valueName":"search_term_string"}}],"inLanguage":"es"},{"@type":"Organization","@id":"https:\/\/letrame.com\/catalogo\/#organization","name":"Catalogo | Letrame Grupo Editorial","url":"https:\/\/letrame.com\/catalogo\/","logo":{"@type":"ImageObject","inLanguage":"es","@id":"https:\/\/letrame.com\/catalogo\/#\/schema\/logo\/image\/","url":"https:\/\/letrame.com\/catalogo\/wp-content\/uploads\/2024\/03\/logo2.webp","contentUrl":"https:\/\/letrame.com\/catalogo\/wp-content\/uploads\/2024\/03\/logo2.webp","width":394,"height":128,"caption":"Catalogo | Letrame Grupo Editorial"},"image":{"@id":"https:\/\/letrame.com\/catalogo\/#\/schema\/logo\/image\/"}}]}},"_links":{"self":[{"href":"https:\/\/letrame.com\/catalogo\/wp-json\/wp\/v2\/product\/97994","targetHints":{"allow":["GET"]}}],"collection":[{"href":"https:\/\/letrame.com\/catalogo\/wp-json\/wp\/v2\/product"}],"about":[{"href":"https:\/\/letrame.com\/catalogo\/wp-json\/wp\/v2\/types\/product"}],"replies":[{"embeddable":true,"href":"https:\/\/letrame.com\/catalogo\/wp-json\/wp\/v2\/comments?post=97994"}],"acf:post":[{"embeddable":true,"href":"https:\/\/letrame.com\/catalogo\/wp-json\/wp\/v2\/author_book\/76530"}],"wp:featuredmedia":[{"embeddable":true,"href":"https:\/\/letrame.com\/catalogo\/wp-json\/wp\/v2\/media\/97995"}],"wp:attachment":[{"href":"https:\/\/letrame.com\/catalogo\/wp-json\/wp\/v2\/media?parent=97994"}],"wp:term":[{"taxonomy":"libro","embeddable":true,"href":"https:\/\/letrame.com\/catalogo\/wp-json\/wp\/v2\/libro?post=97994"},{"taxonomy":"product_brand","embeddable":true,"href":"https:\/\/letrame.com\/catalogo\/wp-json\/wp\/v2\/product_brand?post=97994"},{"taxonomy":"product_cat","embeddable":true,"href":"https:\/\/letrame.com\/catalogo\/wp-json\/wp\/v2\/product_cat?post=97994"},{"taxonomy":"product_tag","embeddable":true,"href":"https:\/\/letrame.com\/catalogo\/wp-json\/wp\/v2\/product_tag?post=97994"}],"curies":[{"name":"wp","href":"https:\/\/api.w.org\/{rel}","templated":true}]}}