{"id":97977,"date":"2024-04-29T14:40:03","date_gmt":"2024-04-29T12:40:03","guid":{"rendered":"https:\/\/letrame.com\/catalogo\/producto\/inquilinos-en-boca\/"},"modified":"2024-04-29T14:40:07","modified_gmt":"2024-04-29T12:40:07","slug":"inquilinos-en-boca","status":"publish","type":"product","link":"https:\/\/letrame.com\/catalogo\/producto\/inquilinos-en-boca\/","title":{"rendered":"Inquilinos en boca"},"content":{"rendered":"<p><strong>ISBN<\/strong>: 978-84-1114-071-3<\/p>\n<p><strong>T\u00edtulo<\/strong>: <span data-sheets-value=\"{&quot;1&quot;:2,&quot;2&quot;:&quot;Inquilinos en boca&quot;}\" data-sheets-userformat=\"{&quot;2&quot;:579,&quot;3&quot;:{&quot;1&quot;:0},&quot;4&quot;:{&quot;1&quot;:2,&quot;2&quot;:16777215},&quot;9&quot;:1,&quot;12&quot;:0}\">Inquilinos en boca<\/span><br \/>\n<strong>Fecha<\/strong>: 2022<br \/>\n<strong>P\u00e1ginas<\/strong>: 378<\/p>\n<p><strong>SINOPSIS<\/strong><\/p>\n<div>Inquilinos en boca no tiene m\u00e1s prop\u00f3sito que el de proporcionar unas claves interpretativas de las canciones del brillante d\u00fao formado por el m\u00fasico Lucio Battisti y el escritor Pasquale Panella, en los a\u00f1os que colaboraron conjuntamente creando los denominados \u00abdiscos blancos\u00bb, que han sido y son fuente de influencia para muchos cantantes, como David Bowie.<\/div>\n<div>Proponemos una posible interpretaci\u00f3n para que el lector-oyente tenga acceso a su mundo creativo, no siempre f\u00e1cil de asimilar, por los creativos juegos sem\u00e1nticos de Panella.<\/div>\n<div>Para ello, se adjunta la traducci\u00f3n e interpretaci\u00f3n de un un grupo de canciones de dichos \u00e1lbumes, as\u00ed como algunas in\u00e9ditas con el objetivo de descubrir la belleza que los versos blancos encierran, intentando descifrar y reconstruir los supuestos est\u00e9ticos que determinaron su creaci\u00f3n, as\u00ed como posibles influencias literarias y art\u00edsticas. Se incluyen tambi\u00e9n textos de escritores y pintores pertenecientes a diferentes movimientos de vanguardia del siglo XX como el surrealismo, dadaismo y pot art.<\/div>\n<div>Una obra compleja la del d\u00fao, que con el paso del tiempo se ha convertido en obra de culto y que invitamos a degustar lentamente.\u00a0<span class=\"im\"><br \/>\n<\/span><\/div>\n","protected":false},"excerpt":{"rendered":"<p><strong>ISBN<\/strong>: 978-84-1114-071-3<\/p>\n<p><strong>SINOPSIS<\/strong><\/p>\n<div>Inquilinos en boca no tiene m\u00e1s prop\u00f3sito que el de proporcionar unas claves interpretativas de las canciones del brillante d\u00fao formado por el m\u00fasico Lucio Battisti y el escritor Pasquale Panella, en los a\u00f1os que colaboraron conjuntamente creando los denominados \u00abdiscos blancos\u00bb, que han sido y son fuente de influencia para muchos cantantes, como David Bowie.<\/div>\n<div>Proponemos una posible interpretaci\u00f3n para que el lector-oyente tenga acceso a su mundo creativo, no siempre f\u00e1cil de asimilar, por los creativos juegos sem\u00e1nticos de Panella.<\/div>\n<div>Para ello, se adjunta la traducci\u00f3n e interpretaci\u00f3n de un un grupo de canciones de dichos \u00e1lbumes, as\u00ed como algunas in\u00e9ditas con el objetivo de descubrir la belleza que los versos blancos encierran, intentando descifrar y reconstruir los supuestos est\u00e9ticos que determinaron su creaci\u00f3n, as\u00ed como posibles influencias literarias y art\u00edsticas. Se incluyen tambi\u00e9n textos de escritores y pintores pertenecientes a diferentes movimientos de vanguardia del siglo XX como el surrealismo, dadaismo y pot art.<\/div>\n<div>Una obra compleja la del d\u00fao, que con el paso del tiempo se ha convertido en obra de culto y que invitamos a degustar lentamente.\u00a0<span class=\"im\"><br \/>\n<\/span><\/div>\n","protected":false},"featured_media":97978,"comment_status":"closed","ping_status":"open","template":"","meta":{"_acf_changed":false},"libro":[],"product_brand":[],"product_cat":[26],"product_tag":[],"class_list":{"0":"post-97977","1":"product","2":"type-product","3":"status-publish","4":"has-post-thumbnail","6":"product_cat-sin-categoria","8":"first","9":"instock","10":"purchasable","11":"product-type-simple"},"acf":{"autor":[76515],"enlace_de_compra":""},"yoast_head":"<!-- This site is optimized with the Yoast SEO plugin v27.4 - https:\/\/yoast.com\/product\/yoast-seo-wordpress\/ -->\n<title>Inquilinos en boca - Catalogo | Letrame Grupo Editorial<\/title>\n<meta name=\"robots\" content=\"index, follow, max-snippet:-1, max-image-preview:large, max-video-preview:-1\" \/>\n<link rel=\"canonical\" href=\"https:\/\/letrame.com\/catalogo\/producto\/inquilinos-en-boca\/\" \/>\n<meta property=\"og:locale\" content=\"es_ES\" \/>\n<meta property=\"og:type\" content=\"article\" \/>\n<meta property=\"og:title\" content=\"Inquilinos en boca - Catalogo | Letrame Grupo Editorial\" \/>\n<meta property=\"og:description\" content=\"ISBN: 978-84-1114-071-3 SINOPSIS Inquilinos en boca no tiene m\u00e1s prop\u00f3sito que el de proporcionar unas claves interpretativas de las canciones del brillante d\u00fao formado por el m\u00fasico Lucio Battisti y el escritor Pasquale Panella, en los a\u00f1os que colaboraron conjuntamente creando los denominados &quot;discos blancos&quot;, que han sido y son fuente de influencia para muchos cantantes, como David Bowie. Proponemos una posible interpretaci\u00f3n para que el lector-oyente tenga acceso a su mundo creativo, no siempre f\u00e1cil de asimilar, por los creativos juegos sem\u00e1nticos de Panella. Para ello, se adjunta la traducci\u00f3n e interpretaci\u00f3n de un un grupo de canciones de dichos \u00e1lbumes, as\u00ed como algunas in\u00e9ditas con el objetivo de descubrir la belleza que los versos blancos encierran, intentando descifrar y reconstruir los supuestos est\u00e9ticos que determinaron su creaci\u00f3n, as\u00ed como posibles influencias literarias y art\u00edsticas. Se incluyen tambi\u00e9n textos de escritores y pintores pertenecientes a diferentes movimientos de vanguardia del siglo XX como el surrealismo, dadaismo y pot art. Una obra compleja la del d\u00fao, que con el paso del tiempo se ha convertido en obra de culto y que invitamos a degustar lentamente.\u00a0\" \/>\n<meta property=\"og:url\" content=\"https:\/\/letrame.com\/catalogo\/producto\/inquilinos-en-boca\/\" \/>\n<meta property=\"og:site_name\" content=\"Catalogo | Letrame Grupo Editorial\" \/>\n<meta property=\"article:modified_time\" content=\"2024-04-29T12:40:07+00:00\" \/>\n<meta property=\"og:image\" content=\"https:\/\/letrame.com\/catalogo\/wp-content\/uploads\/2024\/04\/redportada_inquilinosenboca_1525mm-1024x1024.jpg\" \/>\n\t<meta property=\"og:image:width\" content=\"1024\" \/>\n\t<meta property=\"og:image:height\" content=\"1024\" \/>\n\t<meta property=\"og:image:type\" content=\"image\/jpeg\" \/>\n<meta name=\"twitter:card\" content=\"summary_large_image\" \/>\n<meta name=\"twitter:label1\" content=\"Tiempo de lectura\" \/>\n\t<meta name=\"twitter:data1\" content=\"1 minuto\" \/>\n<script type=\"application\/ld+json\" class=\"yoast-schema-graph\">{\"@context\":\"https:\\\/\\\/schema.org\",\"@graph\":[{\"@type\":\"WebPage\",\"@id\":\"https:\\\/\\\/letrame.com\\\/catalogo\\\/producto\\\/inquilinos-en-boca\\\/\",\"url\":\"https:\\\/\\\/letrame.com\\\/catalogo\\\/producto\\\/inquilinos-en-boca\\\/\",\"name\":\"Inquilinos en boca - Catalogo | Letrame Grupo Editorial\",\"isPartOf\":{\"@id\":\"https:\\\/\\\/letrame.com\\\/catalogo\\\/#website\"},\"primaryImageOfPage\":{\"@id\":\"https:\\\/\\\/letrame.com\\\/catalogo\\\/producto\\\/inquilinos-en-boca\\\/#primaryimage\"},\"image\":{\"@id\":\"https:\\\/\\\/letrame.com\\\/catalogo\\\/producto\\\/inquilinos-en-boca\\\/#primaryimage\"},\"thumbnailUrl\":\"https:\\\/\\\/letrame.com\\\/catalogo\\\/wp-content\\\/uploads\\\/2024\\\/04\\\/redportada_inquilinosenboca_1525mm.jpg\",\"datePublished\":\"2024-04-29T12:40:03+00:00\",\"dateModified\":\"2024-04-29T12:40:07+00:00\",\"breadcrumb\":{\"@id\":\"https:\\\/\\\/letrame.com\\\/catalogo\\\/producto\\\/inquilinos-en-boca\\\/#breadcrumb\"},\"inLanguage\":\"es\",\"potentialAction\":[{\"@type\":\"ReadAction\",\"target\":[\"https:\\\/\\\/letrame.com\\\/catalogo\\\/producto\\\/inquilinos-en-boca\\\/\"]}]},{\"@type\":\"ImageObject\",\"inLanguage\":\"es\",\"@id\":\"https:\\\/\\\/letrame.com\\\/catalogo\\\/producto\\\/inquilinos-en-boca\\\/#primaryimage\",\"url\":\"https:\\\/\\\/letrame.com\\\/catalogo\\\/wp-content\\\/uploads\\\/2024\\\/04\\\/redportada_inquilinosenboca_1525mm.jpg\",\"contentUrl\":\"https:\\\/\\\/letrame.com\\\/catalogo\\\/wp-content\\\/uploads\\\/2024\\\/04\\\/redportada_inquilinosenboca_1525mm.jpg\",\"width\":2362,\"height\":2362},{\"@type\":\"BreadcrumbList\",\"@id\":\"https:\\\/\\\/letrame.com\\\/catalogo\\\/producto\\\/inquilinos-en-boca\\\/#breadcrumb\",\"itemListElement\":[{\"@type\":\"ListItem\",\"position\":1,\"name\":\"Portada\",\"item\":\"https:\\\/\\\/letrame.com\\\/catalogo\\\/\"},{\"@type\":\"ListItem\",\"position\":2,\"name\":\"Cat\u00e1logo\",\"item\":\"https:\\\/\\\/letrame.com\\\/catalogo\\\/\"},{\"@type\":\"ListItem\",\"position\":3,\"name\":\"Inquilinos en boca\"}]},{\"@type\":\"WebSite\",\"@id\":\"https:\\\/\\\/letrame.com\\\/catalogo\\\/#website\",\"url\":\"https:\\\/\\\/letrame.com\\\/catalogo\\\/\",\"name\":\"Catalogo | Letrame Grupo Editorial\",\"description\":\"\",\"publisher\":{\"@id\":\"https:\\\/\\\/letrame.com\\\/catalogo\\\/#organization\"},\"potentialAction\":[{\"@type\":\"SearchAction\",\"target\":{\"@type\":\"EntryPoint\",\"urlTemplate\":\"https:\\\/\\\/letrame.com\\\/catalogo\\\/?s={search_term_string}\"},\"query-input\":{\"@type\":\"PropertyValueSpecification\",\"valueRequired\":true,\"valueName\":\"search_term_string\"}}],\"inLanguage\":\"es\"},{\"@type\":\"Organization\",\"@id\":\"https:\\\/\\\/letrame.com\\\/catalogo\\\/#organization\",\"name\":\"Catalogo | Letrame Grupo Editorial\",\"url\":\"https:\\\/\\\/letrame.com\\\/catalogo\\\/\",\"logo\":{\"@type\":\"ImageObject\",\"inLanguage\":\"es\",\"@id\":\"https:\\\/\\\/letrame.com\\\/catalogo\\\/#\\\/schema\\\/logo\\\/image\\\/\",\"url\":\"https:\\\/\\\/letrame.com\\\/catalogo\\\/wp-content\\\/uploads\\\/2024\\\/03\\\/logo2.webp\",\"contentUrl\":\"https:\\\/\\\/letrame.com\\\/catalogo\\\/wp-content\\\/uploads\\\/2024\\\/03\\\/logo2.webp\",\"width\":394,\"height\":128,\"caption\":\"Catalogo | Letrame Grupo Editorial\"},\"image\":{\"@id\":\"https:\\\/\\\/letrame.com\\\/catalogo\\\/#\\\/schema\\\/logo\\\/image\\\/\"}}]}<\/script>\n<!-- \/ Yoast SEO plugin. -->","yoast_head_json":{"title":"Inquilinos en boca - Catalogo | Letrame Grupo Editorial","robots":{"index":"index","follow":"follow","max-snippet":"max-snippet:-1","max-image-preview":"max-image-preview:large","max-video-preview":"max-video-preview:-1"},"canonical":"https:\/\/letrame.com\/catalogo\/producto\/inquilinos-en-boca\/","og_locale":"es_ES","og_type":"article","og_title":"Inquilinos en boca - Catalogo | Letrame Grupo Editorial","og_description":"ISBN: 978-84-1114-071-3 SINOPSIS Inquilinos en boca no tiene m\u00e1s prop\u00f3sito que el de proporcionar unas claves interpretativas de las canciones del brillante d\u00fao formado por el m\u00fasico Lucio Battisti y el escritor Pasquale Panella, en los a\u00f1os que colaboraron conjuntamente creando los denominados \"discos blancos\", que han sido y son fuente de influencia para muchos cantantes, como David Bowie. Proponemos una posible interpretaci\u00f3n para que el lector-oyente tenga acceso a su mundo creativo, no siempre f\u00e1cil de asimilar, por los creativos juegos sem\u00e1nticos de Panella. Para ello, se adjunta la traducci\u00f3n e interpretaci\u00f3n de un un grupo de canciones de dichos \u00e1lbumes, as\u00ed como algunas in\u00e9ditas con el objetivo de descubrir la belleza que los versos blancos encierran, intentando descifrar y reconstruir los supuestos est\u00e9ticos que determinaron su creaci\u00f3n, as\u00ed como posibles influencias literarias y art\u00edsticas. Se incluyen tambi\u00e9n textos de escritores y pintores pertenecientes a diferentes movimientos de vanguardia del siglo XX como el surrealismo, dadaismo y pot art. Una obra compleja la del d\u00fao, que con el paso del tiempo se ha convertido en obra de culto y que invitamos a degustar lentamente.\u00a0","og_url":"https:\/\/letrame.com\/catalogo\/producto\/inquilinos-en-boca\/","og_site_name":"Catalogo | Letrame Grupo Editorial","article_modified_time":"2024-04-29T12:40:07+00:00","og_image":[{"width":1024,"height":1024,"url":"https:\/\/letrame.com\/catalogo\/wp-content\/uploads\/2024\/04\/redportada_inquilinosenboca_1525mm-1024x1024.jpg","type":"image\/jpeg"}],"twitter_card":"summary_large_image","twitter_misc":{"Tiempo de lectura":"1 minuto"},"schema":{"@context":"https:\/\/schema.org","@graph":[{"@type":"WebPage","@id":"https:\/\/letrame.com\/catalogo\/producto\/inquilinos-en-boca\/","url":"https:\/\/letrame.com\/catalogo\/producto\/inquilinos-en-boca\/","name":"Inquilinos en boca - Catalogo | Letrame Grupo Editorial","isPartOf":{"@id":"https:\/\/letrame.com\/catalogo\/#website"},"primaryImageOfPage":{"@id":"https:\/\/letrame.com\/catalogo\/producto\/inquilinos-en-boca\/#primaryimage"},"image":{"@id":"https:\/\/letrame.com\/catalogo\/producto\/inquilinos-en-boca\/#primaryimage"},"thumbnailUrl":"https:\/\/letrame.com\/catalogo\/wp-content\/uploads\/2024\/04\/redportada_inquilinosenboca_1525mm.jpg","datePublished":"2024-04-29T12:40:03+00:00","dateModified":"2024-04-29T12:40:07+00:00","breadcrumb":{"@id":"https:\/\/letrame.com\/catalogo\/producto\/inquilinos-en-boca\/#breadcrumb"},"inLanguage":"es","potentialAction":[{"@type":"ReadAction","target":["https:\/\/letrame.com\/catalogo\/producto\/inquilinos-en-boca\/"]}]},{"@type":"ImageObject","inLanguage":"es","@id":"https:\/\/letrame.com\/catalogo\/producto\/inquilinos-en-boca\/#primaryimage","url":"https:\/\/letrame.com\/catalogo\/wp-content\/uploads\/2024\/04\/redportada_inquilinosenboca_1525mm.jpg","contentUrl":"https:\/\/letrame.com\/catalogo\/wp-content\/uploads\/2024\/04\/redportada_inquilinosenboca_1525mm.jpg","width":2362,"height":2362},{"@type":"BreadcrumbList","@id":"https:\/\/letrame.com\/catalogo\/producto\/inquilinos-en-boca\/#breadcrumb","itemListElement":[{"@type":"ListItem","position":1,"name":"Portada","item":"https:\/\/letrame.com\/catalogo\/"},{"@type":"ListItem","position":2,"name":"Cat\u00e1logo","item":"https:\/\/letrame.com\/catalogo\/"},{"@type":"ListItem","position":3,"name":"Inquilinos en boca"}]},{"@type":"WebSite","@id":"https:\/\/letrame.com\/catalogo\/#website","url":"https:\/\/letrame.com\/catalogo\/","name":"Catalogo | Letrame Grupo Editorial","description":"","publisher":{"@id":"https:\/\/letrame.com\/catalogo\/#organization"},"potentialAction":[{"@type":"SearchAction","target":{"@type":"EntryPoint","urlTemplate":"https:\/\/letrame.com\/catalogo\/?s={search_term_string}"},"query-input":{"@type":"PropertyValueSpecification","valueRequired":true,"valueName":"search_term_string"}}],"inLanguage":"es"},{"@type":"Organization","@id":"https:\/\/letrame.com\/catalogo\/#organization","name":"Catalogo | Letrame Grupo Editorial","url":"https:\/\/letrame.com\/catalogo\/","logo":{"@type":"ImageObject","inLanguage":"es","@id":"https:\/\/letrame.com\/catalogo\/#\/schema\/logo\/image\/","url":"https:\/\/letrame.com\/catalogo\/wp-content\/uploads\/2024\/03\/logo2.webp","contentUrl":"https:\/\/letrame.com\/catalogo\/wp-content\/uploads\/2024\/03\/logo2.webp","width":394,"height":128,"caption":"Catalogo | Letrame Grupo Editorial"},"image":{"@id":"https:\/\/letrame.com\/catalogo\/#\/schema\/logo\/image\/"}}]}},"_links":{"self":[{"href":"https:\/\/letrame.com\/catalogo\/wp-json\/wp\/v2\/product\/97977","targetHints":{"allow":["GET"]}}],"collection":[{"href":"https:\/\/letrame.com\/catalogo\/wp-json\/wp\/v2\/product"}],"about":[{"href":"https:\/\/letrame.com\/catalogo\/wp-json\/wp\/v2\/types\/product"}],"replies":[{"embeddable":true,"href":"https:\/\/letrame.com\/catalogo\/wp-json\/wp\/v2\/comments?post=97977"}],"acf:post":[{"embeddable":true,"href":"https:\/\/letrame.com\/catalogo\/wp-json\/wp\/v2\/author_book\/76515"}],"wp:featuredmedia":[{"embeddable":true,"href":"https:\/\/letrame.com\/catalogo\/wp-json\/wp\/v2\/media\/97978"}],"wp:attachment":[{"href":"https:\/\/letrame.com\/catalogo\/wp-json\/wp\/v2\/media?parent=97977"}],"wp:term":[{"taxonomy":"libro","embeddable":true,"href":"https:\/\/letrame.com\/catalogo\/wp-json\/wp\/v2\/libro?post=97977"},{"taxonomy":"product_brand","embeddable":true,"href":"https:\/\/letrame.com\/catalogo\/wp-json\/wp\/v2\/product_brand?post=97977"},{"taxonomy":"product_cat","embeddable":true,"href":"https:\/\/letrame.com\/catalogo\/wp-json\/wp\/v2\/product_cat?post=97977"},{"taxonomy":"product_tag","embeddable":true,"href":"https:\/\/letrame.com\/catalogo\/wp-json\/wp\/v2\/product_tag?post=97977"}],"curies":[{"name":"wp","href":"https:\/\/api.w.org\/{rel}","templated":true}]}}