{"id":97919,"date":"2024-04-29T14:36:38","date_gmt":"2024-04-29T12:36:38","guid":{"rendered":"https:\/\/letrame.com\/catalogo\/producto\/mi-pueblo-en-mil-palabras\/"},"modified":"2024-08-12T15:33:47","modified_gmt":"2024-08-12T13:33:47","slug":"mi-pueblo-en-mil-palabras","status":"publish","type":"product","link":"https:\/\/letrame.com\/catalogo\/producto\/mi-pueblo-en-mil-palabras\/","title":{"rendered":"Mi pueblo en mil palabras"},"content":{"rendered":"<p><strong>ISBN<\/strong>: 978-84-1114-940-2<\/p>\n<p><strong>T\u00edtulo<\/strong>: <span data-sheets-value=\"{&quot;1&quot;:2,&quot;2&quot;:&quot;Mi pueblo en mil palabras&quot;}\" data-sheets-userformat=\"{&quot;2&quot;:579,&quot;3&quot;:{&quot;1&quot;:0},&quot;4&quot;:{&quot;1&quot;:2,&quot;2&quot;:14281427},&quot;9&quot;:1,&quot;12&quot;:0}\">Mi pueblo en mil palabras<\/span><br \/>\n<strong>Fecha<\/strong>: 2022<br \/>\n<strong>P\u00e1ginas<\/strong>: 226<\/p>\n<p><strong>SINOPSIS<\/strong><\/p>\n<p>Mi pueblo en mil palabras, es una recopilaci\u00f3n de palabras aut\u00f3ctonas de Santa Ana de Pusa (Toledo), que he ido recogiendo a lo largo de varios a\u00f1os, de forma verbal, gracias a la ayuda extraordinaria de mis paisanos. Lo que empez\u00f3 como una curiosidad, ha ido tomando cuerpo hasta llegar a plasmarse en el libro que est\u00e1 en tus manos.<\/p>\n<p>Hay dos objetivos fundamentales en este proyecto: por un lado, tratar de que palabras que aprendimos de nuestros abuelos, y que \u00e9stos las aprendieron de los suyos, no se pierdan y que puedan seguir pasando de padres a hijos y, sobre todo, de abuelos a nietos. En segundo lugar, tener todas las palabras, recogidas en un solo volumen que sirva de punto de arranque para futuras ampliaciones y\/o correcciones.<\/p>\n<p>Es un libro colectivo, aunque organizado por una sola persona, pero que se debe a muchos santaneros, que me han ayudado en la b\u00fasqueda de palabras, en la discusi\u00f3n de significados y en el \u00e1nimo constante para seguir adelante. A todos ellos mi agradecimiento por su ayuda y por mantener mi ilusi\u00f3n de prestar un sencillo servicio a mi pueblo.<\/p>\n","protected":false},"excerpt":{"rendered":"<p><strong>ISBN<\/strong>: 978-84-1114-940-2<\/p>\n<p><strong>SINOPSIS<\/strong><\/p>\n<p>Mi pueblo en mil palabras, es una recopilaci\u00f3n de palabras aut\u00f3ctonas de Santa Ana de Pusa (Toledo), que he ido recogiendo a lo largo de varios a\u00f1os, de forma verbal, gracias a la ayuda extraordinaria de mis paisanos. Lo que empez\u00f3 como una curiosidad, ha ido tomando cuerpo hasta llegar a plasmarse en el libro que est\u00e1 en tus manos.<\/p>\n<p>Hay dos objetivos fundamentales en este proyecto: por un lado, tratar de que palabras que aprendimos de nuestros abuelos, y que \u00e9stos las aprendieron de los suyos, no se pierdan y que puedan seguir pasando de padres a hijos y, sobre todo, de abuelos a nietos. En segundo lugar, tener todas las palabras, recogidas en un solo volumen que sirva de punto de arranque para futuras ampliaciones y\/o correcciones.<\/p>\n<p>Es un libro colectivo, aunque organizado por una sola persona, pero que se debe a muchos santaneros, que me han ayudado en la b\u00fasqueda de palabras, en la discusi\u00f3n de significados y en el \u00e1nimo constante para seguir adelante. A todos ellos mi agradecimiento por su ayuda y por mantener mi ilusi\u00f3n de prestar un sencillo servicio a mi pueblo.<\/p>\n","protected":false},"featured_media":97920,"comment_status":"closed","ping_status":"closed","template":"","meta":{"_acf_changed":false},"libro":[],"product_brand":[],"product_cat":[26],"product_tag":[],"class_list":{"0":"post-97919","1":"product","2":"type-product","3":"status-publish","4":"has-post-thumbnail","6":"product_cat-sin-categoria","8":"first","9":"instock","10":"product-type-simple"},"acf":{"autor":[76462],"enlace_de_compra":""},"yoast_head":"<!-- This site is optimized with the Yoast SEO plugin v27.4 - https:\/\/yoast.com\/product\/yoast-seo-wordpress\/ -->\n<title>Mi pueblo en mil palabras - Catalogo | Letrame Grupo Editorial<\/title>\n<meta name=\"robots\" content=\"index, follow, max-snippet:-1, max-image-preview:large, max-video-preview:-1\" \/>\n<link rel=\"canonical\" href=\"https:\/\/letrame.com\/catalogo\/producto\/mi-pueblo-en-mil-palabras\/\" \/>\n<meta property=\"og:locale\" content=\"es_ES\" \/>\n<meta property=\"og:type\" content=\"article\" \/>\n<meta property=\"og:title\" content=\"Mi pueblo en mil palabras - Catalogo | Letrame Grupo Editorial\" \/>\n<meta property=\"og:description\" content=\"ISBN: 978-84-1114-940-2  SINOPSIS  Mi pueblo en mil palabras, es una recopilaci\u00f3n de palabras aut\u00f3ctonas de Santa Ana de Pusa (Toledo), que he ido recogiendo a lo largo de varios a\u00f1os, de forma verbal, gracias a la ayuda extraordinaria de mis paisanos. Lo que empez\u00f3 como una curiosidad, ha ido tomando cuerpo hasta llegar a plasmarse en el libro que est\u00e1 en tus manos.  Hay dos objetivos fundamentales en este proyecto: por un lado, tratar de que palabras que aprendimos de nuestros abuelos, y que \u00e9stos las aprendieron de los suyos, no se pierdan y que puedan seguir pasando de padres a hijos y, sobre todo, de abuelos a nietos. En segundo lugar, tener todas las palabras, recogidas en un solo volumen que sirva de punto de arranque para futuras ampliaciones y\/o correcciones.  Es un libro colectivo, aunque organizado por una sola persona, pero que se debe a muchos santaneros, que me han ayudado en la b\u00fasqueda de palabras, en la discusi\u00f3n de significados y en el \u00e1nimo constante para seguir adelante. A todos ellos mi agradecimiento por su ayuda y por mantener mi ilusi\u00f3n de prestar un sencillo servicio a mi pueblo.\" \/>\n<meta property=\"og:url\" content=\"https:\/\/letrame.com\/catalogo\/producto\/mi-pueblo-en-mil-palabras\/\" \/>\n<meta property=\"og:site_name\" content=\"Catalogo | Letrame Grupo Editorial\" \/>\n<meta property=\"article:modified_time\" content=\"2024-08-12T13:33:47+00:00\" \/>\n<meta property=\"og:image\" content=\"https:\/\/letrame.com\/catalogo\/wp-content\/uploads\/2024\/04\/redportada_mipuebloenmilpalabras_1296mm.jpg\" \/>\n\t<meta property=\"og:image:width\" content=\"601\" \/>\n\t<meta property=\"og:image:height\" content=\"881\" \/>\n\t<meta property=\"og:image:type\" content=\"image\/jpeg\" \/>\n<meta name=\"twitter:card\" content=\"summary_large_image\" \/>\n<meta name=\"twitter:label1\" content=\"Tiempo de lectura\" \/>\n\t<meta name=\"twitter:data1\" content=\"2 minutos\" \/>\n<script type=\"application\/ld+json\" class=\"yoast-schema-graph\">{\"@context\":\"https:\\\/\\\/schema.org\",\"@graph\":[{\"@type\":\"WebPage\",\"@id\":\"https:\\\/\\\/letrame.com\\\/catalogo\\\/producto\\\/mi-pueblo-en-mil-palabras\\\/\",\"url\":\"https:\\\/\\\/letrame.com\\\/catalogo\\\/producto\\\/mi-pueblo-en-mil-palabras\\\/\",\"name\":\"Mi pueblo en mil palabras - Catalogo | Letrame Grupo Editorial\",\"isPartOf\":{\"@id\":\"https:\\\/\\\/letrame.com\\\/catalogo\\\/#website\"},\"primaryImageOfPage\":{\"@id\":\"https:\\\/\\\/letrame.com\\\/catalogo\\\/producto\\\/mi-pueblo-en-mil-palabras\\\/#primaryimage\"},\"image\":{\"@id\":\"https:\\\/\\\/letrame.com\\\/catalogo\\\/producto\\\/mi-pueblo-en-mil-palabras\\\/#primaryimage\"},\"thumbnailUrl\":\"https:\\\/\\\/letrame.com\\\/catalogo\\\/wp-content\\\/uploads\\\/2024\\\/04\\\/redportada_mipuebloenmilpalabras_1296mm.jpg\",\"datePublished\":\"2024-04-29T12:36:38+00:00\",\"dateModified\":\"2024-08-12T13:33:47+00:00\",\"breadcrumb\":{\"@id\":\"https:\\\/\\\/letrame.com\\\/catalogo\\\/producto\\\/mi-pueblo-en-mil-palabras\\\/#breadcrumb\"},\"inLanguage\":\"es\",\"potentialAction\":[{\"@type\":\"ReadAction\",\"target\":[\"https:\\\/\\\/letrame.com\\\/catalogo\\\/producto\\\/mi-pueblo-en-mil-palabras\\\/\"]}]},{\"@type\":\"ImageObject\",\"inLanguage\":\"es\",\"@id\":\"https:\\\/\\\/letrame.com\\\/catalogo\\\/producto\\\/mi-pueblo-en-mil-palabras\\\/#primaryimage\",\"url\":\"https:\\\/\\\/letrame.com\\\/catalogo\\\/wp-content\\\/uploads\\\/2024\\\/04\\\/redportada_mipuebloenmilpalabras_1296mm.jpg\",\"contentUrl\":\"https:\\\/\\\/letrame.com\\\/catalogo\\\/wp-content\\\/uploads\\\/2024\\\/04\\\/redportada_mipuebloenmilpalabras_1296mm.jpg\",\"width\":601,\"height\":881},{\"@type\":\"BreadcrumbList\",\"@id\":\"https:\\\/\\\/letrame.com\\\/catalogo\\\/producto\\\/mi-pueblo-en-mil-palabras\\\/#breadcrumb\",\"itemListElement\":[{\"@type\":\"ListItem\",\"position\":1,\"name\":\"Portada\",\"item\":\"https:\\\/\\\/letrame.com\\\/catalogo\\\/\"},{\"@type\":\"ListItem\",\"position\":2,\"name\":\"Cat\u00e1logo\",\"item\":\"https:\\\/\\\/letrame.com\\\/catalogo\\\/\"},{\"@type\":\"ListItem\",\"position\":3,\"name\":\"Mi pueblo en mil palabras\"}]},{\"@type\":\"WebSite\",\"@id\":\"https:\\\/\\\/letrame.com\\\/catalogo\\\/#website\",\"url\":\"https:\\\/\\\/letrame.com\\\/catalogo\\\/\",\"name\":\"Catalogo | Letrame Grupo Editorial\",\"description\":\"\",\"publisher\":{\"@id\":\"https:\\\/\\\/letrame.com\\\/catalogo\\\/#organization\"},\"potentialAction\":[{\"@type\":\"SearchAction\",\"target\":{\"@type\":\"EntryPoint\",\"urlTemplate\":\"https:\\\/\\\/letrame.com\\\/catalogo\\\/?s={search_term_string}\"},\"query-input\":{\"@type\":\"PropertyValueSpecification\",\"valueRequired\":true,\"valueName\":\"search_term_string\"}}],\"inLanguage\":\"es\"},{\"@type\":\"Organization\",\"@id\":\"https:\\\/\\\/letrame.com\\\/catalogo\\\/#organization\",\"name\":\"Catalogo | Letrame Grupo Editorial\",\"url\":\"https:\\\/\\\/letrame.com\\\/catalogo\\\/\",\"logo\":{\"@type\":\"ImageObject\",\"inLanguage\":\"es\",\"@id\":\"https:\\\/\\\/letrame.com\\\/catalogo\\\/#\\\/schema\\\/logo\\\/image\\\/\",\"url\":\"https:\\\/\\\/letrame.com\\\/catalogo\\\/wp-content\\\/uploads\\\/2024\\\/03\\\/logo2.webp\",\"contentUrl\":\"https:\\\/\\\/letrame.com\\\/catalogo\\\/wp-content\\\/uploads\\\/2024\\\/03\\\/logo2.webp\",\"width\":394,\"height\":128,\"caption\":\"Catalogo | Letrame Grupo Editorial\"},\"image\":{\"@id\":\"https:\\\/\\\/letrame.com\\\/catalogo\\\/#\\\/schema\\\/logo\\\/image\\\/\"}}]}<\/script>\n<!-- \/ Yoast SEO plugin. -->","yoast_head_json":{"title":"Mi pueblo en mil palabras - Catalogo | Letrame Grupo Editorial","robots":{"index":"index","follow":"follow","max-snippet":"max-snippet:-1","max-image-preview":"max-image-preview:large","max-video-preview":"max-video-preview:-1"},"canonical":"https:\/\/letrame.com\/catalogo\/producto\/mi-pueblo-en-mil-palabras\/","og_locale":"es_ES","og_type":"article","og_title":"Mi pueblo en mil palabras - Catalogo | Letrame Grupo Editorial","og_description":"ISBN: 978-84-1114-940-2  SINOPSIS  Mi pueblo en mil palabras, es una recopilaci\u00f3n de palabras aut\u00f3ctonas de Santa Ana de Pusa (Toledo), que he ido recogiendo a lo largo de varios a\u00f1os, de forma verbal, gracias a la ayuda extraordinaria de mis paisanos. Lo que empez\u00f3 como una curiosidad, ha ido tomando cuerpo hasta llegar a plasmarse en el libro que est\u00e1 en tus manos.  Hay dos objetivos fundamentales en este proyecto: por un lado, tratar de que palabras que aprendimos de nuestros abuelos, y que \u00e9stos las aprendieron de los suyos, no se pierdan y que puedan seguir pasando de padres a hijos y, sobre todo, de abuelos a nietos. En segundo lugar, tener todas las palabras, recogidas en un solo volumen que sirva de punto de arranque para futuras ampliaciones y\/o correcciones.  Es un libro colectivo, aunque organizado por una sola persona, pero que se debe a muchos santaneros, que me han ayudado en la b\u00fasqueda de palabras, en la discusi\u00f3n de significados y en el \u00e1nimo constante para seguir adelante. A todos ellos mi agradecimiento por su ayuda y por mantener mi ilusi\u00f3n de prestar un sencillo servicio a mi pueblo.","og_url":"https:\/\/letrame.com\/catalogo\/producto\/mi-pueblo-en-mil-palabras\/","og_site_name":"Catalogo | Letrame Grupo Editorial","article_modified_time":"2024-08-12T13:33:47+00:00","og_image":[{"width":601,"height":881,"url":"https:\/\/letrame.com\/catalogo\/wp-content\/uploads\/2024\/04\/redportada_mipuebloenmilpalabras_1296mm.jpg","type":"image\/jpeg"}],"twitter_card":"summary_large_image","twitter_misc":{"Tiempo de lectura":"2 minutos"},"schema":{"@context":"https:\/\/schema.org","@graph":[{"@type":"WebPage","@id":"https:\/\/letrame.com\/catalogo\/producto\/mi-pueblo-en-mil-palabras\/","url":"https:\/\/letrame.com\/catalogo\/producto\/mi-pueblo-en-mil-palabras\/","name":"Mi pueblo en mil palabras - Catalogo | Letrame Grupo Editorial","isPartOf":{"@id":"https:\/\/letrame.com\/catalogo\/#website"},"primaryImageOfPage":{"@id":"https:\/\/letrame.com\/catalogo\/producto\/mi-pueblo-en-mil-palabras\/#primaryimage"},"image":{"@id":"https:\/\/letrame.com\/catalogo\/producto\/mi-pueblo-en-mil-palabras\/#primaryimage"},"thumbnailUrl":"https:\/\/letrame.com\/catalogo\/wp-content\/uploads\/2024\/04\/redportada_mipuebloenmilpalabras_1296mm.jpg","datePublished":"2024-04-29T12:36:38+00:00","dateModified":"2024-08-12T13:33:47+00:00","breadcrumb":{"@id":"https:\/\/letrame.com\/catalogo\/producto\/mi-pueblo-en-mil-palabras\/#breadcrumb"},"inLanguage":"es","potentialAction":[{"@type":"ReadAction","target":["https:\/\/letrame.com\/catalogo\/producto\/mi-pueblo-en-mil-palabras\/"]}]},{"@type":"ImageObject","inLanguage":"es","@id":"https:\/\/letrame.com\/catalogo\/producto\/mi-pueblo-en-mil-palabras\/#primaryimage","url":"https:\/\/letrame.com\/catalogo\/wp-content\/uploads\/2024\/04\/redportada_mipuebloenmilpalabras_1296mm.jpg","contentUrl":"https:\/\/letrame.com\/catalogo\/wp-content\/uploads\/2024\/04\/redportada_mipuebloenmilpalabras_1296mm.jpg","width":601,"height":881},{"@type":"BreadcrumbList","@id":"https:\/\/letrame.com\/catalogo\/producto\/mi-pueblo-en-mil-palabras\/#breadcrumb","itemListElement":[{"@type":"ListItem","position":1,"name":"Portada","item":"https:\/\/letrame.com\/catalogo\/"},{"@type":"ListItem","position":2,"name":"Cat\u00e1logo","item":"https:\/\/letrame.com\/catalogo\/"},{"@type":"ListItem","position":3,"name":"Mi pueblo en mil palabras"}]},{"@type":"WebSite","@id":"https:\/\/letrame.com\/catalogo\/#website","url":"https:\/\/letrame.com\/catalogo\/","name":"Catalogo | Letrame Grupo Editorial","description":"","publisher":{"@id":"https:\/\/letrame.com\/catalogo\/#organization"},"potentialAction":[{"@type":"SearchAction","target":{"@type":"EntryPoint","urlTemplate":"https:\/\/letrame.com\/catalogo\/?s={search_term_string}"},"query-input":{"@type":"PropertyValueSpecification","valueRequired":true,"valueName":"search_term_string"}}],"inLanguage":"es"},{"@type":"Organization","@id":"https:\/\/letrame.com\/catalogo\/#organization","name":"Catalogo | Letrame Grupo Editorial","url":"https:\/\/letrame.com\/catalogo\/","logo":{"@type":"ImageObject","inLanguage":"es","@id":"https:\/\/letrame.com\/catalogo\/#\/schema\/logo\/image\/","url":"https:\/\/letrame.com\/catalogo\/wp-content\/uploads\/2024\/03\/logo2.webp","contentUrl":"https:\/\/letrame.com\/catalogo\/wp-content\/uploads\/2024\/03\/logo2.webp","width":394,"height":128,"caption":"Catalogo | Letrame Grupo Editorial"},"image":{"@id":"https:\/\/letrame.com\/catalogo\/#\/schema\/logo\/image\/"}}]}},"_links":{"self":[{"href":"https:\/\/letrame.com\/catalogo\/wp-json\/wp\/v2\/product\/97919","targetHints":{"allow":["GET"]}}],"collection":[{"href":"https:\/\/letrame.com\/catalogo\/wp-json\/wp\/v2\/product"}],"about":[{"href":"https:\/\/letrame.com\/catalogo\/wp-json\/wp\/v2\/types\/product"}],"replies":[{"embeddable":true,"href":"https:\/\/letrame.com\/catalogo\/wp-json\/wp\/v2\/comments?post=97919"}],"acf:post":[{"embeddable":true,"href":"https:\/\/letrame.com\/catalogo\/wp-json\/wp\/v2\/author_book\/76462"}],"wp:featuredmedia":[{"embeddable":true,"href":"https:\/\/letrame.com\/catalogo\/wp-json\/wp\/v2\/media\/97920"}],"wp:attachment":[{"href":"https:\/\/letrame.com\/catalogo\/wp-json\/wp\/v2\/media?parent=97919"}],"wp:term":[{"taxonomy":"libro","embeddable":true,"href":"https:\/\/letrame.com\/catalogo\/wp-json\/wp\/v2\/libro?post=97919"},{"taxonomy":"product_brand","embeddable":true,"href":"https:\/\/letrame.com\/catalogo\/wp-json\/wp\/v2\/product_brand?post=97919"},{"taxonomy":"product_cat","embeddable":true,"href":"https:\/\/letrame.com\/catalogo\/wp-json\/wp\/v2\/product_cat?post=97919"},{"taxonomy":"product_tag","embeddable":true,"href":"https:\/\/letrame.com\/catalogo\/wp-json\/wp\/v2\/product_tag?post=97919"}],"curies":[{"name":"wp","href":"https:\/\/api.w.org\/{rel}","templated":true}]}}