{"id":97870,"date":"2024-04-29T14:33:45","date_gmt":"2024-04-29T12:33:45","guid":{"rendered":"https:\/\/letrame.com\/catalogo\/producto\/mapa-de-suenos\/"},"modified":"2024-05-16T15:58:41","modified_gmt":"2024-05-16T13:58:41","slug":"mapa-de-suenos","status":"publish","type":"product","link":"https:\/\/letrame.com\/catalogo\/producto\/mapa-de-suenos\/","title":{"rendered":"Mapa de sue\u00f1os"},"content":{"rendered":"<p><strong>ISBN<\/strong>:978-84-1114-882-5<\/p>\n<p><strong>T\u00edtulo<\/strong>: <span data-sheets-value=\"{&quot;1&quot;:2,&quot;2&quot;:&quot;Mapa de sue\u00f1os&quot;}\" data-sheets-userformat=\"{&quot;2&quot;:579,&quot;3&quot;:{&quot;1&quot;:0},&quot;4&quot;:{&quot;1&quot;:2,&quot;2&quot;:14281427},&quot;9&quot;:1,&quot;12&quot;:0}\">Mapa de sue\u00f1os<\/span><br \/>\n<strong>Fecha<\/strong>: 2022<br \/>\n<strong>P\u00e1ginas<\/strong>: 172<\/p>\n<p><strong>SINOPSIS\u00a0<\/strong><\/p>\n<p>Este libro est\u00e1 dirigido a personas que han probado muchas maneras de alcanzar sus metas y sue\u00f1os y a\u00fan siguen sin lograrlo. <em>El Mapa de Sue\u00f1os<\/em> es una gran herramienta que no solo nos ayuda a estar enfocados en lo que queremos y cumplirlo, sino tambi\u00e9n nos da la oportunidad de conocernos y comprendernos mejor a trav\u00e9s de nuestros verdaderos deseos. <em>El Mapa<\/em> funciona y su efectividad ha sido comprobada a trav\u00e9s de las experiencias de miles de personas que lo han usado para hacer realidad sus sue\u00f1os.<\/p>\n<p>Es una representaci\u00f3n gr\u00e1fica de lo que queremos tener en nuestra vida. No solo pensamos en nuestros deseos, sino tambi\u00e9n los vemos todos los d\u00edas en nuestro Mapa. Los seres humanos pensamos en im\u00e1genes y con esta gran herramienta le comunicamos claramente a nuestra mente subconsciente lo que deseamos manifestar en nuestra vida.<\/p>\n<p>Cualquier sue\u00f1o puede hacerse realidad a trav\u00e9s del uso de diferentes t\u00e9cnicas, energ\u00eda y acci\u00f3n por nuestra parte.<\/p>\n<p><em>El Mapa de Sue\u00f1os<\/em> no es Tablero de Visi\u00f3n. Es mucho m\u00e1s efectivo y en este libro descubrir\u00e1s por qu\u00e9. Todos los secretos de la creaci\u00f3n de esta gran herramienta se exponen en este libro con mayor detalle.<\/p>\n","protected":false},"excerpt":{"rendered":"<p><strong>ISBN<\/strong>:978-84-1114-882-5<\/p>\n<p><strong>SINOPSIS\u00a0<\/strong><\/p>\n<p>Este libro est\u00e1 dirigido a personas que han probado muchas maneras de alcanzar sus metas y sue\u00f1os y a\u00fan siguen sin lograrlo. El Mapa de Sue\u00f1os es una gran herramienta que no solo nos ayuda a estar enfocados en lo que queremos y cumplirlo, sino tambi\u00e9n nos da la oportunidad de conocernos y comprendernos mejor a trav\u00e9s de nuestros verdaderos deseos. El Mapa funciona y su efectividad ha sido comprobada a trav\u00e9s de las experiencias de miles de personas que lo han usado para hacer realidad sus sue\u00f1os.<\/p>\n<p>Es una representaci\u00f3n gr\u00e1fica de lo que queremos tener en nuestra vida. No solo pensamos en nuestros deseos, sino tambi\u00e9n los vemos todos los d\u00edas en nuestro Mapa. Los seres humanos pensamos en im\u00e1genes y con esta gran herramienta le comunicamos claramente a nuestra mente subconsciente lo que deseamos manifestar en nuestra vida.<\/p>\n<p>Cualquier sue\u00f1o puede hacerse realidad a trav\u00e9s del uso de diferentes t\u00e9cnicas, energ\u00eda y acci\u00f3n por nuestra parte.<\/p>\n<p>El Mapa de Sue\u00f1os no es Tablero de Visi\u00f3n. Es mucho m\u00e1s efectivo y en este libro descubrir\u00e1s por qu\u00e9. Todos los secretos de la creaci\u00f3n de esta gran herramienta se exponen en este libro con mayor detalle.<\/p>\n","protected":false},"featured_media":100373,"comment_status":"closed","ping_status":"closed","template":"","meta":{"_acf_changed":false},"libro":[],"product_brand":[],"product_cat":[18],"product_tag":[],"class_list":{"0":"post-97870","1":"product","2":"type-product","3":"status-publish","4":"has-post-thumbnail","6":"product_cat-autoayuda","8":"first","9":"instock","10":"product-type-simple"},"acf":{"autor":[76415],"enlace_de_compra":"https:\/\/www.amazon.es\/sue%C3%B1os-paso-camino-r%C3%A1pido-hacia\/dp\/8411148823\/"},"yoast_head":"<!-- This site is optimized with the Yoast SEO plugin v26.6 - https:\/\/yoast.com\/wordpress\/plugins\/seo\/ -->\n<title>Mapa de sue\u00f1os - Catalogo | Letrame Grupo Editorial<\/title>\n<meta name=\"robots\" content=\"index, follow, max-snippet:-1, max-image-preview:large, max-video-preview:-1\" \/>\n<link rel=\"canonical\" href=\"https:\/\/letrame.com\/catalogo\/producto\/mapa-de-suenos\/\" \/>\n<meta property=\"og:locale\" content=\"es_ES\" \/>\n<meta property=\"og:type\" content=\"article\" \/>\n<meta property=\"og:title\" content=\"Mapa de sue\u00f1os - Catalogo | Letrame Grupo Editorial\" \/>\n<meta property=\"og:description\" content=\"ISBN:978-84-1114-882-5  SINOPSIS\u00a0  Este libro est\u00e1 dirigido a personas que han probado muchas maneras de alcanzar sus metas y sue\u00f1os y a\u00fan siguen sin lograrlo. El Mapa de Sue\u00f1os es una gran herramienta que no solo nos ayuda a estar enfocados en lo que queremos y cumplirlo, sino tambi\u00e9n nos da la oportunidad de conocernos y comprendernos mejor a trav\u00e9s de nuestros verdaderos deseos. El Mapa funciona y su efectividad ha sido comprobada a trav\u00e9s de las experiencias de miles de personas que lo han usado para hacer realidad sus sue\u00f1os.  Es una representaci\u00f3n gr\u00e1fica de lo que queremos tener en nuestra vida. No solo pensamos en nuestros deseos, sino tambi\u00e9n los vemos todos los d\u00edas en nuestro Mapa. Los seres humanos pensamos en im\u00e1genes y con esta gran herramienta le comunicamos claramente a nuestra mente subconsciente lo que deseamos manifestar en nuestra vida.  Cualquier sue\u00f1o puede hacerse realidad a trav\u00e9s del uso de diferentes t\u00e9cnicas, energ\u00eda y acci\u00f3n por nuestra parte.  El Mapa de Sue\u00f1os no es Tablero de Visi\u00f3n. Es mucho m\u00e1s efectivo y en este libro descubrir\u00e1s por qu\u00e9. Todos los secretos de la creaci\u00f3n de esta gran herramienta se exponen en este libro con mayor detalle.\" \/>\n<meta property=\"og:url\" content=\"https:\/\/letrame.com\/catalogo\/producto\/mapa-de-suenos\/\" \/>\n<meta property=\"og:site_name\" content=\"Catalogo | Letrame Grupo Editorial\" \/>\n<meta property=\"article:modified_time\" content=\"2024-05-16T13:58:41+00:00\" \/>\n<meta property=\"og:image\" content=\"https:\/\/letrame.com\/catalogo\/wp-content\/uploads\/2024\/04\/redportada_mapadesuenos_9mm.webp\" \/>\n\t<meta property=\"og:image:width\" content=\"601\" \/>\n\t<meta property=\"og:image:height\" content=\"881\" \/>\n\t<meta property=\"og:image:type\" content=\"image\/webp\" \/>\n<meta name=\"twitter:card\" content=\"summary_large_image\" \/>\n<meta name=\"twitter:label1\" content=\"Tiempo de lectura\" \/>\n\t<meta name=\"twitter:data1\" content=\"2 minutos\" \/>\n<script type=\"application\/ld+json\" class=\"yoast-schema-graph\">{\"@context\":\"https:\/\/schema.org\",\"@graph\":[{\"@type\":\"WebPage\",\"@id\":\"https:\/\/letrame.com\/catalogo\/producto\/mapa-de-suenos\/\",\"url\":\"https:\/\/letrame.com\/catalogo\/producto\/mapa-de-suenos\/\",\"name\":\"Mapa de sue\u00f1os - Catalogo | Letrame Grupo Editorial\",\"isPartOf\":{\"@id\":\"https:\/\/letrame.com\/catalogo\/#website\"},\"primaryImageOfPage\":{\"@id\":\"https:\/\/letrame.com\/catalogo\/producto\/mapa-de-suenos\/#primaryimage\"},\"image\":{\"@id\":\"https:\/\/letrame.com\/catalogo\/producto\/mapa-de-suenos\/#primaryimage\"},\"thumbnailUrl\":\"https:\/\/letrame.com\/catalogo\/wp-content\/uploads\/2024\/04\/redportada_mapadesuenos_9mm.webp\",\"datePublished\":\"2024-04-29T12:33:45+00:00\",\"dateModified\":\"2024-05-16T13:58:41+00:00\",\"breadcrumb\":{\"@id\":\"https:\/\/letrame.com\/catalogo\/producto\/mapa-de-suenos\/#breadcrumb\"},\"inLanguage\":\"es\",\"potentialAction\":[{\"@type\":\"ReadAction\",\"target\":[\"https:\/\/letrame.com\/catalogo\/producto\/mapa-de-suenos\/\"]}]},{\"@type\":\"ImageObject\",\"inLanguage\":\"es\",\"@id\":\"https:\/\/letrame.com\/catalogo\/producto\/mapa-de-suenos\/#primaryimage\",\"url\":\"https:\/\/letrame.com\/catalogo\/wp-content\/uploads\/2024\/04\/redportada_mapadesuenos_9mm.webp\",\"contentUrl\":\"https:\/\/letrame.com\/catalogo\/wp-content\/uploads\/2024\/04\/redportada_mapadesuenos_9mm.webp\",\"width\":601,\"height\":881},{\"@type\":\"BreadcrumbList\",\"@id\":\"https:\/\/letrame.com\/catalogo\/producto\/mapa-de-suenos\/#breadcrumb\",\"itemListElement\":[{\"@type\":\"ListItem\",\"position\":1,\"name\":\"Portada\",\"item\":\"https:\/\/letrame.com\/catalogo\/\"},{\"@type\":\"ListItem\",\"position\":2,\"name\":\"Cat\u00e1logo\",\"item\":\"https:\/\/letrame.com\/catalogo\/\"},{\"@type\":\"ListItem\",\"position\":3,\"name\":\"Mapa de sue\u00f1os\"}]},{\"@type\":\"WebSite\",\"@id\":\"https:\/\/letrame.com\/catalogo\/#website\",\"url\":\"https:\/\/letrame.com\/catalogo\/\",\"name\":\"Catalogo | Letrame Grupo Editorial\",\"description\":\"\",\"publisher\":{\"@id\":\"https:\/\/letrame.com\/catalogo\/#organization\"},\"potentialAction\":[{\"@type\":\"SearchAction\",\"target\":{\"@type\":\"EntryPoint\",\"urlTemplate\":\"https:\/\/letrame.com\/catalogo\/?s={search_term_string}\"},\"query-input\":{\"@type\":\"PropertyValueSpecification\",\"valueRequired\":true,\"valueName\":\"search_term_string\"}}],\"inLanguage\":\"es\"},{\"@type\":\"Organization\",\"@id\":\"https:\/\/letrame.com\/catalogo\/#organization\",\"name\":\"Catalogo | Letrame Grupo Editorial\",\"url\":\"https:\/\/letrame.com\/catalogo\/\",\"logo\":{\"@type\":\"ImageObject\",\"inLanguage\":\"es\",\"@id\":\"https:\/\/letrame.com\/catalogo\/#\/schema\/logo\/image\/\",\"url\":\"https:\/\/letrame.com\/catalogo\/wp-content\/uploads\/2024\/03\/logo2.webp\",\"contentUrl\":\"https:\/\/letrame.com\/catalogo\/wp-content\/uploads\/2024\/03\/logo2.webp\",\"width\":394,\"height\":128,\"caption\":\"Catalogo | Letrame Grupo Editorial\"},\"image\":{\"@id\":\"https:\/\/letrame.com\/catalogo\/#\/schema\/logo\/image\/\"}}]}<\/script>\n<!-- \/ Yoast SEO plugin. -->","yoast_head_json":{"title":"Mapa de sue\u00f1os - Catalogo | Letrame Grupo Editorial","robots":{"index":"index","follow":"follow","max-snippet":"max-snippet:-1","max-image-preview":"max-image-preview:large","max-video-preview":"max-video-preview:-1"},"canonical":"https:\/\/letrame.com\/catalogo\/producto\/mapa-de-suenos\/","og_locale":"es_ES","og_type":"article","og_title":"Mapa de sue\u00f1os - Catalogo | Letrame Grupo Editorial","og_description":"ISBN:978-84-1114-882-5  SINOPSIS\u00a0  Este libro est\u00e1 dirigido a personas que han probado muchas maneras de alcanzar sus metas y sue\u00f1os y a\u00fan siguen sin lograrlo. El Mapa de Sue\u00f1os es una gran herramienta que no solo nos ayuda a estar enfocados en lo que queremos y cumplirlo, sino tambi\u00e9n nos da la oportunidad de conocernos y comprendernos mejor a trav\u00e9s de nuestros verdaderos deseos. El Mapa funciona y su efectividad ha sido comprobada a trav\u00e9s de las experiencias de miles de personas que lo han usado para hacer realidad sus sue\u00f1os.  Es una representaci\u00f3n gr\u00e1fica de lo que queremos tener en nuestra vida. No solo pensamos en nuestros deseos, sino tambi\u00e9n los vemos todos los d\u00edas en nuestro Mapa. Los seres humanos pensamos en im\u00e1genes y con esta gran herramienta le comunicamos claramente a nuestra mente subconsciente lo que deseamos manifestar en nuestra vida.  Cualquier sue\u00f1o puede hacerse realidad a trav\u00e9s del uso de diferentes t\u00e9cnicas, energ\u00eda y acci\u00f3n por nuestra parte.  El Mapa de Sue\u00f1os no es Tablero de Visi\u00f3n. Es mucho m\u00e1s efectivo y en este libro descubrir\u00e1s por qu\u00e9. Todos los secretos de la creaci\u00f3n de esta gran herramienta se exponen en este libro con mayor detalle.","og_url":"https:\/\/letrame.com\/catalogo\/producto\/mapa-de-suenos\/","og_site_name":"Catalogo | Letrame Grupo Editorial","article_modified_time":"2024-05-16T13:58:41+00:00","og_image":[{"width":601,"height":881,"url":"https:\/\/letrame.com\/catalogo\/wp-content\/uploads\/2024\/04\/redportada_mapadesuenos_9mm.webp","type":"image\/webp"}],"twitter_card":"summary_large_image","twitter_misc":{"Tiempo de lectura":"2 minutos"},"schema":{"@context":"https:\/\/schema.org","@graph":[{"@type":"WebPage","@id":"https:\/\/letrame.com\/catalogo\/producto\/mapa-de-suenos\/","url":"https:\/\/letrame.com\/catalogo\/producto\/mapa-de-suenos\/","name":"Mapa de sue\u00f1os - Catalogo | Letrame Grupo Editorial","isPartOf":{"@id":"https:\/\/letrame.com\/catalogo\/#website"},"primaryImageOfPage":{"@id":"https:\/\/letrame.com\/catalogo\/producto\/mapa-de-suenos\/#primaryimage"},"image":{"@id":"https:\/\/letrame.com\/catalogo\/producto\/mapa-de-suenos\/#primaryimage"},"thumbnailUrl":"https:\/\/letrame.com\/catalogo\/wp-content\/uploads\/2024\/04\/redportada_mapadesuenos_9mm.webp","datePublished":"2024-04-29T12:33:45+00:00","dateModified":"2024-05-16T13:58:41+00:00","breadcrumb":{"@id":"https:\/\/letrame.com\/catalogo\/producto\/mapa-de-suenos\/#breadcrumb"},"inLanguage":"es","potentialAction":[{"@type":"ReadAction","target":["https:\/\/letrame.com\/catalogo\/producto\/mapa-de-suenos\/"]}]},{"@type":"ImageObject","inLanguage":"es","@id":"https:\/\/letrame.com\/catalogo\/producto\/mapa-de-suenos\/#primaryimage","url":"https:\/\/letrame.com\/catalogo\/wp-content\/uploads\/2024\/04\/redportada_mapadesuenos_9mm.webp","contentUrl":"https:\/\/letrame.com\/catalogo\/wp-content\/uploads\/2024\/04\/redportada_mapadesuenos_9mm.webp","width":601,"height":881},{"@type":"BreadcrumbList","@id":"https:\/\/letrame.com\/catalogo\/producto\/mapa-de-suenos\/#breadcrumb","itemListElement":[{"@type":"ListItem","position":1,"name":"Portada","item":"https:\/\/letrame.com\/catalogo\/"},{"@type":"ListItem","position":2,"name":"Cat\u00e1logo","item":"https:\/\/letrame.com\/catalogo\/"},{"@type":"ListItem","position":3,"name":"Mapa de sue\u00f1os"}]},{"@type":"WebSite","@id":"https:\/\/letrame.com\/catalogo\/#website","url":"https:\/\/letrame.com\/catalogo\/","name":"Catalogo | Letrame Grupo Editorial","description":"","publisher":{"@id":"https:\/\/letrame.com\/catalogo\/#organization"},"potentialAction":[{"@type":"SearchAction","target":{"@type":"EntryPoint","urlTemplate":"https:\/\/letrame.com\/catalogo\/?s={search_term_string}"},"query-input":{"@type":"PropertyValueSpecification","valueRequired":true,"valueName":"search_term_string"}}],"inLanguage":"es"},{"@type":"Organization","@id":"https:\/\/letrame.com\/catalogo\/#organization","name":"Catalogo | Letrame Grupo Editorial","url":"https:\/\/letrame.com\/catalogo\/","logo":{"@type":"ImageObject","inLanguage":"es","@id":"https:\/\/letrame.com\/catalogo\/#\/schema\/logo\/image\/","url":"https:\/\/letrame.com\/catalogo\/wp-content\/uploads\/2024\/03\/logo2.webp","contentUrl":"https:\/\/letrame.com\/catalogo\/wp-content\/uploads\/2024\/03\/logo2.webp","width":394,"height":128,"caption":"Catalogo | Letrame Grupo Editorial"},"image":{"@id":"https:\/\/letrame.com\/catalogo\/#\/schema\/logo\/image\/"}}]}},"_links":{"self":[{"href":"https:\/\/letrame.com\/catalogo\/wp-json\/wp\/v2\/product\/97870","targetHints":{"allow":["GET"]}}],"collection":[{"href":"https:\/\/letrame.com\/catalogo\/wp-json\/wp\/v2\/product"}],"about":[{"href":"https:\/\/letrame.com\/catalogo\/wp-json\/wp\/v2\/types\/product"}],"replies":[{"embeddable":true,"href":"https:\/\/letrame.com\/catalogo\/wp-json\/wp\/v2\/comments?post=97870"}],"acf:post":[{"embeddable":true,"href":"https:\/\/letrame.com\/catalogo\/wp-json\/wp\/v2\/author_book\/76415"}],"wp:featuredmedia":[{"embeddable":true,"href":"https:\/\/letrame.com\/catalogo\/wp-json\/wp\/v2\/media\/100373"}],"wp:attachment":[{"href":"https:\/\/letrame.com\/catalogo\/wp-json\/wp\/v2\/media?parent=97870"}],"wp:term":[{"taxonomy":"libro","embeddable":true,"href":"https:\/\/letrame.com\/catalogo\/wp-json\/wp\/v2\/libro?post=97870"},{"taxonomy":"product_brand","embeddable":true,"href":"https:\/\/letrame.com\/catalogo\/wp-json\/wp\/v2\/product_brand?post=97870"},{"taxonomy":"product_cat","embeddable":true,"href":"https:\/\/letrame.com\/catalogo\/wp-json\/wp\/v2\/product_cat?post=97870"},{"taxonomy":"product_tag","embeddable":true,"href":"https:\/\/letrame.com\/catalogo\/wp-json\/wp\/v2\/product_tag?post=97870"}],"curies":[{"name":"wp","href":"https:\/\/api.w.org\/{rel}","templated":true}]}}