{"id":97765,"date":"2024-04-29T14:28:40","date_gmt":"2024-04-29T12:28:40","guid":{"rendered":"https:\/\/letrame.com\/catalogo\/producto\/proyecto-fenix\/"},"modified":"2024-08-13T10:56:36","modified_gmt":"2024-08-13T08:56:36","slug":"proyecto-fenix","status":"publish","type":"product","link":"https:\/\/letrame.com\/catalogo\/producto\/proyecto-fenix\/","title":{"rendered":"Proyecto F\u00e9nix"},"content":{"rendered":"<p><strong>ISBN<\/strong>:978-84-1114-712-5<\/p>\n<p><strong>T\u00edtulo<\/strong>: <span data-sheets-value=\"{&quot;1&quot;:2,&quot;2&quot;:&quot;Proyecto F\u00e9nix&quot;}\" data-sheets-userformat=\"{&quot;2&quot;:579,&quot;3&quot;:{&quot;1&quot;:0},&quot;4&quot;:{&quot;1&quot;:2,&quot;2&quot;:14281427},&quot;9&quot;:1,&quot;12&quot;:0}\">Proyecto F\u00e9nix<\/span><\/p>\n<p><strong>Fecha<\/strong>: 2022<br \/>\n<strong>P\u00e1ginas<\/strong>: 250<\/p>\n<p><strong>SINOPSIS<\/strong><\/p>\n<p>V\u00edctor sufre un accidente laboral y descubre una parte de su pasado que le cambia la vida. Entonces es reclutado por una organizaci\u00f3n secreta con un proyecto que consiste en frenar los planes da La Estirpe, otra organizaci\u00f3n secreta cuyo poder sobre los gobiernos es tan grande como para provocar guerras y desestabilizar el orden mundial.<\/p>\n<p>En esta novela, V\u00edctor y los dem\u00e1s protagonistas se ver\u00e1n envueltos en una misi\u00f3n para intentar detener los planes de La Estirpe, que en este caso consisten en la invasi\u00f3n de Iraq del a\u00f1o 2003.<\/p>\n","protected":false},"excerpt":{"rendered":"<p><strong>ISBN<\/strong>:978-84-1114-712-5<\/p>\n<p><strong>SINOPSIS<\/strong><\/p>\n<p>V\u00edctor sufre un accidente laboral y descubre una parte de su pasado que le cambia la vida. Entonces es reclutado por una organizaci\u00f3n secreta con un proyecto que consiste en frenar los planes da La Estirpe, otra organizaci\u00f3n secreta cuyo poder sobre los gobiernos es tan grande como para provocar guerras y desestabilizar el orden mundial.<\/p>\n<p>En esta novela, V\u00edctor y los dem\u00e1s protagonistas se ver\u00e1n envueltos en una misi\u00f3n para intentar detener los planes de La Estirpe, que en este caso consisten en la invasi\u00f3n de Iraq del a\u00f1o 2003.<\/p>\n","protected":false},"featured_media":100377,"comment_status":"closed","ping_status":"closed","template":"","meta":{"_acf_changed":false},"libro":[],"product_brand":[],"product_cat":[16],"product_tag":[],"class_list":{"0":"post-97765","1":"product","2":"type-product","3":"status-publish","4":"has-post-thumbnail","6":"product_cat-novela","8":"first","9":"instock","10":"product-type-simple"},"acf":{"autor":[76326],"enlace_de_compra":"https:\/\/www.amazon.es\/Proyecto-F%C3%A9nix-Vicente-Gil-Izquierdo\/dp\/8411147126\/"},"yoast_head":"<!-- This site is optimized with the Yoast SEO plugin v26.6 - https:\/\/yoast.com\/wordpress\/plugins\/seo\/ -->\n<title>Proyecto F\u00e9nix - Catalogo | Letrame Grupo Editorial<\/title>\n<meta name=\"robots\" content=\"index, follow, max-snippet:-1, max-image-preview:large, max-video-preview:-1\" \/>\n<link rel=\"canonical\" href=\"https:\/\/letrame.com\/catalogo\/producto\/proyecto-fenix\/\" \/>\n<meta property=\"og:locale\" content=\"es_ES\" \/>\n<meta property=\"og:type\" content=\"article\" \/>\n<meta property=\"og:title\" content=\"Proyecto F\u00e9nix - Catalogo | Letrame Grupo Editorial\" \/>\n<meta property=\"og:description\" content=\"ISBN:978-84-1114-712-5  SINOPSIS  V\u00edctor sufre un accidente laboral y descubre una parte de su pasado que le cambia la vida. Entonces es reclutado por una organizaci\u00f3n secreta con un proyecto que consiste en frenar los planes da La Estirpe, otra organizaci\u00f3n secreta cuyo poder sobre los gobiernos es tan grande como para provocar guerras y desestabilizar el orden mundial.  En esta novela, V\u00edctor y los dem\u00e1s protagonistas se ver\u00e1n envueltos en una misi\u00f3n para intentar detener los planes de La Estirpe, que en este caso consisten en la invasi\u00f3n de Iraq del a\u00f1o 2003.\" \/>\n<meta property=\"og:url\" content=\"https:\/\/letrame.com\/catalogo\/producto\/proyecto-fenix\/\" \/>\n<meta property=\"og:site_name\" content=\"Catalogo | Letrame Grupo Editorial\" \/>\n<meta property=\"article:modified_time\" content=\"2024-08-13T08:56:36+00:00\" \/>\n<meta property=\"og:image\" content=\"https:\/\/letrame.com\/catalogo\/wp-content\/uploads\/2024\/04\/redportada_proyectofenix_1263mm.webp\" \/>\n\t<meta property=\"og:image:width\" content=\"601\" \/>\n\t<meta property=\"og:image:height\" content=\"881\" \/>\n\t<meta property=\"og:image:type\" content=\"image\/webp\" \/>\n<meta name=\"twitter:card\" content=\"summary_large_image\" \/>\n<meta name=\"twitter:label1\" content=\"Tiempo de lectura\" \/>\n\t<meta name=\"twitter:data1\" content=\"1 minuto\" \/>\n<script type=\"application\/ld+json\" class=\"yoast-schema-graph\">{\"@context\":\"https:\/\/schema.org\",\"@graph\":[{\"@type\":\"WebPage\",\"@id\":\"https:\/\/letrame.com\/catalogo\/producto\/proyecto-fenix\/\",\"url\":\"https:\/\/letrame.com\/catalogo\/producto\/proyecto-fenix\/\",\"name\":\"Proyecto F\u00e9nix - Catalogo | Letrame Grupo Editorial\",\"isPartOf\":{\"@id\":\"https:\/\/letrame.com\/catalogo\/#website\"},\"primaryImageOfPage\":{\"@id\":\"https:\/\/letrame.com\/catalogo\/producto\/proyecto-fenix\/#primaryimage\"},\"image\":{\"@id\":\"https:\/\/letrame.com\/catalogo\/producto\/proyecto-fenix\/#primaryimage\"},\"thumbnailUrl\":\"https:\/\/letrame.com\/catalogo\/wp-content\/uploads\/2024\/04\/redportada_proyectofenix_1263mm.webp\",\"datePublished\":\"2024-04-29T12:28:40+00:00\",\"dateModified\":\"2024-08-13T08:56:36+00:00\",\"breadcrumb\":{\"@id\":\"https:\/\/letrame.com\/catalogo\/producto\/proyecto-fenix\/#breadcrumb\"},\"inLanguage\":\"es\",\"potentialAction\":[{\"@type\":\"ReadAction\",\"target\":[\"https:\/\/letrame.com\/catalogo\/producto\/proyecto-fenix\/\"]}]},{\"@type\":\"ImageObject\",\"inLanguage\":\"es\",\"@id\":\"https:\/\/letrame.com\/catalogo\/producto\/proyecto-fenix\/#primaryimage\",\"url\":\"https:\/\/letrame.com\/catalogo\/wp-content\/uploads\/2024\/04\/redportada_proyectofenix_1263mm.webp\",\"contentUrl\":\"https:\/\/letrame.com\/catalogo\/wp-content\/uploads\/2024\/04\/redportada_proyectofenix_1263mm.webp\",\"width\":601,\"height\":881},{\"@type\":\"BreadcrumbList\",\"@id\":\"https:\/\/letrame.com\/catalogo\/producto\/proyecto-fenix\/#breadcrumb\",\"itemListElement\":[{\"@type\":\"ListItem\",\"position\":1,\"name\":\"Portada\",\"item\":\"https:\/\/letrame.com\/catalogo\/\"},{\"@type\":\"ListItem\",\"position\":2,\"name\":\"Cat\u00e1logo\",\"item\":\"https:\/\/letrame.com\/catalogo\/\"},{\"@type\":\"ListItem\",\"position\":3,\"name\":\"Proyecto F\u00e9nix\"}]},{\"@type\":\"WebSite\",\"@id\":\"https:\/\/letrame.com\/catalogo\/#website\",\"url\":\"https:\/\/letrame.com\/catalogo\/\",\"name\":\"Catalogo | Letrame Grupo Editorial\",\"description\":\"\",\"publisher\":{\"@id\":\"https:\/\/letrame.com\/catalogo\/#organization\"},\"potentialAction\":[{\"@type\":\"SearchAction\",\"target\":{\"@type\":\"EntryPoint\",\"urlTemplate\":\"https:\/\/letrame.com\/catalogo\/?s={search_term_string}\"},\"query-input\":{\"@type\":\"PropertyValueSpecification\",\"valueRequired\":true,\"valueName\":\"search_term_string\"}}],\"inLanguage\":\"es\"},{\"@type\":\"Organization\",\"@id\":\"https:\/\/letrame.com\/catalogo\/#organization\",\"name\":\"Catalogo | Letrame Grupo Editorial\",\"url\":\"https:\/\/letrame.com\/catalogo\/\",\"logo\":{\"@type\":\"ImageObject\",\"inLanguage\":\"es\",\"@id\":\"https:\/\/letrame.com\/catalogo\/#\/schema\/logo\/image\/\",\"url\":\"https:\/\/letrame.com\/catalogo\/wp-content\/uploads\/2024\/03\/logo2.webp\",\"contentUrl\":\"https:\/\/letrame.com\/catalogo\/wp-content\/uploads\/2024\/03\/logo2.webp\",\"width\":394,\"height\":128,\"caption\":\"Catalogo | Letrame Grupo Editorial\"},\"image\":{\"@id\":\"https:\/\/letrame.com\/catalogo\/#\/schema\/logo\/image\/\"}}]}<\/script>\n<!-- \/ Yoast SEO plugin. -->","yoast_head_json":{"title":"Proyecto F\u00e9nix - Catalogo | Letrame Grupo Editorial","robots":{"index":"index","follow":"follow","max-snippet":"max-snippet:-1","max-image-preview":"max-image-preview:large","max-video-preview":"max-video-preview:-1"},"canonical":"https:\/\/letrame.com\/catalogo\/producto\/proyecto-fenix\/","og_locale":"es_ES","og_type":"article","og_title":"Proyecto F\u00e9nix - Catalogo | Letrame Grupo Editorial","og_description":"ISBN:978-84-1114-712-5  SINOPSIS  V\u00edctor sufre un accidente laboral y descubre una parte de su pasado que le cambia la vida. Entonces es reclutado por una organizaci\u00f3n secreta con un proyecto que consiste en frenar los planes da La Estirpe, otra organizaci\u00f3n secreta cuyo poder sobre los gobiernos es tan grande como para provocar guerras y desestabilizar el orden mundial.  En esta novela, V\u00edctor y los dem\u00e1s protagonistas se ver\u00e1n envueltos en una misi\u00f3n para intentar detener los planes de La Estirpe, que en este caso consisten en la invasi\u00f3n de Iraq del a\u00f1o 2003.","og_url":"https:\/\/letrame.com\/catalogo\/producto\/proyecto-fenix\/","og_site_name":"Catalogo | Letrame Grupo Editorial","article_modified_time":"2024-08-13T08:56:36+00:00","og_image":[{"width":601,"height":881,"url":"https:\/\/letrame.com\/catalogo\/wp-content\/uploads\/2024\/04\/redportada_proyectofenix_1263mm.webp","type":"image\/webp"}],"twitter_card":"summary_large_image","twitter_misc":{"Tiempo de lectura":"1 minuto"},"schema":{"@context":"https:\/\/schema.org","@graph":[{"@type":"WebPage","@id":"https:\/\/letrame.com\/catalogo\/producto\/proyecto-fenix\/","url":"https:\/\/letrame.com\/catalogo\/producto\/proyecto-fenix\/","name":"Proyecto F\u00e9nix - Catalogo | Letrame Grupo Editorial","isPartOf":{"@id":"https:\/\/letrame.com\/catalogo\/#website"},"primaryImageOfPage":{"@id":"https:\/\/letrame.com\/catalogo\/producto\/proyecto-fenix\/#primaryimage"},"image":{"@id":"https:\/\/letrame.com\/catalogo\/producto\/proyecto-fenix\/#primaryimage"},"thumbnailUrl":"https:\/\/letrame.com\/catalogo\/wp-content\/uploads\/2024\/04\/redportada_proyectofenix_1263mm.webp","datePublished":"2024-04-29T12:28:40+00:00","dateModified":"2024-08-13T08:56:36+00:00","breadcrumb":{"@id":"https:\/\/letrame.com\/catalogo\/producto\/proyecto-fenix\/#breadcrumb"},"inLanguage":"es","potentialAction":[{"@type":"ReadAction","target":["https:\/\/letrame.com\/catalogo\/producto\/proyecto-fenix\/"]}]},{"@type":"ImageObject","inLanguage":"es","@id":"https:\/\/letrame.com\/catalogo\/producto\/proyecto-fenix\/#primaryimage","url":"https:\/\/letrame.com\/catalogo\/wp-content\/uploads\/2024\/04\/redportada_proyectofenix_1263mm.webp","contentUrl":"https:\/\/letrame.com\/catalogo\/wp-content\/uploads\/2024\/04\/redportada_proyectofenix_1263mm.webp","width":601,"height":881},{"@type":"BreadcrumbList","@id":"https:\/\/letrame.com\/catalogo\/producto\/proyecto-fenix\/#breadcrumb","itemListElement":[{"@type":"ListItem","position":1,"name":"Portada","item":"https:\/\/letrame.com\/catalogo\/"},{"@type":"ListItem","position":2,"name":"Cat\u00e1logo","item":"https:\/\/letrame.com\/catalogo\/"},{"@type":"ListItem","position":3,"name":"Proyecto F\u00e9nix"}]},{"@type":"WebSite","@id":"https:\/\/letrame.com\/catalogo\/#website","url":"https:\/\/letrame.com\/catalogo\/","name":"Catalogo | Letrame Grupo Editorial","description":"","publisher":{"@id":"https:\/\/letrame.com\/catalogo\/#organization"},"potentialAction":[{"@type":"SearchAction","target":{"@type":"EntryPoint","urlTemplate":"https:\/\/letrame.com\/catalogo\/?s={search_term_string}"},"query-input":{"@type":"PropertyValueSpecification","valueRequired":true,"valueName":"search_term_string"}}],"inLanguage":"es"},{"@type":"Organization","@id":"https:\/\/letrame.com\/catalogo\/#organization","name":"Catalogo | Letrame Grupo Editorial","url":"https:\/\/letrame.com\/catalogo\/","logo":{"@type":"ImageObject","inLanguage":"es","@id":"https:\/\/letrame.com\/catalogo\/#\/schema\/logo\/image\/","url":"https:\/\/letrame.com\/catalogo\/wp-content\/uploads\/2024\/03\/logo2.webp","contentUrl":"https:\/\/letrame.com\/catalogo\/wp-content\/uploads\/2024\/03\/logo2.webp","width":394,"height":128,"caption":"Catalogo | Letrame Grupo Editorial"},"image":{"@id":"https:\/\/letrame.com\/catalogo\/#\/schema\/logo\/image\/"}}]}},"_links":{"self":[{"href":"https:\/\/letrame.com\/catalogo\/wp-json\/wp\/v2\/product\/97765","targetHints":{"allow":["GET"]}}],"collection":[{"href":"https:\/\/letrame.com\/catalogo\/wp-json\/wp\/v2\/product"}],"about":[{"href":"https:\/\/letrame.com\/catalogo\/wp-json\/wp\/v2\/types\/product"}],"replies":[{"embeddable":true,"href":"https:\/\/letrame.com\/catalogo\/wp-json\/wp\/v2\/comments?post=97765"}],"acf:post":[{"embeddable":true,"href":"https:\/\/letrame.com\/catalogo\/wp-json\/wp\/v2\/author_book\/76326"}],"wp:featuredmedia":[{"embeddable":true,"href":"https:\/\/letrame.com\/catalogo\/wp-json\/wp\/v2\/media\/100377"}],"wp:attachment":[{"href":"https:\/\/letrame.com\/catalogo\/wp-json\/wp\/v2\/media?parent=97765"}],"wp:term":[{"taxonomy":"libro","embeddable":true,"href":"https:\/\/letrame.com\/catalogo\/wp-json\/wp\/v2\/libro?post=97765"},{"taxonomy":"product_brand","embeddable":true,"href":"https:\/\/letrame.com\/catalogo\/wp-json\/wp\/v2\/product_brand?post=97765"},{"taxonomy":"product_cat","embeddable":true,"href":"https:\/\/letrame.com\/catalogo\/wp-json\/wp\/v2\/product_cat?post=97765"},{"taxonomy":"product_tag","embeddable":true,"href":"https:\/\/letrame.com\/catalogo\/wp-json\/wp\/v2\/product_tag?post=97765"}],"curies":[{"name":"wp","href":"https:\/\/api.w.org\/{rel}","templated":true}]}}