{"id":97758,"date":"2024-04-29T14:28:20","date_gmt":"2024-04-29T12:28:20","guid":{"rendered":"https:\/\/letrame.com\/catalogo\/producto\/mi-hermosa-dama\/"},"modified":"2024-04-29T14:28:20","modified_gmt":"2024-04-29T12:28:20","slug":"mi-hermosa-dama","status":"publish","type":"product","link":"https:\/\/letrame.com\/catalogo\/producto\/mi-hermosa-dama\/","title":{"rendered":"Mi hermosa dama"},"content":{"rendered":"<p><strong>ISBN<\/strong>:978-84-1386-931-5<\/p>\n<p><strong>T\u00edtulo<\/strong>: <span data-sheets-value=\"{&quot;1&quot;:2,&quot;2&quot;:&quot;Mi hermosa dama&quot;}\" data-sheets-userformat=\"{&quot;2&quot;:579,&quot;3&quot;:{&quot;1&quot;:0},&quot;4&quot;:{&quot;1&quot;:2,&quot;2&quot;:14281427},&quot;9&quot;:1,&quot;12&quot;:0}\">Mi hermosa dama<\/span><\/p>\n<p><strong>Fecha<\/strong>:2022<br \/>\n<strong>P\u00e1ginas<\/strong>: 178<\/p>\n<p><strong>SINOPSIS<\/strong><\/p>\n<p><em>Mi hermosa dama es una inspiraci\u00f3n sumamente muy animada por un sinn\u00famero de fragmentos po\u00e9ticos, de l\u00edricas sentimentales,<\/em> <em>de diecis\u00e9is paradis\u00edacos acr\u00f3sticos y de diferentes ilustraciones llenas de muchas bendiciones que regocijan al poeta en la fr\u00e1gil aurora donde \u00e9l se nutre de pedacitos de dicha, de amor y de vigor. <\/em><\/p>\n<p><em>\u00a0<\/em><em>A trav\u00e9s de cada poes\u00eda, percibe a una mujer como una delirante enamorada de la vida, en cada l\u00ednea la distingue como una delicia que acaricia el alma, mientras que el verso lo define a \u00e9l como un bohemio apasionado, de letras y palabras que logra conquistar un coraz\u00f3n. <\/em><\/p>\n<p><em>\u00a0<\/em><em>Mi hermosa dama, aqu\u00ed el poeta la muestra preciosa, a trav\u00e9s de donaires y encantos que se ajustan a la esencia de su gracia y preciosidad. <\/em><\/p>\n<p><em>\u00a0<\/em><em>\u00abContemplo la hermosura de tu belleza, matizada en una l\u00e1mina pintada de cereza\u00bb.<\/em><\/p>\n<p><em>\u00a0<\/em><\/p>\n<p><em>\u00a0<\/em><\/p>\n","protected":false},"excerpt":{"rendered":"<p><strong>ISBN<\/strong>:978-84-1386-931-5<\/p>\n<p><strong>SINOPSIS<\/strong><\/p>\n<p><em>Mi hermosa dama es una inspiraci\u00f3n sumamente muy animada por un sinn\u00famero de fragmentos po\u00e9ticos, de l\u00edricas sentimentales,<\/em> <em>de diecis\u00e9is paradis\u00edacos acr\u00f3sticos y de diferentes ilustraciones llenas de muchas bendiciones que regocijan al poeta en la fr\u00e1gil aurora donde \u00e9l se nutre de pedacitos de dicha, de amor y de vigor. <\/em><\/p>\n<p><em>\u00a0<\/em><em>A trav\u00e9s de cada poes\u00eda, percibe a una mujer como una delirante enamorada de la vida, en cada l\u00ednea la distingue como una delicia que acaricia el alma, mientras que el verso lo define a \u00e9l como un bohemio apasionado, de letras y palabras que logra conquistar un coraz\u00f3n. <\/em><\/p>\n<p><em>\u00a0<\/em><em>Mi hermosa dama, aqu\u00ed el poeta la muestra preciosa, a trav\u00e9s de donaires y encantos que se ajustan a la esencia de su gracia y preciosidad. <\/em><\/p>\n<p><em>\u00a0<\/em><em>\u00abContemplo la hermosura de tu belleza, matizada en una l\u00e1mina pintada de cereza\u00bb.<\/em><\/p>\n","protected":false},"featured_media":97759,"comment_status":"closed","ping_status":"open","template":"","meta":{"_acf_changed":false},"libro":[],"product_brand":[],"product_cat":[20],"product_tag":[],"class_list":{"0":"post-97758","1":"product","2":"type-product","3":"status-publish","4":"has-post-thumbnail","6":"product_cat-poesia","8":"first","9":"instock","10":"product-type-simple"},"acf":{"autor":[76321],"enlace_de_compra":"https:\/\/www.amazon.es\/Mi-hermosa-dama-01-Poes%C3%ADa\/dp\/8413869315\/"},"yoast_head":"<!-- This site is optimized with the Yoast SEO plugin v26.6 - https:\/\/yoast.com\/wordpress\/plugins\/seo\/ -->\n<title>Mi hermosa dama - Catalogo | Letrame Grupo Editorial<\/title>\n<meta name=\"robots\" content=\"index, follow, max-snippet:-1, max-image-preview:large, max-video-preview:-1\" \/>\n<link rel=\"canonical\" href=\"https:\/\/letrame.com\/catalogo\/producto\/mi-hermosa-dama\/\" \/>\n<meta property=\"og:locale\" content=\"es_ES\" \/>\n<meta property=\"og:type\" content=\"article\" \/>\n<meta property=\"og:title\" content=\"Mi hermosa dama - Catalogo | Letrame Grupo Editorial\" \/>\n<meta property=\"og:description\" content=\"ISBN:978-84-1386-931-5 SINOPSIS Mi hermosa dama es una inspiraci\u00f3n sumamente muy animada por un sinn\u00famero de fragmentos po\u00e9ticos, de l\u00edricas sentimentales, de diecis\u00e9is paradis\u00edacos acr\u00f3sticos y de diferentes ilustraciones llenas de muchas bendiciones que regocijan al poeta en la fr\u00e1gil aurora donde \u00e9l se nutre de pedacitos de dicha, de amor y de vigor.  \u00a0A trav\u00e9s de cada poes\u00eda, percibe a una mujer como una delirante enamorada de la vida, en cada l\u00ednea la distingue como una delicia que acaricia el alma, mientras que el verso lo define a \u00e9l como un bohemio apasionado, de letras y palabras que logra conquistar un coraz\u00f3n.  \u00a0Mi hermosa dama, aqu\u00ed el poeta la muestra preciosa, a trav\u00e9s de donaires y encantos que se ajustan a la esencia de su gracia y preciosidad.  \u00a0\u00abContemplo la hermosura de tu belleza, matizada en una l\u00e1mina pintada de cereza\u00bb.\" \/>\n<meta property=\"og:url\" content=\"https:\/\/letrame.com\/catalogo\/producto\/mi-hermosa-dama\/\" \/>\n<meta property=\"og:site_name\" content=\"Catalogo | Letrame Grupo Editorial\" \/>\n<meta property=\"og:image\" content=\"https:\/\/letrame.com\/catalogo\/wp-content\/uploads\/2024\/04\/portada_mihermosadama_1046mm-compressed-scaled-1.jpg\" \/>\n\t<meta property=\"og:image:width\" content=\"1746\" \/>\n\t<meta property=\"og:image:height\" content=\"2560\" \/>\n\t<meta property=\"og:image:type\" content=\"image\/jpeg\" \/>\n<meta name=\"twitter:card\" content=\"summary_large_image\" \/>\n<meta name=\"twitter:label1\" content=\"Tiempo de lectura\" \/>\n\t<meta name=\"twitter:data1\" content=\"1 minuto\" \/>\n<script type=\"application\/ld+json\" class=\"yoast-schema-graph\">{\"@context\":\"https:\/\/schema.org\",\"@graph\":[{\"@type\":\"WebPage\",\"@id\":\"https:\/\/letrame.com\/catalogo\/producto\/mi-hermosa-dama\/\",\"url\":\"https:\/\/letrame.com\/catalogo\/producto\/mi-hermosa-dama\/\",\"name\":\"Mi hermosa dama - Catalogo | Letrame Grupo Editorial\",\"isPartOf\":{\"@id\":\"https:\/\/letrame.com\/catalogo\/#website\"},\"primaryImageOfPage\":{\"@id\":\"https:\/\/letrame.com\/catalogo\/producto\/mi-hermosa-dama\/#primaryimage\"},\"image\":{\"@id\":\"https:\/\/letrame.com\/catalogo\/producto\/mi-hermosa-dama\/#primaryimage\"},\"thumbnailUrl\":\"https:\/\/letrame.com\/catalogo\/wp-content\/uploads\/2024\/04\/portada_mihermosadama_1046mm-compressed-scaled-1.jpg\",\"datePublished\":\"2024-04-29T12:28:20+00:00\",\"breadcrumb\":{\"@id\":\"https:\/\/letrame.com\/catalogo\/producto\/mi-hermosa-dama\/#breadcrumb\"},\"inLanguage\":\"es\",\"potentialAction\":[{\"@type\":\"ReadAction\",\"target\":[\"https:\/\/letrame.com\/catalogo\/producto\/mi-hermosa-dama\/\"]}]},{\"@type\":\"ImageObject\",\"inLanguage\":\"es\",\"@id\":\"https:\/\/letrame.com\/catalogo\/producto\/mi-hermosa-dama\/#primaryimage\",\"url\":\"https:\/\/letrame.com\/catalogo\/wp-content\/uploads\/2024\/04\/portada_mihermosadama_1046mm-compressed-scaled-1.jpg\",\"contentUrl\":\"https:\/\/letrame.com\/catalogo\/wp-content\/uploads\/2024\/04\/portada_mihermosadama_1046mm-compressed-scaled-1.jpg\",\"width\":1746,\"height\":2560},{\"@type\":\"BreadcrumbList\",\"@id\":\"https:\/\/letrame.com\/catalogo\/producto\/mi-hermosa-dama\/#breadcrumb\",\"itemListElement\":[{\"@type\":\"ListItem\",\"position\":1,\"name\":\"Portada\",\"item\":\"https:\/\/letrame.com\/catalogo\/\"},{\"@type\":\"ListItem\",\"position\":2,\"name\":\"Cat\u00e1logo\",\"item\":\"https:\/\/letrame.com\/catalogo\/\"},{\"@type\":\"ListItem\",\"position\":3,\"name\":\"Mi hermosa dama\"}]},{\"@type\":\"WebSite\",\"@id\":\"https:\/\/letrame.com\/catalogo\/#website\",\"url\":\"https:\/\/letrame.com\/catalogo\/\",\"name\":\"Catalogo | Letrame Grupo Editorial\",\"description\":\"\",\"publisher\":{\"@id\":\"https:\/\/letrame.com\/catalogo\/#organization\"},\"potentialAction\":[{\"@type\":\"SearchAction\",\"target\":{\"@type\":\"EntryPoint\",\"urlTemplate\":\"https:\/\/letrame.com\/catalogo\/?s={search_term_string}\"},\"query-input\":{\"@type\":\"PropertyValueSpecification\",\"valueRequired\":true,\"valueName\":\"search_term_string\"}}],\"inLanguage\":\"es\"},{\"@type\":\"Organization\",\"@id\":\"https:\/\/letrame.com\/catalogo\/#organization\",\"name\":\"Catalogo | Letrame Grupo Editorial\",\"url\":\"https:\/\/letrame.com\/catalogo\/\",\"logo\":{\"@type\":\"ImageObject\",\"inLanguage\":\"es\",\"@id\":\"https:\/\/letrame.com\/catalogo\/#\/schema\/logo\/image\/\",\"url\":\"https:\/\/letrame.com\/catalogo\/wp-content\/uploads\/2024\/03\/logo2.webp\",\"contentUrl\":\"https:\/\/letrame.com\/catalogo\/wp-content\/uploads\/2024\/03\/logo2.webp\",\"width\":394,\"height\":128,\"caption\":\"Catalogo | Letrame Grupo Editorial\"},\"image\":{\"@id\":\"https:\/\/letrame.com\/catalogo\/#\/schema\/logo\/image\/\"}}]}<\/script>\n<!-- \/ Yoast SEO plugin. -->","yoast_head_json":{"title":"Mi hermosa dama - Catalogo | Letrame Grupo Editorial","robots":{"index":"index","follow":"follow","max-snippet":"max-snippet:-1","max-image-preview":"max-image-preview:large","max-video-preview":"max-video-preview:-1"},"canonical":"https:\/\/letrame.com\/catalogo\/producto\/mi-hermosa-dama\/","og_locale":"es_ES","og_type":"article","og_title":"Mi hermosa dama - Catalogo | Letrame Grupo Editorial","og_description":"ISBN:978-84-1386-931-5 SINOPSIS Mi hermosa dama es una inspiraci\u00f3n sumamente muy animada por un sinn\u00famero de fragmentos po\u00e9ticos, de l\u00edricas sentimentales, de diecis\u00e9is paradis\u00edacos acr\u00f3sticos y de diferentes ilustraciones llenas de muchas bendiciones que regocijan al poeta en la fr\u00e1gil aurora donde \u00e9l se nutre de pedacitos de dicha, de amor y de vigor.  \u00a0A trav\u00e9s de cada poes\u00eda, percibe a una mujer como una delirante enamorada de la vida, en cada l\u00ednea la distingue como una delicia que acaricia el alma, mientras que el verso lo define a \u00e9l como un bohemio apasionado, de letras y palabras que logra conquistar un coraz\u00f3n.  \u00a0Mi hermosa dama, aqu\u00ed el poeta la muestra preciosa, a trav\u00e9s de donaires y encantos que se ajustan a la esencia de su gracia y preciosidad.  \u00a0\u00abContemplo la hermosura de tu belleza, matizada en una l\u00e1mina pintada de cereza\u00bb.","og_url":"https:\/\/letrame.com\/catalogo\/producto\/mi-hermosa-dama\/","og_site_name":"Catalogo | Letrame Grupo Editorial","og_image":[{"width":1746,"height":2560,"url":"https:\/\/letrame.com\/catalogo\/wp-content\/uploads\/2024\/04\/portada_mihermosadama_1046mm-compressed-scaled-1.jpg","type":"image\/jpeg"}],"twitter_card":"summary_large_image","twitter_misc":{"Tiempo de lectura":"1 minuto"},"schema":{"@context":"https:\/\/schema.org","@graph":[{"@type":"WebPage","@id":"https:\/\/letrame.com\/catalogo\/producto\/mi-hermosa-dama\/","url":"https:\/\/letrame.com\/catalogo\/producto\/mi-hermosa-dama\/","name":"Mi hermosa dama - Catalogo | Letrame Grupo Editorial","isPartOf":{"@id":"https:\/\/letrame.com\/catalogo\/#website"},"primaryImageOfPage":{"@id":"https:\/\/letrame.com\/catalogo\/producto\/mi-hermosa-dama\/#primaryimage"},"image":{"@id":"https:\/\/letrame.com\/catalogo\/producto\/mi-hermosa-dama\/#primaryimage"},"thumbnailUrl":"https:\/\/letrame.com\/catalogo\/wp-content\/uploads\/2024\/04\/portada_mihermosadama_1046mm-compressed-scaled-1.jpg","datePublished":"2024-04-29T12:28:20+00:00","breadcrumb":{"@id":"https:\/\/letrame.com\/catalogo\/producto\/mi-hermosa-dama\/#breadcrumb"},"inLanguage":"es","potentialAction":[{"@type":"ReadAction","target":["https:\/\/letrame.com\/catalogo\/producto\/mi-hermosa-dama\/"]}]},{"@type":"ImageObject","inLanguage":"es","@id":"https:\/\/letrame.com\/catalogo\/producto\/mi-hermosa-dama\/#primaryimage","url":"https:\/\/letrame.com\/catalogo\/wp-content\/uploads\/2024\/04\/portada_mihermosadama_1046mm-compressed-scaled-1.jpg","contentUrl":"https:\/\/letrame.com\/catalogo\/wp-content\/uploads\/2024\/04\/portada_mihermosadama_1046mm-compressed-scaled-1.jpg","width":1746,"height":2560},{"@type":"BreadcrumbList","@id":"https:\/\/letrame.com\/catalogo\/producto\/mi-hermosa-dama\/#breadcrumb","itemListElement":[{"@type":"ListItem","position":1,"name":"Portada","item":"https:\/\/letrame.com\/catalogo\/"},{"@type":"ListItem","position":2,"name":"Cat\u00e1logo","item":"https:\/\/letrame.com\/catalogo\/"},{"@type":"ListItem","position":3,"name":"Mi hermosa dama"}]},{"@type":"WebSite","@id":"https:\/\/letrame.com\/catalogo\/#website","url":"https:\/\/letrame.com\/catalogo\/","name":"Catalogo | Letrame Grupo Editorial","description":"","publisher":{"@id":"https:\/\/letrame.com\/catalogo\/#organization"},"potentialAction":[{"@type":"SearchAction","target":{"@type":"EntryPoint","urlTemplate":"https:\/\/letrame.com\/catalogo\/?s={search_term_string}"},"query-input":{"@type":"PropertyValueSpecification","valueRequired":true,"valueName":"search_term_string"}}],"inLanguage":"es"},{"@type":"Organization","@id":"https:\/\/letrame.com\/catalogo\/#organization","name":"Catalogo | Letrame Grupo Editorial","url":"https:\/\/letrame.com\/catalogo\/","logo":{"@type":"ImageObject","inLanguage":"es","@id":"https:\/\/letrame.com\/catalogo\/#\/schema\/logo\/image\/","url":"https:\/\/letrame.com\/catalogo\/wp-content\/uploads\/2024\/03\/logo2.webp","contentUrl":"https:\/\/letrame.com\/catalogo\/wp-content\/uploads\/2024\/03\/logo2.webp","width":394,"height":128,"caption":"Catalogo | Letrame Grupo Editorial"},"image":{"@id":"https:\/\/letrame.com\/catalogo\/#\/schema\/logo\/image\/"}}]}},"_links":{"self":[{"href":"https:\/\/letrame.com\/catalogo\/wp-json\/wp\/v2\/product\/97758","targetHints":{"allow":["GET"]}}],"collection":[{"href":"https:\/\/letrame.com\/catalogo\/wp-json\/wp\/v2\/product"}],"about":[{"href":"https:\/\/letrame.com\/catalogo\/wp-json\/wp\/v2\/types\/product"}],"replies":[{"embeddable":true,"href":"https:\/\/letrame.com\/catalogo\/wp-json\/wp\/v2\/comments?post=97758"}],"acf:post":[{"embeddable":true,"href":"https:\/\/letrame.com\/catalogo\/wp-json\/wp\/v2\/author_book\/76321"}],"wp:featuredmedia":[{"embeddable":true,"href":"https:\/\/letrame.com\/catalogo\/wp-json\/wp\/v2\/media\/97759"}],"wp:attachment":[{"href":"https:\/\/letrame.com\/catalogo\/wp-json\/wp\/v2\/media?parent=97758"}],"wp:term":[{"taxonomy":"libro","embeddable":true,"href":"https:\/\/letrame.com\/catalogo\/wp-json\/wp\/v2\/libro?post=97758"},{"taxonomy":"product_brand","embeddable":true,"href":"https:\/\/letrame.com\/catalogo\/wp-json\/wp\/v2\/product_brand?post=97758"},{"taxonomy":"product_cat","embeddable":true,"href":"https:\/\/letrame.com\/catalogo\/wp-json\/wp\/v2\/product_cat?post=97758"},{"taxonomy":"product_tag","embeddable":true,"href":"https:\/\/letrame.com\/catalogo\/wp-json\/wp\/v2\/product_tag?post=97758"}],"curies":[{"name":"wp","href":"https:\/\/api.w.org\/{rel}","templated":true}]}}