{"id":97703,"date":"2024-04-29T14:25:59","date_gmt":"2024-04-29T12:25:59","guid":{"rendered":"https:\/\/letrame.com\/catalogo\/producto\/diario-de-esther-a-la-espera\/"},"modified":"2024-04-29T14:26:02","modified_gmt":"2024-04-29T12:26:02","slug":"diario-de-esther-a-la-espera","status":"publish","type":"product","link":"https:\/\/letrame.com\/catalogo\/producto\/diario-de-esther-a-la-espera\/","title":{"rendered":"Diario de Esther a la espera"},"content":{"rendered":"<p><strong>ISBN<\/strong>:978-84-1114-764-4<\/p>\n<p><strong>T\u00edtulo<\/strong>: <span data-sheets-value=\"{&quot;1&quot;:2,&quot;2&quot;:&quot;Diario de Esther a la espera&quot;}\" data-sheets-userformat=\"{&quot;2&quot;:579,&quot;3&quot;:{&quot;1&quot;:0},&quot;4&quot;:{&quot;1&quot;:2,&quot;2&quot;:14281427},&quot;9&quot;:1,&quot;12&quot;:0}\">Diario de Esther a la espera<\/span><\/p>\n<p><strong>Fecha<\/strong>: 2022<br \/>\n<strong>P\u00e1ginas<\/strong>: 160<\/p>\n<p><strong>SINOPSIS<\/strong><\/p>\n<p>Es una novela en formato de diario escrita en primera persona, y trata de aclarar lo que no se resolvi\u00f3 en la parte anterior sobre el tri\u00e1ngulo amoroso, Ernesto, Luis y ella misma.<\/p>\n<p>La protagonista es una psic\u00f3loga desorientada y busca poner orden en su vida. En Diario de Esther a la espera se le complican las cosas porque hay embarazo, remordimientos y culpa.<\/p>\n<p>Es un relato fresco y ameno y echa un vistazo a recuerdos de \u00e9pocas pasadas. Al final hay un c\u00e1ntico a la esperanza.<\/p>\n<p>&nbsp;<\/p>\n","protected":false},"excerpt":{"rendered":"<p><strong>ISBN<\/strong>:978-84-1114-764-4<\/p>\n<p><strong>SINOPSIS<\/strong><\/p>\n<p>Es una novela en formato de diario escrita en primera persona, y trata de aclarar lo que no se resolvi\u00f3 en la parte anterior sobre el tri\u00e1ngulo amoroso, Ernesto, Luis y ella misma.<\/p>\n<p>La protagonista es una psic\u00f3loga desorientada y busca poner orden en su vida. En Diario de Esther a la espera se le complican las cosas porque hay embarazo, remordimientos y culpa.<\/p>\n<p>Es un relato fresco y ameno y echa un vistazo a recuerdos de \u00e9pocas pasadas. Al final hay un c\u00e1ntico a la esperanza.<\/p>\n","protected":false},"featured_media":97704,"comment_status":"closed","ping_status":"open","template":"","meta":{"_acf_changed":false},"libro":[],"product_brand":[],"product_cat":[16],"product_tag":[],"class_list":{"0":"post-97703","1":"product","2":"type-product","3":"status-publish","4":"has-post-thumbnail","6":"product_cat-novela","8":"first","9":"instock","10":"product-type-simple"},"acf":{"autor":[75524],"enlace_de_compra":"https:\/\/www.amazon.es\/Diario-Esther-espera-1-Novela\/dp\/8411147649\/"},"yoast_head":"<!-- This site is optimized with the Yoast SEO plugin v27.4 - https:\/\/yoast.com\/product\/yoast-seo-wordpress\/ -->\n<title>Diario de Esther a la espera - Catalogo | Letrame Grupo Editorial<\/title>\n<meta name=\"robots\" content=\"index, follow, max-snippet:-1, max-image-preview:large, max-video-preview:-1\" \/>\n<link rel=\"canonical\" href=\"https:\/\/letrame.com\/catalogo\/producto\/diario-de-esther-a-la-espera\/\" \/>\n<meta property=\"og:locale\" content=\"es_ES\" \/>\n<meta property=\"og:type\" content=\"article\" \/>\n<meta property=\"og:title\" content=\"Diario de Esther a la espera - Catalogo | Letrame Grupo Editorial\" \/>\n<meta property=\"og:description\" content=\"ISBN:978-84-1114-764-4 SINOPSIS Es una novela en formato de diario escrita en primera persona, y trata de aclarar lo que no se resolvi\u00f3 en la parte anterior sobre el tri\u00e1ngulo amoroso, Ernesto, Luis y ella misma. La protagonista es una psic\u00f3loga desorientada y busca poner orden en su vida. En Diario de Esther a la espera se le complican las cosas porque hay embarazo, remordimientos y culpa. Es un relato fresco y ameno y echa un vistazo a recuerdos de \u00e9pocas pasadas. Al final hay un c\u00e1ntico a la esperanza.\" \/>\n<meta property=\"og:url\" content=\"https:\/\/letrame.com\/catalogo\/producto\/diario-de-esther-a-la-espera\/\" \/>\n<meta property=\"og:site_name\" content=\"Catalogo | Letrame Grupo Editorial\" \/>\n<meta property=\"article:modified_time\" content=\"2024-04-29T12:26:02+00:00\" \/>\n<meta property=\"og:image\" content=\"https:\/\/letrame.com\/catalogo\/wp-content\/uploads\/2024\/04\/redportada_diariodeesther_848mm.jpg\" \/>\n\t<meta property=\"og:image:width\" content=\"601\" \/>\n\t<meta property=\"og:image:height\" content=\"858\" \/>\n\t<meta property=\"og:image:type\" content=\"image\/jpeg\" \/>\n<meta name=\"twitter:card\" content=\"summary_large_image\" \/>\n<meta name=\"twitter:label1\" content=\"Tiempo de lectura\" \/>\n\t<meta name=\"twitter:data1\" content=\"1 minuto\" \/>\n<script type=\"application\/ld+json\" class=\"yoast-schema-graph\">{\"@context\":\"https:\\\/\\\/schema.org\",\"@graph\":[{\"@type\":\"WebPage\",\"@id\":\"https:\\\/\\\/letrame.com\\\/catalogo\\\/producto\\\/diario-de-esther-a-la-espera\\\/\",\"url\":\"https:\\\/\\\/letrame.com\\\/catalogo\\\/producto\\\/diario-de-esther-a-la-espera\\\/\",\"name\":\"Diario de Esther a la espera - Catalogo | Letrame Grupo Editorial\",\"isPartOf\":{\"@id\":\"https:\\\/\\\/letrame.com\\\/catalogo\\\/#website\"},\"primaryImageOfPage\":{\"@id\":\"https:\\\/\\\/letrame.com\\\/catalogo\\\/producto\\\/diario-de-esther-a-la-espera\\\/#primaryimage\"},\"image\":{\"@id\":\"https:\\\/\\\/letrame.com\\\/catalogo\\\/producto\\\/diario-de-esther-a-la-espera\\\/#primaryimage\"},\"thumbnailUrl\":\"https:\\\/\\\/letrame.com\\\/catalogo\\\/wp-content\\\/uploads\\\/2024\\\/04\\\/redportada_diariodeesther_848mm.jpg\",\"datePublished\":\"2024-04-29T12:25:59+00:00\",\"dateModified\":\"2024-04-29T12:26:02+00:00\",\"breadcrumb\":{\"@id\":\"https:\\\/\\\/letrame.com\\\/catalogo\\\/producto\\\/diario-de-esther-a-la-espera\\\/#breadcrumb\"},\"inLanguage\":\"es\",\"potentialAction\":[{\"@type\":\"ReadAction\",\"target\":[\"https:\\\/\\\/letrame.com\\\/catalogo\\\/producto\\\/diario-de-esther-a-la-espera\\\/\"]}]},{\"@type\":\"ImageObject\",\"inLanguage\":\"es\",\"@id\":\"https:\\\/\\\/letrame.com\\\/catalogo\\\/producto\\\/diario-de-esther-a-la-espera\\\/#primaryimage\",\"url\":\"https:\\\/\\\/letrame.com\\\/catalogo\\\/wp-content\\\/uploads\\\/2024\\\/04\\\/redportada_diariodeesther_848mm.jpg\",\"contentUrl\":\"https:\\\/\\\/letrame.com\\\/catalogo\\\/wp-content\\\/uploads\\\/2024\\\/04\\\/redportada_diariodeesther_848mm.jpg\",\"width\":601,\"height\":858},{\"@type\":\"BreadcrumbList\",\"@id\":\"https:\\\/\\\/letrame.com\\\/catalogo\\\/producto\\\/diario-de-esther-a-la-espera\\\/#breadcrumb\",\"itemListElement\":[{\"@type\":\"ListItem\",\"position\":1,\"name\":\"Portada\",\"item\":\"https:\\\/\\\/letrame.com\\\/catalogo\\\/\"},{\"@type\":\"ListItem\",\"position\":2,\"name\":\"Cat\u00e1logo\",\"item\":\"https:\\\/\\\/letrame.com\\\/catalogo\\\/\"},{\"@type\":\"ListItem\",\"position\":3,\"name\":\"Diario de Esther a la espera\"}]},{\"@type\":\"WebSite\",\"@id\":\"https:\\\/\\\/letrame.com\\\/catalogo\\\/#website\",\"url\":\"https:\\\/\\\/letrame.com\\\/catalogo\\\/\",\"name\":\"Catalogo | Letrame Grupo Editorial\",\"description\":\"\",\"publisher\":{\"@id\":\"https:\\\/\\\/letrame.com\\\/catalogo\\\/#organization\"},\"potentialAction\":[{\"@type\":\"SearchAction\",\"target\":{\"@type\":\"EntryPoint\",\"urlTemplate\":\"https:\\\/\\\/letrame.com\\\/catalogo\\\/?s={search_term_string}\"},\"query-input\":{\"@type\":\"PropertyValueSpecification\",\"valueRequired\":true,\"valueName\":\"search_term_string\"}}],\"inLanguage\":\"es\"},{\"@type\":\"Organization\",\"@id\":\"https:\\\/\\\/letrame.com\\\/catalogo\\\/#organization\",\"name\":\"Catalogo | Letrame Grupo Editorial\",\"url\":\"https:\\\/\\\/letrame.com\\\/catalogo\\\/\",\"logo\":{\"@type\":\"ImageObject\",\"inLanguage\":\"es\",\"@id\":\"https:\\\/\\\/letrame.com\\\/catalogo\\\/#\\\/schema\\\/logo\\\/image\\\/\",\"url\":\"https:\\\/\\\/letrame.com\\\/catalogo\\\/wp-content\\\/uploads\\\/2024\\\/03\\\/logo2.webp\",\"contentUrl\":\"https:\\\/\\\/letrame.com\\\/catalogo\\\/wp-content\\\/uploads\\\/2024\\\/03\\\/logo2.webp\",\"width\":394,\"height\":128,\"caption\":\"Catalogo | Letrame Grupo Editorial\"},\"image\":{\"@id\":\"https:\\\/\\\/letrame.com\\\/catalogo\\\/#\\\/schema\\\/logo\\\/image\\\/\"}}]}<\/script>\n<!-- \/ Yoast SEO plugin. -->","yoast_head_json":{"title":"Diario de Esther a la espera - Catalogo | Letrame Grupo Editorial","robots":{"index":"index","follow":"follow","max-snippet":"max-snippet:-1","max-image-preview":"max-image-preview:large","max-video-preview":"max-video-preview:-1"},"canonical":"https:\/\/letrame.com\/catalogo\/producto\/diario-de-esther-a-la-espera\/","og_locale":"es_ES","og_type":"article","og_title":"Diario de Esther a la espera - Catalogo | Letrame Grupo Editorial","og_description":"ISBN:978-84-1114-764-4 SINOPSIS Es una novela en formato de diario escrita en primera persona, y trata de aclarar lo que no se resolvi\u00f3 en la parte anterior sobre el tri\u00e1ngulo amoroso, Ernesto, Luis y ella misma. La protagonista es una psic\u00f3loga desorientada y busca poner orden en su vida. En Diario de Esther a la espera se le complican las cosas porque hay embarazo, remordimientos y culpa. Es un relato fresco y ameno y echa un vistazo a recuerdos de \u00e9pocas pasadas. Al final hay un c\u00e1ntico a la esperanza.","og_url":"https:\/\/letrame.com\/catalogo\/producto\/diario-de-esther-a-la-espera\/","og_site_name":"Catalogo | Letrame Grupo Editorial","article_modified_time":"2024-04-29T12:26:02+00:00","og_image":[{"width":601,"height":858,"url":"https:\/\/letrame.com\/catalogo\/wp-content\/uploads\/2024\/04\/redportada_diariodeesther_848mm.jpg","type":"image\/jpeg"}],"twitter_card":"summary_large_image","twitter_misc":{"Tiempo de lectura":"1 minuto"},"schema":{"@context":"https:\/\/schema.org","@graph":[{"@type":"WebPage","@id":"https:\/\/letrame.com\/catalogo\/producto\/diario-de-esther-a-la-espera\/","url":"https:\/\/letrame.com\/catalogo\/producto\/diario-de-esther-a-la-espera\/","name":"Diario de Esther a la espera - Catalogo | Letrame Grupo Editorial","isPartOf":{"@id":"https:\/\/letrame.com\/catalogo\/#website"},"primaryImageOfPage":{"@id":"https:\/\/letrame.com\/catalogo\/producto\/diario-de-esther-a-la-espera\/#primaryimage"},"image":{"@id":"https:\/\/letrame.com\/catalogo\/producto\/diario-de-esther-a-la-espera\/#primaryimage"},"thumbnailUrl":"https:\/\/letrame.com\/catalogo\/wp-content\/uploads\/2024\/04\/redportada_diariodeesther_848mm.jpg","datePublished":"2024-04-29T12:25:59+00:00","dateModified":"2024-04-29T12:26:02+00:00","breadcrumb":{"@id":"https:\/\/letrame.com\/catalogo\/producto\/diario-de-esther-a-la-espera\/#breadcrumb"},"inLanguage":"es","potentialAction":[{"@type":"ReadAction","target":["https:\/\/letrame.com\/catalogo\/producto\/diario-de-esther-a-la-espera\/"]}]},{"@type":"ImageObject","inLanguage":"es","@id":"https:\/\/letrame.com\/catalogo\/producto\/diario-de-esther-a-la-espera\/#primaryimage","url":"https:\/\/letrame.com\/catalogo\/wp-content\/uploads\/2024\/04\/redportada_diariodeesther_848mm.jpg","contentUrl":"https:\/\/letrame.com\/catalogo\/wp-content\/uploads\/2024\/04\/redportada_diariodeesther_848mm.jpg","width":601,"height":858},{"@type":"BreadcrumbList","@id":"https:\/\/letrame.com\/catalogo\/producto\/diario-de-esther-a-la-espera\/#breadcrumb","itemListElement":[{"@type":"ListItem","position":1,"name":"Portada","item":"https:\/\/letrame.com\/catalogo\/"},{"@type":"ListItem","position":2,"name":"Cat\u00e1logo","item":"https:\/\/letrame.com\/catalogo\/"},{"@type":"ListItem","position":3,"name":"Diario de Esther a la espera"}]},{"@type":"WebSite","@id":"https:\/\/letrame.com\/catalogo\/#website","url":"https:\/\/letrame.com\/catalogo\/","name":"Catalogo | Letrame Grupo Editorial","description":"","publisher":{"@id":"https:\/\/letrame.com\/catalogo\/#organization"},"potentialAction":[{"@type":"SearchAction","target":{"@type":"EntryPoint","urlTemplate":"https:\/\/letrame.com\/catalogo\/?s={search_term_string}"},"query-input":{"@type":"PropertyValueSpecification","valueRequired":true,"valueName":"search_term_string"}}],"inLanguage":"es"},{"@type":"Organization","@id":"https:\/\/letrame.com\/catalogo\/#organization","name":"Catalogo | Letrame Grupo Editorial","url":"https:\/\/letrame.com\/catalogo\/","logo":{"@type":"ImageObject","inLanguage":"es","@id":"https:\/\/letrame.com\/catalogo\/#\/schema\/logo\/image\/","url":"https:\/\/letrame.com\/catalogo\/wp-content\/uploads\/2024\/03\/logo2.webp","contentUrl":"https:\/\/letrame.com\/catalogo\/wp-content\/uploads\/2024\/03\/logo2.webp","width":394,"height":128,"caption":"Catalogo | Letrame Grupo Editorial"},"image":{"@id":"https:\/\/letrame.com\/catalogo\/#\/schema\/logo\/image\/"}}]}},"_links":{"self":[{"href":"https:\/\/letrame.com\/catalogo\/wp-json\/wp\/v2\/product\/97703","targetHints":{"allow":["GET"]}}],"collection":[{"href":"https:\/\/letrame.com\/catalogo\/wp-json\/wp\/v2\/product"}],"about":[{"href":"https:\/\/letrame.com\/catalogo\/wp-json\/wp\/v2\/types\/product"}],"replies":[{"embeddable":true,"href":"https:\/\/letrame.com\/catalogo\/wp-json\/wp\/v2\/comments?post=97703"}],"acf:post":[{"embeddable":true,"href":"https:\/\/letrame.com\/catalogo\/wp-json\/wp\/v2\/author_book\/75524"}],"wp:featuredmedia":[{"embeddable":true,"href":"https:\/\/letrame.com\/catalogo\/wp-json\/wp\/v2\/media\/97704"}],"wp:attachment":[{"href":"https:\/\/letrame.com\/catalogo\/wp-json\/wp\/v2\/media?parent=97703"}],"wp:term":[{"taxonomy":"libro","embeddable":true,"href":"https:\/\/letrame.com\/catalogo\/wp-json\/wp\/v2\/libro?post=97703"},{"taxonomy":"product_brand","embeddable":true,"href":"https:\/\/letrame.com\/catalogo\/wp-json\/wp\/v2\/product_brand?post=97703"},{"taxonomy":"product_cat","embeddable":true,"href":"https:\/\/letrame.com\/catalogo\/wp-json\/wp\/v2\/product_cat?post=97703"},{"taxonomy":"product_tag","embeddable":true,"href":"https:\/\/letrame.com\/catalogo\/wp-json\/wp\/v2\/product_tag?post=97703"}],"curies":[{"name":"wp","href":"https:\/\/api.w.org\/{rel}","templated":true}]}}

<p><strong>ISBN</strong>:978-84-1114-764-4</p>
<p><strong>Título</strong>: <span data-sheets-value="{&quot;1&quot;:2,&quot;2&quot;:&quot;Diario de Esther a la espera&quot;}" data-sheets-userformat="{&quot;2&quot;:579,&quot;3&quot;:{&quot;1&quot;:0},&quot;4&quot;:{&quot;1&quot;:2,&quot;2&quot;:14281427},&quot;9&quot;:1,&quot;12&quot;:0}">Diario de Esther a la espera</span></p>
<p><strong>Fecha</strong>: 2022<br />
<strong>Páginas</strong>: 160</p>
<p><strong>SINOPSIS</strong></p>
<p>Es una novela en formato de diario escrita en primera persona, y trata de aclarar lo que no se resolvió en la parte anterior sobre el triángulo amoroso, Ernesto, Luis y ella misma.</p>
<p>La protagonista es una psicóloga desorientada y busca poner orden en su vida. En Diario de Esther a la espera se le complican las cosas porque hay embarazo, remordimientos y culpa.</p>
<p>Es un relato fresco y ameno y echa un vistazo a recuerdos de épocas pasadas. Al final hay un cántico a la esperanza.</p>
<p>&nbsp;</p>

<p><strong>ISBN</strong>:978-84-1114-764-4</p>
<p><strong>SINOPSIS</strong></p>
<p>Es una novela en formato de diario escrita en primera persona, y trata de aclarar lo que no se resolvió en la parte anterior sobre el triángulo amoroso, Ernesto, Luis y ella misma.</p>
<p>La protagonista es una psicóloga desorientada y busca poner orden en su vida. En Diario de Esther a la espera se le complican las cosas porque hay embarazo, remordimientos y culpa.</p>
<p>Es un relato fresco y ameno y echa un vistazo a recuerdos de épocas pasadas. Al final hay un cántico a la esperanza.</p>

<!-- This site is optimized with the Yoast SEO plugin v27.4 - https://yoast.com/product/yoast-seo-wordpress/ -->
<title>Diario de Esther a la espera - Catalogo | Letrame Grupo Editorial</title>
<meta name="robots" content="index, follow, max-snippet:-1, max-image-preview:large, max-video-preview:-1" />
<link rel="canonical" href="https://letrame.com/catalogo/producto/diario-de-esther-a-la-espera/" />
<meta property="og:locale" content="es_ES" />
<meta property="og:type" content="article" />
<meta property="og:title" content="Diario de Esther a la espera - Catalogo | Letrame Grupo Editorial" />
<meta property="og:description" content="ISBN:978-84-1114-764-4 SINOPSIS Es una novela en formato de diario escrita en primera persona, y trata de aclarar lo que no se resolvió en la parte anterior sobre el triángulo amoroso, Ernesto, Luis y ella misma. La protagonista es una psicóloga desorientada y busca poner orden en su vida. En Diario de Esther a la espera se le complican las cosas porque hay embarazo, remordimientos y culpa. Es un relato fresco y ameno y echa un vistazo a recuerdos de épocas pasadas. Al final hay un cántico a la esperanza." />
<meta property="og:url" content="https://letrame.com/catalogo/producto/diario-de-esther-a-la-espera/" />
<meta property="og:site_name" content="Catalogo | Letrame Grupo Editorial" />
<meta property="article:modified_time" content="2024-04-29T12:26:02+00:00" />
<meta property="og:image" content="https://letrame.com/catalogo/wp-content/uploads/2024/04/redportada_diariodeesther_848mm.jpg" />
	<meta property="og:image:width" content="601" />
	<meta property="og:image:height" content="858" />
	<meta property="og:image:type" content="image/jpeg" />
<meta name="twitter:card" content="summary_large_image" />
<meta name="twitter:label1" content="Tiempo de lectura" />
	<meta name="twitter:data1" content="1 minuto" />
<script type="application/ld+json" class="yoast-schema-graph">{"@context":"https:\/\/schema.org","@graph":[{"@type":"WebPage","@id":"https:\/\/letrame.com\/catalogo\/producto\/diario-de-esther-a-la-espera\/","url":"https:\/\/letrame.com\/catalogo\/producto\/diario-de-esther-a-la-espera\/","name":"Diario de Esther a la espera - Catalogo | Letrame Grupo Editorial","isPartOf":{"@id":"https:\/\/letrame.com\/catalogo\/#website"},"primaryImageOfPage":{"@id":"https:\/\/letrame.com\/catalogo\/producto\/diario-de-esther-a-la-espera\/#primaryimage"},"image":{"@id":"https:\/\/letrame.com\/catalogo\/producto\/diario-de-esther-a-la-espera\/#primaryimage"},"thumbnailUrl":"https:\/\/letrame.com\/catalogo\/wp-content\/uploads\/2024\/04\/redportada_diariodeesther_848mm.jpg","datePublished":"2024-04-29T12:25:59+00:00","dateModified":"2024-04-29T12:26:02+00:00","breadcrumb":{"@id":"https:\/\/letrame.com\/catalogo\/producto\/diario-de-esther-a-la-espera\/#breadcrumb"},"inLanguage":"es","potentialAction":[{"@type":"ReadAction","target":["https:\/\/letrame.com\/catalogo\/producto\/diario-de-esther-a-la-espera\/"]}]},{"@type":"ImageObject","inLanguage":"es","@id":"https:\/\/letrame.com\/catalogo\/producto\/diario-de-esther-a-la-espera\/#primaryimage","url":"https:\/\/letrame.com\/catalogo\/wp-content\/uploads\/2024\/04\/redportada_diariodeesther_848mm.jpg","contentUrl":"https:\/\/letrame.com\/catalogo\/wp-content\/uploads\/2024\/04\/redportada_diariodeesther_848mm.jpg","width":601,"height":858},{"@type":"BreadcrumbList","@id":"https:\/\/letrame.com\/catalogo\/producto\/diario-de-esther-a-la-espera\/#breadcrumb","itemListElement":[{"@type":"ListItem","position":1,"name":"Portada","item":"https:\/\/letrame.com\/catalogo\/"},{"@type":"ListItem","position":2,"name":"Catálogo","item":"https:\/\/letrame.com\/catalogo\/"},{"@type":"ListItem","position":3,"name":"Diario de Esther a la espera"}]},{"@type":"WebSite","@id":"https:\/\/letrame.com\/catalogo\/#website","url":"https:\/\/letrame.com\/catalogo\/","name":"Catalogo | Letrame Grupo Editorial","description":"","publisher":{"@id":"https:\/\/letrame.com\/catalogo\/#organization"},"potentialAction":[{"@type":"SearchAction","target":{"@type":"EntryPoint","urlTemplate":"https:\/\/letrame.com\/catalogo\/?s={search_term_string}"},"query-input":{"@type":"PropertyValueSpecification","valueRequired":true,"valueName":"search_term_string"}}],"inLanguage":"es"},{"@type":"Organization","@id":"https:\/\/letrame.com\/catalogo\/#organization","name":"Catalogo | Letrame Grupo Editorial","url":"https:\/\/letrame.com\/catalogo\/","logo":{"@type":"ImageObject","inLanguage":"es","@id":"https:\/\/letrame.com\/catalogo\/#\/schema\/logo\/image\/","url":"https:\/\/letrame.com\/catalogo\/wp-content\/uploads\/2024\/03\/logo2.webp","contentUrl":"https:\/\/letrame.com\/catalogo\/wp-content\/uploads\/2024\/03\/logo2.webp","width":394,"height":128,"caption":"Catalogo | Letrame Grupo Editorial"},"image":{"@id":"https:\/\/letrame.com\/catalogo\/#\/schema\/logo\/image\/"}}]}</script>
<!-- / Yoast SEO plugin. -->

ISBN:978-84-1114-764-4 SINOPSIS Es una novela en formato de diario escrita en primera persona, y trata de aclarar lo que no se resolvió en la parte anterior sobre el triángulo amoroso, Ernesto, Luis y ella misma. La protagonista es una psicóloga desorientada y busca poner orden en su vida. En Diario de Esther a la espera se le complican las cosas porque hay embarazo, remordimientos y culpa. Es un relato fresco y ameno y echa un vistazo a recuerdos de épocas pasadas. Al final hay un cántico a la esperanza.

Catálogo
