{"id":97695,"date":"2024-04-29T14:25:46","date_gmt":"2024-04-29T12:25:46","guid":{"rendered":"https:\/\/letrame.com\/catalogo\/producto\/calcetines-impares\/"},"modified":"2024-04-29T14:25:46","modified_gmt":"2024-04-29T12:25:46","slug":"calcetines-impares","status":"publish","type":"product","link":"https:\/\/letrame.com\/catalogo\/producto\/calcetines-impares\/","title":{"rendered":"Calcetines impares"},"content":{"rendered":"<p><strong>ISBN<\/strong>:978-84-1114-527-5<\/p>\n<p><strong>T\u00edtulo<\/strong>: <span data-sheets-value=\"{&quot;1&quot;:2,&quot;2&quot;:&quot;Calcetines impares&quot;}\" data-sheets-userformat=\"{&quot;2&quot;:579,&quot;3&quot;:{&quot;1&quot;:0},&quot;4&quot;:{&quot;1&quot;:2,&quot;2&quot;:14281427},&quot;9&quot;:1,&quot;12&quot;:0}\">Calcetines impares<\/span><\/p>\n<p><strong>Fecha<\/strong>: 2022<br \/>\n<strong>P\u00e1ginas<\/strong>: 452<\/p>\n<p><strong>SINOPSIS<\/strong><\/p>\n<p><em>\u201cNadie m\u00e1s que el coraz\u00f3n solitario puede saber c\u00f3mo me sent\u00eda y, sin embargo, en aquel oto\u00f1o del 53 conocer\u00eda la existencia de un coraz\u00f3n m\u00e1s solitario que el m\u00edo. Un laberinto de sentimientos que se alojaban en cada latido, un mar de emociones confusas y malinterpretadas.\u00bb<\/em><\/p>\n<p>Una huida hacia el interior de uno mismo, ese es el camino que lleva a Shangri-La, en donde encuentras la respuesta al sentido de la vida y a lo que realmente importa.<\/p>\n<p>Calcetines impares, una historia atemporal, narrada por una mujer desde la experiencia de su coraz\u00f3n. Reflexiva, rom\u00e1ntica\u00a0 y emotiva novela coprotagonizada por Archibald Alexander Leach, m\u00e1s conocido por Cary Grant, consigue atrapar al lector y envolverlo en su m\u00e1gico ambiente.<\/p>\n<p>Con un lenguaje embaucador que logra traspasar el tiempo y llevarte a la agitada d\u00e9cada hollywoodiense de los a\u00f1os 50.<\/p>\n<p>Si deseas pasar unos meses en Shangri-La con la eternidad en el horizonte, solo necesitas llamar a la puerta de este libro y entrar&#8230;<\/p>\n<p>[aux_button label=\u00bbCOMPRAR\u00bb size=\u00bbmedium\u00bb icon_align=\u00bbleft\u00bb color_name=\u00bbball-blue\u00bb link=\u00bbhttps:\/\/www.amazon.es\/Calcetines-impares-Siguiendo-huellas-Grant\/dp\/8411145271\/\u00bb]<\/p>\n","protected":false},"excerpt":{"rendered":"<p><strong>ISBN<\/strong>:978-84-1114-527-5<\/p>\n<p><strong>SINOPSIS<\/strong><\/p>\n<p><em>\u201cNadie m\u00e1s que el coraz\u00f3n solitario puede saber c\u00f3mo me sent\u00eda y, sin embargo, en aquel oto\u00f1o del 53 conocer\u00eda la existencia de un coraz\u00f3n m\u00e1s solitario que el m\u00edo. Un laberinto de sentimientos que se alojaban en cada latido, un mar de emociones confusas y malinterpretadas.\u00bb<\/em><\/p>\n<p>Una huida hacia el interior de uno mismo, ese es el camino que lleva a Shangri-La, en donde encuentras la respuesta al sentido de la vida y a lo que realmente importa.<\/p>\n<p>Calcetines impares, una historia atemporal, narrada por una mujer desde la experiencia de su coraz\u00f3n. Reflexiva, rom\u00e1ntica\u00a0 y emotiva novela coprotagonizada por Archibald Alexander Leach, m\u00e1s conocido por Cary Grant, consigue atrapar al lector y envolverlo en su m\u00e1gico ambiente.<\/p>\n<p>Con un lenguaje embaucador que logra traspasar el tiempo y llevarte a la agitada d\u00e9cada hollywoodiense de los a\u00f1os 50.<\/p>\n<p>Si deseas pasar unos meses en Shangri-La con la eternidad en el horizonte, solo necesitas llamar a la puerta de este libro y entrar&#8230;<\/p>\n","protected":false},"featured_media":97696,"comment_status":"closed","ping_status":"open","template":"","meta":{"_acf_changed":false},"libro":[],"product_brand":[],"product_cat":[26],"product_tag":[],"class_list":{"0":"post-97695","1":"product","2":"type-product","3":"status-publish","4":"has-post-thumbnail","6":"product_cat-sin-categoria","8":"first","9":"instock","10":"product-type-simple"},"acf":{"autor":[76260],"enlace_de_compra":"https:\/\/py.pl\/8epLG\/"},"yoast_head":"<!-- This site is optimized with the Yoast SEO plugin v27.4 - https:\/\/yoast.com\/product\/yoast-seo-wordpress\/ -->\n<title>Calcetines impares - Catalogo | Letrame Grupo Editorial<\/title>\n<meta name=\"robots\" content=\"index, follow, max-snippet:-1, max-image-preview:large, max-video-preview:-1\" \/>\n<link rel=\"canonical\" href=\"https:\/\/letrame.com\/catalogo\/producto\/calcetines-impares\/\" \/>\n<meta property=\"og:locale\" content=\"es_ES\" \/>\n<meta property=\"og:type\" content=\"article\" \/>\n<meta property=\"og:title\" content=\"Calcetines impares - Catalogo | Letrame Grupo Editorial\" \/>\n<meta property=\"og:description\" content=\"ISBN:978-84-1114-527-5 SINOPSIS \u201cNadie m\u00e1s que el coraz\u00f3n solitario puede saber c\u00f3mo me sent\u00eda y, sin embargo, en aquel oto\u00f1o del 53 conocer\u00eda la existencia de un coraz\u00f3n m\u00e1s solitario que el m\u00edo. Un laberinto de sentimientos que se alojaban en cada latido, un mar de emociones confusas y malinterpretadas.&quot; Una huida hacia el interior de uno mismo, ese es el camino que lleva a Shangri-La, en donde encuentras la respuesta al sentido de la vida y a lo que realmente importa. Calcetines impares, una historia atemporal, narrada por una mujer desde la experiencia de su coraz\u00f3n. Reflexiva, rom\u00e1ntica\u00a0 y emotiva novela coprotagonizada por Archibald Alexander Leach, m\u00e1s conocido por Cary Grant, consigue atrapar al lector y envolverlo en su m\u00e1gico ambiente. Con un lenguaje embaucador que logra traspasar el tiempo y llevarte a la agitada d\u00e9cada hollywoodiense de los a\u00f1os 50. Si deseas pasar unos meses en Shangri-La con la eternidad en el horizonte, solo necesitas llamar a la puerta de este libro y entrar...\" \/>\n<meta property=\"og:url\" content=\"https:\/\/letrame.com\/catalogo\/producto\/calcetines-impares\/\" \/>\n<meta property=\"og:site_name\" content=\"Catalogo | Letrame Grupo Editorial\" \/>\n<meta property=\"og:image\" content=\"https:\/\/letrame.com\/catalogo\/wp-content\/uploads\/2024\/04\/redportada_calcetinesimpares_2195mm.jpg\" \/>\n\t<meta property=\"og:image:width\" content=\"601\" \/>\n\t<meta property=\"og:image:height\" content=\"881\" \/>\n\t<meta property=\"og:image:type\" content=\"image\/jpeg\" \/>\n<meta name=\"twitter:card\" content=\"summary_large_image\" \/>\n<meta name=\"twitter:label1\" content=\"Tiempo de lectura\" \/>\n\t<meta name=\"twitter:data1\" content=\"1 minuto\" \/>\n<script type=\"application\/ld+json\" class=\"yoast-schema-graph\">{\"@context\":\"https:\\\/\\\/schema.org\",\"@graph\":[{\"@type\":\"WebPage\",\"@id\":\"https:\\\/\\\/letrame.com\\\/catalogo\\\/producto\\\/calcetines-impares\\\/\",\"url\":\"https:\\\/\\\/letrame.com\\\/catalogo\\\/producto\\\/calcetines-impares\\\/\",\"name\":\"Calcetines impares - Catalogo | Letrame Grupo Editorial\",\"isPartOf\":{\"@id\":\"https:\\\/\\\/letrame.com\\\/catalogo\\\/#website\"},\"primaryImageOfPage\":{\"@id\":\"https:\\\/\\\/letrame.com\\\/catalogo\\\/producto\\\/calcetines-impares\\\/#primaryimage\"},\"image\":{\"@id\":\"https:\\\/\\\/letrame.com\\\/catalogo\\\/producto\\\/calcetines-impares\\\/#primaryimage\"},\"thumbnailUrl\":\"https:\\\/\\\/letrame.com\\\/catalogo\\\/wp-content\\\/uploads\\\/2024\\\/04\\\/redportada_calcetinesimpares_2195mm.jpg\",\"datePublished\":\"2024-04-29T12:25:46+00:00\",\"breadcrumb\":{\"@id\":\"https:\\\/\\\/letrame.com\\\/catalogo\\\/producto\\\/calcetines-impares\\\/#breadcrumb\"},\"inLanguage\":\"es\",\"potentialAction\":[{\"@type\":\"ReadAction\",\"target\":[\"https:\\\/\\\/letrame.com\\\/catalogo\\\/producto\\\/calcetines-impares\\\/\"]}]},{\"@type\":\"ImageObject\",\"inLanguage\":\"es\",\"@id\":\"https:\\\/\\\/letrame.com\\\/catalogo\\\/producto\\\/calcetines-impares\\\/#primaryimage\",\"url\":\"https:\\\/\\\/letrame.com\\\/catalogo\\\/wp-content\\\/uploads\\\/2024\\\/04\\\/redportada_calcetinesimpares_2195mm.jpg\",\"contentUrl\":\"https:\\\/\\\/letrame.com\\\/catalogo\\\/wp-content\\\/uploads\\\/2024\\\/04\\\/redportada_calcetinesimpares_2195mm.jpg\",\"width\":601,\"height\":881},{\"@type\":\"BreadcrumbList\",\"@id\":\"https:\\\/\\\/letrame.com\\\/catalogo\\\/producto\\\/calcetines-impares\\\/#breadcrumb\",\"itemListElement\":[{\"@type\":\"ListItem\",\"position\":1,\"name\":\"Portada\",\"item\":\"https:\\\/\\\/letrame.com\\\/catalogo\\\/\"},{\"@type\":\"ListItem\",\"position\":2,\"name\":\"Cat\u00e1logo\",\"item\":\"https:\\\/\\\/letrame.com\\\/catalogo\\\/\"},{\"@type\":\"ListItem\",\"position\":3,\"name\":\"Calcetines impares\"}]},{\"@type\":\"WebSite\",\"@id\":\"https:\\\/\\\/letrame.com\\\/catalogo\\\/#website\",\"url\":\"https:\\\/\\\/letrame.com\\\/catalogo\\\/\",\"name\":\"Catalogo | Letrame Grupo Editorial\",\"description\":\"\",\"publisher\":{\"@id\":\"https:\\\/\\\/letrame.com\\\/catalogo\\\/#organization\"},\"potentialAction\":[{\"@type\":\"SearchAction\",\"target\":{\"@type\":\"EntryPoint\",\"urlTemplate\":\"https:\\\/\\\/letrame.com\\\/catalogo\\\/?s={search_term_string}\"},\"query-input\":{\"@type\":\"PropertyValueSpecification\",\"valueRequired\":true,\"valueName\":\"search_term_string\"}}],\"inLanguage\":\"es\"},{\"@type\":\"Organization\",\"@id\":\"https:\\\/\\\/letrame.com\\\/catalogo\\\/#organization\",\"name\":\"Catalogo | Letrame Grupo Editorial\",\"url\":\"https:\\\/\\\/letrame.com\\\/catalogo\\\/\",\"logo\":{\"@type\":\"ImageObject\",\"inLanguage\":\"es\",\"@id\":\"https:\\\/\\\/letrame.com\\\/catalogo\\\/#\\\/schema\\\/logo\\\/image\\\/\",\"url\":\"https:\\\/\\\/letrame.com\\\/catalogo\\\/wp-content\\\/uploads\\\/2024\\\/03\\\/logo2.webp\",\"contentUrl\":\"https:\\\/\\\/letrame.com\\\/catalogo\\\/wp-content\\\/uploads\\\/2024\\\/03\\\/logo2.webp\",\"width\":394,\"height\":128,\"caption\":\"Catalogo | Letrame Grupo Editorial\"},\"image\":{\"@id\":\"https:\\\/\\\/letrame.com\\\/catalogo\\\/#\\\/schema\\\/logo\\\/image\\\/\"}}]}<\/script>\n<!-- \/ Yoast SEO plugin. -->","yoast_head_json":{"title":"Calcetines impares - Catalogo | Letrame Grupo Editorial","robots":{"index":"index","follow":"follow","max-snippet":"max-snippet:-1","max-image-preview":"max-image-preview:large","max-video-preview":"max-video-preview:-1"},"canonical":"https:\/\/letrame.com\/catalogo\/producto\/calcetines-impares\/","og_locale":"es_ES","og_type":"article","og_title":"Calcetines impares - Catalogo | Letrame Grupo Editorial","og_description":"ISBN:978-84-1114-527-5 SINOPSIS \u201cNadie m\u00e1s que el coraz\u00f3n solitario puede saber c\u00f3mo me sent\u00eda y, sin embargo, en aquel oto\u00f1o del 53 conocer\u00eda la existencia de un coraz\u00f3n m\u00e1s solitario que el m\u00edo. Un laberinto de sentimientos que se alojaban en cada latido, un mar de emociones confusas y malinterpretadas.\" Una huida hacia el interior de uno mismo, ese es el camino que lleva a Shangri-La, en donde encuentras la respuesta al sentido de la vida y a lo que realmente importa. Calcetines impares, una historia atemporal, narrada por una mujer desde la experiencia de su coraz\u00f3n. Reflexiva, rom\u00e1ntica\u00a0 y emotiva novela coprotagonizada por Archibald Alexander Leach, m\u00e1s conocido por Cary Grant, consigue atrapar al lector y envolverlo en su m\u00e1gico ambiente. Con un lenguaje embaucador que logra traspasar el tiempo y llevarte a la agitada d\u00e9cada hollywoodiense de los a\u00f1os 50. Si deseas pasar unos meses en Shangri-La con la eternidad en el horizonte, solo necesitas llamar a la puerta de este libro y entrar...","og_url":"https:\/\/letrame.com\/catalogo\/producto\/calcetines-impares\/","og_site_name":"Catalogo | Letrame Grupo Editorial","og_image":[{"width":601,"height":881,"url":"https:\/\/letrame.com\/catalogo\/wp-content\/uploads\/2024\/04\/redportada_calcetinesimpares_2195mm.jpg","type":"image\/jpeg"}],"twitter_card":"summary_large_image","twitter_misc":{"Tiempo de lectura":"1 minuto"},"schema":{"@context":"https:\/\/schema.org","@graph":[{"@type":"WebPage","@id":"https:\/\/letrame.com\/catalogo\/producto\/calcetines-impares\/","url":"https:\/\/letrame.com\/catalogo\/producto\/calcetines-impares\/","name":"Calcetines impares - Catalogo | Letrame Grupo Editorial","isPartOf":{"@id":"https:\/\/letrame.com\/catalogo\/#website"},"primaryImageOfPage":{"@id":"https:\/\/letrame.com\/catalogo\/producto\/calcetines-impares\/#primaryimage"},"image":{"@id":"https:\/\/letrame.com\/catalogo\/producto\/calcetines-impares\/#primaryimage"},"thumbnailUrl":"https:\/\/letrame.com\/catalogo\/wp-content\/uploads\/2024\/04\/redportada_calcetinesimpares_2195mm.jpg","datePublished":"2024-04-29T12:25:46+00:00","breadcrumb":{"@id":"https:\/\/letrame.com\/catalogo\/producto\/calcetines-impares\/#breadcrumb"},"inLanguage":"es","potentialAction":[{"@type":"ReadAction","target":["https:\/\/letrame.com\/catalogo\/producto\/calcetines-impares\/"]}]},{"@type":"ImageObject","inLanguage":"es","@id":"https:\/\/letrame.com\/catalogo\/producto\/calcetines-impares\/#primaryimage","url":"https:\/\/letrame.com\/catalogo\/wp-content\/uploads\/2024\/04\/redportada_calcetinesimpares_2195mm.jpg","contentUrl":"https:\/\/letrame.com\/catalogo\/wp-content\/uploads\/2024\/04\/redportada_calcetinesimpares_2195mm.jpg","width":601,"height":881},{"@type":"BreadcrumbList","@id":"https:\/\/letrame.com\/catalogo\/producto\/calcetines-impares\/#breadcrumb","itemListElement":[{"@type":"ListItem","position":1,"name":"Portada","item":"https:\/\/letrame.com\/catalogo\/"},{"@type":"ListItem","position":2,"name":"Cat\u00e1logo","item":"https:\/\/letrame.com\/catalogo\/"},{"@type":"ListItem","position":3,"name":"Calcetines impares"}]},{"@type":"WebSite","@id":"https:\/\/letrame.com\/catalogo\/#website","url":"https:\/\/letrame.com\/catalogo\/","name":"Catalogo | Letrame Grupo Editorial","description":"","publisher":{"@id":"https:\/\/letrame.com\/catalogo\/#organization"},"potentialAction":[{"@type":"SearchAction","target":{"@type":"EntryPoint","urlTemplate":"https:\/\/letrame.com\/catalogo\/?s={search_term_string}"},"query-input":{"@type":"PropertyValueSpecification","valueRequired":true,"valueName":"search_term_string"}}],"inLanguage":"es"},{"@type":"Organization","@id":"https:\/\/letrame.com\/catalogo\/#organization","name":"Catalogo | Letrame Grupo Editorial","url":"https:\/\/letrame.com\/catalogo\/","logo":{"@type":"ImageObject","inLanguage":"es","@id":"https:\/\/letrame.com\/catalogo\/#\/schema\/logo\/image\/","url":"https:\/\/letrame.com\/catalogo\/wp-content\/uploads\/2024\/03\/logo2.webp","contentUrl":"https:\/\/letrame.com\/catalogo\/wp-content\/uploads\/2024\/03\/logo2.webp","width":394,"height":128,"caption":"Catalogo | Letrame Grupo Editorial"},"image":{"@id":"https:\/\/letrame.com\/catalogo\/#\/schema\/logo\/image\/"}}]}},"_links":{"self":[{"href":"https:\/\/letrame.com\/catalogo\/wp-json\/wp\/v2\/product\/97695","targetHints":{"allow":["GET"]}}],"collection":[{"href":"https:\/\/letrame.com\/catalogo\/wp-json\/wp\/v2\/product"}],"about":[{"href":"https:\/\/letrame.com\/catalogo\/wp-json\/wp\/v2\/types\/product"}],"replies":[{"embeddable":true,"href":"https:\/\/letrame.com\/catalogo\/wp-json\/wp\/v2\/comments?post=97695"}],"acf:post":[{"embeddable":true,"href":"https:\/\/letrame.com\/catalogo\/wp-json\/wp\/v2\/author_book\/76260"}],"wp:featuredmedia":[{"embeddable":true,"href":"https:\/\/letrame.com\/catalogo\/wp-json\/wp\/v2\/media\/97696"}],"wp:attachment":[{"href":"https:\/\/letrame.com\/catalogo\/wp-json\/wp\/v2\/media?parent=97695"}],"wp:term":[{"taxonomy":"libro","embeddable":true,"href":"https:\/\/letrame.com\/catalogo\/wp-json\/wp\/v2\/libro?post=97695"},{"taxonomy":"product_brand","embeddable":true,"href":"https:\/\/letrame.com\/catalogo\/wp-json\/wp\/v2\/product_brand?post=97695"},{"taxonomy":"product_cat","embeddable":true,"href":"https:\/\/letrame.com\/catalogo\/wp-json\/wp\/v2\/product_cat?post=97695"},{"taxonomy":"product_tag","embeddable":true,"href":"https:\/\/letrame.com\/catalogo\/wp-json\/wp\/v2\/product_tag?post=97695"}],"curies":[{"name":"wp","href":"https:\/\/api.w.org\/{rel}","templated":true}]}}