{"id":97632,"date":"2024-04-29T14:21:49","date_gmt":"2024-04-29T12:21:49","guid":{"rendered":"https:\/\/letrame.com\/catalogo\/producto\/de-amor-y-de-lagrimas\/"},"modified":"2024-04-29T14:21:49","modified_gmt":"2024-04-29T12:21:49","slug":"de-amor-y-de-lagrimas","status":"publish","type":"product","link":"https:\/\/letrame.com\/catalogo\/producto\/de-amor-y-de-lagrimas\/","title":{"rendered":"De amor y de l\u00e1grimas"},"content":{"rendered":"<p><strong>ISBN<\/strong>:978-84-1114-590-9<\/p>\n<p><strong>T\u00edtulo<\/strong>: De amor y de l\u00e1grimas<\/p>\n<p><strong>Fecha<\/strong>: 2022<br \/>\n<strong>P\u00e1ginas<\/strong>: 116<\/p>\n<p><strong>SINOPSIS<\/strong><\/p>\n<p>Una ma\u00f1ana de noviembre de 2018 despert\u00e9 sin \u00e1nimos y con deseos de desaparecer. \u00a0Mi esposo, mis hijos y yo ten\u00edamos dos meses de haber llegado a vivir a Madrid, cuando a mi marido le dio un infarto y muri\u00f3. Nuestra familia y amigos se encontraban a m\u00e1s de diez mil kil\u00f3metros de distancia y, en esa circunstancia, desecha y sin fuerza, me tuve que enfrentar a mis m\u00e1s profundos miedos e inseguridades.<\/p>\n<p>&nbsp;<\/p>\n<p>Hoy, quiero compartir algunos momentos clave que he enfrentado como esposa, madre y mujer reflejando mi m\u00e1s profundo sentir. \u00a0Las ca\u00eddas, tropiezos y \u00e9xitos; los instantes de obscuridad y mi ser v\u00edctima y aquellos de luz, en los que me he convertido en protagonista de mi vida. Te ofrezco mi historia, deseo que las circunstancias que he atravesado y los aprendizajes que me han dado puedan ser una una motivaci\u00f3n y una invitaci\u00f3n para seguir adelante.<\/p>\n<p>&nbsp;<\/p>\n<p>\u201cDe amor y de l\u00e1grimas. Transformando el dolor en amor\u201d, es el resultado de mi gusto por la lectura, la escritura, y mi deseo de servir a otros.<\/p>\n<p>&nbsp;<\/p>\n<p>&nbsp;<\/p>\n","protected":false},"excerpt":{"rendered":"<p><strong>ISBN<\/strong>:978-84-1114-590-9<\/p>\n<p><strong>SINOPSIS<\/strong><\/p>\n<p>Una ma\u00f1ana de noviembre de 2018 despert\u00e9 sin \u00e1nimos y con deseos de desaparecer. \u00a0Mi esposo, mis hijos y yo ten\u00edamos dos meses de haber llegado a vivir a Madrid, cuando a mi marido le dio un infarto y muri\u00f3. Nuestra familia y amigos se encontraban a m\u00e1s de diez mil kil\u00f3metros de distancia y, en esa circunstancia, desecha y sin fuerza, me tuve que enfrentar a mis m\u00e1s profundos miedos e inseguridades.<\/p>\n<p>Hoy, quiero compartir algunos momentos clave que he enfrentado como esposa, madre y mujer reflejando mi m\u00e1s profundo sentir. \u00a0Las ca\u00eddas, tropiezos y \u00e9xitos; los instantes de obscuridad y mi ser v\u00edctima y aquellos de luz, en los que me he convertido en protagonista de mi vida. Te ofrezco mi historia, deseo que las circunstancias que he atravesado y los aprendizajes que me han dado puedan ser una una motivaci\u00f3n y una invitaci\u00f3n para seguir adelante.<\/p>\n<p>\u201cDe amor y de l\u00e1grimas. Transformando el dolor en amor\u201d, es el resultado de mi gusto por la lectura, la escritura, y mi deseo de servir a otros.<\/p>\n<p>&nbsp;<\/p>\n<p>&nbsp;<\/p>\n","protected":false},"featured_media":97633,"comment_status":"closed","ping_status":"open","template":"","meta":{"_acf_changed":false},"libro":[],"product_brand":[],"product_cat":[26],"product_tag":[],"class_list":{"0":"post-97632","1":"product","2":"type-product","3":"status-publish","4":"has-post-thumbnail","6":"product_cat-sin-categoria","8":"first","9":"instock","10":"purchasable","11":"product-type-simple"},"acf":{"autor":[76203],"enlace_de_compra":""},"yoast_head":"<!-- This site is optimized with the Yoast SEO plugin v27.4 - https:\/\/yoast.com\/product\/yoast-seo-wordpress\/ -->\n<title>De amor y de l\u00e1grimas - Catalogo | Letrame Grupo Editorial<\/title>\n<meta name=\"robots\" content=\"index, follow, max-snippet:-1, max-image-preview:large, max-video-preview:-1\" \/>\n<link rel=\"canonical\" href=\"https:\/\/letrame.com\/catalogo\/producto\/de-amor-y-de-lagrimas\/\" \/>\n<meta property=\"og:locale\" content=\"es_ES\" \/>\n<meta property=\"og:type\" content=\"article\" \/>\n<meta property=\"og:title\" content=\"De amor y de l\u00e1grimas - Catalogo | Letrame Grupo Editorial\" \/>\n<meta property=\"og:description\" content=\"ISBN:978-84-1114-590-9 SINOPSIS Una ma\u00f1ana de noviembre de 2018 despert\u00e9 sin \u00e1nimos y con deseos de desaparecer. \u00a0Mi esposo, mis hijos y yo ten\u00edamos dos meses de haber llegado a vivir a Madrid, cuando a mi marido le dio un infarto y muri\u00f3. Nuestra familia y amigos se encontraban a m\u00e1s de diez mil kil\u00f3metros de distancia y, en esa circunstancia, desecha y sin fuerza, me tuve que enfrentar a mis m\u00e1s profundos miedos e inseguridades. Hoy, quiero compartir algunos momentos clave que he enfrentado como esposa, madre y mujer reflejando mi m\u00e1s profundo sentir. \u00a0Las ca\u00eddas, tropiezos y \u00e9xitos; los instantes de obscuridad y mi ser v\u00edctima y aquellos de luz, en los que me he convertido en protagonista de mi vida. Te ofrezco mi historia, deseo que las circunstancias que he atravesado y los aprendizajes que me han dado puedan ser una una motivaci\u00f3n y una invitaci\u00f3n para seguir adelante. \u201cDe amor y de l\u00e1grimas. Transformando el dolor en amor\u201d, es el resultado de mi gusto por la lectura, la escritura, y mi deseo de servir a otros. &nbsp; &nbsp;\" \/>\n<meta property=\"og:url\" content=\"https:\/\/letrame.com\/catalogo\/producto\/de-amor-y-de-lagrimas\/\" \/>\n<meta property=\"og:site_name\" content=\"Catalogo | Letrame Grupo Editorial\" \/>\n<meta property=\"og:image\" content=\"https:\/\/letrame.com\/catalogo\/wp-content\/uploads\/2024\/04\/portada_deamorylagrimas_1019mm.jpg\" \/>\n\t<meta property=\"og:image:width\" content=\"601\" \/>\n\t<meta property=\"og:image:height\" content=\"881\" \/>\n\t<meta property=\"og:image:type\" content=\"image\/jpeg\" \/>\n<meta name=\"twitter:card\" content=\"summary_large_image\" \/>\n<meta name=\"twitter:label1\" content=\"Tiempo de lectura\" \/>\n\t<meta name=\"twitter:data1\" content=\"1 minuto\" \/>\n<script type=\"application\/ld+json\" class=\"yoast-schema-graph\">{\"@context\":\"https:\\\/\\\/schema.org\",\"@graph\":[{\"@type\":\"WebPage\",\"@id\":\"https:\\\/\\\/letrame.com\\\/catalogo\\\/producto\\\/de-amor-y-de-lagrimas\\\/\",\"url\":\"https:\\\/\\\/letrame.com\\\/catalogo\\\/producto\\\/de-amor-y-de-lagrimas\\\/\",\"name\":\"De amor y de l\u00e1grimas - Catalogo | Letrame Grupo Editorial\",\"isPartOf\":{\"@id\":\"https:\\\/\\\/letrame.com\\\/catalogo\\\/#website\"},\"primaryImageOfPage\":{\"@id\":\"https:\\\/\\\/letrame.com\\\/catalogo\\\/producto\\\/de-amor-y-de-lagrimas\\\/#primaryimage\"},\"image\":{\"@id\":\"https:\\\/\\\/letrame.com\\\/catalogo\\\/producto\\\/de-amor-y-de-lagrimas\\\/#primaryimage\"},\"thumbnailUrl\":\"https:\\\/\\\/letrame.com\\\/catalogo\\\/wp-content\\\/uploads\\\/2024\\\/04\\\/portada_deamorylagrimas_1019mm.jpg\",\"datePublished\":\"2024-04-29T12:21:49+00:00\",\"breadcrumb\":{\"@id\":\"https:\\\/\\\/letrame.com\\\/catalogo\\\/producto\\\/de-amor-y-de-lagrimas\\\/#breadcrumb\"},\"inLanguage\":\"es\",\"potentialAction\":[{\"@type\":\"ReadAction\",\"target\":[\"https:\\\/\\\/letrame.com\\\/catalogo\\\/producto\\\/de-amor-y-de-lagrimas\\\/\"]}]},{\"@type\":\"ImageObject\",\"inLanguage\":\"es\",\"@id\":\"https:\\\/\\\/letrame.com\\\/catalogo\\\/producto\\\/de-amor-y-de-lagrimas\\\/#primaryimage\",\"url\":\"https:\\\/\\\/letrame.com\\\/catalogo\\\/wp-content\\\/uploads\\\/2024\\\/04\\\/portada_deamorylagrimas_1019mm.jpg\",\"contentUrl\":\"https:\\\/\\\/letrame.com\\\/catalogo\\\/wp-content\\\/uploads\\\/2024\\\/04\\\/portada_deamorylagrimas_1019mm.jpg\",\"width\":601,\"height\":881},{\"@type\":\"BreadcrumbList\",\"@id\":\"https:\\\/\\\/letrame.com\\\/catalogo\\\/producto\\\/de-amor-y-de-lagrimas\\\/#breadcrumb\",\"itemListElement\":[{\"@type\":\"ListItem\",\"position\":1,\"name\":\"Portada\",\"item\":\"https:\\\/\\\/letrame.com\\\/catalogo\\\/\"},{\"@type\":\"ListItem\",\"position\":2,\"name\":\"Cat\u00e1logo\",\"item\":\"https:\\\/\\\/letrame.com\\\/catalogo\\\/\"},{\"@type\":\"ListItem\",\"position\":3,\"name\":\"De amor y de l\u00e1grimas\"}]},{\"@type\":\"WebSite\",\"@id\":\"https:\\\/\\\/letrame.com\\\/catalogo\\\/#website\",\"url\":\"https:\\\/\\\/letrame.com\\\/catalogo\\\/\",\"name\":\"Catalogo | Letrame Grupo Editorial\",\"description\":\"\",\"publisher\":{\"@id\":\"https:\\\/\\\/letrame.com\\\/catalogo\\\/#organization\"},\"potentialAction\":[{\"@type\":\"SearchAction\",\"target\":{\"@type\":\"EntryPoint\",\"urlTemplate\":\"https:\\\/\\\/letrame.com\\\/catalogo\\\/?s={search_term_string}\"},\"query-input\":{\"@type\":\"PropertyValueSpecification\",\"valueRequired\":true,\"valueName\":\"search_term_string\"}}],\"inLanguage\":\"es\"},{\"@type\":\"Organization\",\"@id\":\"https:\\\/\\\/letrame.com\\\/catalogo\\\/#organization\",\"name\":\"Catalogo | Letrame Grupo Editorial\",\"url\":\"https:\\\/\\\/letrame.com\\\/catalogo\\\/\",\"logo\":{\"@type\":\"ImageObject\",\"inLanguage\":\"es\",\"@id\":\"https:\\\/\\\/letrame.com\\\/catalogo\\\/#\\\/schema\\\/logo\\\/image\\\/\",\"url\":\"https:\\\/\\\/letrame.com\\\/catalogo\\\/wp-content\\\/uploads\\\/2024\\\/03\\\/logo2.webp\",\"contentUrl\":\"https:\\\/\\\/letrame.com\\\/catalogo\\\/wp-content\\\/uploads\\\/2024\\\/03\\\/logo2.webp\",\"width\":394,\"height\":128,\"caption\":\"Catalogo | Letrame Grupo Editorial\"},\"image\":{\"@id\":\"https:\\\/\\\/letrame.com\\\/catalogo\\\/#\\\/schema\\\/logo\\\/image\\\/\"}}]}<\/script>\n<!-- \/ Yoast SEO plugin. -->","yoast_head_json":{"title":"De amor y de l\u00e1grimas - Catalogo | Letrame Grupo Editorial","robots":{"index":"index","follow":"follow","max-snippet":"max-snippet:-1","max-image-preview":"max-image-preview:large","max-video-preview":"max-video-preview:-1"},"canonical":"https:\/\/letrame.com\/catalogo\/producto\/de-amor-y-de-lagrimas\/","og_locale":"es_ES","og_type":"article","og_title":"De amor y de l\u00e1grimas - Catalogo | Letrame Grupo Editorial","og_description":"ISBN:978-84-1114-590-9 SINOPSIS Una ma\u00f1ana de noviembre de 2018 despert\u00e9 sin \u00e1nimos y con deseos de desaparecer. \u00a0Mi esposo, mis hijos y yo ten\u00edamos dos meses de haber llegado a vivir a Madrid, cuando a mi marido le dio un infarto y muri\u00f3. Nuestra familia y amigos se encontraban a m\u00e1s de diez mil kil\u00f3metros de distancia y, en esa circunstancia, desecha y sin fuerza, me tuve que enfrentar a mis m\u00e1s profundos miedos e inseguridades. Hoy, quiero compartir algunos momentos clave que he enfrentado como esposa, madre y mujer reflejando mi m\u00e1s profundo sentir. \u00a0Las ca\u00eddas, tropiezos y \u00e9xitos; los instantes de obscuridad y mi ser v\u00edctima y aquellos de luz, en los que me he convertido en protagonista de mi vida. Te ofrezco mi historia, deseo que las circunstancias que he atravesado y los aprendizajes que me han dado puedan ser una una motivaci\u00f3n y una invitaci\u00f3n para seguir adelante. \u201cDe amor y de l\u00e1grimas. Transformando el dolor en amor\u201d, es el resultado de mi gusto por la lectura, la escritura, y mi deseo de servir a otros. &nbsp; &nbsp;","og_url":"https:\/\/letrame.com\/catalogo\/producto\/de-amor-y-de-lagrimas\/","og_site_name":"Catalogo | Letrame Grupo Editorial","og_image":[{"width":601,"height":881,"url":"https:\/\/letrame.com\/catalogo\/wp-content\/uploads\/2024\/04\/portada_deamorylagrimas_1019mm.jpg","type":"image\/jpeg"}],"twitter_card":"summary_large_image","twitter_misc":{"Tiempo de lectura":"1 minuto"},"schema":{"@context":"https:\/\/schema.org","@graph":[{"@type":"WebPage","@id":"https:\/\/letrame.com\/catalogo\/producto\/de-amor-y-de-lagrimas\/","url":"https:\/\/letrame.com\/catalogo\/producto\/de-amor-y-de-lagrimas\/","name":"De amor y de l\u00e1grimas - Catalogo | Letrame Grupo Editorial","isPartOf":{"@id":"https:\/\/letrame.com\/catalogo\/#website"},"primaryImageOfPage":{"@id":"https:\/\/letrame.com\/catalogo\/producto\/de-amor-y-de-lagrimas\/#primaryimage"},"image":{"@id":"https:\/\/letrame.com\/catalogo\/producto\/de-amor-y-de-lagrimas\/#primaryimage"},"thumbnailUrl":"https:\/\/letrame.com\/catalogo\/wp-content\/uploads\/2024\/04\/portada_deamorylagrimas_1019mm.jpg","datePublished":"2024-04-29T12:21:49+00:00","breadcrumb":{"@id":"https:\/\/letrame.com\/catalogo\/producto\/de-amor-y-de-lagrimas\/#breadcrumb"},"inLanguage":"es","potentialAction":[{"@type":"ReadAction","target":["https:\/\/letrame.com\/catalogo\/producto\/de-amor-y-de-lagrimas\/"]}]},{"@type":"ImageObject","inLanguage":"es","@id":"https:\/\/letrame.com\/catalogo\/producto\/de-amor-y-de-lagrimas\/#primaryimage","url":"https:\/\/letrame.com\/catalogo\/wp-content\/uploads\/2024\/04\/portada_deamorylagrimas_1019mm.jpg","contentUrl":"https:\/\/letrame.com\/catalogo\/wp-content\/uploads\/2024\/04\/portada_deamorylagrimas_1019mm.jpg","width":601,"height":881},{"@type":"BreadcrumbList","@id":"https:\/\/letrame.com\/catalogo\/producto\/de-amor-y-de-lagrimas\/#breadcrumb","itemListElement":[{"@type":"ListItem","position":1,"name":"Portada","item":"https:\/\/letrame.com\/catalogo\/"},{"@type":"ListItem","position":2,"name":"Cat\u00e1logo","item":"https:\/\/letrame.com\/catalogo\/"},{"@type":"ListItem","position":3,"name":"De amor y de l\u00e1grimas"}]},{"@type":"WebSite","@id":"https:\/\/letrame.com\/catalogo\/#website","url":"https:\/\/letrame.com\/catalogo\/","name":"Catalogo | Letrame Grupo Editorial","description":"","publisher":{"@id":"https:\/\/letrame.com\/catalogo\/#organization"},"potentialAction":[{"@type":"SearchAction","target":{"@type":"EntryPoint","urlTemplate":"https:\/\/letrame.com\/catalogo\/?s={search_term_string}"},"query-input":{"@type":"PropertyValueSpecification","valueRequired":true,"valueName":"search_term_string"}}],"inLanguage":"es"},{"@type":"Organization","@id":"https:\/\/letrame.com\/catalogo\/#organization","name":"Catalogo | Letrame Grupo Editorial","url":"https:\/\/letrame.com\/catalogo\/","logo":{"@type":"ImageObject","inLanguage":"es","@id":"https:\/\/letrame.com\/catalogo\/#\/schema\/logo\/image\/","url":"https:\/\/letrame.com\/catalogo\/wp-content\/uploads\/2024\/03\/logo2.webp","contentUrl":"https:\/\/letrame.com\/catalogo\/wp-content\/uploads\/2024\/03\/logo2.webp","width":394,"height":128,"caption":"Catalogo | Letrame Grupo Editorial"},"image":{"@id":"https:\/\/letrame.com\/catalogo\/#\/schema\/logo\/image\/"}}]}},"_links":{"self":[{"href":"https:\/\/letrame.com\/catalogo\/wp-json\/wp\/v2\/product\/97632","targetHints":{"allow":["GET"]}}],"collection":[{"href":"https:\/\/letrame.com\/catalogo\/wp-json\/wp\/v2\/product"}],"about":[{"href":"https:\/\/letrame.com\/catalogo\/wp-json\/wp\/v2\/types\/product"}],"replies":[{"embeddable":true,"href":"https:\/\/letrame.com\/catalogo\/wp-json\/wp\/v2\/comments?post=97632"}],"acf:post":[{"embeddable":true,"href":"https:\/\/letrame.com\/catalogo\/wp-json\/wp\/v2\/author_book\/76203"}],"wp:featuredmedia":[{"embeddable":true,"href":"https:\/\/letrame.com\/catalogo\/wp-json\/wp\/v2\/media\/97633"}],"wp:attachment":[{"href":"https:\/\/letrame.com\/catalogo\/wp-json\/wp\/v2\/media?parent=97632"}],"wp:term":[{"taxonomy":"libro","embeddable":true,"href":"https:\/\/letrame.com\/catalogo\/wp-json\/wp\/v2\/libro?post=97632"},{"taxonomy":"product_brand","embeddable":true,"href":"https:\/\/letrame.com\/catalogo\/wp-json\/wp\/v2\/product_brand?post=97632"},{"taxonomy":"product_cat","embeddable":true,"href":"https:\/\/letrame.com\/catalogo\/wp-json\/wp\/v2\/product_cat?post=97632"},{"taxonomy":"product_tag","embeddable":true,"href":"https:\/\/letrame.com\/catalogo\/wp-json\/wp\/v2\/product_tag?post=97632"}],"curies":[{"name":"wp","href":"https:\/\/api.w.org\/{rel}","templated":true}]}}