{"id":97544,"date":"2024-04-29T14:09:39","date_gmt":"2024-04-29T12:09:39","guid":{"rendered":"https:\/\/letrame.com\/catalogo\/producto\/el-secretario-de-ibi\/"},"modified":"2024-04-29T14:09:39","modified_gmt":"2024-04-29T12:09:39","slug":"el-secretario-de-ibi","status":"publish","type":"product","link":"https:\/\/letrame.com\/catalogo\/producto\/el-secretario-de-ibi\/","title":{"rendered":"El secretario de Ibi"},"content":{"rendered":"<p><strong>ISBN<\/strong>:978-84-1114-591-6<\/p>\n<p><strong>T\u00edtulo<\/strong>: El secretario de Ibi<\/p>\n<p><strong>Fecha<\/strong>: 2022<br \/>\n<strong>P\u00e1ginas<\/strong>: 226<\/p>\n<p><strong>SINOPSIS<\/strong><\/p>\n<p>Juan de Zavala y Escolar, hijo de un vasco afincado en Granada en el primer tercio del siglo XIX, estudia Filosof\u00eda y Derecho Civil y Can\u00f3nico en la Universidad Literaria de esa misma ciudad, e imparte clases como profesor en su Liceo Art\u00edstico y Literario. Tras unos a\u00f1os de vida en Madrid, y en la localidad alicantina de Ibi en donde ejerce de Secretario del Ayuntamiento y del Juzgado de Paz, recala en Bail\u00e9n, en donde acabar\u00e1 sus d\u00edas. Casado y padre de un \u00fanico hijo, ha dejado como legado una reducida pero atractiva obra po\u00e9tica y teatral.<\/p>\n","protected":false},"excerpt":{"rendered":"<p><strong>ISBN<\/strong>:978-84-1114-591-6<\/p>\n<p><strong>SINOPSIS<\/strong><\/p>\n<p>Juan de Zavala y Escolar, hijo de un vasco afincado en Granada en el primer tercio del siglo XIX, estudia Filosof\u00eda y Derecho Civil y Can\u00f3nico en la Universidad Literaria de esa misma ciudad, e imparte clases como profesor en su Liceo Art\u00edstico y Literario. Tras unos a\u00f1os de vida en Madrid, y en la localidad alicantina de Ibi en donde ejerce de Secretario del Ayuntamiento y del Juzgado de Paz, recala en Bail\u00e9n, en donde acabar\u00e1 sus d\u00edas. Casado y padre de un \u00fanico hijo, ha dejado como legado una reducida pero atractiva obra po\u00e9tica y teatral.<\/p>\n<p>&nbsp;<\/p>\n<p>&nbsp;<\/p>\n","protected":false},"featured_media":97545,"comment_status":"closed","ping_status":"open","template":"","meta":{"_acf_changed":false},"libro":[],"product_brand":[],"product_cat":[31,26],"product_tag":[],"class_list":{"0":"post-97544","1":"product","2":"type-product","3":"status-publish","4":"has-post-thumbnail","6":"product_cat-autobiografia","7":"product_cat-sin-categoria","9":"first","10":"instock","11":"purchasable","12":"product-type-simple"},"acf":{"autor":[76119],"enlace_de_compra":""},"yoast_head":"<!-- This site is optimized with the Yoast SEO plugin v27.4 - https:\/\/yoast.com\/product\/yoast-seo-wordpress\/ -->\n<title>El secretario de Ibi - Catalogo | Letrame Grupo Editorial<\/title>\n<meta name=\"robots\" content=\"index, follow, max-snippet:-1, max-image-preview:large, max-video-preview:-1\" \/>\n<link rel=\"canonical\" href=\"https:\/\/letrame.com\/catalogo\/producto\/el-secretario-de-ibi\/\" \/>\n<meta property=\"og:locale\" content=\"es_ES\" \/>\n<meta property=\"og:type\" content=\"article\" \/>\n<meta property=\"og:title\" content=\"El secretario de Ibi - Catalogo | Letrame Grupo Editorial\" \/>\n<meta property=\"og:description\" content=\"ISBN:978-84-1114-591-6 SINOPSIS Juan de Zavala y Escolar, hijo de un vasco afincado en Granada en el primer tercio del siglo XIX, estudia Filosof\u00eda y Derecho Civil y Can\u00f3nico en la Universidad Literaria de esa misma ciudad, e imparte clases como profesor en su Liceo Art\u00edstico y Literario. Tras unos a\u00f1os de vida en Madrid, y en la localidad alicantina de Ibi en donde ejerce de Secretario del Ayuntamiento y del Juzgado de Paz, recala en Bail\u00e9n, en donde acabar\u00e1 sus d\u00edas. Casado y padre de un \u00fanico hijo, ha dejado como legado una reducida pero atractiva obra po\u00e9tica y teatral. &nbsp; &nbsp;\" \/>\n<meta property=\"og:url\" content=\"https:\/\/letrame.com\/catalogo\/producto\/el-secretario-de-ibi\/\" \/>\n<meta property=\"og:site_name\" content=\"Catalogo | Letrame Grupo Editorial\" \/>\n<meta property=\"og:image\" content=\"https:\/\/letrame.com\/catalogo\/wp-content\/uploads\/2024\/04\/portada_elsecretodeibi_1153mm-scaled-1.jpeg\" \/>\n\t<meta property=\"og:image:width\" content=\"1746\" \/>\n\t<meta property=\"og:image:height\" content=\"2560\" \/>\n\t<meta property=\"og:image:type\" content=\"image\/jpeg\" \/>\n<meta name=\"twitter:card\" content=\"summary_large_image\" \/>\n<meta name=\"twitter:label1\" content=\"Tiempo de lectura\" \/>\n\t<meta name=\"twitter:data1\" content=\"1 minuto\" \/>\n<script type=\"application\/ld+json\" class=\"yoast-schema-graph\">{\"@context\":\"https:\\\/\\\/schema.org\",\"@graph\":[{\"@type\":\"WebPage\",\"@id\":\"https:\\\/\\\/letrame.com\\\/catalogo\\\/producto\\\/el-secretario-de-ibi\\\/\",\"url\":\"https:\\\/\\\/letrame.com\\\/catalogo\\\/producto\\\/el-secretario-de-ibi\\\/\",\"name\":\"El secretario de Ibi - Catalogo | Letrame Grupo Editorial\",\"isPartOf\":{\"@id\":\"https:\\\/\\\/letrame.com\\\/catalogo\\\/#website\"},\"primaryImageOfPage\":{\"@id\":\"https:\\\/\\\/letrame.com\\\/catalogo\\\/producto\\\/el-secretario-de-ibi\\\/#primaryimage\"},\"image\":{\"@id\":\"https:\\\/\\\/letrame.com\\\/catalogo\\\/producto\\\/el-secretario-de-ibi\\\/#primaryimage\"},\"thumbnailUrl\":\"https:\\\/\\\/letrame.com\\\/catalogo\\\/wp-content\\\/uploads\\\/2024\\\/04\\\/portada_elsecretodeibi_1153mm-scaled-1.jpeg\",\"datePublished\":\"2024-04-29T12:09:39+00:00\",\"breadcrumb\":{\"@id\":\"https:\\\/\\\/letrame.com\\\/catalogo\\\/producto\\\/el-secretario-de-ibi\\\/#breadcrumb\"},\"inLanguage\":\"es\",\"potentialAction\":[{\"@type\":\"ReadAction\",\"target\":[\"https:\\\/\\\/letrame.com\\\/catalogo\\\/producto\\\/el-secretario-de-ibi\\\/\"]}]},{\"@type\":\"ImageObject\",\"inLanguage\":\"es\",\"@id\":\"https:\\\/\\\/letrame.com\\\/catalogo\\\/producto\\\/el-secretario-de-ibi\\\/#primaryimage\",\"url\":\"https:\\\/\\\/letrame.com\\\/catalogo\\\/wp-content\\\/uploads\\\/2024\\\/04\\\/portada_elsecretodeibi_1153mm-scaled-1.jpeg\",\"contentUrl\":\"https:\\\/\\\/letrame.com\\\/catalogo\\\/wp-content\\\/uploads\\\/2024\\\/04\\\/portada_elsecretodeibi_1153mm-scaled-1.jpeg\",\"width\":1746,\"height\":2560},{\"@type\":\"BreadcrumbList\",\"@id\":\"https:\\\/\\\/letrame.com\\\/catalogo\\\/producto\\\/el-secretario-de-ibi\\\/#breadcrumb\",\"itemListElement\":[{\"@type\":\"ListItem\",\"position\":1,\"name\":\"Portada\",\"item\":\"https:\\\/\\\/letrame.com\\\/catalogo\\\/\"},{\"@type\":\"ListItem\",\"position\":2,\"name\":\"Cat\u00e1logo\",\"item\":\"https:\\\/\\\/letrame.com\\\/catalogo\\\/\"},{\"@type\":\"ListItem\",\"position\":3,\"name\":\"El secretario de Ibi\"}]},{\"@type\":\"WebSite\",\"@id\":\"https:\\\/\\\/letrame.com\\\/catalogo\\\/#website\",\"url\":\"https:\\\/\\\/letrame.com\\\/catalogo\\\/\",\"name\":\"Catalogo | Letrame Grupo Editorial\",\"description\":\"\",\"publisher\":{\"@id\":\"https:\\\/\\\/letrame.com\\\/catalogo\\\/#organization\"},\"potentialAction\":[{\"@type\":\"SearchAction\",\"target\":{\"@type\":\"EntryPoint\",\"urlTemplate\":\"https:\\\/\\\/letrame.com\\\/catalogo\\\/?s={search_term_string}\"},\"query-input\":{\"@type\":\"PropertyValueSpecification\",\"valueRequired\":true,\"valueName\":\"search_term_string\"}}],\"inLanguage\":\"es\"},{\"@type\":\"Organization\",\"@id\":\"https:\\\/\\\/letrame.com\\\/catalogo\\\/#organization\",\"name\":\"Catalogo | Letrame Grupo Editorial\",\"url\":\"https:\\\/\\\/letrame.com\\\/catalogo\\\/\",\"logo\":{\"@type\":\"ImageObject\",\"inLanguage\":\"es\",\"@id\":\"https:\\\/\\\/letrame.com\\\/catalogo\\\/#\\\/schema\\\/logo\\\/image\\\/\",\"url\":\"https:\\\/\\\/letrame.com\\\/catalogo\\\/wp-content\\\/uploads\\\/2024\\\/03\\\/logo2.webp\",\"contentUrl\":\"https:\\\/\\\/letrame.com\\\/catalogo\\\/wp-content\\\/uploads\\\/2024\\\/03\\\/logo2.webp\",\"width\":394,\"height\":128,\"caption\":\"Catalogo | Letrame Grupo Editorial\"},\"image\":{\"@id\":\"https:\\\/\\\/letrame.com\\\/catalogo\\\/#\\\/schema\\\/logo\\\/image\\\/\"}}]}<\/script>\n<!-- \/ Yoast SEO plugin. -->","yoast_head_json":{"title":"El secretario de Ibi - Catalogo | Letrame Grupo Editorial","robots":{"index":"index","follow":"follow","max-snippet":"max-snippet:-1","max-image-preview":"max-image-preview:large","max-video-preview":"max-video-preview:-1"},"canonical":"https:\/\/letrame.com\/catalogo\/producto\/el-secretario-de-ibi\/","og_locale":"es_ES","og_type":"article","og_title":"El secretario de Ibi - Catalogo | Letrame Grupo Editorial","og_description":"ISBN:978-84-1114-591-6 SINOPSIS Juan de Zavala y Escolar, hijo de un vasco afincado en Granada en el primer tercio del siglo XIX, estudia Filosof\u00eda y Derecho Civil y Can\u00f3nico en la Universidad Literaria de esa misma ciudad, e imparte clases como profesor en su Liceo Art\u00edstico y Literario. Tras unos a\u00f1os de vida en Madrid, y en la localidad alicantina de Ibi en donde ejerce de Secretario del Ayuntamiento y del Juzgado de Paz, recala en Bail\u00e9n, en donde acabar\u00e1 sus d\u00edas. Casado y padre de un \u00fanico hijo, ha dejado como legado una reducida pero atractiva obra po\u00e9tica y teatral. &nbsp; &nbsp;","og_url":"https:\/\/letrame.com\/catalogo\/producto\/el-secretario-de-ibi\/","og_site_name":"Catalogo | Letrame Grupo Editorial","og_image":[{"width":1746,"height":2560,"url":"https:\/\/letrame.com\/catalogo\/wp-content\/uploads\/2024\/04\/portada_elsecretodeibi_1153mm-scaled-1.jpeg","type":"image\/jpeg"}],"twitter_card":"summary_large_image","twitter_misc":{"Tiempo de lectura":"1 minuto"},"schema":{"@context":"https:\/\/schema.org","@graph":[{"@type":"WebPage","@id":"https:\/\/letrame.com\/catalogo\/producto\/el-secretario-de-ibi\/","url":"https:\/\/letrame.com\/catalogo\/producto\/el-secretario-de-ibi\/","name":"El secretario de Ibi - Catalogo | Letrame Grupo Editorial","isPartOf":{"@id":"https:\/\/letrame.com\/catalogo\/#website"},"primaryImageOfPage":{"@id":"https:\/\/letrame.com\/catalogo\/producto\/el-secretario-de-ibi\/#primaryimage"},"image":{"@id":"https:\/\/letrame.com\/catalogo\/producto\/el-secretario-de-ibi\/#primaryimage"},"thumbnailUrl":"https:\/\/letrame.com\/catalogo\/wp-content\/uploads\/2024\/04\/portada_elsecretodeibi_1153mm-scaled-1.jpeg","datePublished":"2024-04-29T12:09:39+00:00","breadcrumb":{"@id":"https:\/\/letrame.com\/catalogo\/producto\/el-secretario-de-ibi\/#breadcrumb"},"inLanguage":"es","potentialAction":[{"@type":"ReadAction","target":["https:\/\/letrame.com\/catalogo\/producto\/el-secretario-de-ibi\/"]}]},{"@type":"ImageObject","inLanguage":"es","@id":"https:\/\/letrame.com\/catalogo\/producto\/el-secretario-de-ibi\/#primaryimage","url":"https:\/\/letrame.com\/catalogo\/wp-content\/uploads\/2024\/04\/portada_elsecretodeibi_1153mm-scaled-1.jpeg","contentUrl":"https:\/\/letrame.com\/catalogo\/wp-content\/uploads\/2024\/04\/portada_elsecretodeibi_1153mm-scaled-1.jpeg","width":1746,"height":2560},{"@type":"BreadcrumbList","@id":"https:\/\/letrame.com\/catalogo\/producto\/el-secretario-de-ibi\/#breadcrumb","itemListElement":[{"@type":"ListItem","position":1,"name":"Portada","item":"https:\/\/letrame.com\/catalogo\/"},{"@type":"ListItem","position":2,"name":"Cat\u00e1logo","item":"https:\/\/letrame.com\/catalogo\/"},{"@type":"ListItem","position":3,"name":"El secretario de Ibi"}]},{"@type":"WebSite","@id":"https:\/\/letrame.com\/catalogo\/#website","url":"https:\/\/letrame.com\/catalogo\/","name":"Catalogo | Letrame Grupo Editorial","description":"","publisher":{"@id":"https:\/\/letrame.com\/catalogo\/#organization"},"potentialAction":[{"@type":"SearchAction","target":{"@type":"EntryPoint","urlTemplate":"https:\/\/letrame.com\/catalogo\/?s={search_term_string}"},"query-input":{"@type":"PropertyValueSpecification","valueRequired":true,"valueName":"search_term_string"}}],"inLanguage":"es"},{"@type":"Organization","@id":"https:\/\/letrame.com\/catalogo\/#organization","name":"Catalogo | Letrame Grupo Editorial","url":"https:\/\/letrame.com\/catalogo\/","logo":{"@type":"ImageObject","inLanguage":"es","@id":"https:\/\/letrame.com\/catalogo\/#\/schema\/logo\/image\/","url":"https:\/\/letrame.com\/catalogo\/wp-content\/uploads\/2024\/03\/logo2.webp","contentUrl":"https:\/\/letrame.com\/catalogo\/wp-content\/uploads\/2024\/03\/logo2.webp","width":394,"height":128,"caption":"Catalogo | Letrame Grupo Editorial"},"image":{"@id":"https:\/\/letrame.com\/catalogo\/#\/schema\/logo\/image\/"}}]}},"_links":{"self":[{"href":"https:\/\/letrame.com\/catalogo\/wp-json\/wp\/v2\/product\/97544","targetHints":{"allow":["GET"]}}],"collection":[{"href":"https:\/\/letrame.com\/catalogo\/wp-json\/wp\/v2\/product"}],"about":[{"href":"https:\/\/letrame.com\/catalogo\/wp-json\/wp\/v2\/types\/product"}],"replies":[{"embeddable":true,"href":"https:\/\/letrame.com\/catalogo\/wp-json\/wp\/v2\/comments?post=97544"}],"acf:post":[{"embeddable":true,"href":"https:\/\/letrame.com\/catalogo\/wp-json\/wp\/v2\/author_book\/76119"}],"wp:featuredmedia":[{"embeddable":true,"href":"https:\/\/letrame.com\/catalogo\/wp-json\/wp\/v2\/media\/97545"}],"wp:attachment":[{"href":"https:\/\/letrame.com\/catalogo\/wp-json\/wp\/v2\/media?parent=97544"}],"wp:term":[{"taxonomy":"libro","embeddable":true,"href":"https:\/\/letrame.com\/catalogo\/wp-json\/wp\/v2\/libro?post=97544"},{"taxonomy":"product_brand","embeddable":true,"href":"https:\/\/letrame.com\/catalogo\/wp-json\/wp\/v2\/product_brand?post=97544"},{"taxonomy":"product_cat","embeddable":true,"href":"https:\/\/letrame.com\/catalogo\/wp-json\/wp\/v2\/product_cat?post=97544"},{"taxonomy":"product_tag","embeddable":true,"href":"https:\/\/letrame.com\/catalogo\/wp-json\/wp\/v2\/product_tag?post=97544"}],"curies":[{"name":"wp","href":"https:\/\/api.w.org\/{rel}","templated":true}]}}

<p><strong>ISBN</strong>:978-84-1114-591-6</p>
<p><strong>Título</strong>: El secretario de Ibi</p>
<p><strong>Fecha</strong>: 2022<br />
<strong>Páginas</strong>: 226</p>
<p><strong>SINOPSIS</strong></p>
<p>Juan de Zavala y Escolar, hijo de un vasco afincado en Granada en el primer tercio del siglo XIX, estudia Filosofía y Derecho Civil y Canónico en la Universidad Literaria de esa misma ciudad, e imparte clases como profesor en su Liceo Artístico y Literario. Tras unos años de vida en Madrid, y en la localidad alicantina de Ibi en donde ejerce de Secretario del Ayuntamiento y del Juzgado de Paz, recala en Bailén, en donde acabará sus días. Casado y padre de un único hijo, ha dejado como legado una reducida pero atractiva obra poética y teatral.</p>

<p><strong>ISBN</strong>:978-84-1114-591-6</p>
<p><strong>SINOPSIS</strong></p>
<p>Juan de Zavala y Escolar, hijo de un vasco afincado en Granada en el primer tercio del siglo XIX, estudia Filosofía y Derecho Civil y Canónico en la Universidad Literaria de esa misma ciudad, e imparte clases como profesor en su Liceo Artístico y Literario. Tras unos años de vida en Madrid, y en la localidad alicantina de Ibi en donde ejerce de Secretario del Ayuntamiento y del Juzgado de Paz, recala en Bailén, en donde acabará sus días. Casado y padre de un único hijo, ha dejado como legado una reducida pero atractiva obra poética y teatral.</p>
<p>&nbsp;</p>
<p>&nbsp;</p>

<!-- This site is optimized with the Yoast SEO plugin v27.4 - https://yoast.com/product/yoast-seo-wordpress/ -->
<title>El secretario de Ibi - Catalogo | Letrame Grupo Editorial</title>
<meta name="robots" content="index, follow, max-snippet:-1, max-image-preview:large, max-video-preview:-1" />
<link rel="canonical" href="https://letrame.com/catalogo/producto/el-secretario-de-ibi/" />
<meta property="og:locale" content="es_ES" />
<meta property="og:type" content="article" />
<meta property="og:title" content="El secretario de Ibi - Catalogo | Letrame Grupo Editorial" />
<meta property="og:description" content="ISBN:978-84-1114-591-6 SINOPSIS Juan de Zavala y Escolar, hijo de un vasco afincado en Granada en el primer tercio del siglo XIX, estudia Filosofía y Derecho Civil y Canónico en la Universidad Literaria de esa misma ciudad, e imparte clases como profesor en su Liceo Artístico y Literario. Tras unos años de vida en Madrid, y en la localidad alicantina de Ibi en donde ejerce de Secretario del Ayuntamiento y del Juzgado de Paz, recala en Bailén, en donde acabará sus días. Casado y padre de un único hijo, ha dejado como legado una reducida pero atractiva obra poética y teatral. &nbsp; &nbsp;" />
<meta property="og:url" content="https://letrame.com/catalogo/producto/el-secretario-de-ibi/" />
<meta property="og:site_name" content="Catalogo | Letrame Grupo Editorial" />
<meta property="og:image" content="https://letrame.com/catalogo/wp-content/uploads/2024/04/portada_elsecretodeibi_1153mm-scaled-1.jpeg" />
	<meta property="og:image:width" content="1746" />
	<meta property="og:image:height" content="2560" />
	<meta property="og:image:type" content="image/jpeg" />
<meta name="twitter:card" content="summary_large_image" />
<meta name="twitter:label1" content="Tiempo de lectura" />
	<meta name="twitter:data1" content="1 minuto" />
<script type="application/ld+json" class="yoast-schema-graph">{"@context":"https:\/\/schema.org","@graph":[{"@type":"WebPage","@id":"https:\/\/letrame.com\/catalogo\/producto\/el-secretario-de-ibi\/","url":"https:\/\/letrame.com\/catalogo\/producto\/el-secretario-de-ibi\/","name":"El secretario de Ibi - Catalogo | Letrame Grupo Editorial","isPartOf":{"@id":"https:\/\/letrame.com\/catalogo\/#website"},"primaryImageOfPage":{"@id":"https:\/\/letrame.com\/catalogo\/producto\/el-secretario-de-ibi\/#primaryimage"},"image":{"@id":"https:\/\/letrame.com\/catalogo\/producto\/el-secretario-de-ibi\/#primaryimage"},"thumbnailUrl":"https:\/\/letrame.com\/catalogo\/wp-content\/uploads\/2024\/04\/portada_elsecretodeibi_1153mm-scaled-1.jpeg","datePublished":"2024-04-29T12:09:39+00:00","breadcrumb":{"@id":"https:\/\/letrame.com\/catalogo\/producto\/el-secretario-de-ibi\/#breadcrumb"},"inLanguage":"es","potentialAction":[{"@type":"ReadAction","target":["https:\/\/letrame.com\/catalogo\/producto\/el-secretario-de-ibi\/"]}]},{"@type":"ImageObject","inLanguage":"es","@id":"https:\/\/letrame.com\/catalogo\/producto\/el-secretario-de-ibi\/#primaryimage","url":"https:\/\/letrame.com\/catalogo\/wp-content\/uploads\/2024\/04\/portada_elsecretodeibi_1153mm-scaled-1.jpeg","contentUrl":"https:\/\/letrame.com\/catalogo\/wp-content\/uploads\/2024\/04\/portada_elsecretodeibi_1153mm-scaled-1.jpeg","width":1746,"height":2560},{"@type":"BreadcrumbList","@id":"https:\/\/letrame.com\/catalogo\/producto\/el-secretario-de-ibi\/#breadcrumb","itemListElement":[{"@type":"ListItem","position":1,"name":"Portada","item":"https:\/\/letrame.com\/catalogo\/"},{"@type":"ListItem","position":2,"name":"Catálogo","item":"https:\/\/letrame.com\/catalogo\/"},{"@type":"ListItem","position":3,"name":"El secretario de Ibi"}]},{"@type":"WebSite","@id":"https:\/\/letrame.com\/catalogo\/#website","url":"https:\/\/letrame.com\/catalogo\/","name":"Catalogo | Letrame Grupo Editorial","description":"","publisher":{"@id":"https:\/\/letrame.com\/catalogo\/#organization"},"potentialAction":[{"@type":"SearchAction","target":{"@type":"EntryPoint","urlTemplate":"https:\/\/letrame.com\/catalogo\/?s={search_term_string}"},"query-input":{"@type":"PropertyValueSpecification","valueRequired":true,"valueName":"search_term_string"}}],"inLanguage":"es"},{"@type":"Organization","@id":"https:\/\/letrame.com\/catalogo\/#organization","name":"Catalogo | Letrame Grupo Editorial","url":"https:\/\/letrame.com\/catalogo\/","logo":{"@type":"ImageObject","inLanguage":"es","@id":"https:\/\/letrame.com\/catalogo\/#\/schema\/logo\/image\/","url":"https:\/\/letrame.com\/catalogo\/wp-content\/uploads\/2024\/03\/logo2.webp","contentUrl":"https:\/\/letrame.com\/catalogo\/wp-content\/uploads\/2024\/03\/logo2.webp","width":394,"height":128,"caption":"Catalogo | Letrame Grupo Editorial"},"image":{"@id":"https:\/\/letrame.com\/catalogo\/#\/schema\/logo\/image\/"}}]}</script>
<!-- / Yoast SEO plugin. -->

ISBN:978-84-1114-591-6 SINOPSIS Juan de Zavala y Escolar, hijo de un vasco afincado en Granada en el primer tercio del siglo XIX, estudia Filosofía y Derecho Civil y Canónico en la Universidad Literaria de esa misma ciudad, e imparte clases como profesor en su Liceo Artístico y Literario. Tras unos años de vida en Madrid, y en la localidad alicantina de Ibi en donde ejerce de Secretario del Ayuntamiento y del Juzgado de Paz, recala en Bailén, en donde acabará sus días. Casado y padre de un único hijo, ha dejado como legado una reducida pero atractiva obra poética y teatral. &nbsp; &nbsp;

Catálogo
