{"id":97536,"date":"2024-04-29T14:07:53","date_gmt":"2024-04-29T12:07:53","guid":{"rendered":"https:\/\/letrame.com\/catalogo\/producto\/escritos-de-amor-y-vida\/"},"modified":"2024-04-29T14:08:34","modified_gmt":"2024-04-29T12:08:34","slug":"escritos-de-amor-y-vida","status":"publish","type":"product","link":"https:\/\/letrame.com\/catalogo\/producto\/escritos-de-amor-y-vida\/","title":{"rendered":"Escritos de amor y vida"},"content":{"rendered":"<p><strong>ISBN<\/strong>:978-84-1114-471-1<\/p>\n<p><strong>T\u00edtulo<\/strong>: Escritos de amor y vida<\/p>\n<p><strong>Fecha<\/strong>: 2022<br \/>\n<strong>P\u00e1ginas<\/strong>: 140<\/p>\n<p><strong>SINOPSIS<\/strong><\/p>\n<p>Los ingredientes de la vida: la alegr\u00eda, la tristeza, la felicidad, el dolor, la belleza, la nostalgia, la amistad, la familia, la naturaleza, el amor, el romance, con un sutil y delicado toque de erotismo y humor, circulan a lo largo de este libro.<\/p>\n<p>La vida tiene una policrom\u00eda de colores brillantes y opacos, el blanco y el negro, as\u00ed como los distintos tonos de gris. Estos escritos son un recorrido por esos colores que se transforman\u00a0 con las palabras, en sentimientos, en emociones y en estados de \u00e1nimo. \u00a0Es una senda que permite transitar por las diferentes expresiones del \u00a0esp\u00edritu humano.<\/p>\n<p>En ese itinerario variado, la vida se corona con el amor en su m\u00e1s amplia expresi\u00f3n, \u00a0est\u00e1 presente como una de las principales emociones que embarga al ser humano, siempre de una manera intensa.\u00a0 El\u00a0 romance y la pasi\u00f3n constituyen una de las manifestaciones sublime, tanto para la mujer como para el hombre.<\/p>\n<p>El caleidoscopio se completa e invita a deleitarse con la naturaleza, tan importante para la vida como para la est\u00e9tica con los lienzos de colores inimitables que nos regala.<\/p>\n","protected":false},"excerpt":{"rendered":"<p><strong>ISBN<\/strong>:978-84-1114-471-1<\/p>\n<p><strong>SINOPSIS<\/strong><\/p>\n<p>Los ingredientes de la vida: la alegr\u00eda, la tristeza, la felicidad, el dolor, la belleza, la nostalgia, la amistad, la familia, la naturaleza, el amor, el romance, con un sutil y delicado toque de erotismo y humor, circulan a lo largo de este libro.<\/p>\n<p>La vida tiene una policrom\u00eda de colores brillantes y opacos, el blanco y el negro, as\u00ed como los distintos tonos de gris. Estos escritos son un recorrido por esos colores que se transforman\u00a0 con las palabras, en sentimientos, en emociones y en estados de \u00e1nimo. \u00a0Es una senda que permite transitar por las diferentes expresiones del \u00a0esp\u00edritu humano.<\/p>\n<p>En ese itinerario variado, la vida se corona con el amor en su m\u00e1s amplia expresi\u00f3n, \u00a0est\u00e1 presente como una de las principales emociones que embarga al ser humano, siempre de una manera intensa.\u00a0 El\u00a0 romance y la pasi\u00f3n constituyen una de las manifestaciones sublime, tanto para la mujer como para el hombre.<\/p>\n<p>El caleidoscopio se completa e invita a deleitarse con la naturaleza, tan importante para la vida como para la est\u00e9tica con los lienzos de colores inimitables que nos regala.<\/p>\n","protected":false},"featured_media":97537,"comment_status":"closed","ping_status":"open","template":"","meta":{"_acf_changed":false},"libro":[],"product_brand":[],"product_cat":[20],"product_tag":[],"class_list":{"0":"post-97536","1":"product","2":"type-product","3":"status-publish","4":"has-post-thumbnail","6":"product_cat-poesia","8":"first","9":"instock","10":"product-type-simple"},"acf":{"autor":[76113],"enlace_de_compra":"https:\/\/www.amazon.es\/Escritos-amor-vida-01-Poes%C3%ADa\/dp\/8411144712 \/"},"yoast_head":"<!-- This site is optimized with the Yoast SEO plugin v27.4 - https:\/\/yoast.com\/product\/yoast-seo-wordpress\/ -->\n<title>Escritos de amor y vida - Catalogo | Letrame Grupo Editorial<\/title>\n<meta name=\"robots\" content=\"index, follow, max-snippet:-1, max-image-preview:large, max-video-preview:-1\" \/>\n<link rel=\"canonical\" href=\"https:\/\/letrame.com\/catalogo\/producto\/escritos-de-amor-y-vida\/\" \/>\n<meta property=\"og:locale\" content=\"es_ES\" \/>\n<meta property=\"og:type\" content=\"article\" \/>\n<meta property=\"og:title\" content=\"Escritos de amor y vida - Catalogo | Letrame Grupo Editorial\" \/>\n<meta property=\"og:description\" content=\"ISBN:978-84-1114-471-1 SINOPSIS Los ingredientes de la vida: la alegr\u00eda, la tristeza, la felicidad, el dolor, la belleza, la nostalgia, la amistad, la familia, la naturaleza, el amor, el romance, con un sutil y delicado toque de erotismo y humor, circulan a lo largo de este libro. La vida tiene una policrom\u00eda de colores brillantes y opacos, el blanco y el negro, as\u00ed como los distintos tonos de gris. Estos escritos son un recorrido por esos colores que se transforman\u00a0 con las palabras, en sentimientos, en emociones y en estados de \u00e1nimo. \u00a0Es una senda que permite transitar por las diferentes expresiones del \u00a0esp\u00edritu humano. En ese itinerario variado, la vida se corona con el amor en su m\u00e1s amplia expresi\u00f3n, \u00a0est\u00e1 presente como una de las principales emociones que embarga al ser humano, siempre de una manera intensa.\u00a0 El\u00a0 romance y la pasi\u00f3n constituyen una de las manifestaciones sublime, tanto para la mujer como para el hombre. El caleidoscopio se completa e invita a deleitarse con la naturaleza, tan importante para la vida como para la est\u00e9tica con los lienzos de colores inimitables que nos regala.\" \/>\n<meta property=\"og:url\" content=\"https:\/\/letrame.com\/catalogo\/producto\/escritos-de-amor-y-vida\/\" \/>\n<meta property=\"og:site_name\" content=\"Catalogo | Letrame Grupo Editorial\" \/>\n<meta property=\"article:modified_time\" content=\"2024-04-29T12:08:34+00:00\" \/>\n<meta property=\"og:image\" content=\"https:\/\/letrame.com\/catalogo\/wp-content\/uploads\/2024\/04\/portada_escritodeamoryvida_756mm-732x1024.jpeg\" \/>\n\t<meta property=\"og:image:width\" content=\"732\" \/>\n\t<meta property=\"og:image:height\" content=\"1024\" \/>\n\t<meta property=\"og:image:type\" content=\"image\/jpeg\" \/>\n<meta name=\"twitter:card\" content=\"summary_large_image\" \/>\n<meta name=\"twitter:label1\" content=\"Tiempo de lectura\" \/>\n\t<meta name=\"twitter:data1\" content=\"1 minuto\" \/>\n<script type=\"application\/ld+json\" class=\"yoast-schema-graph\">{\"@context\":\"https:\\\/\\\/schema.org\",\"@graph\":[{\"@type\":\"WebPage\",\"@id\":\"https:\\\/\\\/letrame.com\\\/catalogo\\\/producto\\\/escritos-de-amor-y-vida\\\/\",\"url\":\"https:\\\/\\\/letrame.com\\\/catalogo\\\/producto\\\/escritos-de-amor-y-vida\\\/\",\"name\":\"Escritos de amor y vida - Catalogo | Letrame Grupo Editorial\",\"isPartOf\":{\"@id\":\"https:\\\/\\\/letrame.com\\\/catalogo\\\/#website\"},\"primaryImageOfPage\":{\"@id\":\"https:\\\/\\\/letrame.com\\\/catalogo\\\/producto\\\/escritos-de-amor-y-vida\\\/#primaryimage\"},\"image\":{\"@id\":\"https:\\\/\\\/letrame.com\\\/catalogo\\\/producto\\\/escritos-de-amor-y-vida\\\/#primaryimage\"},\"thumbnailUrl\":\"https:\\\/\\\/letrame.com\\\/catalogo\\\/wp-content\\\/uploads\\\/2024\\\/04\\\/portada_escritodeamoryvida_756mm.jpeg\",\"datePublished\":\"2024-04-29T12:07:53+00:00\",\"dateModified\":\"2024-04-29T12:08:34+00:00\",\"breadcrumb\":{\"@id\":\"https:\\\/\\\/letrame.com\\\/catalogo\\\/producto\\\/escritos-de-amor-y-vida\\\/#breadcrumb\"},\"inLanguage\":\"es\",\"potentialAction\":[{\"@type\":\"ReadAction\",\"target\":[\"https:\\\/\\\/letrame.com\\\/catalogo\\\/producto\\\/escritos-de-amor-y-vida\\\/\"]}]},{\"@type\":\"ImageObject\",\"inLanguage\":\"es\",\"@id\":\"https:\\\/\\\/letrame.com\\\/catalogo\\\/producto\\\/escritos-de-amor-y-vida\\\/#primaryimage\",\"url\":\"https:\\\/\\\/letrame.com\\\/catalogo\\\/wp-content\\\/uploads\\\/2024\\\/04\\\/portada_escritodeamoryvida_756mm.jpeg\",\"contentUrl\":\"https:\\\/\\\/letrame.com\\\/catalogo\\\/wp-content\\\/uploads\\\/2024\\\/04\\\/portada_escritodeamoryvida_756mm.jpeg\",\"width\":1772,\"height\":2480},{\"@type\":\"BreadcrumbList\",\"@id\":\"https:\\\/\\\/letrame.com\\\/catalogo\\\/producto\\\/escritos-de-amor-y-vida\\\/#breadcrumb\",\"itemListElement\":[{\"@type\":\"ListItem\",\"position\":1,\"name\":\"Portada\",\"item\":\"https:\\\/\\\/letrame.com\\\/catalogo\\\/\"},{\"@type\":\"ListItem\",\"position\":2,\"name\":\"Cat\u00e1logo\",\"item\":\"https:\\\/\\\/letrame.com\\\/catalogo\\\/\"},{\"@type\":\"ListItem\",\"position\":3,\"name\":\"Escritos de amor y vida\"}]},{\"@type\":\"WebSite\",\"@id\":\"https:\\\/\\\/letrame.com\\\/catalogo\\\/#website\",\"url\":\"https:\\\/\\\/letrame.com\\\/catalogo\\\/\",\"name\":\"Catalogo | Letrame Grupo Editorial\",\"description\":\"\",\"publisher\":{\"@id\":\"https:\\\/\\\/letrame.com\\\/catalogo\\\/#organization\"},\"potentialAction\":[{\"@type\":\"SearchAction\",\"target\":{\"@type\":\"EntryPoint\",\"urlTemplate\":\"https:\\\/\\\/letrame.com\\\/catalogo\\\/?s={search_term_string}\"},\"query-input\":{\"@type\":\"PropertyValueSpecification\",\"valueRequired\":true,\"valueName\":\"search_term_string\"}}],\"inLanguage\":\"es\"},{\"@type\":\"Organization\",\"@id\":\"https:\\\/\\\/letrame.com\\\/catalogo\\\/#organization\",\"name\":\"Catalogo | Letrame Grupo Editorial\",\"url\":\"https:\\\/\\\/letrame.com\\\/catalogo\\\/\",\"logo\":{\"@type\":\"ImageObject\",\"inLanguage\":\"es\",\"@id\":\"https:\\\/\\\/letrame.com\\\/catalogo\\\/#\\\/schema\\\/logo\\\/image\\\/\",\"url\":\"https:\\\/\\\/letrame.com\\\/catalogo\\\/wp-content\\\/uploads\\\/2024\\\/03\\\/logo2.webp\",\"contentUrl\":\"https:\\\/\\\/letrame.com\\\/catalogo\\\/wp-content\\\/uploads\\\/2024\\\/03\\\/logo2.webp\",\"width\":394,\"height\":128,\"caption\":\"Catalogo | Letrame Grupo Editorial\"},\"image\":{\"@id\":\"https:\\\/\\\/letrame.com\\\/catalogo\\\/#\\\/schema\\\/logo\\\/image\\\/\"}}]}<\/script>\n<!-- \/ Yoast SEO plugin. -->","yoast_head_json":{"title":"Escritos de amor y vida - Catalogo | Letrame Grupo Editorial","robots":{"index":"index","follow":"follow","max-snippet":"max-snippet:-1","max-image-preview":"max-image-preview:large","max-video-preview":"max-video-preview:-1"},"canonical":"https:\/\/letrame.com\/catalogo\/producto\/escritos-de-amor-y-vida\/","og_locale":"es_ES","og_type":"article","og_title":"Escritos de amor y vida - Catalogo | Letrame Grupo Editorial","og_description":"ISBN:978-84-1114-471-1 SINOPSIS Los ingredientes de la vida: la alegr\u00eda, la tristeza, la felicidad, el dolor, la belleza, la nostalgia, la amistad, la familia, la naturaleza, el amor, el romance, con un sutil y delicado toque de erotismo y humor, circulan a lo largo de este libro. La vida tiene una policrom\u00eda de colores brillantes y opacos, el blanco y el negro, as\u00ed como los distintos tonos de gris. Estos escritos son un recorrido por esos colores que se transforman\u00a0 con las palabras, en sentimientos, en emociones y en estados de \u00e1nimo. \u00a0Es una senda que permite transitar por las diferentes expresiones del \u00a0esp\u00edritu humano. En ese itinerario variado, la vida se corona con el amor en su m\u00e1s amplia expresi\u00f3n, \u00a0est\u00e1 presente como una de las principales emociones que embarga al ser humano, siempre de una manera intensa.\u00a0 El\u00a0 romance y la pasi\u00f3n constituyen una de las manifestaciones sublime, tanto para la mujer como para el hombre. El caleidoscopio se completa e invita a deleitarse con la naturaleza, tan importante para la vida como para la est\u00e9tica con los lienzos de colores inimitables que nos regala.","og_url":"https:\/\/letrame.com\/catalogo\/producto\/escritos-de-amor-y-vida\/","og_site_name":"Catalogo | Letrame Grupo Editorial","article_modified_time":"2024-04-29T12:08:34+00:00","og_image":[{"width":732,"height":1024,"url":"https:\/\/letrame.com\/catalogo\/wp-content\/uploads\/2024\/04\/portada_escritodeamoryvida_756mm-732x1024.jpeg","type":"image\/jpeg"}],"twitter_card":"summary_large_image","twitter_misc":{"Tiempo de lectura":"1 minuto"},"schema":{"@context":"https:\/\/schema.org","@graph":[{"@type":"WebPage","@id":"https:\/\/letrame.com\/catalogo\/producto\/escritos-de-amor-y-vida\/","url":"https:\/\/letrame.com\/catalogo\/producto\/escritos-de-amor-y-vida\/","name":"Escritos de amor y vida - Catalogo | Letrame Grupo Editorial","isPartOf":{"@id":"https:\/\/letrame.com\/catalogo\/#website"},"primaryImageOfPage":{"@id":"https:\/\/letrame.com\/catalogo\/producto\/escritos-de-amor-y-vida\/#primaryimage"},"image":{"@id":"https:\/\/letrame.com\/catalogo\/producto\/escritos-de-amor-y-vida\/#primaryimage"},"thumbnailUrl":"https:\/\/letrame.com\/catalogo\/wp-content\/uploads\/2024\/04\/portada_escritodeamoryvida_756mm.jpeg","datePublished":"2024-04-29T12:07:53+00:00","dateModified":"2024-04-29T12:08:34+00:00","breadcrumb":{"@id":"https:\/\/letrame.com\/catalogo\/producto\/escritos-de-amor-y-vida\/#breadcrumb"},"inLanguage":"es","potentialAction":[{"@type":"ReadAction","target":["https:\/\/letrame.com\/catalogo\/producto\/escritos-de-amor-y-vida\/"]}]},{"@type":"ImageObject","inLanguage":"es","@id":"https:\/\/letrame.com\/catalogo\/producto\/escritos-de-amor-y-vida\/#primaryimage","url":"https:\/\/letrame.com\/catalogo\/wp-content\/uploads\/2024\/04\/portada_escritodeamoryvida_756mm.jpeg","contentUrl":"https:\/\/letrame.com\/catalogo\/wp-content\/uploads\/2024\/04\/portada_escritodeamoryvida_756mm.jpeg","width":1772,"height":2480},{"@type":"BreadcrumbList","@id":"https:\/\/letrame.com\/catalogo\/producto\/escritos-de-amor-y-vida\/#breadcrumb","itemListElement":[{"@type":"ListItem","position":1,"name":"Portada","item":"https:\/\/letrame.com\/catalogo\/"},{"@type":"ListItem","position":2,"name":"Cat\u00e1logo","item":"https:\/\/letrame.com\/catalogo\/"},{"@type":"ListItem","position":3,"name":"Escritos de amor y vida"}]},{"@type":"WebSite","@id":"https:\/\/letrame.com\/catalogo\/#website","url":"https:\/\/letrame.com\/catalogo\/","name":"Catalogo | Letrame Grupo Editorial","description":"","publisher":{"@id":"https:\/\/letrame.com\/catalogo\/#organization"},"potentialAction":[{"@type":"SearchAction","target":{"@type":"EntryPoint","urlTemplate":"https:\/\/letrame.com\/catalogo\/?s={search_term_string}"},"query-input":{"@type":"PropertyValueSpecification","valueRequired":true,"valueName":"search_term_string"}}],"inLanguage":"es"},{"@type":"Organization","@id":"https:\/\/letrame.com\/catalogo\/#organization","name":"Catalogo | Letrame Grupo Editorial","url":"https:\/\/letrame.com\/catalogo\/","logo":{"@type":"ImageObject","inLanguage":"es","@id":"https:\/\/letrame.com\/catalogo\/#\/schema\/logo\/image\/","url":"https:\/\/letrame.com\/catalogo\/wp-content\/uploads\/2024\/03\/logo2.webp","contentUrl":"https:\/\/letrame.com\/catalogo\/wp-content\/uploads\/2024\/03\/logo2.webp","width":394,"height":128,"caption":"Catalogo | Letrame Grupo Editorial"},"image":{"@id":"https:\/\/letrame.com\/catalogo\/#\/schema\/logo\/image\/"}}]}},"_links":{"self":[{"href":"https:\/\/letrame.com\/catalogo\/wp-json\/wp\/v2\/product\/97536","targetHints":{"allow":["GET"]}}],"collection":[{"href":"https:\/\/letrame.com\/catalogo\/wp-json\/wp\/v2\/product"}],"about":[{"href":"https:\/\/letrame.com\/catalogo\/wp-json\/wp\/v2\/types\/product"}],"replies":[{"embeddable":true,"href":"https:\/\/letrame.com\/catalogo\/wp-json\/wp\/v2\/comments?post=97536"}],"acf:post":[{"embeddable":true,"href":"https:\/\/letrame.com\/catalogo\/wp-json\/wp\/v2\/author_book\/76113"}],"wp:featuredmedia":[{"embeddable":true,"href":"https:\/\/letrame.com\/catalogo\/wp-json\/wp\/v2\/media\/97537"}],"wp:attachment":[{"href":"https:\/\/letrame.com\/catalogo\/wp-json\/wp\/v2\/media?parent=97536"}],"wp:term":[{"taxonomy":"libro","embeddable":true,"href":"https:\/\/letrame.com\/catalogo\/wp-json\/wp\/v2\/libro?post=97536"},{"taxonomy":"product_brand","embeddable":true,"href":"https:\/\/letrame.com\/catalogo\/wp-json\/wp\/v2\/product_brand?post=97536"},{"taxonomy":"product_cat","embeddable":true,"href":"https:\/\/letrame.com\/catalogo\/wp-json\/wp\/v2\/product_cat?post=97536"},{"taxonomy":"product_tag","embeddable":true,"href":"https:\/\/letrame.com\/catalogo\/wp-json\/wp\/v2\/product_tag?post=97536"}],"curies":[{"name":"wp","href":"https:\/\/api.w.org\/{rel}","templated":true}]}}