{"id":97445,"date":"2024-04-29T13:57:42","date_gmt":"2024-04-29T11:57:42","guid":{"rendered":"https:\/\/letrame.com\/catalogo\/producto\/esperanzas-olvidadas\/"},"modified":"2024-08-16T08:57:49","modified_gmt":"2024-08-16T06:57:49","slug":"esperanzas-olvidadas","status":"publish","type":"product","link":"https:\/\/letrame.com\/catalogo\/producto\/esperanzas-olvidadas\/","title":{"rendered":"Esperanzas olvidadas"},"content":{"rendered":"<p><b>ISBN<\/b><span style=\"font-weight: 400;\">:978-84-1114-342-4<\/span><\/p>\n<p><b>T\u00edtulo<\/b><span style=\"font-weight: 400;\">:Esperanzas olvidadas<\/span><\/p>\n<p><b>Fecha<\/b><span style=\"font-weight: 400;\">:2022<\/span><\/p>\n<p><span style=\"font-weight: 400;\"><br \/>\n<\/span><b>P\u00e1ginas<\/b><span style=\"font-weight: 400;\">: 200<\/span><\/p>\n<p><b>SINOPSIS<\/b><\/p>\n<p>Esperanza, una palabra, nueve letras, cuatro s\u00edlabas\u2026 pero tambi\u00e9n una ilusi\u00f3n, una muestra de fe, una raz\u00f3n por la que seguir adelante.<br \/>\nLa esperanza nos da fuerza, nos cede coraje y nos regala valent\u00eda. La esperanza es un enorme mar profundo en el que por mucho que te sumerjas, jam\u00e1s llegar\u00e1s a rozar la arena. Es un verde campo en el que brilla el sol sin existencia de nubes. Es la luz entre sombras. Pero \u00bfqu\u00e9 ocurre cuando hay sequ\u00eda? \u00bfQu\u00e9 ocurre cuando hay tormenta? \u00bfQu\u00e9 ocurre cuando hay un apag\u00f3n? \u00bfQu\u00e9 ocurre cuando todo en lo que cre\u00edas comienza a desvanecerse como si se tratara de algod\u00f3n de az\u00facar al contacto con el agua? \u00bfQu\u00e9 ocurre cuando tus creencias te abandonan? \u00bfY cu\u00e1ndo te encuentras solo en un lugar desconocido con gente desconocida? \u00bfQu\u00e9 ocurre cuando te miras en el espejo y no te reflejas? \u00bfQu\u00e9 sucede cuando pierdes la fe incluso en ti mismo? Solo responde una pregunta \u00bfqu\u00e9 har\u00edas si tras perderte alguien viniera a salvarte? \u00bfConfiar\u00edas o huir\u00edas? Tal vez siguieras tus sentimientos, pero \u00bfqu\u00e9 sucede cuando ni siquiera te f\u00edas de ellos? \u00bfQu\u00e9 sucede cuando ellos son tu mayor enemigo al que no puedes dar la espalda? \u00bfQu\u00e9 sucede en el momento de enfrentarte a ellos cuando prometiste esconderlos? Si se tratase de esperanza, ya sabr\u00edas la respuesta, pero cuando las esperanzas abandonaron a Dante y se quedaron en las fotos del antiguo \u00e1lbum, \u00e9l solo se tuvo a s\u00ed mismo, solo un alma que buscaba ayuda sin creer merecerla. Solo un alma que ya no recordaba sentir, mientras que otra alma ven\u00eda a su vida para abrir el \u00e1lbum de fotos antiguas y a\u00f1adir una nueva en \u00e9l.<br \/>\nElla cre\u00eda en su salvaci\u00f3n, pero \u00e9l no cre\u00eda en las falsas esperanzas.<\/p>\n","protected":false},"excerpt":{"rendered":"<p><b>ISBN<\/b><span style=\"font-weight: 400;\">:978-84-1114-342-4<\/span><\/p>\n<p><strong>SINOPSIS<\/strong><\/p>\n<p>Esperanza, una palabra, nueve letras, cuatro s\u00edlabas\u2026 pero tambi\u00e9n una ilusi\u00f3n, una muestra de fe, una raz\u00f3n por la que seguir adelante.<br \/>\nLa esperanza nos da fuerza, nos cede coraje y nos regala valent\u00eda. La esperanza es un enorme mar profundo en el que por mucho que te sumerjas, jam\u00e1s llegar\u00e1s a rozar la arena. Es un verde campo en el que brilla el sol sin existencia de nubes. Es la luz entre sombras. Pero \u00bfqu\u00e9 ocurre cuando hay sequ\u00eda? \u00bfQu\u00e9 ocurre cuando hay tormenta? \u00bfQu\u00e9 ocurre cuando hay un apag\u00f3n? \u00bfQu\u00e9 ocurre cuando todo en lo que cre\u00edas comienza a desvanecerse como si se tratara de algod\u00f3n de az\u00facar al contacto con el agua? \u00bfQu\u00e9 ocurre cuando tus creencias te abandonan? \u00bfY cu\u00e1ndo te encuentras solo en un lugar desconocido con gente desconocida? \u00bfQu\u00e9 ocurre cuando te miras en el espejo y no te reflejas? \u00bfQu\u00e9 sucede cuando pierdes la fe incluso en ti mismo? Solo responde una pregunta \u00bfqu\u00e9 har\u00edas si tras perderte alguien viniera a salvarte? \u00bfConfiar\u00edas o huir\u00edas? Tal vez siguieras tus sentimientos, pero \u00bfqu\u00e9 sucede cuando ni siquiera te f\u00edas de ellos? \u00bfQu\u00e9 sucede cuando ellos son tu mayor enemigo al que no puedes dar la espalda? \u00bfQu\u00e9 sucede en el momento de enfrentarte a ellos cuando prometiste esconderlos? Si se tratase de esperanza, ya sabr\u00edas la respuesta, pero cuando las esperanzas abandonaron a Dante y se quedaron en las fotos del antiguo \u00e1lbum, \u00e9l solo se tuvo a s\u00ed mismo, solo un alma que buscaba ayuda sin creer merecerla. Solo un alma que ya no recordaba sentir, mientras que otra alma ven\u00eda a su vida para abrir el \u00e1lbum de fotos antiguas y a\u00f1adir una nueva en \u00e9l.<br \/>\nElla cre\u00eda en su salvaci\u00f3n, pero \u00e9l no cre\u00eda en las falsas esperanzas.<\/p>\n","protected":false},"featured_media":97446,"comment_status":"closed","ping_status":"closed","template":"","meta":{"_acf_changed":false},"libro":[],"product_brand":[],"product_cat":[26],"product_tag":[],"class_list":{"0":"post-97445","1":"product","2":"type-product","3":"status-publish","4":"has-post-thumbnail","6":"product_cat-sin-categoria","8":"first","9":"instock","10":"product-type-simple"},"acf":{"autor":[76025],"enlace_de_compra":"https:\/\/amzn.to\/3YNNGYB"},"yoast_head":"<!-- This site is optimized with the Yoast SEO plugin v26.6 - https:\/\/yoast.com\/wordpress\/plugins\/seo\/ -->\n<title>Esperanzas olvidadas - Catalogo | Letrame Grupo Editorial<\/title>\n<meta name=\"robots\" content=\"index, follow, max-snippet:-1, max-image-preview:large, max-video-preview:-1\" \/>\n<link rel=\"canonical\" href=\"https:\/\/letrame.com\/catalogo\/producto\/esperanzas-olvidadas\/\" \/>\n<meta property=\"og:locale\" content=\"es_ES\" \/>\n<meta property=\"og:type\" content=\"article\" \/>\n<meta property=\"og:title\" content=\"Esperanzas olvidadas - Catalogo | Letrame Grupo Editorial\" \/>\n<meta property=\"og:description\" content=\"ISBN:978-84-1114-342-4  SINOPSIS  Esperanza, una palabra, nueve letras, cuatro s\u00edlabas\u2026 pero tambi\u00e9n una ilusi\u00f3n, una muestra de fe, una raz\u00f3n por la que seguir adelante. La esperanza nos da fuerza, nos cede coraje y nos regala valent\u00eda. La esperanza es un enorme mar profundo en el que por mucho que te sumerjas, jam\u00e1s llegar\u00e1s a rozar la arena. Es un verde campo en el que brilla el sol sin existencia de nubes. Es la luz entre sombras. Pero \u00bfqu\u00e9 ocurre cuando hay sequ\u00eda? \u00bfQu\u00e9 ocurre cuando hay tormenta? \u00bfQu\u00e9 ocurre cuando hay un apag\u00f3n? \u00bfQu\u00e9 ocurre cuando todo en lo que cre\u00edas comienza a desvanecerse como si se tratara de algod\u00f3n de az\u00facar al contacto con el agua? \u00bfQu\u00e9 ocurre cuando tus creencias te abandonan? \u00bfY cu\u00e1ndo te encuentras solo en un lugar desconocido con gente desconocida? \u00bfQu\u00e9 ocurre cuando te miras en el espejo y no te reflejas? \u00bfQu\u00e9 sucede cuando pierdes la fe incluso en ti mismo? Solo responde una pregunta \u00bfqu\u00e9 har\u00edas si tras perderte alguien viniera a salvarte? \u00bfConfiar\u00edas o huir\u00edas? Tal vez siguieras tus sentimientos, pero \u00bfqu\u00e9 sucede cuando ni siquiera te f\u00edas de ellos? \u00bfQu\u00e9 sucede cuando ellos son tu mayor enemigo al que no puedes dar la espalda? \u00bfQu\u00e9 sucede en el momento de enfrentarte a ellos cuando prometiste esconderlos? Si se tratase de esperanza, ya sabr\u00edas la respuesta, pero cuando las esperanzas abandonaron a Dante y se quedaron en las fotos del antiguo \u00e1lbum, \u00e9l solo se tuvo a s\u00ed mismo, solo un alma que buscaba ayuda sin creer merecerla. Solo un alma que ya no recordaba sentir, mientras que otra alma ven\u00eda a su vida para abrir el \u00e1lbum de fotos antiguas y a\u00f1adir una nueva en \u00e9l. Ella cre\u00eda en su salvaci\u00f3n, pero \u00e9l no cre\u00eda en las falsas esperanzas.\" \/>\n<meta property=\"og:url\" content=\"https:\/\/letrame.com\/catalogo\/producto\/esperanzas-olvidadas\/\" \/>\n<meta property=\"og:site_name\" content=\"Catalogo | Letrame Grupo Editorial\" \/>\n<meta property=\"article:modified_time\" content=\"2024-08-16T06:57:49+00:00\" \/>\n<meta property=\"og:image\" content=\"https:\/\/letrame.com\/catalogo\/wp-content\/uploads\/2024\/04\/portada_esperanzasolvidadas_1033mm.jpg\" \/>\n\t<meta property=\"og:image:width\" content=\"601\" \/>\n\t<meta property=\"og:image:height\" content=\"881\" \/>\n\t<meta property=\"og:image:type\" content=\"image\/jpeg\" \/>\n<meta name=\"twitter:card\" content=\"summary_large_image\" \/>\n<meta name=\"twitter:label1\" content=\"Tiempo de lectura\" \/>\n\t<meta name=\"twitter:data1\" content=\"2 minutos\" \/>\n<script type=\"application\/ld+json\" class=\"yoast-schema-graph\">{\"@context\":\"https:\/\/schema.org\",\"@graph\":[{\"@type\":\"WebPage\",\"@id\":\"https:\/\/letrame.com\/catalogo\/producto\/esperanzas-olvidadas\/\",\"url\":\"https:\/\/letrame.com\/catalogo\/producto\/esperanzas-olvidadas\/\",\"name\":\"Esperanzas olvidadas - Catalogo | Letrame Grupo Editorial\",\"isPartOf\":{\"@id\":\"https:\/\/letrame.com\/catalogo\/#website\"},\"primaryImageOfPage\":{\"@id\":\"https:\/\/letrame.com\/catalogo\/producto\/esperanzas-olvidadas\/#primaryimage\"},\"image\":{\"@id\":\"https:\/\/letrame.com\/catalogo\/producto\/esperanzas-olvidadas\/#primaryimage\"},\"thumbnailUrl\":\"https:\/\/letrame.com\/catalogo\/wp-content\/uploads\/2024\/04\/portada_esperanzasolvidadas_1033mm.jpg\",\"datePublished\":\"2024-04-29T11:57:42+00:00\",\"dateModified\":\"2024-08-16T06:57:49+00:00\",\"breadcrumb\":{\"@id\":\"https:\/\/letrame.com\/catalogo\/producto\/esperanzas-olvidadas\/#breadcrumb\"},\"inLanguage\":\"es\",\"potentialAction\":[{\"@type\":\"ReadAction\",\"target\":[\"https:\/\/letrame.com\/catalogo\/producto\/esperanzas-olvidadas\/\"]}]},{\"@type\":\"ImageObject\",\"inLanguage\":\"es\",\"@id\":\"https:\/\/letrame.com\/catalogo\/producto\/esperanzas-olvidadas\/#primaryimage\",\"url\":\"https:\/\/letrame.com\/catalogo\/wp-content\/uploads\/2024\/04\/portada_esperanzasolvidadas_1033mm.jpg\",\"contentUrl\":\"https:\/\/letrame.com\/catalogo\/wp-content\/uploads\/2024\/04\/portada_esperanzasolvidadas_1033mm.jpg\",\"width\":601,\"height\":881},{\"@type\":\"BreadcrumbList\",\"@id\":\"https:\/\/letrame.com\/catalogo\/producto\/esperanzas-olvidadas\/#breadcrumb\",\"itemListElement\":[{\"@type\":\"ListItem\",\"position\":1,\"name\":\"Portada\",\"item\":\"https:\/\/letrame.com\/catalogo\/\"},{\"@type\":\"ListItem\",\"position\":2,\"name\":\"Cat\u00e1logo\",\"item\":\"https:\/\/letrame.com\/catalogo\/\"},{\"@type\":\"ListItem\",\"position\":3,\"name\":\"Esperanzas olvidadas\"}]},{\"@type\":\"WebSite\",\"@id\":\"https:\/\/letrame.com\/catalogo\/#website\",\"url\":\"https:\/\/letrame.com\/catalogo\/\",\"name\":\"Catalogo | Letrame Grupo Editorial\",\"description\":\"\",\"publisher\":{\"@id\":\"https:\/\/letrame.com\/catalogo\/#organization\"},\"potentialAction\":[{\"@type\":\"SearchAction\",\"target\":{\"@type\":\"EntryPoint\",\"urlTemplate\":\"https:\/\/letrame.com\/catalogo\/?s={search_term_string}\"},\"query-input\":{\"@type\":\"PropertyValueSpecification\",\"valueRequired\":true,\"valueName\":\"search_term_string\"}}],\"inLanguage\":\"es\"},{\"@type\":\"Organization\",\"@id\":\"https:\/\/letrame.com\/catalogo\/#organization\",\"name\":\"Catalogo | Letrame Grupo Editorial\",\"url\":\"https:\/\/letrame.com\/catalogo\/\",\"logo\":{\"@type\":\"ImageObject\",\"inLanguage\":\"es\",\"@id\":\"https:\/\/letrame.com\/catalogo\/#\/schema\/logo\/image\/\",\"url\":\"https:\/\/letrame.com\/catalogo\/wp-content\/uploads\/2024\/03\/logo2.webp\",\"contentUrl\":\"https:\/\/letrame.com\/catalogo\/wp-content\/uploads\/2024\/03\/logo2.webp\",\"width\":394,\"height\":128,\"caption\":\"Catalogo | Letrame Grupo Editorial\"},\"image\":{\"@id\":\"https:\/\/letrame.com\/catalogo\/#\/schema\/logo\/image\/\"}}]}<\/script>\n<!-- \/ Yoast SEO plugin. -->","yoast_head_json":{"title":"Esperanzas olvidadas - Catalogo | Letrame Grupo Editorial","robots":{"index":"index","follow":"follow","max-snippet":"max-snippet:-1","max-image-preview":"max-image-preview:large","max-video-preview":"max-video-preview:-1"},"canonical":"https:\/\/letrame.com\/catalogo\/producto\/esperanzas-olvidadas\/","og_locale":"es_ES","og_type":"article","og_title":"Esperanzas olvidadas - Catalogo | Letrame Grupo Editorial","og_description":"ISBN:978-84-1114-342-4  SINOPSIS  Esperanza, una palabra, nueve letras, cuatro s\u00edlabas\u2026 pero tambi\u00e9n una ilusi\u00f3n, una muestra de fe, una raz\u00f3n por la que seguir adelante. La esperanza nos da fuerza, nos cede coraje y nos regala valent\u00eda. La esperanza es un enorme mar profundo en el que por mucho que te sumerjas, jam\u00e1s llegar\u00e1s a rozar la arena. Es un verde campo en el que brilla el sol sin existencia de nubes. Es la luz entre sombras. Pero \u00bfqu\u00e9 ocurre cuando hay sequ\u00eda? \u00bfQu\u00e9 ocurre cuando hay tormenta? \u00bfQu\u00e9 ocurre cuando hay un apag\u00f3n? \u00bfQu\u00e9 ocurre cuando todo en lo que cre\u00edas comienza a desvanecerse como si se tratara de algod\u00f3n de az\u00facar al contacto con el agua? \u00bfQu\u00e9 ocurre cuando tus creencias te abandonan? \u00bfY cu\u00e1ndo te encuentras solo en un lugar desconocido con gente desconocida? \u00bfQu\u00e9 ocurre cuando te miras en el espejo y no te reflejas? \u00bfQu\u00e9 sucede cuando pierdes la fe incluso en ti mismo? Solo responde una pregunta \u00bfqu\u00e9 har\u00edas si tras perderte alguien viniera a salvarte? \u00bfConfiar\u00edas o huir\u00edas? Tal vez siguieras tus sentimientos, pero \u00bfqu\u00e9 sucede cuando ni siquiera te f\u00edas de ellos? \u00bfQu\u00e9 sucede cuando ellos son tu mayor enemigo al que no puedes dar la espalda? \u00bfQu\u00e9 sucede en el momento de enfrentarte a ellos cuando prometiste esconderlos? Si se tratase de esperanza, ya sabr\u00edas la respuesta, pero cuando las esperanzas abandonaron a Dante y se quedaron en las fotos del antiguo \u00e1lbum, \u00e9l solo se tuvo a s\u00ed mismo, solo un alma que buscaba ayuda sin creer merecerla. Solo un alma que ya no recordaba sentir, mientras que otra alma ven\u00eda a su vida para abrir el \u00e1lbum de fotos antiguas y a\u00f1adir una nueva en \u00e9l. Ella cre\u00eda en su salvaci\u00f3n, pero \u00e9l no cre\u00eda en las falsas esperanzas.","og_url":"https:\/\/letrame.com\/catalogo\/producto\/esperanzas-olvidadas\/","og_site_name":"Catalogo | Letrame Grupo Editorial","article_modified_time":"2024-08-16T06:57:49+00:00","og_image":[{"width":601,"height":881,"url":"https:\/\/letrame.com\/catalogo\/wp-content\/uploads\/2024\/04\/portada_esperanzasolvidadas_1033mm.jpg","type":"image\/jpeg"}],"twitter_card":"summary_large_image","twitter_misc":{"Tiempo de lectura":"2 minutos"},"schema":{"@context":"https:\/\/schema.org","@graph":[{"@type":"WebPage","@id":"https:\/\/letrame.com\/catalogo\/producto\/esperanzas-olvidadas\/","url":"https:\/\/letrame.com\/catalogo\/producto\/esperanzas-olvidadas\/","name":"Esperanzas olvidadas - Catalogo | Letrame Grupo Editorial","isPartOf":{"@id":"https:\/\/letrame.com\/catalogo\/#website"},"primaryImageOfPage":{"@id":"https:\/\/letrame.com\/catalogo\/producto\/esperanzas-olvidadas\/#primaryimage"},"image":{"@id":"https:\/\/letrame.com\/catalogo\/producto\/esperanzas-olvidadas\/#primaryimage"},"thumbnailUrl":"https:\/\/letrame.com\/catalogo\/wp-content\/uploads\/2024\/04\/portada_esperanzasolvidadas_1033mm.jpg","datePublished":"2024-04-29T11:57:42+00:00","dateModified":"2024-08-16T06:57:49+00:00","breadcrumb":{"@id":"https:\/\/letrame.com\/catalogo\/producto\/esperanzas-olvidadas\/#breadcrumb"},"inLanguage":"es","potentialAction":[{"@type":"ReadAction","target":["https:\/\/letrame.com\/catalogo\/producto\/esperanzas-olvidadas\/"]}]},{"@type":"ImageObject","inLanguage":"es","@id":"https:\/\/letrame.com\/catalogo\/producto\/esperanzas-olvidadas\/#primaryimage","url":"https:\/\/letrame.com\/catalogo\/wp-content\/uploads\/2024\/04\/portada_esperanzasolvidadas_1033mm.jpg","contentUrl":"https:\/\/letrame.com\/catalogo\/wp-content\/uploads\/2024\/04\/portada_esperanzasolvidadas_1033mm.jpg","width":601,"height":881},{"@type":"BreadcrumbList","@id":"https:\/\/letrame.com\/catalogo\/producto\/esperanzas-olvidadas\/#breadcrumb","itemListElement":[{"@type":"ListItem","position":1,"name":"Portada","item":"https:\/\/letrame.com\/catalogo\/"},{"@type":"ListItem","position":2,"name":"Cat\u00e1logo","item":"https:\/\/letrame.com\/catalogo\/"},{"@type":"ListItem","position":3,"name":"Esperanzas olvidadas"}]},{"@type":"WebSite","@id":"https:\/\/letrame.com\/catalogo\/#website","url":"https:\/\/letrame.com\/catalogo\/","name":"Catalogo | Letrame Grupo Editorial","description":"","publisher":{"@id":"https:\/\/letrame.com\/catalogo\/#organization"},"potentialAction":[{"@type":"SearchAction","target":{"@type":"EntryPoint","urlTemplate":"https:\/\/letrame.com\/catalogo\/?s={search_term_string}"},"query-input":{"@type":"PropertyValueSpecification","valueRequired":true,"valueName":"search_term_string"}}],"inLanguage":"es"},{"@type":"Organization","@id":"https:\/\/letrame.com\/catalogo\/#organization","name":"Catalogo | Letrame Grupo Editorial","url":"https:\/\/letrame.com\/catalogo\/","logo":{"@type":"ImageObject","inLanguage":"es","@id":"https:\/\/letrame.com\/catalogo\/#\/schema\/logo\/image\/","url":"https:\/\/letrame.com\/catalogo\/wp-content\/uploads\/2024\/03\/logo2.webp","contentUrl":"https:\/\/letrame.com\/catalogo\/wp-content\/uploads\/2024\/03\/logo2.webp","width":394,"height":128,"caption":"Catalogo | Letrame Grupo Editorial"},"image":{"@id":"https:\/\/letrame.com\/catalogo\/#\/schema\/logo\/image\/"}}]}},"_links":{"self":[{"href":"https:\/\/letrame.com\/catalogo\/wp-json\/wp\/v2\/product\/97445","targetHints":{"allow":["GET"]}}],"collection":[{"href":"https:\/\/letrame.com\/catalogo\/wp-json\/wp\/v2\/product"}],"about":[{"href":"https:\/\/letrame.com\/catalogo\/wp-json\/wp\/v2\/types\/product"}],"replies":[{"embeddable":true,"href":"https:\/\/letrame.com\/catalogo\/wp-json\/wp\/v2\/comments?post=97445"}],"acf:post":[{"embeddable":true,"href":"https:\/\/letrame.com\/catalogo\/wp-json\/wp\/v2\/author_book\/76025"}],"wp:featuredmedia":[{"embeddable":true,"href":"https:\/\/letrame.com\/catalogo\/wp-json\/wp\/v2\/media\/97446"}],"wp:attachment":[{"href":"https:\/\/letrame.com\/catalogo\/wp-json\/wp\/v2\/media?parent=97445"}],"wp:term":[{"taxonomy":"libro","embeddable":true,"href":"https:\/\/letrame.com\/catalogo\/wp-json\/wp\/v2\/libro?post=97445"},{"taxonomy":"product_brand","embeddable":true,"href":"https:\/\/letrame.com\/catalogo\/wp-json\/wp\/v2\/product_brand?post=97445"},{"taxonomy":"product_cat","embeddable":true,"href":"https:\/\/letrame.com\/catalogo\/wp-json\/wp\/v2\/product_cat?post=97445"},{"taxonomy":"product_tag","embeddable":true,"href":"https:\/\/letrame.com\/catalogo\/wp-json\/wp\/v2\/product_tag?post=97445"}],"curies":[{"name":"wp","href":"https:\/\/api.w.org\/{rel}","templated":true}]}}