{"id":97417,"date":"2024-04-29T13:55:11","date_gmt":"2024-04-29T11:55:11","guid":{"rendered":"https:\/\/letrame.com\/catalogo\/producto\/saga-reflejos-libro-1-la-ciudad-de-los-estratos\/"},"modified":"2024-08-16T09:35:30","modified_gmt":"2024-08-16T07:35:30","slug":"saga-reflejos-libro-1-la-ciudad-de-los-estratos","status":"publish","type":"product","link":"https:\/\/letrame.com\/catalogo\/producto\/saga-reflejos-libro-1-la-ciudad-de-los-estratos\/","title":{"rendered":"Saga Reflejos. Libro 1 &#8211; La Ciudad de los Estratos"},"content":{"rendered":"<div class=\"page\" title=\"Page 6\">\n<div class=\"layoutArea\">\n<div class=\"column\">\n<p><strong>ISBN: 978-84-1114-286-1<\/strong><\/p>\n<p><b>T\u00edtulo<\/b><span style=\"font-weight: 400;\">: Saga Reflejos. Libro 1 &#8211; La Ciudad de los Estratos<\/span><span style=\"font-weight: 400;\"><br \/>\n<\/span><b>Fecha<\/b><span style=\"font-weight: 400;\">: 2021<\/span><span style=\"font-weight: 400;\"><br \/>\n<\/span><b>P\u00e1ginas<\/b><span style=\"font-weight: 400;\">: 426<\/span><\/p>\n<p><b>SINOPSIS<\/b><\/p>\n<p>Hay amores que est\u00e1s condenado a repetirlos, en otra piel, en otro cuerpo, como una canci\u00f3n que se canta con una voz que no conoces y que, a pesar de todo, se siente familiar. Justo as\u00ed es el romance de Alenka y Renat, dos chicos que viven en la Ciudad de los Estratos, construida en un mundo dist\u00f3pico ubicado 700 a\u00f1os en el futuro, en una sociedad en la que el amor se erradic\u00f3 por completo, al igual que la mayor\u00eda de las enfermedades o el libre albedr\u00edo. Ambos se conocen despu\u00e9s de haber so\u00f1ado toda su vida con una persona que nunca hab\u00edan visto, \u00fanicamente para descubrir que de alguna manera ya se hab\u00edan amado antes, solo que en otro tiempo distinto al suyo. El problema es que ambos representan un riesgo al control que El Parlamento ha ejercido en la poblaci\u00f3n desde la llegada del virus Cerberus, pues dentro de ellos se esconde un secreto que pondr\u00e1 en peligro su vida.<\/p>\n<\/div>\n<\/div>\n<\/div>\n","protected":false},"excerpt":{"rendered":"<p><strong>ISBN: 978-84-1114-286-1<\/strong><\/p>\n<p>&nbsp;<\/p>\n<p>Hay amores que est\u00e1s condenado a repetirlos, en otra piel, en otro cuerpo, como una canci\u00f3n que se canta con una voz que no conoces y que, a pesar de todo, se siente familiar. Justo as\u00ed es el romance de Alenka y Renat, dos chicos que viven en la Ciudad de los Estratos, construida en un mundo dist\u00f3pico ubicado 700 a\u00f1os en el futuro, en una sociedad en la que el amor se erradic\u00f3 por completo, al igual que la mayor\u00eda de las enfermedades o el libre albedr\u00edo.<\/p>\n<p>&nbsp;<\/p>\n<p>Ambos se conocen despu\u00e9s de haber so\u00f1ado toda su vida con una persona que nunca hab\u00edan visto, \u00fanicamente para descubrir que de alguna manera ya se hab\u00edan amado antes, solo que en otro tiempo distinto al suyo. El problema es que ambos representan un riesgo al control que El Parlamento ha ejercido en la poblaci\u00f3n desde la llegada del virus Cerberus, pues dentro de ellos se esconde un secreto que pondr\u00e1 en peligro su vida.<\/p>\n<p>&nbsp;<\/p>\n<p>&nbsp;<\/p>\n","protected":false},"featured_media":97418,"comment_status":"closed","ping_status":"closed","template":"","meta":{"_acf_changed":false},"libro":[],"product_brand":[],"product_cat":[16],"product_tag":[],"class_list":{"0":"post-97417","1":"product","2":"type-product","3":"status-publish","4":"has-post-thumbnail","6":"product_cat-novela","8":"first","9":"instock","10":"product-type-simple"},"acf":{"autor":[75998],"enlace_de_compra":"https:\/\/amzn.to\/46Qz0Kq"},"yoast_head":"<!-- This site is optimized with the Yoast SEO plugin v27.4 - https:\/\/yoast.com\/product\/yoast-seo-wordpress\/ -->\n<title>Saga Reflejos. Libro 1 - La Ciudad de los Estratos - Catalogo | Letrame Grupo Editorial<\/title>\n<meta name=\"robots\" content=\"index, follow, max-snippet:-1, max-image-preview:large, max-video-preview:-1\" \/>\n<link rel=\"canonical\" href=\"https:\/\/letrame.com\/catalogo\/producto\/saga-reflejos-libro-1-la-ciudad-de-los-estratos\/\" \/>\n<meta property=\"og:locale\" content=\"es_ES\" \/>\n<meta property=\"og:type\" content=\"article\" \/>\n<meta property=\"og:title\" content=\"Saga Reflejos. Libro 1 - La Ciudad de los Estratos - Catalogo | Letrame Grupo Editorial\" \/>\n<meta property=\"og:description\" content=\"ISBN: 978-84-1114-286-1  &nbsp;  Hay amores que est\u00e1s condenado a repetirlos, en otra piel, en otro cuerpo, como una canci\u00f3n que se canta con una voz que no conoces y que, a pesar de todo, se siente familiar. Justo as\u00ed es el romance de Alenka y Renat, dos chicos que viven en la Ciudad de los Estratos, construida en un mundo dist\u00f3pico ubicado 700 a\u00f1os en el futuro, en una sociedad en la que el amor se erradic\u00f3 por completo, al igual que la mayor\u00eda de las enfermedades o el libre albedr\u00edo.  &nbsp;  Ambos se conocen despu\u00e9s de haber so\u00f1ado toda su vida con una persona que nunca hab\u00edan visto, \u00fanicamente para descubrir que de alguna manera ya se hab\u00edan amado antes, solo que en otro tiempo distinto al suyo. El problema es que ambos representan un riesgo al control que El Parlamento ha ejercido en la poblaci\u00f3n desde la llegada del virus Cerberus, pues dentro de ellos se esconde un secreto que pondr\u00e1 en peligro su vida.  &nbsp;  &nbsp;\" \/>\n<meta property=\"og:url\" content=\"https:\/\/letrame.com\/catalogo\/producto\/saga-reflejos-libro-1-la-ciudad-de-los-estratos\/\" \/>\n<meta property=\"og:site_name\" content=\"Catalogo | Letrame Grupo Editorial\" \/>\n<meta property=\"article:modified_time\" content=\"2024-08-16T07:35:30+00:00\" \/>\n<meta property=\"og:image\" content=\"https:\/\/letrame.com\/catalogo\/wp-content\/uploads\/2024\/04\/REFLEJOS-scaled-1.jpeg\" \/>\n\t<meta property=\"og:image:width\" content=\"1746\" \/>\n\t<meta property=\"og:image:height\" content=\"2560\" \/>\n\t<meta property=\"og:image:type\" content=\"image\/jpeg\" \/>\n<meta name=\"twitter:card\" content=\"summary_large_image\" \/>\n<meta name=\"twitter:label1\" content=\"Tiempo de lectura\" \/>\n\t<meta name=\"twitter:data1\" content=\"2 minutos\" \/>\n<script type=\"application\/ld+json\" class=\"yoast-schema-graph\">{\"@context\":\"https:\\\/\\\/schema.org\",\"@graph\":[{\"@type\":\"WebPage\",\"@id\":\"https:\\\/\\\/letrame.com\\\/catalogo\\\/producto\\\/saga-reflejos-libro-1-la-ciudad-de-los-estratos\\\/\",\"url\":\"https:\\\/\\\/letrame.com\\\/catalogo\\\/producto\\\/saga-reflejos-libro-1-la-ciudad-de-los-estratos\\\/\",\"name\":\"Saga Reflejos. Libro 1 - La Ciudad de los Estratos - Catalogo | Letrame Grupo Editorial\",\"isPartOf\":{\"@id\":\"https:\\\/\\\/letrame.com\\\/catalogo\\\/#website\"},\"primaryImageOfPage\":{\"@id\":\"https:\\\/\\\/letrame.com\\\/catalogo\\\/producto\\\/saga-reflejos-libro-1-la-ciudad-de-los-estratos\\\/#primaryimage\"},\"image\":{\"@id\":\"https:\\\/\\\/letrame.com\\\/catalogo\\\/producto\\\/saga-reflejos-libro-1-la-ciudad-de-los-estratos\\\/#primaryimage\"},\"thumbnailUrl\":\"https:\\\/\\\/letrame.com\\\/catalogo\\\/wp-content\\\/uploads\\\/2024\\\/04\\\/REFLEJOS-scaled-1.jpeg\",\"datePublished\":\"2024-04-29T11:55:11+00:00\",\"dateModified\":\"2024-08-16T07:35:30+00:00\",\"breadcrumb\":{\"@id\":\"https:\\\/\\\/letrame.com\\\/catalogo\\\/producto\\\/saga-reflejos-libro-1-la-ciudad-de-los-estratos\\\/#breadcrumb\"},\"inLanguage\":\"es\",\"potentialAction\":[{\"@type\":\"ReadAction\",\"target\":[\"https:\\\/\\\/letrame.com\\\/catalogo\\\/producto\\\/saga-reflejos-libro-1-la-ciudad-de-los-estratos\\\/\"]}]},{\"@type\":\"ImageObject\",\"inLanguage\":\"es\",\"@id\":\"https:\\\/\\\/letrame.com\\\/catalogo\\\/producto\\\/saga-reflejos-libro-1-la-ciudad-de-los-estratos\\\/#primaryimage\",\"url\":\"https:\\\/\\\/letrame.com\\\/catalogo\\\/wp-content\\\/uploads\\\/2024\\\/04\\\/REFLEJOS-scaled-1.jpeg\",\"contentUrl\":\"https:\\\/\\\/letrame.com\\\/catalogo\\\/wp-content\\\/uploads\\\/2024\\\/04\\\/REFLEJOS-scaled-1.jpeg\",\"width\":1746,\"height\":2560},{\"@type\":\"BreadcrumbList\",\"@id\":\"https:\\\/\\\/letrame.com\\\/catalogo\\\/producto\\\/saga-reflejos-libro-1-la-ciudad-de-los-estratos\\\/#breadcrumb\",\"itemListElement\":[{\"@type\":\"ListItem\",\"position\":1,\"name\":\"Portada\",\"item\":\"https:\\\/\\\/letrame.com\\\/catalogo\\\/\"},{\"@type\":\"ListItem\",\"position\":2,\"name\":\"Cat\u00e1logo\",\"item\":\"https:\\\/\\\/letrame.com\\\/catalogo\\\/\"},{\"@type\":\"ListItem\",\"position\":3,\"name\":\"Saga Reflejos. Libro 1 &#8211; La Ciudad de los Estratos\"}]},{\"@type\":\"WebSite\",\"@id\":\"https:\\\/\\\/letrame.com\\\/catalogo\\\/#website\",\"url\":\"https:\\\/\\\/letrame.com\\\/catalogo\\\/\",\"name\":\"Catalogo | Letrame Grupo Editorial\",\"description\":\"\",\"publisher\":{\"@id\":\"https:\\\/\\\/letrame.com\\\/catalogo\\\/#organization\"},\"potentialAction\":[{\"@type\":\"SearchAction\",\"target\":{\"@type\":\"EntryPoint\",\"urlTemplate\":\"https:\\\/\\\/letrame.com\\\/catalogo\\\/?s={search_term_string}\"},\"query-input\":{\"@type\":\"PropertyValueSpecification\",\"valueRequired\":true,\"valueName\":\"search_term_string\"}}],\"inLanguage\":\"es\"},{\"@type\":\"Organization\",\"@id\":\"https:\\\/\\\/letrame.com\\\/catalogo\\\/#organization\",\"name\":\"Catalogo | Letrame Grupo Editorial\",\"url\":\"https:\\\/\\\/letrame.com\\\/catalogo\\\/\",\"logo\":{\"@type\":\"ImageObject\",\"inLanguage\":\"es\",\"@id\":\"https:\\\/\\\/letrame.com\\\/catalogo\\\/#\\\/schema\\\/logo\\\/image\\\/\",\"url\":\"https:\\\/\\\/letrame.com\\\/catalogo\\\/wp-content\\\/uploads\\\/2024\\\/03\\\/logo2.webp\",\"contentUrl\":\"https:\\\/\\\/letrame.com\\\/catalogo\\\/wp-content\\\/uploads\\\/2024\\\/03\\\/logo2.webp\",\"width\":394,\"height\":128,\"caption\":\"Catalogo | Letrame Grupo Editorial\"},\"image\":{\"@id\":\"https:\\\/\\\/letrame.com\\\/catalogo\\\/#\\\/schema\\\/logo\\\/image\\\/\"}}]}<\/script>\n<!-- \/ Yoast SEO plugin. -->","yoast_head_json":{"title":"Saga Reflejos. Libro 1 - La Ciudad de los Estratos - Catalogo | Letrame Grupo Editorial","robots":{"index":"index","follow":"follow","max-snippet":"max-snippet:-1","max-image-preview":"max-image-preview:large","max-video-preview":"max-video-preview:-1"},"canonical":"https:\/\/letrame.com\/catalogo\/producto\/saga-reflejos-libro-1-la-ciudad-de-los-estratos\/","og_locale":"es_ES","og_type":"article","og_title":"Saga Reflejos. Libro 1 - La Ciudad de los Estratos - Catalogo | Letrame Grupo Editorial","og_description":"ISBN: 978-84-1114-286-1  &nbsp;  Hay amores que est\u00e1s condenado a repetirlos, en otra piel, en otro cuerpo, como una canci\u00f3n que se canta con una voz que no conoces y que, a pesar de todo, se siente familiar. Justo as\u00ed es el romance de Alenka y Renat, dos chicos que viven en la Ciudad de los Estratos, construida en un mundo dist\u00f3pico ubicado 700 a\u00f1os en el futuro, en una sociedad en la que el amor se erradic\u00f3 por completo, al igual que la mayor\u00eda de las enfermedades o el libre albedr\u00edo.  &nbsp;  Ambos se conocen despu\u00e9s de haber so\u00f1ado toda su vida con una persona que nunca hab\u00edan visto, \u00fanicamente para descubrir que de alguna manera ya se hab\u00edan amado antes, solo que en otro tiempo distinto al suyo. El problema es que ambos representan un riesgo al control que El Parlamento ha ejercido en la poblaci\u00f3n desde la llegada del virus Cerberus, pues dentro de ellos se esconde un secreto que pondr\u00e1 en peligro su vida.  &nbsp;  &nbsp;","og_url":"https:\/\/letrame.com\/catalogo\/producto\/saga-reflejos-libro-1-la-ciudad-de-los-estratos\/","og_site_name":"Catalogo | Letrame Grupo Editorial","article_modified_time":"2024-08-16T07:35:30+00:00","og_image":[{"width":1746,"height":2560,"url":"https:\/\/letrame.com\/catalogo\/wp-content\/uploads\/2024\/04\/REFLEJOS-scaled-1.jpeg","type":"image\/jpeg"}],"twitter_card":"summary_large_image","twitter_misc":{"Tiempo de lectura":"2 minutos"},"schema":{"@context":"https:\/\/schema.org","@graph":[{"@type":"WebPage","@id":"https:\/\/letrame.com\/catalogo\/producto\/saga-reflejos-libro-1-la-ciudad-de-los-estratos\/","url":"https:\/\/letrame.com\/catalogo\/producto\/saga-reflejos-libro-1-la-ciudad-de-los-estratos\/","name":"Saga Reflejos. Libro 1 - La Ciudad de los Estratos - Catalogo | Letrame Grupo Editorial","isPartOf":{"@id":"https:\/\/letrame.com\/catalogo\/#website"},"primaryImageOfPage":{"@id":"https:\/\/letrame.com\/catalogo\/producto\/saga-reflejos-libro-1-la-ciudad-de-los-estratos\/#primaryimage"},"image":{"@id":"https:\/\/letrame.com\/catalogo\/producto\/saga-reflejos-libro-1-la-ciudad-de-los-estratos\/#primaryimage"},"thumbnailUrl":"https:\/\/letrame.com\/catalogo\/wp-content\/uploads\/2024\/04\/REFLEJOS-scaled-1.jpeg","datePublished":"2024-04-29T11:55:11+00:00","dateModified":"2024-08-16T07:35:30+00:00","breadcrumb":{"@id":"https:\/\/letrame.com\/catalogo\/producto\/saga-reflejos-libro-1-la-ciudad-de-los-estratos\/#breadcrumb"},"inLanguage":"es","potentialAction":[{"@type":"ReadAction","target":["https:\/\/letrame.com\/catalogo\/producto\/saga-reflejos-libro-1-la-ciudad-de-los-estratos\/"]}]},{"@type":"ImageObject","inLanguage":"es","@id":"https:\/\/letrame.com\/catalogo\/producto\/saga-reflejos-libro-1-la-ciudad-de-los-estratos\/#primaryimage","url":"https:\/\/letrame.com\/catalogo\/wp-content\/uploads\/2024\/04\/REFLEJOS-scaled-1.jpeg","contentUrl":"https:\/\/letrame.com\/catalogo\/wp-content\/uploads\/2024\/04\/REFLEJOS-scaled-1.jpeg","width":1746,"height":2560},{"@type":"BreadcrumbList","@id":"https:\/\/letrame.com\/catalogo\/producto\/saga-reflejos-libro-1-la-ciudad-de-los-estratos\/#breadcrumb","itemListElement":[{"@type":"ListItem","position":1,"name":"Portada","item":"https:\/\/letrame.com\/catalogo\/"},{"@type":"ListItem","position":2,"name":"Cat\u00e1logo","item":"https:\/\/letrame.com\/catalogo\/"},{"@type":"ListItem","position":3,"name":"Saga Reflejos. Libro 1 &#8211; La Ciudad de los Estratos"}]},{"@type":"WebSite","@id":"https:\/\/letrame.com\/catalogo\/#website","url":"https:\/\/letrame.com\/catalogo\/","name":"Catalogo | Letrame Grupo Editorial","description":"","publisher":{"@id":"https:\/\/letrame.com\/catalogo\/#organization"},"potentialAction":[{"@type":"SearchAction","target":{"@type":"EntryPoint","urlTemplate":"https:\/\/letrame.com\/catalogo\/?s={search_term_string}"},"query-input":{"@type":"PropertyValueSpecification","valueRequired":true,"valueName":"search_term_string"}}],"inLanguage":"es"},{"@type":"Organization","@id":"https:\/\/letrame.com\/catalogo\/#organization","name":"Catalogo | Letrame Grupo Editorial","url":"https:\/\/letrame.com\/catalogo\/","logo":{"@type":"ImageObject","inLanguage":"es","@id":"https:\/\/letrame.com\/catalogo\/#\/schema\/logo\/image\/","url":"https:\/\/letrame.com\/catalogo\/wp-content\/uploads\/2024\/03\/logo2.webp","contentUrl":"https:\/\/letrame.com\/catalogo\/wp-content\/uploads\/2024\/03\/logo2.webp","width":394,"height":128,"caption":"Catalogo | Letrame Grupo Editorial"},"image":{"@id":"https:\/\/letrame.com\/catalogo\/#\/schema\/logo\/image\/"}}]}},"_links":{"self":[{"href":"https:\/\/letrame.com\/catalogo\/wp-json\/wp\/v2\/product\/97417","targetHints":{"allow":["GET"]}}],"collection":[{"href":"https:\/\/letrame.com\/catalogo\/wp-json\/wp\/v2\/product"}],"about":[{"href":"https:\/\/letrame.com\/catalogo\/wp-json\/wp\/v2\/types\/product"}],"replies":[{"embeddable":true,"href":"https:\/\/letrame.com\/catalogo\/wp-json\/wp\/v2\/comments?post=97417"}],"acf:post":[{"embeddable":true,"href":"https:\/\/letrame.com\/catalogo\/wp-json\/wp\/v2\/author_book\/75998"}],"wp:featuredmedia":[{"embeddable":true,"href":"https:\/\/letrame.com\/catalogo\/wp-json\/wp\/v2\/media\/97418"}],"wp:attachment":[{"href":"https:\/\/letrame.com\/catalogo\/wp-json\/wp\/v2\/media?parent=97417"}],"wp:term":[{"taxonomy":"libro","embeddable":true,"href":"https:\/\/letrame.com\/catalogo\/wp-json\/wp\/v2\/libro?post=97417"},{"taxonomy":"product_brand","embeddable":true,"href":"https:\/\/letrame.com\/catalogo\/wp-json\/wp\/v2\/product_brand?post=97417"},{"taxonomy":"product_cat","embeddable":true,"href":"https:\/\/letrame.com\/catalogo\/wp-json\/wp\/v2\/product_cat?post=97417"},{"taxonomy":"product_tag","embeddable":true,"href":"https:\/\/letrame.com\/catalogo\/wp-json\/wp\/v2\/product_tag?post=97417"}],"curies":[{"name":"wp","href":"https:\/\/api.w.org\/{rel}","templated":true}]}}