{"id":97369,"date":"2024-04-29T13:46:11","date_gmt":"2024-04-29T11:46:11","guid":{"rendered":"https:\/\/letrame.com\/catalogo\/producto\/un-hombre-entre-las-cenizas\/"},"modified":"2024-04-29T13:46:47","modified_gmt":"2024-04-29T11:46:47","slug":"un-hombre-entre-las-cenizas","status":"publish","type":"product","link":"https:\/\/letrame.com\/catalogo\/producto\/un-hombre-entre-las-cenizas\/","title":{"rendered":"Un hombre entre las cenizas"},"content":{"rendered":"<div class=\"page\" title=\"Page 6\">\n<div class=\"layoutArea\">\n<div class=\"column\">\n<p><strong>ISBN<\/strong>: 978-84-1114-193-2<\/p>\n<\/div>\n<\/div>\n<\/div>\n<p><b>T\u00edtulo<\/b><span style=\"font-weight: 400;\">: Un hombre entre las cenizas<\/span><span style=\"font-weight: 400;\"><br \/>\n<\/span><b>Fecha<\/b><span style=\"font-weight: 400;\">: 2021<\/span><span style=\"font-weight: 400;\"><br \/>\n<\/span><b>P\u00e1ginas<\/b><span style=\"font-weight: 400;\">: 204<\/span><\/p>\n<p><b>SINOPSIS<\/b><\/p>\n<p>Todos de una u otra manera nos hemos visto envueltos en situaciones de perdida. \u00bfQui\u00e9n no ha sufrido la muerte de un ser querido, un amigo y una relaci\u00f3n? \u00bfC\u00f3mo ha sido nuestro comportamiento y reacci\u00f3n en el momento de recibir y manejar tales noticias? \u00bfSer\u00e1 posible escapar de dichas temporadas y momentos? \u00bfEs posible juzgar y predecir tal o cual comportamiento ante una situaci\u00f3n como esa? \u00bfC\u00f3mo podr\u00eda afectar al ser interior tal p\u00e9rdida? De hecho, ya con solo o\u00edr y leer la palabra MUERTE se produce en muchas personas una sensaci\u00f3n de ausencia, miedo, terror y hasta negaci\u00f3n porque ni siquiera queremos mencionar esa palabra. Aunque asumimos que es una realidad en la vida, tendemos a tener una actitud defensiva a ese momento. En otras palabras, de alguna manera estaremos entre las cenizas de una situaci\u00f3n que puntualmente nos hace sentir que no hay salida, remedio ni soluci\u00f3n.<\/p>\n<p>All\u00ed es cuando se acaban nuestras esperanzas y perdemos toda confianza y fe. El pensamiento primario y dominante en nuestra mente es \u00abtodo est\u00e1 perdido, es imposible que yo pueda superar esta situaci\u00f3n\u00bb. Debido a la dolorosa experiencia vivida. Y m\u00e1s si es una muerte anunciada, en la cual todos los involucrados han tenido un tiempo de proceso antes de una fecha de expirada final. Despu\u00e9s de todo me atrevo a decirte que hay soluci\u00f3n y que aun la muerte no es una excusa para el cumplimiento del prop\u00f3sito eterno. Por el contrario, este libro es un llamado de atenci\u00f3n a cambiar, el concepto, la interpretaci\u00f3n y la actitud ante la muerte, las malas noticias y sus implicaciones.<\/p>\n<p>Lo que s\u00ed es seguro es que en nuestra existencia experimentamos momentos de desgano, decepci\u00f3n, desanimo y muerte. Nos encontraremos entre las cenizas de algo que pudo ser y no fue, de aquello que era seguro y en un momento pas\u00f3 a convertirse en nada. Es un estado en el cual nuestras emociones, sensaciones y sentimientos est\u00e1n tan confundidos, mezclados y anclados a una idea radical y ac\u00e9rrima en nuestras propias perspectivas y criterios. En dicho estado no comprendemos absolutamente nada. Porque al parecer todo estaba marchando muy bien, todo estaba en perfecto orden. Y un acontecimiento puntual en nuestras vidas gener\u00f3 un caos, una hecatombe, una serie de dudas e inquietudes, que de inmediato es imposible identificar el \u00bfpor qu\u00e9?, las razones y sus respuestas l\u00f3gicamente programadas en nuestra estructura psicol\u00f3gica y pensante seg\u00fan nuestra escala de valores. Es all\u00ed donde perdemos de vista la perspectiva divina y el plan redentivo para el cumplimiento de su prop\u00f3sito eterno en nuestras vidas. Es all\u00ed donde necesitamos la intervenci\u00f3n de naturaleza espiritual que logre ubicarnos en tiempo y espacio de tal manera que podamos recuperar el dise\u00f1o divino y corresponder de acuerdo a la imagen y naturaleza de nuestro creador. De tal manera que nuestra mente sea renovada y ajustada a la voluntad eterna, porque la misma debe convencerse de que nunca se ha tratado de nosotros sino de \u00c9l. Es all\u00ed la raz\u00f3n por la cual Dios al encarnarse en el cuerpo de Jes\u00fas y experimentar la muerte pudo lograr revertir el concepto de un suceso que muchos pudieran definir como lamentable y doloroso en aquello que Cristo ha convertido en Dios como la puerta de entrada a una mejor calidad de vida a trav\u00e9s de un proceso vivido en su propio cuerpo. As\u00ed que un hombre entre las cenizas es aquel que tiene el potencial, actitud, perspectiva y razones divinas para estar en armon\u00eda con la vida celestial sin tener que sufrir los flagelos de un sistema que esclaviza y cautiva.<\/p>\n<p>&nbsp;<\/p>\n","protected":false},"excerpt":{"rendered":"<div class=\"page\" title=\"Page 6\">\n<div class=\"layoutArea\">\n<div class=\"column\">\n<p><strong>ISBN: 978-84-1114-193-2<\/strong><\/p>\n<\/div>\n<\/div>\n<\/div>\n<p>Todos de una u otra manera nos hemos visto envueltos en situaciones de perdida. \u00bfQui\u00e9n no ha sufrido la muerte de un ser querido, un amigo y una relaci\u00f3n? \u00bfC\u00f3mo ha sido nuestro comportamiento y reacci\u00f3n en el momento de recibir y manejar tales noticias? \u00bfSer\u00e1 posible escapar de dichas temporadas y momentos? \u00bfEs posible juzgar y predecir tal o cual comportamiento ante una situaci\u00f3n como esa? \u00bfC\u00f3mo podr\u00eda afectar al ser interior tal p\u00e9rdida? De hecho, ya con solo o\u00edr y leer la palabra MUERTE se produce en muchas personas una sensaci\u00f3n de ausencia, miedo, terror y hasta negaci\u00f3n porque ni siquiera queremos mencionar esa palabra. Aunque asumimos que es una realidad en la vida, tendemos a tener una actitud defensiva a ese momento. En otras palabras, de alguna manera estaremos entre las cenizas de una situaci\u00f3n que puntualmente nos hace sentir que no hay salida, remedio ni soluci\u00f3n.<\/p>\n","protected":false},"featured_media":97370,"comment_status":"closed","ping_status":"open","template":"","meta":{"_acf_changed":false},"libro":[],"product_brand":[],"product_cat":[16],"product_tag":[],"class_list":{"0":"post-97369","1":"product","2":"type-product","3":"status-publish","4":"has-post-thumbnail","6":"product_cat-novela","8":"first","9":"instock","10":"purchasable","11":"product-type-simple"},"acf":{"autor":[75957],"enlace_de_compra":"https:\/\/www.amazon.es\/dp\/8411141934\/ref=sr_1_1?__mk_es_ES=%C3%85M%C3%85%C5%BD%C3%95%C3%91&amp;keywords=Letrame+S.L.+un+hombre+entre+las+cenizas&amp;qid=1639655426&amp;sr=8-1"},"yoast_head":"<!-- This site is optimized with the Yoast SEO plugin v26.6 - https:\/\/yoast.com\/wordpress\/plugins\/seo\/ -->\n<title>Un hombre entre las cenizas - Catalogo | Letrame Grupo Editorial<\/title>\n<meta name=\"robots\" content=\"index, follow, max-snippet:-1, max-image-preview:large, max-video-preview:-1\" \/>\n<link rel=\"canonical\" href=\"https:\/\/letrame.com\/catalogo\/producto\/un-hombre-entre-las-cenizas\/\" \/>\n<meta property=\"og:locale\" content=\"es_ES\" \/>\n<meta property=\"og:type\" content=\"article\" \/>\n<meta property=\"og:title\" content=\"Un hombre entre las cenizas - Catalogo | Letrame Grupo Editorial\" \/>\n<meta property=\"og:description\" content=\"ISBN: 978-84-1114-193-2   Todos de una u otra manera nos hemos visto envueltos en situaciones de perdida. \u00bfQui\u00e9n no ha sufrido la muerte de un ser querido, un amigo y una relaci\u00f3n? \u00bfC\u00f3mo ha sido nuestro comportamiento y reacci\u00f3n en el momento de recibir y manejar tales noticias? \u00bfSer\u00e1 posible escapar de dichas temporadas y momentos? \u00bfEs posible juzgar y predecir tal o cual comportamiento ante una situaci\u00f3n como esa? \u00bfC\u00f3mo podr\u00eda afectar al ser interior tal p\u00e9rdida? De hecho, ya con solo o\u00edr y leer la palabra MUERTE se produce en muchas personas una sensaci\u00f3n de ausencia, miedo, terror y hasta negaci\u00f3n porque ni siquiera queremos mencionar esa palabra. Aunque asumimos que es una realidad en la vida, tendemos a tener una actitud defensiva a ese momento. En otras palabras, de alguna manera estaremos entre las cenizas de una situaci\u00f3n que puntualmente nos hace sentir que no hay salida, remedio ni soluci\u00f3n.\" \/>\n<meta property=\"og:url\" content=\"https:\/\/letrame.com\/catalogo\/producto\/un-hombre-entre-las-cenizas\/\" \/>\n<meta property=\"og:site_name\" content=\"Catalogo | Letrame Grupo Editorial\" \/>\n<meta property=\"article:modified_time\" content=\"2024-04-29T11:46:47+00:00\" \/>\n<meta property=\"og:image\" content=\"https:\/\/letrame.com\/catalogo\/wp-content\/uploads\/2024\/04\/Un-hombre-entre-las-cenizas-scaled-1.jpeg\" \/>\n\t<meta property=\"og:image:width\" content=\"1746\" \/>\n\t<meta property=\"og:image:height\" content=\"2560\" \/>\n\t<meta property=\"og:image:type\" content=\"image\/jpeg\" \/>\n<meta name=\"twitter:card\" content=\"summary_large_image\" \/>\n<meta name=\"twitter:label1\" content=\"Tiempo de lectura\" \/>\n\t<meta name=\"twitter:data1\" content=\"3 minutos\" \/>\n<script type=\"application\/ld+json\" class=\"yoast-schema-graph\">{\"@context\":\"https:\/\/schema.org\",\"@graph\":[{\"@type\":\"WebPage\",\"@id\":\"https:\/\/letrame.com\/catalogo\/producto\/un-hombre-entre-las-cenizas\/\",\"url\":\"https:\/\/letrame.com\/catalogo\/producto\/un-hombre-entre-las-cenizas\/\",\"name\":\"Un hombre entre las cenizas - Catalogo | Letrame Grupo Editorial\",\"isPartOf\":{\"@id\":\"https:\/\/letrame.com\/catalogo\/#website\"},\"primaryImageOfPage\":{\"@id\":\"https:\/\/letrame.com\/catalogo\/producto\/un-hombre-entre-las-cenizas\/#primaryimage\"},\"image\":{\"@id\":\"https:\/\/letrame.com\/catalogo\/producto\/un-hombre-entre-las-cenizas\/#primaryimage\"},\"thumbnailUrl\":\"https:\/\/letrame.com\/catalogo\/wp-content\/uploads\/2024\/04\/Un-hombre-entre-las-cenizas-scaled-1.jpeg\",\"datePublished\":\"2024-04-29T11:46:11+00:00\",\"dateModified\":\"2024-04-29T11:46:47+00:00\",\"breadcrumb\":{\"@id\":\"https:\/\/letrame.com\/catalogo\/producto\/un-hombre-entre-las-cenizas\/#breadcrumb\"},\"inLanguage\":\"es\",\"potentialAction\":[{\"@type\":\"ReadAction\",\"target\":[\"https:\/\/letrame.com\/catalogo\/producto\/un-hombre-entre-las-cenizas\/\"]}]},{\"@type\":\"ImageObject\",\"inLanguage\":\"es\",\"@id\":\"https:\/\/letrame.com\/catalogo\/producto\/un-hombre-entre-las-cenizas\/#primaryimage\",\"url\":\"https:\/\/letrame.com\/catalogo\/wp-content\/uploads\/2024\/04\/Un-hombre-entre-las-cenizas-scaled-1.jpeg\",\"contentUrl\":\"https:\/\/letrame.com\/catalogo\/wp-content\/uploads\/2024\/04\/Un-hombre-entre-las-cenizas-scaled-1.jpeg\",\"width\":1746,\"height\":2560},{\"@type\":\"BreadcrumbList\",\"@id\":\"https:\/\/letrame.com\/catalogo\/producto\/un-hombre-entre-las-cenizas\/#breadcrumb\",\"itemListElement\":[{\"@type\":\"ListItem\",\"position\":1,\"name\":\"Portada\",\"item\":\"https:\/\/letrame.com\/catalogo\/\"},{\"@type\":\"ListItem\",\"position\":2,\"name\":\"Cat\u00e1logo\",\"item\":\"https:\/\/letrame.com\/catalogo\/\"},{\"@type\":\"ListItem\",\"position\":3,\"name\":\"Un hombre entre las cenizas\"}]},{\"@type\":\"WebSite\",\"@id\":\"https:\/\/letrame.com\/catalogo\/#website\",\"url\":\"https:\/\/letrame.com\/catalogo\/\",\"name\":\"Catalogo | Letrame Grupo Editorial\",\"description\":\"\",\"publisher\":{\"@id\":\"https:\/\/letrame.com\/catalogo\/#organization\"},\"potentialAction\":[{\"@type\":\"SearchAction\",\"target\":{\"@type\":\"EntryPoint\",\"urlTemplate\":\"https:\/\/letrame.com\/catalogo\/?s={search_term_string}\"},\"query-input\":{\"@type\":\"PropertyValueSpecification\",\"valueRequired\":true,\"valueName\":\"search_term_string\"}}],\"inLanguage\":\"es\"},{\"@type\":\"Organization\",\"@id\":\"https:\/\/letrame.com\/catalogo\/#organization\",\"name\":\"Catalogo | Letrame Grupo Editorial\",\"url\":\"https:\/\/letrame.com\/catalogo\/\",\"logo\":{\"@type\":\"ImageObject\",\"inLanguage\":\"es\",\"@id\":\"https:\/\/letrame.com\/catalogo\/#\/schema\/logo\/image\/\",\"url\":\"https:\/\/letrame.com\/catalogo\/wp-content\/uploads\/2024\/03\/logo2.webp\",\"contentUrl\":\"https:\/\/letrame.com\/catalogo\/wp-content\/uploads\/2024\/03\/logo2.webp\",\"width\":394,\"height\":128,\"caption\":\"Catalogo | Letrame Grupo Editorial\"},\"image\":{\"@id\":\"https:\/\/letrame.com\/catalogo\/#\/schema\/logo\/image\/\"}}]}<\/script>\n<!-- \/ Yoast SEO plugin. -->","yoast_head_json":{"title":"Un hombre entre las cenizas - Catalogo | Letrame Grupo Editorial","robots":{"index":"index","follow":"follow","max-snippet":"max-snippet:-1","max-image-preview":"max-image-preview:large","max-video-preview":"max-video-preview:-1"},"canonical":"https:\/\/letrame.com\/catalogo\/producto\/un-hombre-entre-las-cenizas\/","og_locale":"es_ES","og_type":"article","og_title":"Un hombre entre las cenizas - Catalogo | Letrame Grupo Editorial","og_description":"ISBN: 978-84-1114-193-2   Todos de una u otra manera nos hemos visto envueltos en situaciones de perdida. \u00bfQui\u00e9n no ha sufrido la muerte de un ser querido, un amigo y una relaci\u00f3n? \u00bfC\u00f3mo ha sido nuestro comportamiento y reacci\u00f3n en el momento de recibir y manejar tales noticias? \u00bfSer\u00e1 posible escapar de dichas temporadas y momentos? \u00bfEs posible juzgar y predecir tal o cual comportamiento ante una situaci\u00f3n como esa? \u00bfC\u00f3mo podr\u00eda afectar al ser interior tal p\u00e9rdida? De hecho, ya con solo o\u00edr y leer la palabra MUERTE se produce en muchas personas una sensaci\u00f3n de ausencia, miedo, terror y hasta negaci\u00f3n porque ni siquiera queremos mencionar esa palabra. Aunque asumimos que es una realidad en la vida, tendemos a tener una actitud defensiva a ese momento. En otras palabras, de alguna manera estaremos entre las cenizas de una situaci\u00f3n que puntualmente nos hace sentir que no hay salida, remedio ni soluci\u00f3n.","og_url":"https:\/\/letrame.com\/catalogo\/producto\/un-hombre-entre-las-cenizas\/","og_site_name":"Catalogo | Letrame Grupo Editorial","article_modified_time":"2024-04-29T11:46:47+00:00","og_image":[{"width":1746,"height":2560,"url":"https:\/\/letrame.com\/catalogo\/wp-content\/uploads\/2024\/04\/Un-hombre-entre-las-cenizas-scaled-1.jpeg","type":"image\/jpeg"}],"twitter_card":"summary_large_image","twitter_misc":{"Tiempo de lectura":"3 minutos"},"schema":{"@context":"https:\/\/schema.org","@graph":[{"@type":"WebPage","@id":"https:\/\/letrame.com\/catalogo\/producto\/un-hombre-entre-las-cenizas\/","url":"https:\/\/letrame.com\/catalogo\/producto\/un-hombre-entre-las-cenizas\/","name":"Un hombre entre las cenizas - Catalogo | Letrame Grupo Editorial","isPartOf":{"@id":"https:\/\/letrame.com\/catalogo\/#website"},"primaryImageOfPage":{"@id":"https:\/\/letrame.com\/catalogo\/producto\/un-hombre-entre-las-cenizas\/#primaryimage"},"image":{"@id":"https:\/\/letrame.com\/catalogo\/producto\/un-hombre-entre-las-cenizas\/#primaryimage"},"thumbnailUrl":"https:\/\/letrame.com\/catalogo\/wp-content\/uploads\/2024\/04\/Un-hombre-entre-las-cenizas-scaled-1.jpeg","datePublished":"2024-04-29T11:46:11+00:00","dateModified":"2024-04-29T11:46:47+00:00","breadcrumb":{"@id":"https:\/\/letrame.com\/catalogo\/producto\/un-hombre-entre-las-cenizas\/#breadcrumb"},"inLanguage":"es","potentialAction":[{"@type":"ReadAction","target":["https:\/\/letrame.com\/catalogo\/producto\/un-hombre-entre-las-cenizas\/"]}]},{"@type":"ImageObject","inLanguage":"es","@id":"https:\/\/letrame.com\/catalogo\/producto\/un-hombre-entre-las-cenizas\/#primaryimage","url":"https:\/\/letrame.com\/catalogo\/wp-content\/uploads\/2024\/04\/Un-hombre-entre-las-cenizas-scaled-1.jpeg","contentUrl":"https:\/\/letrame.com\/catalogo\/wp-content\/uploads\/2024\/04\/Un-hombre-entre-las-cenizas-scaled-1.jpeg","width":1746,"height":2560},{"@type":"BreadcrumbList","@id":"https:\/\/letrame.com\/catalogo\/producto\/un-hombre-entre-las-cenizas\/#breadcrumb","itemListElement":[{"@type":"ListItem","position":1,"name":"Portada","item":"https:\/\/letrame.com\/catalogo\/"},{"@type":"ListItem","position":2,"name":"Cat\u00e1logo","item":"https:\/\/letrame.com\/catalogo\/"},{"@type":"ListItem","position":3,"name":"Un hombre entre las cenizas"}]},{"@type":"WebSite","@id":"https:\/\/letrame.com\/catalogo\/#website","url":"https:\/\/letrame.com\/catalogo\/","name":"Catalogo | Letrame Grupo Editorial","description":"","publisher":{"@id":"https:\/\/letrame.com\/catalogo\/#organization"},"potentialAction":[{"@type":"SearchAction","target":{"@type":"EntryPoint","urlTemplate":"https:\/\/letrame.com\/catalogo\/?s={search_term_string}"},"query-input":{"@type":"PropertyValueSpecification","valueRequired":true,"valueName":"search_term_string"}}],"inLanguage":"es"},{"@type":"Organization","@id":"https:\/\/letrame.com\/catalogo\/#organization","name":"Catalogo | Letrame Grupo Editorial","url":"https:\/\/letrame.com\/catalogo\/","logo":{"@type":"ImageObject","inLanguage":"es","@id":"https:\/\/letrame.com\/catalogo\/#\/schema\/logo\/image\/","url":"https:\/\/letrame.com\/catalogo\/wp-content\/uploads\/2024\/03\/logo2.webp","contentUrl":"https:\/\/letrame.com\/catalogo\/wp-content\/uploads\/2024\/03\/logo2.webp","width":394,"height":128,"caption":"Catalogo | Letrame Grupo Editorial"},"image":{"@id":"https:\/\/letrame.com\/catalogo\/#\/schema\/logo\/image\/"}}]}},"_links":{"self":[{"href":"https:\/\/letrame.com\/catalogo\/wp-json\/wp\/v2\/product\/97369","targetHints":{"allow":["GET"]}}],"collection":[{"href":"https:\/\/letrame.com\/catalogo\/wp-json\/wp\/v2\/product"}],"about":[{"href":"https:\/\/letrame.com\/catalogo\/wp-json\/wp\/v2\/types\/product"}],"replies":[{"embeddable":true,"href":"https:\/\/letrame.com\/catalogo\/wp-json\/wp\/v2\/comments?post=97369"}],"acf:post":[{"embeddable":true,"href":"https:\/\/letrame.com\/catalogo\/wp-json\/wp\/v2\/author_book\/75957"}],"wp:featuredmedia":[{"embeddable":true,"href":"https:\/\/letrame.com\/catalogo\/wp-json\/wp\/v2\/media\/97370"}],"wp:attachment":[{"href":"https:\/\/letrame.com\/catalogo\/wp-json\/wp\/v2\/media?parent=97369"}],"wp:term":[{"taxonomy":"libro","embeddable":true,"href":"https:\/\/letrame.com\/catalogo\/wp-json\/wp\/v2\/libro?post=97369"},{"taxonomy":"product_brand","embeddable":true,"href":"https:\/\/letrame.com\/catalogo\/wp-json\/wp\/v2\/product_brand?post=97369"},{"taxonomy":"product_cat","embeddable":true,"href":"https:\/\/letrame.com\/catalogo\/wp-json\/wp\/v2\/product_cat?post=97369"},{"taxonomy":"product_tag","embeddable":true,"href":"https:\/\/letrame.com\/catalogo\/wp-json\/wp\/v2\/product_tag?post=97369"}],"curies":[{"name":"wp","href":"https:\/\/api.w.org\/{rel}","templated":true}]}}