{"id":97341,"date":"2024-04-29T13:41:34","date_gmt":"2024-04-29T11:41:34","guid":{"rendered":"https:\/\/letrame.com\/catalogo\/producto\/el-rincon-de-los-treinta-minutos\/"},"modified":"2024-05-16T15:24:24","modified_gmt":"2024-05-16T13:24:24","slug":"el-rincon-de-los-treinta-minutos","status":"publish","type":"product","link":"https:\/\/letrame.com\/catalogo\/producto\/el-rincon-de-los-treinta-minutos\/","title":{"rendered":"El rinc\u00f3n de los treinta minutos"},"content":{"rendered":"<div class=\"page\" title=\"Page 6\">\n<div class=\"layoutArea\">\n<div class=\"column\">\n<p><strong>ISBN: 978-84-1114-287-8<\/strong><\/p>\n<\/div>\n<\/div>\n<\/div>\n<p><b>T\u00edtulo<\/b><span style=\"font-weight: 400;\">: El rinc\u00f3n de los treinta minutos<\/span><span style=\"font-weight: 400;\"><br \/>\n<\/span><b>Fecha<\/b><span style=\"font-weight: 400;\">: 2021<\/span><span style=\"font-weight: 400;\"><br \/>\n<\/span><b>P\u00e1ginas<\/b><span style=\"font-weight: 400;\">: 64<\/span><\/p>\n<p><b>SINOPSIS<\/b><\/p>\n<p>Mario. 26 a\u00f1os. Chico de g\u00e9nero no binario.<\/p>\n<p>Su vida llevaba a\u00f1os siendo un agujero negro del que no pod\u00eda salir, hasta que decide ponerse en manos de una psic\u00f3loga que le ayuda con su problema. El <em>bullying<\/em>, el maltrato infantil y la violencia de g\u00e9nero son los protagonistas de ese pasado oscuro que no deja avanzar a Mario.<\/p>\n<p>All\u00ed, en un rinc\u00f3n de la habitaci\u00f3n principal, se sienta durante treinta minutos al d\u00eda, donde encuentra el lugar perfecto para dejar volar ese pasado a trav\u00e9s de la poes\u00eda y el relato.<\/p>\n<p>&nbsp;<\/p>\n","protected":false},"excerpt":{"rendered":"<div class=\"page\" title=\"Page 6\">\n<div class=\"layoutArea\">\n<div class=\"column\">\n<p><strong>ISBN: 978-84-1114-287-8<\/strong><\/p>\n<p>Mario. 26 a\u00f1os. Chico de g\u00e9nero no binario.<\/p>\n<p>Su vida llevaba a\u00f1os siendo un agujero negro del que no pod\u00eda salir, hasta que decide ponerse en manos de una psic\u00f3loga que le ayuda con su problema. El <em>bullying<\/em>, el maltrato infantil y la violencia de g\u00e9nero son los protagonistas de ese pasado oscuro que no deja avanzar a Mario.<\/p>\n<p>All\u00ed, en un rinc\u00f3n de la habitaci\u00f3n principal, se sienta durante treinta minutos al d\u00eda, donde encuentra el lugar perfecto para dejar volar ese pasado a trav\u00e9s de la poes\u00eda y el relato.<\/p>\n<p>&nbsp;<\/p>\n<\/div>\n<\/div>\n<\/div>\n","protected":false},"featured_media":100351,"comment_status":"closed","ping_status":"closed","template":"","meta":{"_acf_changed":false},"libro":[],"product_brand":[],"product_cat":[20,21],"product_tag":[],"class_list":{"0":"post-97341","1":"product","2":"type-product","3":"status-publish","4":"has-post-thumbnail","6":"product_cat-poesia","7":"product_cat-relato","9":"first","10":"instock","11":"purchasable","12":"product-type-simple"},"acf":{"autor":[75935],"enlace_de_compra":""},"yoast_head":"<!-- This site is optimized with the Yoast SEO plugin v26.6 - https:\/\/yoast.com\/wordpress\/plugins\/seo\/ -->\n<title>El rinc\u00f3n de los treinta minutos - Catalogo | Letrame Grupo Editorial<\/title>\n<meta name=\"robots\" content=\"index, follow, max-snippet:-1, max-image-preview:large, max-video-preview:-1\" \/>\n<link rel=\"canonical\" href=\"https:\/\/letrame.com\/catalogo\/producto\/el-rincon-de-los-treinta-minutos\/\" \/>\n<meta property=\"og:locale\" content=\"es_ES\" \/>\n<meta property=\"og:type\" content=\"article\" \/>\n<meta property=\"og:title\" content=\"El rinc\u00f3n de los treinta minutos - Catalogo | Letrame Grupo Editorial\" \/>\n<meta property=\"og:description\" content=\"ISBN: 978-84-1114-287-8  Mario. 26 a\u00f1os. Chico de g\u00e9nero no binario.  Su vida llevaba a\u00f1os siendo un agujero negro del que no pod\u00eda salir, hasta que decide ponerse en manos de una psic\u00f3loga que le ayuda con su problema. El bullying, el maltrato infantil y la violencia de g\u00e9nero son los protagonistas de ese pasado oscuro que no deja avanzar a Mario.  All\u00ed, en un rinc\u00f3n de la habitaci\u00f3n principal, se sienta durante treinta minutos al d\u00eda, donde encuentra el lugar perfecto para dejar volar ese pasado a trav\u00e9s de la poes\u00eda y el relato.  &nbsp;\" \/>\n<meta property=\"og:url\" content=\"https:\/\/letrame.com\/catalogo\/producto\/el-rincon-de-los-treinta-minutos\/\" \/>\n<meta property=\"og:site_name\" content=\"Catalogo | Letrame Grupo Editorial\" \/>\n<meta property=\"article:modified_time\" content=\"2024-05-16T13:24:24+00:00\" \/>\n<meta property=\"og:image\" content=\"https:\/\/letrame.com\/catalogo\/wp-content\/uploads\/2024\/04\/El-rincon-de-los-30-minutos.webp\" \/>\n\t<meta property=\"og:image:width\" content=\"1500\" \/>\n\t<meta property=\"og:image:height\" content=\"2362\" \/>\n\t<meta property=\"og:image:type\" content=\"image\/webp\" \/>\n<meta name=\"twitter:card\" content=\"summary_large_image\" \/>\n<meta name=\"twitter:label1\" content=\"Tiempo de lectura\" \/>\n\t<meta name=\"twitter:data1\" content=\"1 minuto\" \/>\n<script type=\"application\/ld+json\" class=\"yoast-schema-graph\">{\"@context\":\"https:\/\/schema.org\",\"@graph\":[{\"@type\":\"WebPage\",\"@id\":\"https:\/\/letrame.com\/catalogo\/producto\/el-rincon-de-los-treinta-minutos\/\",\"url\":\"https:\/\/letrame.com\/catalogo\/producto\/el-rincon-de-los-treinta-minutos\/\",\"name\":\"El rinc\u00f3n de los treinta minutos - Catalogo | Letrame Grupo Editorial\",\"isPartOf\":{\"@id\":\"https:\/\/letrame.com\/catalogo\/#website\"},\"primaryImageOfPage\":{\"@id\":\"https:\/\/letrame.com\/catalogo\/producto\/el-rincon-de-los-treinta-minutos\/#primaryimage\"},\"image\":{\"@id\":\"https:\/\/letrame.com\/catalogo\/producto\/el-rincon-de-los-treinta-minutos\/#primaryimage\"},\"thumbnailUrl\":\"https:\/\/letrame.com\/catalogo\/wp-content\/uploads\/2024\/04\/El-rincon-de-los-30-minutos.webp\",\"datePublished\":\"2024-04-29T11:41:34+00:00\",\"dateModified\":\"2024-05-16T13:24:24+00:00\",\"breadcrumb\":{\"@id\":\"https:\/\/letrame.com\/catalogo\/producto\/el-rincon-de-los-treinta-minutos\/#breadcrumb\"},\"inLanguage\":\"es\",\"potentialAction\":[{\"@type\":\"ReadAction\",\"target\":[\"https:\/\/letrame.com\/catalogo\/producto\/el-rincon-de-los-treinta-minutos\/\"]}]},{\"@type\":\"ImageObject\",\"inLanguage\":\"es\",\"@id\":\"https:\/\/letrame.com\/catalogo\/producto\/el-rincon-de-los-treinta-minutos\/#primaryimage\",\"url\":\"https:\/\/letrame.com\/catalogo\/wp-content\/uploads\/2024\/04\/El-rincon-de-los-30-minutos.webp\",\"contentUrl\":\"https:\/\/letrame.com\/catalogo\/wp-content\/uploads\/2024\/04\/El-rincon-de-los-30-minutos.webp\",\"width\":1500,\"height\":2362},{\"@type\":\"BreadcrumbList\",\"@id\":\"https:\/\/letrame.com\/catalogo\/producto\/el-rincon-de-los-treinta-minutos\/#breadcrumb\",\"itemListElement\":[{\"@type\":\"ListItem\",\"position\":1,\"name\":\"Portada\",\"item\":\"https:\/\/letrame.com\/catalogo\/\"},{\"@type\":\"ListItem\",\"position\":2,\"name\":\"Cat\u00e1logo\",\"item\":\"https:\/\/letrame.com\/catalogo\/\"},{\"@type\":\"ListItem\",\"position\":3,\"name\":\"El rinc\u00f3n de los treinta minutos\"}]},{\"@type\":\"WebSite\",\"@id\":\"https:\/\/letrame.com\/catalogo\/#website\",\"url\":\"https:\/\/letrame.com\/catalogo\/\",\"name\":\"Catalogo | Letrame Grupo Editorial\",\"description\":\"\",\"publisher\":{\"@id\":\"https:\/\/letrame.com\/catalogo\/#organization\"},\"potentialAction\":[{\"@type\":\"SearchAction\",\"target\":{\"@type\":\"EntryPoint\",\"urlTemplate\":\"https:\/\/letrame.com\/catalogo\/?s={search_term_string}\"},\"query-input\":{\"@type\":\"PropertyValueSpecification\",\"valueRequired\":true,\"valueName\":\"search_term_string\"}}],\"inLanguage\":\"es\"},{\"@type\":\"Organization\",\"@id\":\"https:\/\/letrame.com\/catalogo\/#organization\",\"name\":\"Catalogo | Letrame Grupo Editorial\",\"url\":\"https:\/\/letrame.com\/catalogo\/\",\"logo\":{\"@type\":\"ImageObject\",\"inLanguage\":\"es\",\"@id\":\"https:\/\/letrame.com\/catalogo\/#\/schema\/logo\/image\/\",\"url\":\"https:\/\/letrame.com\/catalogo\/wp-content\/uploads\/2024\/03\/logo2.webp\",\"contentUrl\":\"https:\/\/letrame.com\/catalogo\/wp-content\/uploads\/2024\/03\/logo2.webp\",\"width\":394,\"height\":128,\"caption\":\"Catalogo | Letrame Grupo Editorial\"},\"image\":{\"@id\":\"https:\/\/letrame.com\/catalogo\/#\/schema\/logo\/image\/\"}}]}<\/script>\n<!-- \/ Yoast SEO plugin. -->","yoast_head_json":{"title":"El rinc\u00f3n de los treinta minutos - Catalogo | Letrame Grupo Editorial","robots":{"index":"index","follow":"follow","max-snippet":"max-snippet:-1","max-image-preview":"max-image-preview:large","max-video-preview":"max-video-preview:-1"},"canonical":"https:\/\/letrame.com\/catalogo\/producto\/el-rincon-de-los-treinta-minutos\/","og_locale":"es_ES","og_type":"article","og_title":"El rinc\u00f3n de los treinta minutos - Catalogo | Letrame Grupo Editorial","og_description":"ISBN: 978-84-1114-287-8  Mario. 26 a\u00f1os. Chico de g\u00e9nero no binario.  Su vida llevaba a\u00f1os siendo un agujero negro del que no pod\u00eda salir, hasta que decide ponerse en manos de una psic\u00f3loga que le ayuda con su problema. El bullying, el maltrato infantil y la violencia de g\u00e9nero son los protagonistas de ese pasado oscuro que no deja avanzar a Mario.  All\u00ed, en un rinc\u00f3n de la habitaci\u00f3n principal, se sienta durante treinta minutos al d\u00eda, donde encuentra el lugar perfecto para dejar volar ese pasado a trav\u00e9s de la poes\u00eda y el relato.  &nbsp;","og_url":"https:\/\/letrame.com\/catalogo\/producto\/el-rincon-de-los-treinta-minutos\/","og_site_name":"Catalogo | Letrame Grupo Editorial","article_modified_time":"2024-05-16T13:24:24+00:00","og_image":[{"width":1500,"height":2362,"url":"https:\/\/letrame.com\/catalogo\/wp-content\/uploads\/2024\/04\/El-rincon-de-los-30-minutos.webp","type":"image\/webp"}],"twitter_card":"summary_large_image","twitter_misc":{"Tiempo de lectura":"1 minuto"},"schema":{"@context":"https:\/\/schema.org","@graph":[{"@type":"WebPage","@id":"https:\/\/letrame.com\/catalogo\/producto\/el-rincon-de-los-treinta-minutos\/","url":"https:\/\/letrame.com\/catalogo\/producto\/el-rincon-de-los-treinta-minutos\/","name":"El rinc\u00f3n de los treinta minutos - Catalogo | Letrame Grupo Editorial","isPartOf":{"@id":"https:\/\/letrame.com\/catalogo\/#website"},"primaryImageOfPage":{"@id":"https:\/\/letrame.com\/catalogo\/producto\/el-rincon-de-los-treinta-minutos\/#primaryimage"},"image":{"@id":"https:\/\/letrame.com\/catalogo\/producto\/el-rincon-de-los-treinta-minutos\/#primaryimage"},"thumbnailUrl":"https:\/\/letrame.com\/catalogo\/wp-content\/uploads\/2024\/04\/El-rincon-de-los-30-minutos.webp","datePublished":"2024-04-29T11:41:34+00:00","dateModified":"2024-05-16T13:24:24+00:00","breadcrumb":{"@id":"https:\/\/letrame.com\/catalogo\/producto\/el-rincon-de-los-treinta-minutos\/#breadcrumb"},"inLanguage":"es","potentialAction":[{"@type":"ReadAction","target":["https:\/\/letrame.com\/catalogo\/producto\/el-rincon-de-los-treinta-minutos\/"]}]},{"@type":"ImageObject","inLanguage":"es","@id":"https:\/\/letrame.com\/catalogo\/producto\/el-rincon-de-los-treinta-minutos\/#primaryimage","url":"https:\/\/letrame.com\/catalogo\/wp-content\/uploads\/2024\/04\/El-rincon-de-los-30-minutos.webp","contentUrl":"https:\/\/letrame.com\/catalogo\/wp-content\/uploads\/2024\/04\/El-rincon-de-los-30-minutos.webp","width":1500,"height":2362},{"@type":"BreadcrumbList","@id":"https:\/\/letrame.com\/catalogo\/producto\/el-rincon-de-los-treinta-minutos\/#breadcrumb","itemListElement":[{"@type":"ListItem","position":1,"name":"Portada","item":"https:\/\/letrame.com\/catalogo\/"},{"@type":"ListItem","position":2,"name":"Cat\u00e1logo","item":"https:\/\/letrame.com\/catalogo\/"},{"@type":"ListItem","position":3,"name":"El rinc\u00f3n de los treinta minutos"}]},{"@type":"WebSite","@id":"https:\/\/letrame.com\/catalogo\/#website","url":"https:\/\/letrame.com\/catalogo\/","name":"Catalogo | Letrame Grupo Editorial","description":"","publisher":{"@id":"https:\/\/letrame.com\/catalogo\/#organization"},"potentialAction":[{"@type":"SearchAction","target":{"@type":"EntryPoint","urlTemplate":"https:\/\/letrame.com\/catalogo\/?s={search_term_string}"},"query-input":{"@type":"PropertyValueSpecification","valueRequired":true,"valueName":"search_term_string"}}],"inLanguage":"es"},{"@type":"Organization","@id":"https:\/\/letrame.com\/catalogo\/#organization","name":"Catalogo | Letrame Grupo Editorial","url":"https:\/\/letrame.com\/catalogo\/","logo":{"@type":"ImageObject","inLanguage":"es","@id":"https:\/\/letrame.com\/catalogo\/#\/schema\/logo\/image\/","url":"https:\/\/letrame.com\/catalogo\/wp-content\/uploads\/2024\/03\/logo2.webp","contentUrl":"https:\/\/letrame.com\/catalogo\/wp-content\/uploads\/2024\/03\/logo2.webp","width":394,"height":128,"caption":"Catalogo | Letrame Grupo Editorial"},"image":{"@id":"https:\/\/letrame.com\/catalogo\/#\/schema\/logo\/image\/"}}]}},"_links":{"self":[{"href":"https:\/\/letrame.com\/catalogo\/wp-json\/wp\/v2\/product\/97341","targetHints":{"allow":["GET"]}}],"collection":[{"href":"https:\/\/letrame.com\/catalogo\/wp-json\/wp\/v2\/product"}],"about":[{"href":"https:\/\/letrame.com\/catalogo\/wp-json\/wp\/v2\/types\/product"}],"replies":[{"embeddable":true,"href":"https:\/\/letrame.com\/catalogo\/wp-json\/wp\/v2\/comments?post=97341"}],"acf:post":[{"embeddable":true,"href":"https:\/\/letrame.com\/catalogo\/wp-json\/wp\/v2\/author_book\/75935"}],"wp:featuredmedia":[{"embeddable":true,"href":"https:\/\/letrame.com\/catalogo\/wp-json\/wp\/v2\/media\/100351"}],"wp:attachment":[{"href":"https:\/\/letrame.com\/catalogo\/wp-json\/wp\/v2\/media?parent=97341"}],"wp:term":[{"taxonomy":"libro","embeddable":true,"href":"https:\/\/letrame.com\/catalogo\/wp-json\/wp\/v2\/libro?post=97341"},{"taxonomy":"product_brand","embeddable":true,"href":"https:\/\/letrame.com\/catalogo\/wp-json\/wp\/v2\/product_brand?post=97341"},{"taxonomy":"product_cat","embeddable":true,"href":"https:\/\/letrame.com\/catalogo\/wp-json\/wp\/v2\/product_cat?post=97341"},{"taxonomy":"product_tag","embeddable":true,"href":"https:\/\/letrame.com\/catalogo\/wp-json\/wp\/v2\/product_tag?post=97341"}],"curies":[{"name":"wp","href":"https:\/\/api.w.org\/{rel}","templated":true}]}}