{"id":97331,"date":"2024-04-29T13:40:41","date_gmt":"2024-04-29T11:40:41","guid":{"rendered":"https:\/\/letrame.com\/catalogo\/producto\/un-sentimiento-no-trates-de-entenderlo\/"},"modified":"2024-04-29T13:40:41","modified_gmt":"2024-04-29T11:40:41","slug":"un-sentimiento-no-trates-de-entenderlo","status":"publish","type":"product","link":"https:\/\/letrame.com\/catalogo\/producto\/un-sentimiento-no-trates-de-entenderlo\/","title":{"rendered":"Un sentimiento (no trates de entenderlo)"},"content":{"rendered":"<div class=\"page\" title=\"Page 6\">\n<div class=\"layoutArea\">\n<div class=\"column\">\n<p><strong>ISBN<\/strong>: 978-84-1114-253-3<\/p>\n<\/div>\n<\/div>\n<\/div>\n<p><b>T\u00edtulo<\/b><span style=\"font-weight: 400;\">: Un sentimiento (no trates de entenderlo)<\/span><span style=\"font-weight: 400;\"><br \/>\n<\/span><b>Fecha<\/b><span style=\"font-weight: 400;\">: 2021<\/span><span style=\"font-weight: 400;\"><br \/>\n<\/span><b>P\u00e1ginas<\/b><span style=\"font-weight: 400;\">: 128<\/span><\/p>\n<p><b>SINOPSIS<\/b><\/p>\n<p>Para m\u00ed, Un sentimiento (no trates de entenderlo), son una serie de experiencias tanto humanas como deportivas, contadas en primera persona a lo largo de una vida. Y en mi caso, dicho legado pasar\u00e1 a la siguiente generaci\u00f3n, ya que aunque la mayor\u00eda son experiencias propias, muchas de ellas son compartidas con el resto de mi familia, sobre todo con mis hijos.<\/p>\n<p>En \u00e9ste libro habr\u00e1 quien se sienta identificado en ciertas partes, y otros lo har\u00e1n en diferentes experiencias descritas, pero es casi seguro que habr\u00e1 alguien que diga \u201cesto me pasa a m\u00ed tambi\u00e9n\u201d. Otras partes del libro, quiz\u00e1s las m\u00e1s humanas, por el contrario ser\u00e1 m\u00e1s dif\u00edcil encontrar a qui\u00e9n viva o haya vivido algo semejante.<\/p>\n<p>En cualquier caso comentar que en \u00e9l explico mis pasiones, primero practicadas activamente, hasta que mi cuerpo ya no me dej\u00f3 continuar, despu\u00e9s disfrutadas de otras formas, e incluso sufridas, pero siempre vividas con intensidad, que es mi forma de entender la vida. De no ser as\u00ed tras la lectura del libro comprender\u00e9is, que podr\u00eda no estar ahora escribiendo esto.<\/p>\n<p>No obstante si alguna parte os parece exagerada, no le deis importancia, al fin y al cabo todo ello no es m\u00e1s que\u2026<\/p>\n<p>Un Sentimiento<\/p>\n<p>(no trat\u00e9is de entenderlo)<\/p>\n<p>Fernando S\u00e1nchez Balb\u00e1s.<\/p>\n<p>Contundente y encomiable ganador.<\/p>\n","protected":false},"excerpt":{"rendered":"<div class=\"page\" title=\"Page 6\">\n<div class=\"layoutArea\">\n<div class=\"column\">\n<p><strong>ISBN: 978-84-1114-253-3<\/strong><\/p>\n<\/div>\n<\/div>\n<\/div>\n<p>Para m\u00ed, Un sentimiento (no trates de entenderlo), son una serie de experiencias tanto humanas como deportivas, contadas en primera persona a lo largo de una vida. Y en mi caso, dicho legado pasar\u00e1 a la siguiente generaci\u00f3n, ya que aunque la mayor\u00eda son experiencias propias, muchas de ellas son compartidas con el resto de mi familia, sobre todo con mis hijos.<\/p>\n<p>En \u00e9ste libro habr\u00e1 quien se sienta identificado en ciertas partes, y otros lo har\u00e1n en diferentes experiencias descritas, pero es casi seguro que habr\u00e1 alguien que diga \u201cesto me pasa a m\u00ed tambi\u00e9n\u201d. Otras partes del libro, quiz\u00e1s las m\u00e1s humanas, por el contrario ser\u00e1 m\u00e1s dif\u00edcil encontrar a qui\u00e9n viva o haya vivido algo semejante.<\/p>\n<p>En cualquier caso comentar que en \u00e9l explico mis pasiones, primero practicadas activamente, hasta que mi cuerpo ya no me dej\u00f3 continuar, despu\u00e9s disfrutadas de otras formas, e incluso sufridas, pero siempre vividas con intensidad, que es mi forma de entender la vida. De no ser as\u00ed tras la lectura del libro comprender\u00e9is, que podr\u00eda no estar ahora escribiendo esto.<\/p>\n<p>No obstante si alguna parte os parece exagerada, no le deis importancia, al fin y al cabo todo ello no es m\u00e1s que\u2026<\/p>\n<p>Un Sentimiento<\/p>\n<p>(no trat\u00e9is de entenderlo)<\/p>\n","protected":false},"featured_media":97332,"comment_status":"closed","ping_status":"open","template":"","meta":{"_acf_changed":false},"libro":[],"product_brand":[],"product_cat":[21],"product_tag":[],"class_list":{"0":"post-97331","1":"product","2":"type-product","3":"status-publish","4":"has-post-thumbnail","6":"product_cat-relato","8":"first","9":"instock","10":"purchasable","11":"product-type-simple"},"acf":{"autor":[75928],"enlace_de_compra":""},"yoast_head":"<!-- This site is optimized with the Yoast SEO plugin v27.4 - https:\/\/yoast.com\/product\/yoast-seo-wordpress\/ -->\n<title>Un sentimiento (no trates de entenderlo) - Catalogo | Letrame Grupo Editorial<\/title>\n<meta name=\"robots\" content=\"index, follow, max-snippet:-1, max-image-preview:large, max-video-preview:-1\" \/>\n<link rel=\"canonical\" href=\"https:\/\/letrame.com\/catalogo\/producto\/un-sentimiento-no-trates-de-entenderlo\/\" \/>\n<meta property=\"og:locale\" content=\"es_ES\" \/>\n<meta property=\"og:type\" content=\"article\" \/>\n<meta property=\"og:title\" content=\"Un sentimiento (no trates de entenderlo) - Catalogo | Letrame Grupo Editorial\" \/>\n<meta property=\"og:description\" content=\"ISBN: 978-84-1114-253-3   Para m\u00ed, Un sentimiento (no trates de entenderlo), son una serie de experiencias tanto humanas como deportivas, contadas en primera persona a lo largo de una vida. Y en mi caso, dicho legado pasar\u00e1 a la siguiente generaci\u00f3n, ya que aunque la mayor\u00eda son experiencias propias, muchas de ellas son compartidas con el resto de mi familia, sobre todo con mis hijos. En \u00e9ste libro habr\u00e1 quien se sienta identificado en ciertas partes, y otros lo har\u00e1n en diferentes experiencias descritas, pero es casi seguro que habr\u00e1 alguien que diga \u201cesto me pasa a m\u00ed tambi\u00e9n\u201d. Otras partes del libro, quiz\u00e1s las m\u00e1s humanas, por el contrario ser\u00e1 m\u00e1s dif\u00edcil encontrar a qui\u00e9n viva o haya vivido algo semejante. En cualquier caso comentar que en \u00e9l explico mis pasiones, primero practicadas activamente, hasta que mi cuerpo ya no me dej\u00f3 continuar, despu\u00e9s disfrutadas de otras formas, e incluso sufridas, pero siempre vividas con intensidad, que es mi forma de entender la vida. De no ser as\u00ed tras la lectura del libro comprender\u00e9is, que podr\u00eda no estar ahora escribiendo esto. No obstante si alguna parte os parece exagerada, no le deis importancia, al fin y al cabo todo ello no es m\u00e1s que\u2026 Un Sentimiento (no trat\u00e9is de entenderlo)\" \/>\n<meta property=\"og:url\" content=\"https:\/\/letrame.com\/catalogo\/producto\/un-sentimiento-no-trates-de-entenderlo\/\" \/>\n<meta property=\"og:site_name\" content=\"Catalogo | Letrame Grupo Editorial\" \/>\n<meta property=\"og:image\" content=\"https:\/\/letrame.com\/catalogo\/wp-content\/uploads\/2024\/04\/Un-sentimiento-scaled-1.jpeg\" \/>\n\t<meta property=\"og:image:width\" content=\"1746\" \/>\n\t<meta property=\"og:image:height\" content=\"2560\" \/>\n\t<meta property=\"og:image:type\" content=\"image\/jpeg\" \/>\n<meta name=\"twitter:card\" content=\"summary_large_image\" \/>\n<meta name=\"twitter:label1\" content=\"Tiempo de lectura\" \/>\n\t<meta name=\"twitter:data1\" content=\"1 minuto\" \/>\n<script type=\"application\/ld+json\" class=\"yoast-schema-graph\">{\"@context\":\"https:\\\/\\\/schema.org\",\"@graph\":[{\"@type\":\"WebPage\",\"@id\":\"https:\\\/\\\/letrame.com\\\/catalogo\\\/producto\\\/un-sentimiento-no-trates-de-entenderlo\\\/\",\"url\":\"https:\\\/\\\/letrame.com\\\/catalogo\\\/producto\\\/un-sentimiento-no-trates-de-entenderlo\\\/\",\"name\":\"Un sentimiento (no trates de entenderlo) - Catalogo | Letrame Grupo Editorial\",\"isPartOf\":{\"@id\":\"https:\\\/\\\/letrame.com\\\/catalogo\\\/#website\"},\"primaryImageOfPage\":{\"@id\":\"https:\\\/\\\/letrame.com\\\/catalogo\\\/producto\\\/un-sentimiento-no-trates-de-entenderlo\\\/#primaryimage\"},\"image\":{\"@id\":\"https:\\\/\\\/letrame.com\\\/catalogo\\\/producto\\\/un-sentimiento-no-trates-de-entenderlo\\\/#primaryimage\"},\"thumbnailUrl\":\"https:\\\/\\\/letrame.com\\\/catalogo\\\/wp-content\\\/uploads\\\/2024\\\/04\\\/Un-sentimiento-scaled-1.jpeg\",\"datePublished\":\"2024-04-29T11:40:41+00:00\",\"breadcrumb\":{\"@id\":\"https:\\\/\\\/letrame.com\\\/catalogo\\\/producto\\\/un-sentimiento-no-trates-de-entenderlo\\\/#breadcrumb\"},\"inLanguage\":\"es\",\"potentialAction\":[{\"@type\":\"ReadAction\",\"target\":[\"https:\\\/\\\/letrame.com\\\/catalogo\\\/producto\\\/un-sentimiento-no-trates-de-entenderlo\\\/\"]}]},{\"@type\":\"ImageObject\",\"inLanguage\":\"es\",\"@id\":\"https:\\\/\\\/letrame.com\\\/catalogo\\\/producto\\\/un-sentimiento-no-trates-de-entenderlo\\\/#primaryimage\",\"url\":\"https:\\\/\\\/letrame.com\\\/catalogo\\\/wp-content\\\/uploads\\\/2024\\\/04\\\/Un-sentimiento-scaled-1.jpeg\",\"contentUrl\":\"https:\\\/\\\/letrame.com\\\/catalogo\\\/wp-content\\\/uploads\\\/2024\\\/04\\\/Un-sentimiento-scaled-1.jpeg\",\"width\":1746,\"height\":2560},{\"@type\":\"BreadcrumbList\",\"@id\":\"https:\\\/\\\/letrame.com\\\/catalogo\\\/producto\\\/un-sentimiento-no-trates-de-entenderlo\\\/#breadcrumb\",\"itemListElement\":[{\"@type\":\"ListItem\",\"position\":1,\"name\":\"Portada\",\"item\":\"https:\\\/\\\/letrame.com\\\/catalogo\\\/\"},{\"@type\":\"ListItem\",\"position\":2,\"name\":\"Cat\u00e1logo\",\"item\":\"https:\\\/\\\/letrame.com\\\/catalogo\\\/\"},{\"@type\":\"ListItem\",\"position\":3,\"name\":\"Un sentimiento (no trates de entenderlo)\"}]},{\"@type\":\"WebSite\",\"@id\":\"https:\\\/\\\/letrame.com\\\/catalogo\\\/#website\",\"url\":\"https:\\\/\\\/letrame.com\\\/catalogo\\\/\",\"name\":\"Catalogo | Letrame Grupo Editorial\",\"description\":\"\",\"publisher\":{\"@id\":\"https:\\\/\\\/letrame.com\\\/catalogo\\\/#organization\"},\"potentialAction\":[{\"@type\":\"SearchAction\",\"target\":{\"@type\":\"EntryPoint\",\"urlTemplate\":\"https:\\\/\\\/letrame.com\\\/catalogo\\\/?s={search_term_string}\"},\"query-input\":{\"@type\":\"PropertyValueSpecification\",\"valueRequired\":true,\"valueName\":\"search_term_string\"}}],\"inLanguage\":\"es\"},{\"@type\":\"Organization\",\"@id\":\"https:\\\/\\\/letrame.com\\\/catalogo\\\/#organization\",\"name\":\"Catalogo | Letrame Grupo Editorial\",\"url\":\"https:\\\/\\\/letrame.com\\\/catalogo\\\/\",\"logo\":{\"@type\":\"ImageObject\",\"inLanguage\":\"es\",\"@id\":\"https:\\\/\\\/letrame.com\\\/catalogo\\\/#\\\/schema\\\/logo\\\/image\\\/\",\"url\":\"https:\\\/\\\/letrame.com\\\/catalogo\\\/wp-content\\\/uploads\\\/2024\\\/03\\\/logo2.webp\",\"contentUrl\":\"https:\\\/\\\/letrame.com\\\/catalogo\\\/wp-content\\\/uploads\\\/2024\\\/03\\\/logo2.webp\",\"width\":394,\"height\":128,\"caption\":\"Catalogo | Letrame Grupo Editorial\"},\"image\":{\"@id\":\"https:\\\/\\\/letrame.com\\\/catalogo\\\/#\\\/schema\\\/logo\\\/image\\\/\"}}]}<\/script>\n<!-- \/ Yoast SEO plugin. -->","yoast_head_json":{"title":"Un sentimiento (no trates de entenderlo) - Catalogo | Letrame Grupo Editorial","robots":{"index":"index","follow":"follow","max-snippet":"max-snippet:-1","max-image-preview":"max-image-preview:large","max-video-preview":"max-video-preview:-1"},"canonical":"https:\/\/letrame.com\/catalogo\/producto\/un-sentimiento-no-trates-de-entenderlo\/","og_locale":"es_ES","og_type":"article","og_title":"Un sentimiento (no trates de entenderlo) - Catalogo | Letrame Grupo Editorial","og_description":"ISBN: 978-84-1114-253-3   Para m\u00ed, Un sentimiento (no trates de entenderlo), son una serie de experiencias tanto humanas como deportivas, contadas en primera persona a lo largo de una vida. Y en mi caso, dicho legado pasar\u00e1 a la siguiente generaci\u00f3n, ya que aunque la mayor\u00eda son experiencias propias, muchas de ellas son compartidas con el resto de mi familia, sobre todo con mis hijos. En \u00e9ste libro habr\u00e1 quien se sienta identificado en ciertas partes, y otros lo har\u00e1n en diferentes experiencias descritas, pero es casi seguro que habr\u00e1 alguien que diga \u201cesto me pasa a m\u00ed tambi\u00e9n\u201d. Otras partes del libro, quiz\u00e1s las m\u00e1s humanas, por el contrario ser\u00e1 m\u00e1s dif\u00edcil encontrar a qui\u00e9n viva o haya vivido algo semejante. En cualquier caso comentar que en \u00e9l explico mis pasiones, primero practicadas activamente, hasta que mi cuerpo ya no me dej\u00f3 continuar, despu\u00e9s disfrutadas de otras formas, e incluso sufridas, pero siempre vividas con intensidad, que es mi forma de entender la vida. De no ser as\u00ed tras la lectura del libro comprender\u00e9is, que podr\u00eda no estar ahora escribiendo esto. No obstante si alguna parte os parece exagerada, no le deis importancia, al fin y al cabo todo ello no es m\u00e1s que\u2026 Un Sentimiento (no trat\u00e9is de entenderlo)","og_url":"https:\/\/letrame.com\/catalogo\/producto\/un-sentimiento-no-trates-de-entenderlo\/","og_site_name":"Catalogo | Letrame Grupo Editorial","og_image":[{"width":1746,"height":2560,"url":"https:\/\/letrame.com\/catalogo\/wp-content\/uploads\/2024\/04\/Un-sentimiento-scaled-1.jpeg","type":"image\/jpeg"}],"twitter_card":"summary_large_image","twitter_misc":{"Tiempo de lectura":"1 minuto"},"schema":{"@context":"https:\/\/schema.org","@graph":[{"@type":"WebPage","@id":"https:\/\/letrame.com\/catalogo\/producto\/un-sentimiento-no-trates-de-entenderlo\/","url":"https:\/\/letrame.com\/catalogo\/producto\/un-sentimiento-no-trates-de-entenderlo\/","name":"Un sentimiento (no trates de entenderlo) - Catalogo | Letrame Grupo Editorial","isPartOf":{"@id":"https:\/\/letrame.com\/catalogo\/#website"},"primaryImageOfPage":{"@id":"https:\/\/letrame.com\/catalogo\/producto\/un-sentimiento-no-trates-de-entenderlo\/#primaryimage"},"image":{"@id":"https:\/\/letrame.com\/catalogo\/producto\/un-sentimiento-no-trates-de-entenderlo\/#primaryimage"},"thumbnailUrl":"https:\/\/letrame.com\/catalogo\/wp-content\/uploads\/2024\/04\/Un-sentimiento-scaled-1.jpeg","datePublished":"2024-04-29T11:40:41+00:00","breadcrumb":{"@id":"https:\/\/letrame.com\/catalogo\/producto\/un-sentimiento-no-trates-de-entenderlo\/#breadcrumb"},"inLanguage":"es","potentialAction":[{"@type":"ReadAction","target":["https:\/\/letrame.com\/catalogo\/producto\/un-sentimiento-no-trates-de-entenderlo\/"]}]},{"@type":"ImageObject","inLanguage":"es","@id":"https:\/\/letrame.com\/catalogo\/producto\/un-sentimiento-no-trates-de-entenderlo\/#primaryimage","url":"https:\/\/letrame.com\/catalogo\/wp-content\/uploads\/2024\/04\/Un-sentimiento-scaled-1.jpeg","contentUrl":"https:\/\/letrame.com\/catalogo\/wp-content\/uploads\/2024\/04\/Un-sentimiento-scaled-1.jpeg","width":1746,"height":2560},{"@type":"BreadcrumbList","@id":"https:\/\/letrame.com\/catalogo\/producto\/un-sentimiento-no-trates-de-entenderlo\/#breadcrumb","itemListElement":[{"@type":"ListItem","position":1,"name":"Portada","item":"https:\/\/letrame.com\/catalogo\/"},{"@type":"ListItem","position":2,"name":"Cat\u00e1logo","item":"https:\/\/letrame.com\/catalogo\/"},{"@type":"ListItem","position":3,"name":"Un sentimiento (no trates de entenderlo)"}]},{"@type":"WebSite","@id":"https:\/\/letrame.com\/catalogo\/#website","url":"https:\/\/letrame.com\/catalogo\/","name":"Catalogo | Letrame Grupo Editorial","description":"","publisher":{"@id":"https:\/\/letrame.com\/catalogo\/#organization"},"potentialAction":[{"@type":"SearchAction","target":{"@type":"EntryPoint","urlTemplate":"https:\/\/letrame.com\/catalogo\/?s={search_term_string}"},"query-input":{"@type":"PropertyValueSpecification","valueRequired":true,"valueName":"search_term_string"}}],"inLanguage":"es"},{"@type":"Organization","@id":"https:\/\/letrame.com\/catalogo\/#organization","name":"Catalogo | Letrame Grupo Editorial","url":"https:\/\/letrame.com\/catalogo\/","logo":{"@type":"ImageObject","inLanguage":"es","@id":"https:\/\/letrame.com\/catalogo\/#\/schema\/logo\/image\/","url":"https:\/\/letrame.com\/catalogo\/wp-content\/uploads\/2024\/03\/logo2.webp","contentUrl":"https:\/\/letrame.com\/catalogo\/wp-content\/uploads\/2024\/03\/logo2.webp","width":394,"height":128,"caption":"Catalogo | Letrame Grupo Editorial"},"image":{"@id":"https:\/\/letrame.com\/catalogo\/#\/schema\/logo\/image\/"}}]}},"_links":{"self":[{"href":"https:\/\/letrame.com\/catalogo\/wp-json\/wp\/v2\/product\/97331","targetHints":{"allow":["GET"]}}],"collection":[{"href":"https:\/\/letrame.com\/catalogo\/wp-json\/wp\/v2\/product"}],"about":[{"href":"https:\/\/letrame.com\/catalogo\/wp-json\/wp\/v2\/types\/product"}],"replies":[{"embeddable":true,"href":"https:\/\/letrame.com\/catalogo\/wp-json\/wp\/v2\/comments?post=97331"}],"acf:post":[{"embeddable":true,"href":"https:\/\/letrame.com\/catalogo\/wp-json\/wp\/v2\/author_book\/75928"}],"wp:featuredmedia":[{"embeddable":true,"href":"https:\/\/letrame.com\/catalogo\/wp-json\/wp\/v2\/media\/97332"}],"wp:attachment":[{"href":"https:\/\/letrame.com\/catalogo\/wp-json\/wp\/v2\/media?parent=97331"}],"wp:term":[{"taxonomy":"libro","embeddable":true,"href":"https:\/\/letrame.com\/catalogo\/wp-json\/wp\/v2\/libro?post=97331"},{"taxonomy":"product_brand","embeddable":true,"href":"https:\/\/letrame.com\/catalogo\/wp-json\/wp\/v2\/product_brand?post=97331"},{"taxonomy":"product_cat","embeddable":true,"href":"https:\/\/letrame.com\/catalogo\/wp-json\/wp\/v2\/product_cat?post=97331"},{"taxonomy":"product_tag","embeddable":true,"href":"https:\/\/letrame.com\/catalogo\/wp-json\/wp\/v2\/product_tag?post=97331"}],"curies":[{"name":"wp","href":"https:\/\/api.w.org\/{rel}","templated":true}]}}