{"id":97253,"date":"2024-04-29T13:23:48","date_gmt":"2024-04-29T11:23:48","guid":{"rendered":"https:\/\/letrame.com\/catalogo\/producto\/tierra-amarilla\/"},"modified":"2024-08-16T12:34:59","modified_gmt":"2024-08-16T10:34:59","slug":"tierra-amarilla","status":"publish","type":"product","link":"https:\/\/letrame.com\/catalogo\/producto\/tierra-amarilla\/","title":{"rendered":"Tierra amarilla"},"content":{"rendered":"<div class=\"page\" title=\"Page 6\">\n<div class=\"layoutArea\">\n<div class=\"column\">\n<p><strong>ISBN<\/strong>: 978-84-1386-950-6<\/p>\n<\/div>\n<\/div>\n<\/div>\n<p><b>T\u00edtulo<\/b><span style=\"font-weight: 400;\">: Tierra amarilla<\/span><span style=\"font-weight: 400;\"><br \/>\n<\/span><b>Fecha<\/b><span style=\"font-weight: 400;\">: 2021<\/span><span style=\"font-weight: 400;\"><br \/>\n<\/span><b>P\u00e1ginas<\/b><span style=\"font-weight: 400;\">: 156<\/span><\/p>\n<p><b>SINOPSIS<\/b><\/p>\n<p>Son los tiempos de la revoluci\u00f3n del 9 de abril de 1948 en Colombia. En medio del peligro, un sacerdote camina un penoso trayecto a una regi\u00f3n y un pueblo desconocidos para \u00e9l; su misi\u00f3n: el sencillo y temporal reemplazo de un p\u00e1rroco. Pero en el escaso tiempo que permanece all\u00ed junto con el p\u00e1rroco, se ve sumergido en el dolor de una poblaci\u00f3n que, adem\u00e1s de la violencia causada por el flagelo pol\u00edtico del momento, es tambi\u00e9n abatida por las rencillas entre comarcas familiares. El odio, la venganza y los duelos a pistola son la orden del diario vivir. Ahora, de alguna manera, su misi\u00f3n ser\u00e1 revertir el odio y la venganza, transformarlos en perd\u00f3n y reconciliaci\u00f3n. As\u00ed, desde su llegada, los dos presb\u00edteros, sin saber c\u00f3mo lograrlo, se dan a la monumental tarea de establecer la paz entre su feligres\u00eda. Ser\u00eda f\u00e1cil imaginar qu\u00e9 har\u00edan y qu\u00e9 posibilidades tendr\u00edan de lograrlo. Sin embargo, a tan colosal faena, se une la prodigiosa intervenci\u00f3n de un ni\u00f1o, quien, asistido por un misterioso individuo, gu\u00eda a estos cl\u00e9rigos. \u00bfQu\u00e9 misteriosos sucesos ocurren y qui\u00e9n es ese ser que solo es visible para el peque\u00f1\u00edn? \u00bfCu\u00e1l ser\u00e1 el desenlace y ejemplo para el resto de una naci\u00f3n en la que jam\u00e1s ha cesado la violencia?<\/p>\n<p>&nbsp;<\/p>\n<p>&nbsp;<\/p>\n","protected":false},"excerpt":{"rendered":"<div class=\"page\" title=\"Page 6\">\n<div class=\"layoutArea\">\n<div class=\"column\">\n<p><strong>ISBN: 978-84-1386-950-6<\/strong><\/p>\n<p><strong>SINOPSIS<\/strong><\/p>\n<p>El odio, la venganza y los duelos a pistola son la orden del diario vivir. Ahora, de alguna manera, su misi\u00f3n ser\u00e1 revertir el odio y la venganza, transformarlos en perd\u00f3n y reconciliaci\u00f3n. As\u00ed, desde su llegada, los dos presb\u00edteros, sin saber c\u00f3mo lograrlo, se dan a la monumental tarea de establecer la paz entre su feligres\u00eda. Ser\u00eda f\u00e1cil imaginar qu\u00e9 har\u00edan y qu\u00e9 posibilidades tendr\u00edan de lograrlo. Sin embargo, a tan colosal faena, se une la prodigiosa intervenci\u00f3n de un ni\u00f1o, quien, asistido por un misterioso individuo, gu\u00eda a estos cl\u00e9rigos.<\/p>\n<p>Qu\u00e9 misteriosos sucesos ocurren y qui\u00e9n es ese ser que solo es visible para el peque\u00f1\u00edn? \u00bfCu\u00e1l ser\u00e1 el desenlace y ejemplo para el resto de una naci\u00f3n en la que jam\u00e1s ha cesado la violencia?<\/p>\n<p>&nbsp;<\/p>\n<\/div>\n<\/div>\n<\/div>\n","protected":false},"featured_media":97254,"comment_status":"closed","ping_status":"closed","template":"","meta":{"_acf_changed":false},"libro":[],"product_brand":[],"product_cat":[16],"product_tag":[],"class_list":{"0":"post-97253","1":"product","2":"type-product","3":"status-publish","4":"has-post-thumbnail","6":"product_cat-novela","8":"first","9":"instock","10":"purchasable","11":"product-type-simple"},"acf":{"autor":[75858],"enlace_de_compra":"https:\/\/amzn.to\/3X3lMXs"},"yoast_head":"<!-- This site is optimized with the Yoast SEO plugin v27.4 - https:\/\/yoast.com\/product\/yoast-seo-wordpress\/ -->\n<title>Tierra amarilla - Catalogo | Letrame Grupo Editorial<\/title>\n<meta name=\"robots\" content=\"index, follow, max-snippet:-1, max-image-preview:large, max-video-preview:-1\" \/>\n<link rel=\"canonical\" href=\"https:\/\/letrame.com\/catalogo\/producto\/tierra-amarilla\/\" \/>\n<meta property=\"og:locale\" content=\"es_ES\" \/>\n<meta property=\"og:type\" content=\"article\" \/>\n<meta property=\"og:title\" content=\"Tierra amarilla - Catalogo | Letrame Grupo Editorial\" \/>\n<meta property=\"og:description\" content=\"ISBN: 978-84-1386-950-6  SINOPSIS  El odio, la venganza y los duelos a pistola son la orden del diario vivir. Ahora, de alguna manera, su misi\u00f3n ser\u00e1 revertir el odio y la venganza, transformarlos en perd\u00f3n y reconciliaci\u00f3n. As\u00ed, desde su llegada, los dos presb\u00edteros, sin saber c\u00f3mo lograrlo, se dan a la monumental tarea de establecer la paz entre su feligres\u00eda. Ser\u00eda f\u00e1cil imaginar qu\u00e9 har\u00edan y qu\u00e9 posibilidades tendr\u00edan de lograrlo. Sin embargo, a tan colosal faena, se une la prodigiosa intervenci\u00f3n de un ni\u00f1o, quien, asistido por un misterioso individuo, gu\u00eda a estos cl\u00e9rigos.  Qu\u00e9 misteriosos sucesos ocurren y qui\u00e9n es ese ser que solo es visible para el peque\u00f1\u00edn? \u00bfCu\u00e1l ser\u00e1 el desenlace y ejemplo para el resto de una naci\u00f3n en la que jam\u00e1s ha cesado la violencia?  &nbsp;\" \/>\n<meta property=\"og:url\" content=\"https:\/\/letrame.com\/catalogo\/producto\/tierra-amarilla\/\" \/>\n<meta property=\"og:site_name\" content=\"Catalogo | Letrame Grupo Editorial\" \/>\n<meta property=\"article:modified_time\" content=\"2024-08-16T10:34:59+00:00\" \/>\n<meta property=\"og:image\" content=\"https:\/\/letrame.com\/catalogo\/wp-content\/uploads\/2024\/04\/Tierra-Amarilla.jpeg\" \/>\n\t<meta property=\"og:image:width\" content=\"1417\" \/>\n\t<meta property=\"og:image:height\" content=\"2244\" \/>\n\t<meta property=\"og:image:type\" content=\"image\/jpeg\" \/>\n<meta name=\"twitter:card\" content=\"summary_large_image\" \/>\n<meta name=\"twitter:label1\" content=\"Tiempo de lectura\" \/>\n\t<meta name=\"twitter:data1\" content=\"2 minutos\" \/>\n<script type=\"application\/ld+json\" class=\"yoast-schema-graph\">{\"@context\":\"https:\\\/\\\/schema.org\",\"@graph\":[{\"@type\":\"WebPage\",\"@id\":\"https:\\\/\\\/letrame.com\\\/catalogo\\\/producto\\\/tierra-amarilla\\\/\",\"url\":\"https:\\\/\\\/letrame.com\\\/catalogo\\\/producto\\\/tierra-amarilla\\\/\",\"name\":\"Tierra amarilla - Catalogo | Letrame Grupo Editorial\",\"isPartOf\":{\"@id\":\"https:\\\/\\\/letrame.com\\\/catalogo\\\/#website\"},\"primaryImageOfPage\":{\"@id\":\"https:\\\/\\\/letrame.com\\\/catalogo\\\/producto\\\/tierra-amarilla\\\/#primaryimage\"},\"image\":{\"@id\":\"https:\\\/\\\/letrame.com\\\/catalogo\\\/producto\\\/tierra-amarilla\\\/#primaryimage\"},\"thumbnailUrl\":\"https:\\\/\\\/letrame.com\\\/catalogo\\\/wp-content\\\/uploads\\\/2024\\\/04\\\/Tierra-Amarilla.jpeg\",\"datePublished\":\"2024-04-29T11:23:48+00:00\",\"dateModified\":\"2024-08-16T10:34:59+00:00\",\"breadcrumb\":{\"@id\":\"https:\\\/\\\/letrame.com\\\/catalogo\\\/producto\\\/tierra-amarilla\\\/#breadcrumb\"},\"inLanguage\":\"es\",\"potentialAction\":[{\"@type\":\"ReadAction\",\"target\":[\"https:\\\/\\\/letrame.com\\\/catalogo\\\/producto\\\/tierra-amarilla\\\/\"]}]},{\"@type\":\"ImageObject\",\"inLanguage\":\"es\",\"@id\":\"https:\\\/\\\/letrame.com\\\/catalogo\\\/producto\\\/tierra-amarilla\\\/#primaryimage\",\"url\":\"https:\\\/\\\/letrame.com\\\/catalogo\\\/wp-content\\\/uploads\\\/2024\\\/04\\\/Tierra-Amarilla.jpeg\",\"contentUrl\":\"https:\\\/\\\/letrame.com\\\/catalogo\\\/wp-content\\\/uploads\\\/2024\\\/04\\\/Tierra-Amarilla.jpeg\",\"width\":1417,\"height\":2244},{\"@type\":\"BreadcrumbList\",\"@id\":\"https:\\\/\\\/letrame.com\\\/catalogo\\\/producto\\\/tierra-amarilla\\\/#breadcrumb\",\"itemListElement\":[{\"@type\":\"ListItem\",\"position\":1,\"name\":\"Portada\",\"item\":\"https:\\\/\\\/letrame.com\\\/catalogo\\\/\"},{\"@type\":\"ListItem\",\"position\":2,\"name\":\"Cat\u00e1logo\",\"item\":\"https:\\\/\\\/letrame.com\\\/catalogo\\\/\"},{\"@type\":\"ListItem\",\"position\":3,\"name\":\"Tierra amarilla\"}]},{\"@type\":\"WebSite\",\"@id\":\"https:\\\/\\\/letrame.com\\\/catalogo\\\/#website\",\"url\":\"https:\\\/\\\/letrame.com\\\/catalogo\\\/\",\"name\":\"Catalogo | Letrame Grupo Editorial\",\"description\":\"\",\"publisher\":{\"@id\":\"https:\\\/\\\/letrame.com\\\/catalogo\\\/#organization\"},\"potentialAction\":[{\"@type\":\"SearchAction\",\"target\":{\"@type\":\"EntryPoint\",\"urlTemplate\":\"https:\\\/\\\/letrame.com\\\/catalogo\\\/?s={search_term_string}\"},\"query-input\":{\"@type\":\"PropertyValueSpecification\",\"valueRequired\":true,\"valueName\":\"search_term_string\"}}],\"inLanguage\":\"es\"},{\"@type\":\"Organization\",\"@id\":\"https:\\\/\\\/letrame.com\\\/catalogo\\\/#organization\",\"name\":\"Catalogo | Letrame Grupo Editorial\",\"url\":\"https:\\\/\\\/letrame.com\\\/catalogo\\\/\",\"logo\":{\"@type\":\"ImageObject\",\"inLanguage\":\"es\",\"@id\":\"https:\\\/\\\/letrame.com\\\/catalogo\\\/#\\\/schema\\\/logo\\\/image\\\/\",\"url\":\"https:\\\/\\\/letrame.com\\\/catalogo\\\/wp-content\\\/uploads\\\/2024\\\/03\\\/logo2.webp\",\"contentUrl\":\"https:\\\/\\\/letrame.com\\\/catalogo\\\/wp-content\\\/uploads\\\/2024\\\/03\\\/logo2.webp\",\"width\":394,\"height\":128,\"caption\":\"Catalogo | Letrame Grupo Editorial\"},\"image\":{\"@id\":\"https:\\\/\\\/letrame.com\\\/catalogo\\\/#\\\/schema\\\/logo\\\/image\\\/\"}}]}<\/script>\n<!-- \/ Yoast SEO plugin. -->","yoast_head_json":{"title":"Tierra amarilla - Catalogo | Letrame Grupo Editorial","robots":{"index":"index","follow":"follow","max-snippet":"max-snippet:-1","max-image-preview":"max-image-preview:large","max-video-preview":"max-video-preview:-1"},"canonical":"https:\/\/letrame.com\/catalogo\/producto\/tierra-amarilla\/","og_locale":"es_ES","og_type":"article","og_title":"Tierra amarilla - Catalogo | Letrame Grupo Editorial","og_description":"ISBN: 978-84-1386-950-6  SINOPSIS  El odio, la venganza y los duelos a pistola son la orden del diario vivir. Ahora, de alguna manera, su misi\u00f3n ser\u00e1 revertir el odio y la venganza, transformarlos en perd\u00f3n y reconciliaci\u00f3n. As\u00ed, desde su llegada, los dos presb\u00edteros, sin saber c\u00f3mo lograrlo, se dan a la monumental tarea de establecer la paz entre su feligres\u00eda. Ser\u00eda f\u00e1cil imaginar qu\u00e9 har\u00edan y qu\u00e9 posibilidades tendr\u00edan de lograrlo. Sin embargo, a tan colosal faena, se une la prodigiosa intervenci\u00f3n de un ni\u00f1o, quien, asistido por un misterioso individuo, gu\u00eda a estos cl\u00e9rigos.  Qu\u00e9 misteriosos sucesos ocurren y qui\u00e9n es ese ser que solo es visible para el peque\u00f1\u00edn? \u00bfCu\u00e1l ser\u00e1 el desenlace y ejemplo para el resto de una naci\u00f3n en la que jam\u00e1s ha cesado la violencia?  &nbsp;","og_url":"https:\/\/letrame.com\/catalogo\/producto\/tierra-amarilla\/","og_site_name":"Catalogo | Letrame Grupo Editorial","article_modified_time":"2024-08-16T10:34:59+00:00","og_image":[{"width":1417,"height":2244,"url":"https:\/\/letrame.com\/catalogo\/wp-content\/uploads\/2024\/04\/Tierra-Amarilla.jpeg","type":"image\/jpeg"}],"twitter_card":"summary_large_image","twitter_misc":{"Tiempo de lectura":"2 minutos"},"schema":{"@context":"https:\/\/schema.org","@graph":[{"@type":"WebPage","@id":"https:\/\/letrame.com\/catalogo\/producto\/tierra-amarilla\/","url":"https:\/\/letrame.com\/catalogo\/producto\/tierra-amarilla\/","name":"Tierra amarilla - Catalogo | Letrame Grupo Editorial","isPartOf":{"@id":"https:\/\/letrame.com\/catalogo\/#website"},"primaryImageOfPage":{"@id":"https:\/\/letrame.com\/catalogo\/producto\/tierra-amarilla\/#primaryimage"},"image":{"@id":"https:\/\/letrame.com\/catalogo\/producto\/tierra-amarilla\/#primaryimage"},"thumbnailUrl":"https:\/\/letrame.com\/catalogo\/wp-content\/uploads\/2024\/04\/Tierra-Amarilla.jpeg","datePublished":"2024-04-29T11:23:48+00:00","dateModified":"2024-08-16T10:34:59+00:00","breadcrumb":{"@id":"https:\/\/letrame.com\/catalogo\/producto\/tierra-amarilla\/#breadcrumb"},"inLanguage":"es","potentialAction":[{"@type":"ReadAction","target":["https:\/\/letrame.com\/catalogo\/producto\/tierra-amarilla\/"]}]},{"@type":"ImageObject","inLanguage":"es","@id":"https:\/\/letrame.com\/catalogo\/producto\/tierra-amarilla\/#primaryimage","url":"https:\/\/letrame.com\/catalogo\/wp-content\/uploads\/2024\/04\/Tierra-Amarilla.jpeg","contentUrl":"https:\/\/letrame.com\/catalogo\/wp-content\/uploads\/2024\/04\/Tierra-Amarilla.jpeg","width":1417,"height":2244},{"@type":"BreadcrumbList","@id":"https:\/\/letrame.com\/catalogo\/producto\/tierra-amarilla\/#breadcrumb","itemListElement":[{"@type":"ListItem","position":1,"name":"Portada","item":"https:\/\/letrame.com\/catalogo\/"},{"@type":"ListItem","position":2,"name":"Cat\u00e1logo","item":"https:\/\/letrame.com\/catalogo\/"},{"@type":"ListItem","position":3,"name":"Tierra amarilla"}]},{"@type":"WebSite","@id":"https:\/\/letrame.com\/catalogo\/#website","url":"https:\/\/letrame.com\/catalogo\/","name":"Catalogo | Letrame Grupo Editorial","description":"","publisher":{"@id":"https:\/\/letrame.com\/catalogo\/#organization"},"potentialAction":[{"@type":"SearchAction","target":{"@type":"EntryPoint","urlTemplate":"https:\/\/letrame.com\/catalogo\/?s={search_term_string}"},"query-input":{"@type":"PropertyValueSpecification","valueRequired":true,"valueName":"search_term_string"}}],"inLanguage":"es"},{"@type":"Organization","@id":"https:\/\/letrame.com\/catalogo\/#organization","name":"Catalogo | Letrame Grupo Editorial","url":"https:\/\/letrame.com\/catalogo\/","logo":{"@type":"ImageObject","inLanguage":"es","@id":"https:\/\/letrame.com\/catalogo\/#\/schema\/logo\/image\/","url":"https:\/\/letrame.com\/catalogo\/wp-content\/uploads\/2024\/03\/logo2.webp","contentUrl":"https:\/\/letrame.com\/catalogo\/wp-content\/uploads\/2024\/03\/logo2.webp","width":394,"height":128,"caption":"Catalogo | Letrame Grupo Editorial"},"image":{"@id":"https:\/\/letrame.com\/catalogo\/#\/schema\/logo\/image\/"}}]}},"_links":{"self":[{"href":"https:\/\/letrame.com\/catalogo\/wp-json\/wp\/v2\/product\/97253","targetHints":{"allow":["GET"]}}],"collection":[{"href":"https:\/\/letrame.com\/catalogo\/wp-json\/wp\/v2\/product"}],"about":[{"href":"https:\/\/letrame.com\/catalogo\/wp-json\/wp\/v2\/types\/product"}],"replies":[{"embeddable":true,"href":"https:\/\/letrame.com\/catalogo\/wp-json\/wp\/v2\/comments?post=97253"}],"acf:post":[{"embeddable":true,"href":"https:\/\/letrame.com\/catalogo\/wp-json\/wp\/v2\/author_book\/75858"}],"wp:featuredmedia":[{"embeddable":true,"href":"https:\/\/letrame.com\/catalogo\/wp-json\/wp\/v2\/media\/97254"}],"wp:attachment":[{"href":"https:\/\/letrame.com\/catalogo\/wp-json\/wp\/v2\/media?parent=97253"}],"wp:term":[{"taxonomy":"libro","embeddable":true,"href":"https:\/\/letrame.com\/catalogo\/wp-json\/wp\/v2\/libro?post=97253"},{"taxonomy":"product_brand","embeddable":true,"href":"https:\/\/letrame.com\/catalogo\/wp-json\/wp\/v2\/product_brand?post=97253"},{"taxonomy":"product_cat","embeddable":true,"href":"https:\/\/letrame.com\/catalogo\/wp-json\/wp\/v2\/product_cat?post=97253"},{"taxonomy":"product_tag","embeddable":true,"href":"https:\/\/letrame.com\/catalogo\/wp-json\/wp\/v2\/product_tag?post=97253"}],"curies":[{"name":"wp","href":"https:\/\/api.w.org\/{rel}","templated":true}]}}