{"id":97177,"date":"2024-04-29T13:09:11","date_gmt":"2024-04-29T11:09:11","guid":{"rendered":"https:\/\/letrame.com\/catalogo\/producto\/el-conde-de-tlapancalco-los-parra-con-cortes-en-la-conquista-de-nueva-espana\/"},"modified":"2024-08-16T13:45:35","modified_gmt":"2024-08-16T11:45:35","slug":"el-conde-de-tlapancalco-los-parra-con-cortes-en-la-conquista-de-nueva-espana","status":"publish","type":"product","link":"https:\/\/letrame.com\/catalogo\/producto\/el-conde-de-tlapancalco-los-parra-con-cortes-en-la-conquista-de-nueva-espana\/","title":{"rendered":"EL CONDE DE TLAPANCALCO. Los Parra, con Cort\u00e9s, en la conquista de Nueva Espa\u00f1a"},"content":{"rendered":"<div class=\"page\" title=\"Page 6\">\n<div class=\"layoutArea\">\n<div class=\"column\">\n<p><strong>ISBN<\/strong>: 978-84-1114-136-9<\/p>\n<\/div>\n<\/div>\n<\/div>\n<p><b>T\u00edtulo<\/b><span style=\"font-weight: 400;\">: EL CONDE DE TLAPANCALCO. Los Parra, con Cort\u00e9s, en la conquista de Nueva Espa\u00f1a<\/span><span style=\"font-weight: 400;\"><br \/>\n<\/span><b>Fecha<\/b><span style=\"font-weight: 400;\">: 2021<\/span><span style=\"font-weight: 400;\"><br \/>\n<\/span><b>P\u00e1ginas<\/b><span style=\"font-weight: 400;\">: 572<\/span><\/p>\n<p><b>SINOPSIS<\/b><\/p>\n<p>La historia oficial del descubrimiento y de la conquista de Nueva Espa\u00f1a (M\u00e9xico), est\u00e1 en buena parte tergiversada. El lector\/a perspicaz,\u00a0 hallar\u00e1 en esta novela hist\u00f3rica <strong>EL CONDE DE TLAPANCALCO,<\/strong> respuesta a muchos interrogantes, ofreci\u00e9ndole el texto elementos de investigaci\u00f3n sobre la participaci\u00f3n no castellana en el descubrimiento y conquista.<\/p>\n<p>&nbsp;<\/p>\n<p>\u00bfEran tan cat\u00f3licos Fernando e Isabel?. \u00bfQui\u00e9n financi\u00f3 la expedici\u00f3n?. \u00bfLas tres carabelas salieron de Palos en Huelva,\u00a0 o por Pals en Girona?.\u00a0 \u00bfFue Colon genov\u00e9s?.\u00a0 En el segundo viaje de Colon, los 1200 expedicionarios no eran espa\u00f1oles, sino aragoneses, catalanes,\u00a0 valencianos, mallorquines y alg\u00fan castellano. Las Antillas bajo gesti\u00f3n catalana, quiso comerciar, establecerse, crear nueva industria. Tras el monopolio de Castilla, se impuso la religi\u00f3n, lengua, cruz, espada y el expolio. \u00bfEra Hern\u00e1n Cort\u00e9s extreme\u00f1o? En su escudo de armas consta la bandera de la Corona Catalano-aragonesa. \u00bfParticip\u00f3 Hern\u00e1n Cort\u00e9s, en el Mediterr\u00e1neo,\u00a0 en las guerras catalano-aragonesas de Carlos I, contra los otomanos?. La hija de Moctezuma en Toloriu, Catalunya. \u00bfLos hermanos Pinzones, Pedro de Margarite, Juan de Grado, Bartolom\u00e9 de las Casas, los frailes Bo\u00efl, Pan\u00e9 y otros muchos a quienes castellanizaron el nombre,\u00a0 eran castellanos, o de otras naciones independientes en la Pen\u00ednsula Ib\u00e9rica?.<\/p>\n<p>&nbsp;<\/p>\n<p>El protagonista Parra, (descubran sus ancestros)\u00a0 parti\u00f3 con Colom (Colon) en su segundo viaje, contactando con Cort\u00e9s,\u00a0 un Arag\u00f3n, quien prefer\u00eda Paz y Tregua, antes que guerra,\u00a0\u00a0 pactando con tribus ind\u00edgenas:\u00a0 \u201cTratado de Parra\u201d. Paralelismo entre las naciones tlaxcaltecas y la Confederaci\u00f3n Catalano-aragonesa.\u00a0 Se explica la creaci\u00f3n de Vera Cruz, de Tlaxcala, el \u00e9xodo de los Parra-tlaxcaltecas hacia Tierra adentro,\u00a0 por discrepar de la gesti\u00f3n castellana, hallando Buena Vista, San Luis,\u00a0 el Valle de los Pirineos, su asentamiento en Las Parras. Nuevo \u00e9xodo de tlaxcaltecas y colonos, creaci\u00f3n de la Venta, con graves hechos que all\u00ed sucedieron al protagonista Parra, a quien Cort\u00e9s propuso para Conde, y lo fue, Conde de Tlapancalco.<\/p>\n<p>&nbsp;<\/p>\n<p>La conquista pudo ser de otra manera. Se intent\u00f3. Ofrece la novela much\u00edsimos datos hist\u00f3ricos, condicionados por otros que sucedieron al tiempo,\u00a0 en la vieja Europa y es esa Pen\u00ednsula Ib\u00e9rica, compleja, con muchas naciones independientes, con un \u00fanico <em>Hispanorum rex<\/em>, que no <em>Hispania rex<\/em>. Constaten la diferencia.<\/p>\n<p>&nbsp;<\/p>\n","protected":false},"excerpt":{"rendered":"<p>&nbsp;<\/p>\n<div class=\"page\" title=\"Page 6\">\n<div class=\"layoutArea\">\n<div class=\"column\">\n<p><strong>ISBN: 978-84-1114-136-9<\/strong><\/p>\n<\/div>\n<\/div>\n<\/div>\n<p>\u00bfEran tan cat\u00f3licos Fernando e Isabel? \u00bfQui\u00e9n financi\u00f3 la expedici\u00f3n?\u00a0 \u00bfLas tres carabelas salieron de Palos en Huelva,\u00a0 o por Pals en Girona? \u00bfFue Colon genov\u00e9s?<\/p>\n<p>En el segundo viaje de Colon, los 1200 expedicionarios no eran espa\u00f1oles, sino aragoneses, catalanes,\u00a0 valencianos, mallorquines y alg\u00fan castellano. Las Antillas bajo gesti\u00f3n catalana, quiso comerciar, establecerse, crear nueva industria. Tras el monopolio de Castilla, se impuso la religi\u00f3n, lengua, cruz, espada y el expolio.<\/p>\n","protected":false},"featured_media":97178,"comment_status":"closed","ping_status":"closed","template":"","meta":{"_acf_changed":false},"libro":[],"product_brand":[],"product_cat":[16],"product_tag":[],"class_list":{"0":"post-97177","1":"product","2":"type-product","3":"status-publish","4":"has-post-thumbnail","6":"product_cat-novela","8":"first","9":"instock","10":"product-type-simple"},"acf":{"autor":[75788],"enlace_de_compra":"https:\/\/amzn.to\/3YIaOI8"},"yoast_head":"<!-- This site is optimized with the Yoast SEO plugin v26.6 - https:\/\/yoast.com\/wordpress\/plugins\/seo\/ -->\n<title>EL CONDE DE TLAPANCALCO. Los Parra, con Cort\u00e9s, en la conquista de Nueva Espa\u00f1a - Catalogo | Letrame Grupo Editorial<\/title>\n<meta name=\"robots\" content=\"index, follow, max-snippet:-1, max-image-preview:large, max-video-preview:-1\" \/>\n<link rel=\"canonical\" href=\"https:\/\/letrame.com\/catalogo\/producto\/el-conde-de-tlapancalco-los-parra-con-cortes-en-la-conquista-de-nueva-espana\/\" \/>\n<meta property=\"og:locale\" content=\"es_ES\" \/>\n<meta property=\"og:type\" content=\"article\" \/>\n<meta property=\"og:title\" content=\"EL CONDE DE TLAPANCALCO. Los Parra, con Cort\u00e9s, en la conquista de Nueva Espa\u00f1a - Catalogo | Letrame Grupo Editorial\" \/>\n<meta property=\"og:description\" content=\"&nbsp;     ISBN: 978-84-1114-136-9     \u00bfEran tan cat\u00f3licos Fernando e Isabel? \u00bfQui\u00e9n financi\u00f3 la expedici\u00f3n?\u00a0 \u00bfLas tres carabelas salieron de Palos en Huelva,\u00a0 o por Pals en Girona? \u00bfFue Colon genov\u00e9s?  En el segundo viaje de Colon, los 1200 expedicionarios no eran espa\u00f1oles, sino aragoneses, catalanes,\u00a0 valencianos, mallorquines y alg\u00fan castellano. Las Antillas bajo gesti\u00f3n catalana, quiso comerciar, establecerse, crear nueva industria. Tras el monopolio de Castilla, se impuso la religi\u00f3n, lengua, cruz, espada y el expolio.\" \/>\n<meta property=\"og:url\" content=\"https:\/\/letrame.com\/catalogo\/producto\/el-conde-de-tlapancalco-los-parra-con-cortes-en-la-conquista-de-nueva-espana\/\" \/>\n<meta property=\"og:site_name\" content=\"Catalogo | Letrame Grupo Editorial\" \/>\n<meta property=\"article:modified_time\" content=\"2024-08-16T11:45:35+00:00\" \/>\n<meta property=\"og:image\" content=\"https:\/\/letrame.com\/catalogo\/wp-content\/uploads\/2024\/04\/EL-CONDE-DE-TLAPANCALCO.png\" \/>\n\t<meta property=\"og:image:width\" content=\"389\" \/>\n\t<meta property=\"og:image:height\" content=\"548\" \/>\n\t<meta property=\"og:image:type\" content=\"image\/png\" \/>\n<meta name=\"twitter:card\" content=\"summary_large_image\" \/>\n<meta name=\"twitter:label1\" content=\"Tiempo de lectura\" \/>\n\t<meta name=\"twitter:data1\" content=\"2 minutos\" \/>\n<script type=\"application\/ld+json\" class=\"yoast-schema-graph\">{\"@context\":\"https:\/\/schema.org\",\"@graph\":[{\"@type\":\"WebPage\",\"@id\":\"https:\/\/letrame.com\/catalogo\/producto\/el-conde-de-tlapancalco-los-parra-con-cortes-en-la-conquista-de-nueva-espana\/\",\"url\":\"https:\/\/letrame.com\/catalogo\/producto\/el-conde-de-tlapancalco-los-parra-con-cortes-en-la-conquista-de-nueva-espana\/\",\"name\":\"EL CONDE DE TLAPANCALCO. Los Parra, con Cort\u00e9s, en la conquista de Nueva Espa\u00f1a - Catalogo | Letrame Grupo Editorial\",\"isPartOf\":{\"@id\":\"https:\/\/letrame.com\/catalogo\/#website\"},\"primaryImageOfPage\":{\"@id\":\"https:\/\/letrame.com\/catalogo\/producto\/el-conde-de-tlapancalco-los-parra-con-cortes-en-la-conquista-de-nueva-espana\/#primaryimage\"},\"image\":{\"@id\":\"https:\/\/letrame.com\/catalogo\/producto\/el-conde-de-tlapancalco-los-parra-con-cortes-en-la-conquista-de-nueva-espana\/#primaryimage\"},\"thumbnailUrl\":\"https:\/\/letrame.com\/catalogo\/wp-content\/uploads\/2024\/04\/EL-CONDE-DE-TLAPANCALCO.png\",\"datePublished\":\"2024-04-29T11:09:11+00:00\",\"dateModified\":\"2024-08-16T11:45:35+00:00\",\"breadcrumb\":{\"@id\":\"https:\/\/letrame.com\/catalogo\/producto\/el-conde-de-tlapancalco-los-parra-con-cortes-en-la-conquista-de-nueva-espana\/#breadcrumb\"},\"inLanguage\":\"es\",\"potentialAction\":[{\"@type\":\"ReadAction\",\"target\":[\"https:\/\/letrame.com\/catalogo\/producto\/el-conde-de-tlapancalco-los-parra-con-cortes-en-la-conquista-de-nueva-espana\/\"]}]},{\"@type\":\"ImageObject\",\"inLanguage\":\"es\",\"@id\":\"https:\/\/letrame.com\/catalogo\/producto\/el-conde-de-tlapancalco-los-parra-con-cortes-en-la-conquista-de-nueva-espana\/#primaryimage\",\"url\":\"https:\/\/letrame.com\/catalogo\/wp-content\/uploads\/2024\/04\/EL-CONDE-DE-TLAPANCALCO.png\",\"contentUrl\":\"https:\/\/letrame.com\/catalogo\/wp-content\/uploads\/2024\/04\/EL-CONDE-DE-TLAPANCALCO.png\",\"width\":389,\"height\":548},{\"@type\":\"BreadcrumbList\",\"@id\":\"https:\/\/letrame.com\/catalogo\/producto\/el-conde-de-tlapancalco-los-parra-con-cortes-en-la-conquista-de-nueva-espana\/#breadcrumb\",\"itemListElement\":[{\"@type\":\"ListItem\",\"position\":1,\"name\":\"Portada\",\"item\":\"https:\/\/letrame.com\/catalogo\/\"},{\"@type\":\"ListItem\",\"position\":2,\"name\":\"Cat\u00e1logo\",\"item\":\"https:\/\/letrame.com\/catalogo\/\"},{\"@type\":\"ListItem\",\"position\":3,\"name\":\"EL CONDE DE TLAPANCALCO. Los Parra, con Cort\u00e9s, en la conquista de Nueva Espa\u00f1a\"}]},{\"@type\":\"WebSite\",\"@id\":\"https:\/\/letrame.com\/catalogo\/#website\",\"url\":\"https:\/\/letrame.com\/catalogo\/\",\"name\":\"Catalogo | Letrame Grupo Editorial\",\"description\":\"\",\"publisher\":{\"@id\":\"https:\/\/letrame.com\/catalogo\/#organization\"},\"potentialAction\":[{\"@type\":\"SearchAction\",\"target\":{\"@type\":\"EntryPoint\",\"urlTemplate\":\"https:\/\/letrame.com\/catalogo\/?s={search_term_string}\"},\"query-input\":{\"@type\":\"PropertyValueSpecification\",\"valueRequired\":true,\"valueName\":\"search_term_string\"}}],\"inLanguage\":\"es\"},{\"@type\":\"Organization\",\"@id\":\"https:\/\/letrame.com\/catalogo\/#organization\",\"name\":\"Catalogo | Letrame Grupo Editorial\",\"url\":\"https:\/\/letrame.com\/catalogo\/\",\"logo\":{\"@type\":\"ImageObject\",\"inLanguage\":\"es\",\"@id\":\"https:\/\/letrame.com\/catalogo\/#\/schema\/logo\/image\/\",\"url\":\"https:\/\/letrame.com\/catalogo\/wp-content\/uploads\/2024\/03\/logo2.webp\",\"contentUrl\":\"https:\/\/letrame.com\/catalogo\/wp-content\/uploads\/2024\/03\/logo2.webp\",\"width\":394,\"height\":128,\"caption\":\"Catalogo | Letrame Grupo Editorial\"},\"image\":{\"@id\":\"https:\/\/letrame.com\/catalogo\/#\/schema\/logo\/image\/\"}}]}<\/script>\n<!-- \/ Yoast SEO plugin. -->","yoast_head_json":{"title":"EL CONDE DE TLAPANCALCO. Los Parra, con Cort\u00e9s, en la conquista de Nueva Espa\u00f1a - Catalogo | Letrame Grupo Editorial","robots":{"index":"index","follow":"follow","max-snippet":"max-snippet:-1","max-image-preview":"max-image-preview:large","max-video-preview":"max-video-preview:-1"},"canonical":"https:\/\/letrame.com\/catalogo\/producto\/el-conde-de-tlapancalco-los-parra-con-cortes-en-la-conquista-de-nueva-espana\/","og_locale":"es_ES","og_type":"article","og_title":"EL CONDE DE TLAPANCALCO. Los Parra, con Cort\u00e9s, en la conquista de Nueva Espa\u00f1a - Catalogo | Letrame Grupo Editorial","og_description":"&nbsp;     ISBN: 978-84-1114-136-9     \u00bfEran tan cat\u00f3licos Fernando e Isabel? \u00bfQui\u00e9n financi\u00f3 la expedici\u00f3n?\u00a0 \u00bfLas tres carabelas salieron de Palos en Huelva,\u00a0 o por Pals en Girona? \u00bfFue Colon genov\u00e9s?  En el segundo viaje de Colon, los 1200 expedicionarios no eran espa\u00f1oles, sino aragoneses, catalanes,\u00a0 valencianos, mallorquines y alg\u00fan castellano. Las Antillas bajo gesti\u00f3n catalana, quiso comerciar, establecerse, crear nueva industria. Tras el monopolio de Castilla, se impuso la religi\u00f3n, lengua, cruz, espada y el expolio.","og_url":"https:\/\/letrame.com\/catalogo\/producto\/el-conde-de-tlapancalco-los-parra-con-cortes-en-la-conquista-de-nueva-espana\/","og_site_name":"Catalogo | Letrame Grupo Editorial","article_modified_time":"2024-08-16T11:45:35+00:00","og_image":[{"width":389,"height":548,"url":"https:\/\/letrame.com\/catalogo\/wp-content\/uploads\/2024\/04\/EL-CONDE-DE-TLAPANCALCO.png","type":"image\/png"}],"twitter_card":"summary_large_image","twitter_misc":{"Tiempo de lectura":"2 minutos"},"schema":{"@context":"https:\/\/schema.org","@graph":[{"@type":"WebPage","@id":"https:\/\/letrame.com\/catalogo\/producto\/el-conde-de-tlapancalco-los-parra-con-cortes-en-la-conquista-de-nueva-espana\/","url":"https:\/\/letrame.com\/catalogo\/producto\/el-conde-de-tlapancalco-los-parra-con-cortes-en-la-conquista-de-nueva-espana\/","name":"EL CONDE DE TLAPANCALCO. Los Parra, con Cort\u00e9s, en la conquista de Nueva Espa\u00f1a - Catalogo | Letrame Grupo Editorial","isPartOf":{"@id":"https:\/\/letrame.com\/catalogo\/#website"},"primaryImageOfPage":{"@id":"https:\/\/letrame.com\/catalogo\/producto\/el-conde-de-tlapancalco-los-parra-con-cortes-en-la-conquista-de-nueva-espana\/#primaryimage"},"image":{"@id":"https:\/\/letrame.com\/catalogo\/producto\/el-conde-de-tlapancalco-los-parra-con-cortes-en-la-conquista-de-nueva-espana\/#primaryimage"},"thumbnailUrl":"https:\/\/letrame.com\/catalogo\/wp-content\/uploads\/2024\/04\/EL-CONDE-DE-TLAPANCALCO.png","datePublished":"2024-04-29T11:09:11+00:00","dateModified":"2024-08-16T11:45:35+00:00","breadcrumb":{"@id":"https:\/\/letrame.com\/catalogo\/producto\/el-conde-de-tlapancalco-los-parra-con-cortes-en-la-conquista-de-nueva-espana\/#breadcrumb"},"inLanguage":"es","potentialAction":[{"@type":"ReadAction","target":["https:\/\/letrame.com\/catalogo\/producto\/el-conde-de-tlapancalco-los-parra-con-cortes-en-la-conquista-de-nueva-espana\/"]}]},{"@type":"ImageObject","inLanguage":"es","@id":"https:\/\/letrame.com\/catalogo\/producto\/el-conde-de-tlapancalco-los-parra-con-cortes-en-la-conquista-de-nueva-espana\/#primaryimage","url":"https:\/\/letrame.com\/catalogo\/wp-content\/uploads\/2024\/04\/EL-CONDE-DE-TLAPANCALCO.png","contentUrl":"https:\/\/letrame.com\/catalogo\/wp-content\/uploads\/2024\/04\/EL-CONDE-DE-TLAPANCALCO.png","width":389,"height":548},{"@type":"BreadcrumbList","@id":"https:\/\/letrame.com\/catalogo\/producto\/el-conde-de-tlapancalco-los-parra-con-cortes-en-la-conquista-de-nueva-espana\/#breadcrumb","itemListElement":[{"@type":"ListItem","position":1,"name":"Portada","item":"https:\/\/letrame.com\/catalogo\/"},{"@type":"ListItem","position":2,"name":"Cat\u00e1logo","item":"https:\/\/letrame.com\/catalogo\/"},{"@type":"ListItem","position":3,"name":"EL CONDE DE TLAPANCALCO. Los Parra, con Cort\u00e9s, en la conquista de Nueva Espa\u00f1a"}]},{"@type":"WebSite","@id":"https:\/\/letrame.com\/catalogo\/#website","url":"https:\/\/letrame.com\/catalogo\/","name":"Catalogo | Letrame Grupo Editorial","description":"","publisher":{"@id":"https:\/\/letrame.com\/catalogo\/#organization"},"potentialAction":[{"@type":"SearchAction","target":{"@type":"EntryPoint","urlTemplate":"https:\/\/letrame.com\/catalogo\/?s={search_term_string}"},"query-input":{"@type":"PropertyValueSpecification","valueRequired":true,"valueName":"search_term_string"}}],"inLanguage":"es"},{"@type":"Organization","@id":"https:\/\/letrame.com\/catalogo\/#organization","name":"Catalogo | Letrame Grupo Editorial","url":"https:\/\/letrame.com\/catalogo\/","logo":{"@type":"ImageObject","inLanguage":"es","@id":"https:\/\/letrame.com\/catalogo\/#\/schema\/logo\/image\/","url":"https:\/\/letrame.com\/catalogo\/wp-content\/uploads\/2024\/03\/logo2.webp","contentUrl":"https:\/\/letrame.com\/catalogo\/wp-content\/uploads\/2024\/03\/logo2.webp","width":394,"height":128,"caption":"Catalogo | Letrame Grupo Editorial"},"image":{"@id":"https:\/\/letrame.com\/catalogo\/#\/schema\/logo\/image\/"}}]}},"_links":{"self":[{"href":"https:\/\/letrame.com\/catalogo\/wp-json\/wp\/v2\/product\/97177","targetHints":{"allow":["GET"]}}],"collection":[{"href":"https:\/\/letrame.com\/catalogo\/wp-json\/wp\/v2\/product"}],"about":[{"href":"https:\/\/letrame.com\/catalogo\/wp-json\/wp\/v2\/types\/product"}],"replies":[{"embeddable":true,"href":"https:\/\/letrame.com\/catalogo\/wp-json\/wp\/v2\/comments?post=97177"}],"acf:post":[{"embeddable":true,"href":"https:\/\/letrame.com\/catalogo\/wp-json\/wp\/v2\/author_book\/75788"}],"wp:featuredmedia":[{"embeddable":true,"href":"https:\/\/letrame.com\/catalogo\/wp-json\/wp\/v2\/media\/97178"}],"wp:attachment":[{"href":"https:\/\/letrame.com\/catalogo\/wp-json\/wp\/v2\/media?parent=97177"}],"wp:term":[{"taxonomy":"libro","embeddable":true,"href":"https:\/\/letrame.com\/catalogo\/wp-json\/wp\/v2\/libro?post=97177"},{"taxonomy":"product_brand","embeddable":true,"href":"https:\/\/letrame.com\/catalogo\/wp-json\/wp\/v2\/product_brand?post=97177"},{"taxonomy":"product_cat","embeddable":true,"href":"https:\/\/letrame.com\/catalogo\/wp-json\/wp\/v2\/product_cat?post=97177"},{"taxonomy":"product_tag","embeddable":true,"href":"https:\/\/letrame.com\/catalogo\/wp-json\/wp\/v2\/product_tag?post=97177"}],"curies":[{"name":"wp","href":"https:\/\/api.w.org\/{rel}","templated":true}]}}