{"id":97163,"date":"2024-04-29T13:08:06","date_gmt":"2024-04-29T11:08:06","guid":{"rendered":"https:\/\/letrame.com\/catalogo\/producto\/metaforas-del-oceano-mindfulness-para-ninos\/"},"modified":"2024-05-16T14:50:19","modified_gmt":"2024-05-16T12:50:19","slug":"metaforas-del-oceano-mindfulness-para-ninos","status":"publish","type":"product","link":"https:\/\/letrame.com\/catalogo\/producto\/metaforas-del-oceano-mindfulness-para-ninos\/","title":{"rendered":"Met\u00e1foras del oc\u00e9ano (Mindfulness para ni\u00f1os)"},"content":{"rendered":"<div class=\"page\" title=\"Page 6\">\n<div class=\"layoutArea\">\n<div class=\"column\">\n<p><strong>ISBN: 978-84-1114-001-0<\/strong><\/p>\n<\/div>\n<\/div>\n<\/div>\n<p><b>T\u00edtulo<\/b><span style=\"font-weight: 400;\">: Met\u00e1foras del oc\u00e9ano (Mindfulness para ni\u00f1os)<\/span><span style=\"font-weight: 400;\"><br \/>\n<\/span><b>Fecha<\/b><span style=\"font-weight: 400;\">: 2021<\/span><span style=\"font-weight: 400;\"><br \/>\n<\/span><b>P\u00e1ginas<\/b><span style=\"font-weight: 400;\">: 102<\/span><\/p>\n<p><b>SINOPSIS<\/b><\/p>\n<p>Bajo una s\u00f3lida base cient\u00edfica, <em>Met\u00e1foras del oc\u00e9ano para entender y regular las emociones <\/em>nos muestra qu\u00e9 tan similares a las especies marinas somos y c\u00f3mo de ellas podemos extraer las t\u00e9cnicas de meditaci\u00f3n m\u00e1s \u00f3ptimas.<\/p>\n<p>En un marco divertido y colorido para toda la familia, animales tan maravillosos como los caballitos de mar o los peces ofrecen las pautas para que ni\u00f1os y adultos podamos pensar, relajarnos, actuar, decidir e, incluso, dejar volar nuestra creatividad.<\/p>\n<p>Para llevar a cabo esta tarea solo necesitar\u00e1s tus herramientas preferidas para colorear y muchas ganas de aprender y disfrutar con nuestros amigos marinos.<\/p>\n","protected":false},"excerpt":{"rendered":"<div class=\"page\" title=\"Page 6\">\n<div class=\"layoutArea\">\n<div class=\"column\">\n<p><strong>ISBN: 978-84-1114-001-0<\/strong><\/p>\n<p>Bajo una s\u00f3lida base cient\u00edfica, <em>Met\u00e1foras del oc\u00e9ano para entender y regular las emociones <\/em>nos muestra qu\u00e9 tan similares a las especies marinas somos y c\u00f3mo de ellas podemos extraer las t\u00e9cnicas de meditaci\u00f3n m\u00e1s \u00f3ptimas.<\/p>\n<p>En un marco divertido y colorido para toda la familia, animales tan maravillosos como los caballitos de mar o los peces ofrecen las pautas para que ni\u00f1os y adultos podamos pensar, relajarnos, actuar, decidir e, incluso, dejar volar nuestra creatividad.<\/p>\n<p>Para llevar a cabo esta tarea solo necesitar\u00e1s tus herramientas preferidas para colorear y muchas ganas de aprender y disfrutar con nuestros amigos marinos.<\/p>\n<\/div>\n<\/div>\n<\/div>\n","protected":false},"featured_media":100288,"comment_status":"closed","ping_status":"closed","template":"","meta":{"_acf_changed":false},"libro":[],"product_brand":[],"product_cat":[18],"product_tag":[],"class_list":{"0":"post-97163","1":"product","2":"type-product","3":"status-publish","4":"has-post-thumbnail","6":"product_cat-autoayuda","8":"first","9":"instock","10":"purchasable","11":"product-type-simple"},"acf":{"autor":[75776],"enlace_de_compra":"https:\/\/www.amazon.es\/Met%C3%A1foras-oc%C3%A9ano-entender-regular-emociones\/dp\/8411140016\/ref=sr_1_1?__mk_es_ES=%C3%85M%C3%85%C5%BD%C3%95%C3%91&amp;dchild=1&amp;keywords=Letrame+S.L.+METAFORAS+DEL+OCEANO+PARA+ENTENDER+Y+REGULAR+LAS+EMOCIONES&amp;qid=1634739717&amp;sr=8-1"},"yoast_head":"<!-- This site is optimized with the Yoast SEO plugin v26.6 - https:\/\/yoast.com\/wordpress\/plugins\/seo\/ -->\n<title>Met\u00e1foras del oc\u00e9ano (Mindfulness para ni\u00f1os) - Catalogo | Letrame Grupo Editorial<\/title>\n<meta name=\"robots\" content=\"index, follow, max-snippet:-1, max-image-preview:large, max-video-preview:-1\" \/>\n<link rel=\"canonical\" href=\"https:\/\/letrame.com\/catalogo\/producto\/metaforas-del-oceano-mindfulness-para-ninos\/\" \/>\n<meta property=\"og:locale\" content=\"es_ES\" \/>\n<meta property=\"og:type\" content=\"article\" \/>\n<meta property=\"og:title\" content=\"Met\u00e1foras del oc\u00e9ano (Mindfulness para ni\u00f1os) - Catalogo | Letrame Grupo Editorial\" \/>\n<meta property=\"og:description\" content=\"ISBN: 978-84-1114-001-0  Bajo una s\u00f3lida base cient\u00edfica, Met\u00e1foras del oc\u00e9ano para entender y regular las emociones nos muestra qu\u00e9 tan similares a las especies marinas somos y c\u00f3mo de ellas podemos extraer las t\u00e9cnicas de meditaci\u00f3n m\u00e1s \u00f3ptimas.  En un marco divertido y colorido para toda la familia, animales tan maravillosos como los caballitos de mar o los peces ofrecen las pautas para que ni\u00f1os y adultos podamos pensar, relajarnos, actuar, decidir e, incluso, dejar volar nuestra creatividad.  Para llevar a cabo esta tarea solo necesitar\u00e1s tus herramientas preferidas para colorear y muchas ganas de aprender y disfrutar con nuestros amigos marinos.\" \/>\n<meta property=\"og:url\" content=\"https:\/\/letrame.com\/catalogo\/producto\/metaforas-del-oceano-mindfulness-para-ninos\/\" \/>\n<meta property=\"og:site_name\" content=\"Catalogo | Letrame Grupo Editorial\" \/>\n<meta property=\"article:modified_time\" content=\"2024-05-16T12:50:19+00:00\" \/>\n<meta property=\"og:image\" content=\"https:\/\/letrame.com\/catalogo\/wp-content\/uploads\/2024\/04\/MINDFULNESS-PARA-NINOS-scaled-1.webp\" \/>\n\t<meta property=\"og:image:width\" content=\"1746\" \/>\n\t<meta property=\"og:image:height\" content=\"2560\" \/>\n\t<meta property=\"og:image:type\" content=\"image\/webp\" \/>\n<meta name=\"twitter:card\" content=\"summary_large_image\" \/>\n<meta name=\"twitter:label1\" content=\"Tiempo de lectura\" \/>\n\t<meta name=\"twitter:data1\" content=\"1 minuto\" \/>\n<script type=\"application\/ld+json\" class=\"yoast-schema-graph\">{\"@context\":\"https:\/\/schema.org\",\"@graph\":[{\"@type\":\"WebPage\",\"@id\":\"https:\/\/letrame.com\/catalogo\/producto\/metaforas-del-oceano-mindfulness-para-ninos\/\",\"url\":\"https:\/\/letrame.com\/catalogo\/producto\/metaforas-del-oceano-mindfulness-para-ninos\/\",\"name\":\"Met\u00e1foras del oc\u00e9ano (Mindfulness para ni\u00f1os) - Catalogo | Letrame Grupo Editorial\",\"isPartOf\":{\"@id\":\"https:\/\/letrame.com\/catalogo\/#website\"},\"primaryImageOfPage\":{\"@id\":\"https:\/\/letrame.com\/catalogo\/producto\/metaforas-del-oceano-mindfulness-para-ninos\/#primaryimage\"},\"image\":{\"@id\":\"https:\/\/letrame.com\/catalogo\/producto\/metaforas-del-oceano-mindfulness-para-ninos\/#primaryimage\"},\"thumbnailUrl\":\"https:\/\/letrame.com\/catalogo\/wp-content\/uploads\/2024\/04\/MINDFULNESS-PARA-NINOS-scaled-1.webp\",\"datePublished\":\"2024-04-29T11:08:06+00:00\",\"dateModified\":\"2024-05-16T12:50:19+00:00\",\"breadcrumb\":{\"@id\":\"https:\/\/letrame.com\/catalogo\/producto\/metaforas-del-oceano-mindfulness-para-ninos\/#breadcrumb\"},\"inLanguage\":\"es\",\"potentialAction\":[{\"@type\":\"ReadAction\",\"target\":[\"https:\/\/letrame.com\/catalogo\/producto\/metaforas-del-oceano-mindfulness-para-ninos\/\"]}]},{\"@type\":\"ImageObject\",\"inLanguage\":\"es\",\"@id\":\"https:\/\/letrame.com\/catalogo\/producto\/metaforas-del-oceano-mindfulness-para-ninos\/#primaryimage\",\"url\":\"https:\/\/letrame.com\/catalogo\/wp-content\/uploads\/2024\/04\/MINDFULNESS-PARA-NINOS-scaled-1.webp\",\"contentUrl\":\"https:\/\/letrame.com\/catalogo\/wp-content\/uploads\/2024\/04\/MINDFULNESS-PARA-NINOS-scaled-1.webp\",\"width\":1746,\"height\":2560},{\"@type\":\"BreadcrumbList\",\"@id\":\"https:\/\/letrame.com\/catalogo\/producto\/metaforas-del-oceano-mindfulness-para-ninos\/#breadcrumb\",\"itemListElement\":[{\"@type\":\"ListItem\",\"position\":1,\"name\":\"Portada\",\"item\":\"https:\/\/letrame.com\/catalogo\/\"},{\"@type\":\"ListItem\",\"position\":2,\"name\":\"Cat\u00e1logo\",\"item\":\"https:\/\/letrame.com\/catalogo\/\"},{\"@type\":\"ListItem\",\"position\":3,\"name\":\"Met\u00e1foras del oc\u00e9ano (Mindfulness para ni\u00f1os)\"}]},{\"@type\":\"WebSite\",\"@id\":\"https:\/\/letrame.com\/catalogo\/#website\",\"url\":\"https:\/\/letrame.com\/catalogo\/\",\"name\":\"Catalogo | Letrame Grupo Editorial\",\"description\":\"\",\"publisher\":{\"@id\":\"https:\/\/letrame.com\/catalogo\/#organization\"},\"potentialAction\":[{\"@type\":\"SearchAction\",\"target\":{\"@type\":\"EntryPoint\",\"urlTemplate\":\"https:\/\/letrame.com\/catalogo\/?s={search_term_string}\"},\"query-input\":{\"@type\":\"PropertyValueSpecification\",\"valueRequired\":true,\"valueName\":\"search_term_string\"}}],\"inLanguage\":\"es\"},{\"@type\":\"Organization\",\"@id\":\"https:\/\/letrame.com\/catalogo\/#organization\",\"name\":\"Catalogo | Letrame Grupo Editorial\",\"url\":\"https:\/\/letrame.com\/catalogo\/\",\"logo\":{\"@type\":\"ImageObject\",\"inLanguage\":\"es\",\"@id\":\"https:\/\/letrame.com\/catalogo\/#\/schema\/logo\/image\/\",\"url\":\"https:\/\/letrame.com\/catalogo\/wp-content\/uploads\/2024\/03\/logo2.webp\",\"contentUrl\":\"https:\/\/letrame.com\/catalogo\/wp-content\/uploads\/2024\/03\/logo2.webp\",\"width\":394,\"height\":128,\"caption\":\"Catalogo | Letrame Grupo Editorial\"},\"image\":{\"@id\":\"https:\/\/letrame.com\/catalogo\/#\/schema\/logo\/image\/\"}}]}<\/script>\n<!-- \/ Yoast SEO plugin. -->","yoast_head_json":{"title":"Met\u00e1foras del oc\u00e9ano (Mindfulness para ni\u00f1os) - Catalogo | Letrame Grupo Editorial","robots":{"index":"index","follow":"follow","max-snippet":"max-snippet:-1","max-image-preview":"max-image-preview:large","max-video-preview":"max-video-preview:-1"},"canonical":"https:\/\/letrame.com\/catalogo\/producto\/metaforas-del-oceano-mindfulness-para-ninos\/","og_locale":"es_ES","og_type":"article","og_title":"Met\u00e1foras del oc\u00e9ano (Mindfulness para ni\u00f1os) - Catalogo | Letrame Grupo Editorial","og_description":"ISBN: 978-84-1114-001-0  Bajo una s\u00f3lida base cient\u00edfica, Met\u00e1foras del oc\u00e9ano para entender y regular las emociones nos muestra qu\u00e9 tan similares a las especies marinas somos y c\u00f3mo de ellas podemos extraer las t\u00e9cnicas de meditaci\u00f3n m\u00e1s \u00f3ptimas.  En un marco divertido y colorido para toda la familia, animales tan maravillosos como los caballitos de mar o los peces ofrecen las pautas para que ni\u00f1os y adultos podamos pensar, relajarnos, actuar, decidir e, incluso, dejar volar nuestra creatividad.  Para llevar a cabo esta tarea solo necesitar\u00e1s tus herramientas preferidas para colorear y muchas ganas de aprender y disfrutar con nuestros amigos marinos.","og_url":"https:\/\/letrame.com\/catalogo\/producto\/metaforas-del-oceano-mindfulness-para-ninos\/","og_site_name":"Catalogo | Letrame Grupo Editorial","article_modified_time":"2024-05-16T12:50:19+00:00","og_image":[{"width":1746,"height":2560,"url":"https:\/\/letrame.com\/catalogo\/wp-content\/uploads\/2024\/04\/MINDFULNESS-PARA-NINOS-scaled-1.webp","type":"image\/webp"}],"twitter_card":"summary_large_image","twitter_misc":{"Tiempo de lectura":"1 minuto"},"schema":{"@context":"https:\/\/schema.org","@graph":[{"@type":"WebPage","@id":"https:\/\/letrame.com\/catalogo\/producto\/metaforas-del-oceano-mindfulness-para-ninos\/","url":"https:\/\/letrame.com\/catalogo\/producto\/metaforas-del-oceano-mindfulness-para-ninos\/","name":"Met\u00e1foras del oc\u00e9ano (Mindfulness para ni\u00f1os) - Catalogo | Letrame Grupo Editorial","isPartOf":{"@id":"https:\/\/letrame.com\/catalogo\/#website"},"primaryImageOfPage":{"@id":"https:\/\/letrame.com\/catalogo\/producto\/metaforas-del-oceano-mindfulness-para-ninos\/#primaryimage"},"image":{"@id":"https:\/\/letrame.com\/catalogo\/producto\/metaforas-del-oceano-mindfulness-para-ninos\/#primaryimage"},"thumbnailUrl":"https:\/\/letrame.com\/catalogo\/wp-content\/uploads\/2024\/04\/MINDFULNESS-PARA-NINOS-scaled-1.webp","datePublished":"2024-04-29T11:08:06+00:00","dateModified":"2024-05-16T12:50:19+00:00","breadcrumb":{"@id":"https:\/\/letrame.com\/catalogo\/producto\/metaforas-del-oceano-mindfulness-para-ninos\/#breadcrumb"},"inLanguage":"es","potentialAction":[{"@type":"ReadAction","target":["https:\/\/letrame.com\/catalogo\/producto\/metaforas-del-oceano-mindfulness-para-ninos\/"]}]},{"@type":"ImageObject","inLanguage":"es","@id":"https:\/\/letrame.com\/catalogo\/producto\/metaforas-del-oceano-mindfulness-para-ninos\/#primaryimage","url":"https:\/\/letrame.com\/catalogo\/wp-content\/uploads\/2024\/04\/MINDFULNESS-PARA-NINOS-scaled-1.webp","contentUrl":"https:\/\/letrame.com\/catalogo\/wp-content\/uploads\/2024\/04\/MINDFULNESS-PARA-NINOS-scaled-1.webp","width":1746,"height":2560},{"@type":"BreadcrumbList","@id":"https:\/\/letrame.com\/catalogo\/producto\/metaforas-del-oceano-mindfulness-para-ninos\/#breadcrumb","itemListElement":[{"@type":"ListItem","position":1,"name":"Portada","item":"https:\/\/letrame.com\/catalogo\/"},{"@type":"ListItem","position":2,"name":"Cat\u00e1logo","item":"https:\/\/letrame.com\/catalogo\/"},{"@type":"ListItem","position":3,"name":"Met\u00e1foras del oc\u00e9ano (Mindfulness para ni\u00f1os)"}]},{"@type":"WebSite","@id":"https:\/\/letrame.com\/catalogo\/#website","url":"https:\/\/letrame.com\/catalogo\/","name":"Catalogo | Letrame Grupo Editorial","description":"","publisher":{"@id":"https:\/\/letrame.com\/catalogo\/#organization"},"potentialAction":[{"@type":"SearchAction","target":{"@type":"EntryPoint","urlTemplate":"https:\/\/letrame.com\/catalogo\/?s={search_term_string}"},"query-input":{"@type":"PropertyValueSpecification","valueRequired":true,"valueName":"search_term_string"}}],"inLanguage":"es"},{"@type":"Organization","@id":"https:\/\/letrame.com\/catalogo\/#organization","name":"Catalogo | Letrame Grupo Editorial","url":"https:\/\/letrame.com\/catalogo\/","logo":{"@type":"ImageObject","inLanguage":"es","@id":"https:\/\/letrame.com\/catalogo\/#\/schema\/logo\/image\/","url":"https:\/\/letrame.com\/catalogo\/wp-content\/uploads\/2024\/03\/logo2.webp","contentUrl":"https:\/\/letrame.com\/catalogo\/wp-content\/uploads\/2024\/03\/logo2.webp","width":394,"height":128,"caption":"Catalogo | Letrame Grupo Editorial"},"image":{"@id":"https:\/\/letrame.com\/catalogo\/#\/schema\/logo\/image\/"}}]}},"_links":{"self":[{"href":"https:\/\/letrame.com\/catalogo\/wp-json\/wp\/v2\/product\/97163","targetHints":{"allow":["GET"]}}],"collection":[{"href":"https:\/\/letrame.com\/catalogo\/wp-json\/wp\/v2\/product"}],"about":[{"href":"https:\/\/letrame.com\/catalogo\/wp-json\/wp\/v2\/types\/product"}],"replies":[{"embeddable":true,"href":"https:\/\/letrame.com\/catalogo\/wp-json\/wp\/v2\/comments?post=97163"}],"acf:post":[{"embeddable":true,"href":"https:\/\/letrame.com\/catalogo\/wp-json\/wp\/v2\/author_book\/75776"}],"wp:featuredmedia":[{"embeddable":true,"href":"https:\/\/letrame.com\/catalogo\/wp-json\/wp\/v2\/media\/100288"}],"wp:attachment":[{"href":"https:\/\/letrame.com\/catalogo\/wp-json\/wp\/v2\/media?parent=97163"}],"wp:term":[{"taxonomy":"libro","embeddable":true,"href":"https:\/\/letrame.com\/catalogo\/wp-json\/wp\/v2\/libro?post=97163"},{"taxonomy":"product_brand","embeddable":true,"href":"https:\/\/letrame.com\/catalogo\/wp-json\/wp\/v2\/product_brand?post=97163"},{"taxonomy":"product_cat","embeddable":true,"href":"https:\/\/letrame.com\/catalogo\/wp-json\/wp\/v2\/product_cat?post=97163"},{"taxonomy":"product_tag","embeddable":true,"href":"https:\/\/letrame.com\/catalogo\/wp-json\/wp\/v2\/product_tag?post=97163"}],"curies":[{"name":"wp","href":"https:\/\/api.w.org\/{rel}","templated":true}]}}