{"id":97159,"date":"2024-04-29T13:07:13","date_gmt":"2024-04-29T11:07:13","guid":{"rendered":"https:\/\/letrame.com\/catalogo\/producto\/luna-azul-corazon-de-hielo\/"},"modified":"2024-04-29T13:07:29","modified_gmt":"2024-04-29T11:07:29","slug":"luna-azul-corazon-de-hielo","status":"publish","type":"product","link":"https:\/\/letrame.com\/catalogo\/producto\/luna-azul-corazon-de-hielo\/","title":{"rendered":"Luna Azul: Coraz\u00f3n de Hielo"},"content":{"rendered":"<div class=\"page\" title=\"Page 6\">\n<div class=\"layoutArea\">\n<div class=\"column\">\n<p><strong>ISBN<\/strong>: 978-84-1114-090-4<\/p>\n<\/div>\n<\/div>\n<\/div>\n<p><b>T\u00edtulo<\/b><span style=\"font-weight: 400;\">: Luna Azul: Coraz\u00f3n de Hielo<\/span><span style=\"font-weight: 400;\"><br \/>\n<\/span><b>Fecha<\/b><span style=\"font-weight: 400;\">: 2021<\/span><span style=\"font-weight: 400;\"><br \/>\n<\/span><b>P\u00e1ginas<\/b><span style=\"font-weight: 400;\">:\u00a0<\/span><\/p>\n<p><b>SINOPSIS<\/b><\/p>\n<p>El capit\u00e1n Wolsfian y su tripulaci\u00f3n, buscan urgentemente el oro de Luna para evitar que sus enemigos rompan la maldici\u00f3n de la sirena, pero cuando el cofre por fin es hallado, inexplicablemente cobra vida dando una segura y escalofriante muerte a todo aquel que llegue a ver su contenido.<\/p>\n<p>Entre sangrientas batallas y peligros inminentes, se despertar\u00e1 en S\u00e1iran, lo que por mucho tiempo el rey y su pueblo hab\u00edan tratado de impedir, pero con la inesperada llegada de este pirata, se desatar\u00e1 el mal, y el terror empezar\u00e1 a apoderarse de toda la ciudad.<\/p>\n<p>El mar y la tierra se ti\u00f1en de sangre, ni los piratas m\u00e1s temerarios se escapar\u00e1n de este mal augurio que les rodea, todos se doblegan ante el dominio del caos y la destrucci\u00f3n; solo una joven ser\u00e1 capaz de enfrentar el peligro y de revelar el terrible secreto del rey.<\/p>\n<p>Todos est\u00e1n a la espera de un salvador, para exterminar la maldad por siempre, sin embargo, Wolsfian mejor conocido como el terror\u00edfico lobo de mar deber\u00e1 decidir si muere prisionero de su eterna maldici\u00f3n o en manos del misterioso oro de Luna.<\/p>\n<p>&nbsp;<\/p>\n","protected":false},"excerpt":{"rendered":"<div class=\"page\" title=\"Page 6\">\n<div class=\"layoutArea\">\n<div class=\"column\">\n<p><strong>ISBN: 978-84-1114-090-4<\/strong><\/p>\n<p>El capit\u00e1n Wolsfian y su tripulaci\u00f3n, buscan urgentemente el oro de Luna para evitar que sus enemigos rompan la maldici\u00f3n de la sirena, pero cuando el cofre por fin es hallado, inexplicablemente cobra vida dando una segura y escalofriante muerte a todo aquel que llegue a ver su contenido.<\/p>\n<p>Entre sangrientas batallas y peligros inminentes, se despertar\u00e1 en S\u00e1iran, lo que por mucho tiempo el rey y su pueblo hab\u00edan tratado de impedir, pero con la inesperada llegada de este pirata, se desatar\u00e1 el mal, y el terror empezar\u00e1 a apoderarse de toda la ciudad.<\/p>\n<p>El mar y la tierra se ti\u00f1en de sangre, ni los piratas m\u00e1s temerarios se escapar\u00e1n de este mal augurio que les rodea, todos se doblegan ante el dominio del caos y la destrucci\u00f3n; solo una joven ser\u00e1 capaz de enfrentar el peligro y de revelar el terrible secreto del rey.<\/p>\n<p>Todos est\u00e1n a la espera de un salvador, para exterminar la maldad por siempre, sin embargo, Wolsfian mejor conocido como el terror\u00edfico lobo de mar deber\u00e1 decidir si muere prisionero de su eterna maldici\u00f3n o en manos del misterioso oro de Luna.<\/p>\n<\/div>\n<\/div>\n<\/div>\n","protected":false},"featured_media":97160,"comment_status":"closed","ping_status":"open","template":"","meta":{"_acf_changed":false},"libro":[],"product_brand":[],"product_cat":[16],"product_tag":[],"class_list":{"0":"post-97159","1":"product","2":"type-product","3":"status-publish","4":"has-post-thumbnail","6":"product_cat-novela","8":"first","9":"instock","10":"purchasable","11":"product-type-simple"},"acf":{"autor":[75774],"enlace_de_compra":"https:\/\/www.amazon.es\/dp\/B09HKLN2S3\/ref=sr_1_fkmr0_1?__mk_es_ES=%C3%85M%C3%85%C5%BD%C3%95%C3%91&amp;dchild=1&amp;keywords=Letrame+S.L.+luna+azul&amp;qid=1633072018&amp;sr=8-1-fkmr0"},"yoast_head":"<!-- This site is optimized with the Yoast SEO plugin v27.4 - https:\/\/yoast.com\/product\/yoast-seo-wordpress\/ -->\n<title>Luna Azul: Coraz\u00f3n de Hielo - Catalogo | Letrame Grupo Editorial<\/title>\n<meta name=\"robots\" content=\"index, follow, max-snippet:-1, max-image-preview:large, max-video-preview:-1\" \/>\n<link rel=\"canonical\" href=\"https:\/\/letrame.com\/catalogo\/producto\/luna-azul-corazon-de-hielo\/\" \/>\n<meta property=\"og:locale\" content=\"es_ES\" \/>\n<meta property=\"og:type\" content=\"article\" \/>\n<meta property=\"og:title\" content=\"Luna Azul: Coraz\u00f3n de Hielo - Catalogo | Letrame Grupo Editorial\" \/>\n<meta property=\"og:description\" content=\"ISBN: 978-84-1114-090-4 El capit\u00e1n Wolsfian y su tripulaci\u00f3n, buscan urgentemente el oro de Luna para evitar que sus enemigos rompan la maldici\u00f3n de la sirena, pero cuando el cofre por fin es hallado, inexplicablemente cobra vida dando una segura y escalofriante muerte a todo aquel que llegue a ver su contenido. Entre sangrientas batallas y peligros inminentes, se despertar\u00e1 en S\u00e1iran, lo que por mucho tiempo el rey y su pueblo hab\u00edan tratado de impedir, pero con la inesperada llegada de este pirata, se desatar\u00e1 el mal, y el terror empezar\u00e1 a apoderarse de toda la ciudad. El mar y la tierra se ti\u00f1en de sangre, ni los piratas m\u00e1s temerarios se escapar\u00e1n de este mal augurio que les rodea, todos se doblegan ante el dominio del caos y la destrucci\u00f3n; solo una joven ser\u00e1 capaz de enfrentar el peligro y de revelar el terrible secreto del rey. Todos est\u00e1n a la espera de un salvador, para exterminar la maldad por siempre, sin embargo, Wolsfian mejor conocido como el terror\u00edfico lobo de mar deber\u00e1 decidir si muere prisionero de su eterna maldici\u00f3n o en manos del misterioso oro de Luna.\" \/>\n<meta property=\"og:url\" content=\"https:\/\/letrame.com\/catalogo\/producto\/luna-azul-corazon-de-hielo\/\" \/>\n<meta property=\"og:site_name\" content=\"Catalogo | Letrame Grupo Editorial\" \/>\n<meta property=\"article:modified_time\" content=\"2024-04-29T11:07:29+00:00\" \/>\n<meta property=\"og:image\" content=\"https:\/\/letrame.com\/catalogo\/wp-content\/uploads\/2024\/04\/Luna-Azul-scaled-1.jpeg\" \/>\n\t<meta property=\"og:image:width\" content=\"1746\" \/>\n\t<meta property=\"og:image:height\" content=\"2560\" \/>\n\t<meta property=\"og:image:type\" content=\"image\/jpeg\" \/>\n<meta name=\"twitter:card\" content=\"summary_large_image\" \/>\n<meta name=\"twitter:label1\" content=\"Tiempo de lectura\" \/>\n\t<meta name=\"twitter:data1\" content=\"1 minuto\" \/>\n<script type=\"application\/ld+json\" class=\"yoast-schema-graph\">{\"@context\":\"https:\\\/\\\/schema.org\",\"@graph\":[{\"@type\":\"WebPage\",\"@id\":\"https:\\\/\\\/letrame.com\\\/catalogo\\\/producto\\\/luna-azul-corazon-de-hielo\\\/\",\"url\":\"https:\\\/\\\/letrame.com\\\/catalogo\\\/producto\\\/luna-azul-corazon-de-hielo\\\/\",\"name\":\"Luna Azul: Coraz\u00f3n de Hielo - Catalogo | Letrame Grupo Editorial\",\"isPartOf\":{\"@id\":\"https:\\\/\\\/letrame.com\\\/catalogo\\\/#website\"},\"primaryImageOfPage\":{\"@id\":\"https:\\\/\\\/letrame.com\\\/catalogo\\\/producto\\\/luna-azul-corazon-de-hielo\\\/#primaryimage\"},\"image\":{\"@id\":\"https:\\\/\\\/letrame.com\\\/catalogo\\\/producto\\\/luna-azul-corazon-de-hielo\\\/#primaryimage\"},\"thumbnailUrl\":\"https:\\\/\\\/letrame.com\\\/catalogo\\\/wp-content\\\/uploads\\\/2024\\\/04\\\/Luna-Azul-scaled-1.jpeg\",\"datePublished\":\"2024-04-29T11:07:13+00:00\",\"dateModified\":\"2024-04-29T11:07:29+00:00\",\"breadcrumb\":{\"@id\":\"https:\\\/\\\/letrame.com\\\/catalogo\\\/producto\\\/luna-azul-corazon-de-hielo\\\/#breadcrumb\"},\"inLanguage\":\"es\",\"potentialAction\":[{\"@type\":\"ReadAction\",\"target\":[\"https:\\\/\\\/letrame.com\\\/catalogo\\\/producto\\\/luna-azul-corazon-de-hielo\\\/\"]}]},{\"@type\":\"ImageObject\",\"inLanguage\":\"es\",\"@id\":\"https:\\\/\\\/letrame.com\\\/catalogo\\\/producto\\\/luna-azul-corazon-de-hielo\\\/#primaryimage\",\"url\":\"https:\\\/\\\/letrame.com\\\/catalogo\\\/wp-content\\\/uploads\\\/2024\\\/04\\\/Luna-Azul-scaled-1.jpeg\",\"contentUrl\":\"https:\\\/\\\/letrame.com\\\/catalogo\\\/wp-content\\\/uploads\\\/2024\\\/04\\\/Luna-Azul-scaled-1.jpeg\",\"width\":1746,\"height\":2560},{\"@type\":\"BreadcrumbList\",\"@id\":\"https:\\\/\\\/letrame.com\\\/catalogo\\\/producto\\\/luna-azul-corazon-de-hielo\\\/#breadcrumb\",\"itemListElement\":[{\"@type\":\"ListItem\",\"position\":1,\"name\":\"Portada\",\"item\":\"https:\\\/\\\/letrame.com\\\/catalogo\\\/\"},{\"@type\":\"ListItem\",\"position\":2,\"name\":\"Cat\u00e1logo\",\"item\":\"https:\\\/\\\/letrame.com\\\/catalogo\\\/\"},{\"@type\":\"ListItem\",\"position\":3,\"name\":\"Luna Azul: Coraz\u00f3n de Hielo\"}]},{\"@type\":\"WebSite\",\"@id\":\"https:\\\/\\\/letrame.com\\\/catalogo\\\/#website\",\"url\":\"https:\\\/\\\/letrame.com\\\/catalogo\\\/\",\"name\":\"Catalogo | Letrame Grupo Editorial\",\"description\":\"\",\"publisher\":{\"@id\":\"https:\\\/\\\/letrame.com\\\/catalogo\\\/#organization\"},\"potentialAction\":[{\"@type\":\"SearchAction\",\"target\":{\"@type\":\"EntryPoint\",\"urlTemplate\":\"https:\\\/\\\/letrame.com\\\/catalogo\\\/?s={search_term_string}\"},\"query-input\":{\"@type\":\"PropertyValueSpecification\",\"valueRequired\":true,\"valueName\":\"search_term_string\"}}],\"inLanguage\":\"es\"},{\"@type\":\"Organization\",\"@id\":\"https:\\\/\\\/letrame.com\\\/catalogo\\\/#organization\",\"name\":\"Catalogo | Letrame Grupo Editorial\",\"url\":\"https:\\\/\\\/letrame.com\\\/catalogo\\\/\",\"logo\":{\"@type\":\"ImageObject\",\"inLanguage\":\"es\",\"@id\":\"https:\\\/\\\/letrame.com\\\/catalogo\\\/#\\\/schema\\\/logo\\\/image\\\/\",\"url\":\"https:\\\/\\\/letrame.com\\\/catalogo\\\/wp-content\\\/uploads\\\/2024\\\/03\\\/logo2.webp\",\"contentUrl\":\"https:\\\/\\\/letrame.com\\\/catalogo\\\/wp-content\\\/uploads\\\/2024\\\/03\\\/logo2.webp\",\"width\":394,\"height\":128,\"caption\":\"Catalogo | Letrame Grupo Editorial\"},\"image\":{\"@id\":\"https:\\\/\\\/letrame.com\\\/catalogo\\\/#\\\/schema\\\/logo\\\/image\\\/\"}}]}<\/script>\n<!-- \/ Yoast SEO plugin. -->","yoast_head_json":{"title":"Luna Azul: Coraz\u00f3n de Hielo - Catalogo | Letrame Grupo Editorial","robots":{"index":"index","follow":"follow","max-snippet":"max-snippet:-1","max-image-preview":"max-image-preview:large","max-video-preview":"max-video-preview:-1"},"canonical":"https:\/\/letrame.com\/catalogo\/producto\/luna-azul-corazon-de-hielo\/","og_locale":"es_ES","og_type":"article","og_title":"Luna Azul: Coraz\u00f3n de Hielo - Catalogo | Letrame Grupo Editorial","og_description":"ISBN: 978-84-1114-090-4 El capit\u00e1n Wolsfian y su tripulaci\u00f3n, buscan urgentemente el oro de Luna para evitar que sus enemigos rompan la maldici\u00f3n de la sirena, pero cuando el cofre por fin es hallado, inexplicablemente cobra vida dando una segura y escalofriante muerte a todo aquel que llegue a ver su contenido. Entre sangrientas batallas y peligros inminentes, se despertar\u00e1 en S\u00e1iran, lo que por mucho tiempo el rey y su pueblo hab\u00edan tratado de impedir, pero con la inesperada llegada de este pirata, se desatar\u00e1 el mal, y el terror empezar\u00e1 a apoderarse de toda la ciudad. El mar y la tierra se ti\u00f1en de sangre, ni los piratas m\u00e1s temerarios se escapar\u00e1n de este mal augurio que les rodea, todos se doblegan ante el dominio del caos y la destrucci\u00f3n; solo una joven ser\u00e1 capaz de enfrentar el peligro y de revelar el terrible secreto del rey. Todos est\u00e1n a la espera de un salvador, para exterminar la maldad por siempre, sin embargo, Wolsfian mejor conocido como el terror\u00edfico lobo de mar deber\u00e1 decidir si muere prisionero de su eterna maldici\u00f3n o en manos del misterioso oro de Luna.","og_url":"https:\/\/letrame.com\/catalogo\/producto\/luna-azul-corazon-de-hielo\/","og_site_name":"Catalogo | Letrame Grupo Editorial","article_modified_time":"2024-04-29T11:07:29+00:00","og_image":[{"width":1746,"height":2560,"url":"https:\/\/letrame.com\/catalogo\/wp-content\/uploads\/2024\/04\/Luna-Azul-scaled-1.jpeg","type":"image\/jpeg"}],"twitter_card":"summary_large_image","twitter_misc":{"Tiempo de lectura":"1 minuto"},"schema":{"@context":"https:\/\/schema.org","@graph":[{"@type":"WebPage","@id":"https:\/\/letrame.com\/catalogo\/producto\/luna-azul-corazon-de-hielo\/","url":"https:\/\/letrame.com\/catalogo\/producto\/luna-azul-corazon-de-hielo\/","name":"Luna Azul: Coraz\u00f3n de Hielo - Catalogo | Letrame Grupo Editorial","isPartOf":{"@id":"https:\/\/letrame.com\/catalogo\/#website"},"primaryImageOfPage":{"@id":"https:\/\/letrame.com\/catalogo\/producto\/luna-azul-corazon-de-hielo\/#primaryimage"},"image":{"@id":"https:\/\/letrame.com\/catalogo\/producto\/luna-azul-corazon-de-hielo\/#primaryimage"},"thumbnailUrl":"https:\/\/letrame.com\/catalogo\/wp-content\/uploads\/2024\/04\/Luna-Azul-scaled-1.jpeg","datePublished":"2024-04-29T11:07:13+00:00","dateModified":"2024-04-29T11:07:29+00:00","breadcrumb":{"@id":"https:\/\/letrame.com\/catalogo\/producto\/luna-azul-corazon-de-hielo\/#breadcrumb"},"inLanguage":"es","potentialAction":[{"@type":"ReadAction","target":["https:\/\/letrame.com\/catalogo\/producto\/luna-azul-corazon-de-hielo\/"]}]},{"@type":"ImageObject","inLanguage":"es","@id":"https:\/\/letrame.com\/catalogo\/producto\/luna-azul-corazon-de-hielo\/#primaryimage","url":"https:\/\/letrame.com\/catalogo\/wp-content\/uploads\/2024\/04\/Luna-Azul-scaled-1.jpeg","contentUrl":"https:\/\/letrame.com\/catalogo\/wp-content\/uploads\/2024\/04\/Luna-Azul-scaled-1.jpeg","width":1746,"height":2560},{"@type":"BreadcrumbList","@id":"https:\/\/letrame.com\/catalogo\/producto\/luna-azul-corazon-de-hielo\/#breadcrumb","itemListElement":[{"@type":"ListItem","position":1,"name":"Portada","item":"https:\/\/letrame.com\/catalogo\/"},{"@type":"ListItem","position":2,"name":"Cat\u00e1logo","item":"https:\/\/letrame.com\/catalogo\/"},{"@type":"ListItem","position":3,"name":"Luna Azul: Coraz\u00f3n de Hielo"}]},{"@type":"WebSite","@id":"https:\/\/letrame.com\/catalogo\/#website","url":"https:\/\/letrame.com\/catalogo\/","name":"Catalogo | Letrame Grupo Editorial","description":"","publisher":{"@id":"https:\/\/letrame.com\/catalogo\/#organization"},"potentialAction":[{"@type":"SearchAction","target":{"@type":"EntryPoint","urlTemplate":"https:\/\/letrame.com\/catalogo\/?s={search_term_string}"},"query-input":{"@type":"PropertyValueSpecification","valueRequired":true,"valueName":"search_term_string"}}],"inLanguage":"es"},{"@type":"Organization","@id":"https:\/\/letrame.com\/catalogo\/#organization","name":"Catalogo | Letrame Grupo Editorial","url":"https:\/\/letrame.com\/catalogo\/","logo":{"@type":"ImageObject","inLanguage":"es","@id":"https:\/\/letrame.com\/catalogo\/#\/schema\/logo\/image\/","url":"https:\/\/letrame.com\/catalogo\/wp-content\/uploads\/2024\/03\/logo2.webp","contentUrl":"https:\/\/letrame.com\/catalogo\/wp-content\/uploads\/2024\/03\/logo2.webp","width":394,"height":128,"caption":"Catalogo | Letrame Grupo Editorial"},"image":{"@id":"https:\/\/letrame.com\/catalogo\/#\/schema\/logo\/image\/"}}]}},"_links":{"self":[{"href":"https:\/\/letrame.com\/catalogo\/wp-json\/wp\/v2\/product\/97159","targetHints":{"allow":["GET"]}}],"collection":[{"href":"https:\/\/letrame.com\/catalogo\/wp-json\/wp\/v2\/product"}],"about":[{"href":"https:\/\/letrame.com\/catalogo\/wp-json\/wp\/v2\/types\/product"}],"replies":[{"embeddable":true,"href":"https:\/\/letrame.com\/catalogo\/wp-json\/wp\/v2\/comments?post=97159"}],"acf:post":[{"embeddable":true,"href":"https:\/\/letrame.com\/catalogo\/wp-json\/wp\/v2\/author_book\/75774"}],"wp:featuredmedia":[{"embeddable":true,"href":"https:\/\/letrame.com\/catalogo\/wp-json\/wp\/v2\/media\/97160"}],"wp:attachment":[{"href":"https:\/\/letrame.com\/catalogo\/wp-json\/wp\/v2\/media?parent=97159"}],"wp:term":[{"taxonomy":"libro","embeddable":true,"href":"https:\/\/letrame.com\/catalogo\/wp-json\/wp\/v2\/libro?post=97159"},{"taxonomy":"product_brand","embeddable":true,"href":"https:\/\/letrame.com\/catalogo\/wp-json\/wp\/v2\/product_brand?post=97159"},{"taxonomy":"product_cat","embeddable":true,"href":"https:\/\/letrame.com\/catalogo\/wp-json\/wp\/v2\/product_cat?post=97159"},{"taxonomy":"product_tag","embeddable":true,"href":"https:\/\/letrame.com\/catalogo\/wp-json\/wp\/v2\/product_tag?post=97159"}],"curies":[{"name":"wp","href":"https:\/\/api.w.org\/{rel}","templated":true}]}}