{"id":97094,"date":"2024-04-29T12:54:38","date_gmt":"2024-04-29T10:54:38","guid":{"rendered":"https:\/\/letrame.com\/catalogo\/producto\/caminos-divergentes\/"},"modified":"2024-08-12T09:53:11","modified_gmt":"2024-08-12T07:53:11","slug":"caminos-divergentes","status":"publish","type":"product","link":"https:\/\/letrame.com\/catalogo\/producto\/caminos-divergentes\/","title":{"rendered":"Caminos divergentes"},"content":{"rendered":"<div class=\"page\" title=\"Page 6\">\n<div class=\"layoutArea\">\n<div class=\"column\">\n<p><strong>ISBN<\/strong>: 978-84-1386-971-1<\/p>\n<\/div>\n<\/div>\n<\/div>\n<p><b>T\u00edtulo<\/b><span style=\"font-weight: 400;\">: Caminos divergentes<\/span><span style=\"font-weight: 400;\"><br \/>\n<\/span><b>Fecha<\/b><span style=\"font-weight: 400;\">: 2021<\/span><span style=\"font-weight: 400;\"><br \/>\n<\/span><b>P\u00e1ginas<\/b><span style=\"font-weight: 400;\">: 546<\/span><\/p>\n<p><b>SINOPSIS<\/b><\/p>\n<p>En 1775, en la mas\u00eda de la familia Vilar\u00f3 en Arenys del Mar, nacen los gemelos Quim y Bernat. Como \u00fanicos herederos del matrimonio Vilar\u00f3, parecen destinados a continuar la labor agr\u00edcola en la propiedad familiar; no obstante, a medida que los gemelos crecen muestran otras inquietudes que les har\u00e1n distanciarse del futuro que sus padres hab\u00edan imaginado para ellos.<\/p>\n<p>Tras combatir contra la Francia revolucionaria en la Guerra del Rosell\u00f3n, se separan sus caminos: Bernat, el m\u00e1s intr\u00e9pido, decide dedicarse a la navegaci\u00f3n; mientras que su hermano Quim, atra\u00eddo por las ideas de los ilustrados franceses, tendr\u00e1 la oportunidad de visitar el pa\u00eds vecino. Siguiendo las aventuras de los dos hermanos, los lectores de <em>Los gemelos de Can Vilar\u00f3<\/em> har\u00e1n un recorrido de los acontecimientos que marcaron la historia de Espa\u00f1a y de Catalu\u00f1a en el \u00faltimo tercio del siglo XVIII.<\/p>\n<p>&nbsp;<\/p>\n<p>&nbsp;<\/p>\n","protected":false},"excerpt":{"rendered":"<div class=\"page\" title=\"Page 6\">\n<div class=\"layoutArea\">\n<div class=\"column\">\n<p><strong>ISBN: 978-84-1386-971-1<\/strong><\/p>\n<p>En 1775, en la mas\u00eda de la familia Vilar\u00f3 en Arenys del Mar, nacen los gemelos Quim y Bernat. Como \u00fanicos herederos del matrimonio Vilar\u00f3, parecen destinados a continuar la labor agr\u00edcola en la propiedad familiar; no obstante, a medida que los gemelos crecen muestran otras inquietudes que les har\u00e1n distanciarse del futuro que sus padres hab\u00edan imaginado para ellos.<\/p>\n<p>Tras combatir contra la Francia revolucionaria en la Guerra del Rosell\u00f3n, se separan sus caminos: Bernat, el m\u00e1s intr\u00e9pido, decide dedicarse a la navegaci\u00f3n; mientras que su hermano Quim, atra\u00eddo por las ideas de los ilustrados franceses, tendr\u00e1 la oportunidad de visitar el pa\u00eds vecino. Siguiendo las aventuras de los dos hermanos, los lectores de <em>Los gemelos de Can Vilar\u00f3<\/em> har\u00e1n un recorrido de los acontecimientos que marcaron la historia de Espa\u00f1a y de Catalu\u00f1a en el \u00faltimo tercio del siglo XVIII.<\/p>\n<p>&nbsp;<\/p>\n<p>&nbsp;<\/p>\n<\/div>\n<\/div>\n<\/div>\n","protected":false},"featured_media":97095,"comment_status":"closed","ping_status":"closed","template":"","meta":{"_acf_changed":false},"libro":[],"product_brand":[],"product_cat":[16],"product_tag":[],"class_list":{"0":"post-97094","1":"product","2":"type-product","3":"status-publish","4":"has-post-thumbnail","6":"product_cat-novela","8":"first","9":"instock","10":"purchasable","11":"product-type-simple"},"acf":{"autor":[76697],"enlace_de_compra":"https:\/\/amzn.to\/4dAfWCe"},"yoast_head":"<!-- This site is optimized with the Yoast SEO plugin v26.6 - https:\/\/yoast.com\/wordpress\/plugins\/seo\/ -->\n<title>Caminos divergentes - Catalogo | Letrame Grupo Editorial<\/title>\n<meta name=\"robots\" content=\"index, follow, max-snippet:-1, max-image-preview:large, max-video-preview:-1\" \/>\n<link rel=\"canonical\" href=\"https:\/\/letrame.com\/catalogo\/producto\/caminos-divergentes\/\" \/>\n<meta property=\"og:locale\" content=\"es_ES\" \/>\n<meta property=\"og:type\" content=\"article\" \/>\n<meta property=\"og:title\" content=\"Caminos divergentes - Catalogo | Letrame Grupo Editorial\" \/>\n<meta property=\"og:description\" content=\"ISBN: 978-84-1386-971-1  En 1775, en la mas\u00eda de la familia Vilar\u00f3 en Arenys del Mar, nacen los gemelos Quim y Bernat. Como \u00fanicos herederos del matrimonio Vilar\u00f3, parecen destinados a continuar la labor agr\u00edcola en la propiedad familiar; no obstante, a medida que los gemelos crecen muestran otras inquietudes que les har\u00e1n distanciarse del futuro que sus padres hab\u00edan imaginado para ellos.  Tras combatir contra la Francia revolucionaria en la Guerra del Rosell\u00f3n, se separan sus caminos: Bernat, el m\u00e1s intr\u00e9pido, decide dedicarse a la navegaci\u00f3n; mientras que su hermano Quim, atra\u00eddo por las ideas de los ilustrados franceses, tendr\u00e1 la oportunidad de visitar el pa\u00eds vecino. Siguiendo las aventuras de los dos hermanos, los lectores de Los gemelos de Can Vilar\u00f3 har\u00e1n un recorrido de los acontecimientos que marcaron la historia de Espa\u00f1a y de Catalu\u00f1a en el \u00faltimo tercio del siglo XVIII.  &nbsp;  &nbsp;\" \/>\n<meta property=\"og:url\" content=\"https:\/\/letrame.com\/catalogo\/producto\/caminos-divergentes\/\" \/>\n<meta property=\"og:site_name\" content=\"Catalogo | Letrame Grupo Editorial\" \/>\n<meta property=\"article:modified_time\" content=\"2024-08-12T07:53:11+00:00\" \/>\n<meta property=\"og:image\" content=\"https:\/\/letrame.com\/catalogo\/wp-content\/uploads\/2024\/04\/Caminos-Divergentes.jpeg\" \/>\n\t<meta property=\"og:image:width\" content=\"472\" \/>\n\t<meta property=\"og:image:height\" content=\"713\" \/>\n\t<meta property=\"og:image:type\" content=\"image\/jpeg\" \/>\n<meta name=\"twitter:card\" content=\"summary_large_image\" \/>\n<meta name=\"twitter:label1\" content=\"Tiempo de lectura\" \/>\n\t<meta name=\"twitter:data1\" content=\"1 minuto\" \/>\n<script type=\"application\/ld+json\" class=\"yoast-schema-graph\">{\"@context\":\"https:\/\/schema.org\",\"@graph\":[{\"@type\":\"WebPage\",\"@id\":\"https:\/\/letrame.com\/catalogo\/producto\/caminos-divergentes\/\",\"url\":\"https:\/\/letrame.com\/catalogo\/producto\/caminos-divergentes\/\",\"name\":\"Caminos divergentes - Catalogo | Letrame Grupo Editorial\",\"isPartOf\":{\"@id\":\"https:\/\/letrame.com\/catalogo\/#website\"},\"primaryImageOfPage\":{\"@id\":\"https:\/\/letrame.com\/catalogo\/producto\/caminos-divergentes\/#primaryimage\"},\"image\":{\"@id\":\"https:\/\/letrame.com\/catalogo\/producto\/caminos-divergentes\/#primaryimage\"},\"thumbnailUrl\":\"https:\/\/letrame.com\/catalogo\/wp-content\/uploads\/2024\/04\/Caminos-Divergentes.jpeg\",\"datePublished\":\"2024-04-29T10:54:38+00:00\",\"dateModified\":\"2024-08-12T07:53:11+00:00\",\"breadcrumb\":{\"@id\":\"https:\/\/letrame.com\/catalogo\/producto\/caminos-divergentes\/#breadcrumb\"},\"inLanguage\":\"es\",\"potentialAction\":[{\"@type\":\"ReadAction\",\"target\":[\"https:\/\/letrame.com\/catalogo\/producto\/caminos-divergentes\/\"]}]},{\"@type\":\"ImageObject\",\"inLanguage\":\"es\",\"@id\":\"https:\/\/letrame.com\/catalogo\/producto\/caminos-divergentes\/#primaryimage\",\"url\":\"https:\/\/letrame.com\/catalogo\/wp-content\/uploads\/2024\/04\/Caminos-Divergentes.jpeg\",\"contentUrl\":\"https:\/\/letrame.com\/catalogo\/wp-content\/uploads\/2024\/04\/Caminos-Divergentes.jpeg\",\"width\":472,\"height\":713},{\"@type\":\"BreadcrumbList\",\"@id\":\"https:\/\/letrame.com\/catalogo\/producto\/caminos-divergentes\/#breadcrumb\",\"itemListElement\":[{\"@type\":\"ListItem\",\"position\":1,\"name\":\"Portada\",\"item\":\"https:\/\/letrame.com\/catalogo\/\"},{\"@type\":\"ListItem\",\"position\":2,\"name\":\"Cat\u00e1logo\",\"item\":\"https:\/\/letrame.com\/catalogo\/\"},{\"@type\":\"ListItem\",\"position\":3,\"name\":\"Caminos divergentes\"}]},{\"@type\":\"WebSite\",\"@id\":\"https:\/\/letrame.com\/catalogo\/#website\",\"url\":\"https:\/\/letrame.com\/catalogo\/\",\"name\":\"Catalogo | Letrame Grupo Editorial\",\"description\":\"\",\"publisher\":{\"@id\":\"https:\/\/letrame.com\/catalogo\/#organization\"},\"potentialAction\":[{\"@type\":\"SearchAction\",\"target\":{\"@type\":\"EntryPoint\",\"urlTemplate\":\"https:\/\/letrame.com\/catalogo\/?s={search_term_string}\"},\"query-input\":{\"@type\":\"PropertyValueSpecification\",\"valueRequired\":true,\"valueName\":\"search_term_string\"}}],\"inLanguage\":\"es\"},{\"@type\":\"Organization\",\"@id\":\"https:\/\/letrame.com\/catalogo\/#organization\",\"name\":\"Catalogo | Letrame Grupo Editorial\",\"url\":\"https:\/\/letrame.com\/catalogo\/\",\"logo\":{\"@type\":\"ImageObject\",\"inLanguage\":\"es\",\"@id\":\"https:\/\/letrame.com\/catalogo\/#\/schema\/logo\/image\/\",\"url\":\"https:\/\/letrame.com\/catalogo\/wp-content\/uploads\/2024\/03\/logo2.webp\",\"contentUrl\":\"https:\/\/letrame.com\/catalogo\/wp-content\/uploads\/2024\/03\/logo2.webp\",\"width\":394,\"height\":128,\"caption\":\"Catalogo | Letrame Grupo Editorial\"},\"image\":{\"@id\":\"https:\/\/letrame.com\/catalogo\/#\/schema\/logo\/image\/\"}}]}<\/script>\n<!-- \/ Yoast SEO plugin. -->","yoast_head_json":{"title":"Caminos divergentes - Catalogo | Letrame Grupo Editorial","robots":{"index":"index","follow":"follow","max-snippet":"max-snippet:-1","max-image-preview":"max-image-preview:large","max-video-preview":"max-video-preview:-1"},"canonical":"https:\/\/letrame.com\/catalogo\/producto\/caminos-divergentes\/","og_locale":"es_ES","og_type":"article","og_title":"Caminos divergentes - Catalogo | Letrame Grupo Editorial","og_description":"ISBN: 978-84-1386-971-1  En 1775, en la mas\u00eda de la familia Vilar\u00f3 en Arenys del Mar, nacen los gemelos Quim y Bernat. Como \u00fanicos herederos del matrimonio Vilar\u00f3, parecen destinados a continuar la labor agr\u00edcola en la propiedad familiar; no obstante, a medida que los gemelos crecen muestran otras inquietudes que les har\u00e1n distanciarse del futuro que sus padres hab\u00edan imaginado para ellos.  Tras combatir contra la Francia revolucionaria en la Guerra del Rosell\u00f3n, se separan sus caminos: Bernat, el m\u00e1s intr\u00e9pido, decide dedicarse a la navegaci\u00f3n; mientras que su hermano Quim, atra\u00eddo por las ideas de los ilustrados franceses, tendr\u00e1 la oportunidad de visitar el pa\u00eds vecino. Siguiendo las aventuras de los dos hermanos, los lectores de Los gemelos de Can Vilar\u00f3 har\u00e1n un recorrido de los acontecimientos que marcaron la historia de Espa\u00f1a y de Catalu\u00f1a en el \u00faltimo tercio del siglo XVIII.  &nbsp;  &nbsp;","og_url":"https:\/\/letrame.com\/catalogo\/producto\/caminos-divergentes\/","og_site_name":"Catalogo | Letrame Grupo Editorial","article_modified_time":"2024-08-12T07:53:11+00:00","og_image":[{"width":472,"height":713,"url":"https:\/\/letrame.com\/catalogo\/wp-content\/uploads\/2024\/04\/Caminos-Divergentes.jpeg","type":"image\/jpeg"}],"twitter_card":"summary_large_image","twitter_misc":{"Tiempo de lectura":"1 minuto"},"schema":{"@context":"https:\/\/schema.org","@graph":[{"@type":"WebPage","@id":"https:\/\/letrame.com\/catalogo\/producto\/caminos-divergentes\/","url":"https:\/\/letrame.com\/catalogo\/producto\/caminos-divergentes\/","name":"Caminos divergentes - Catalogo | Letrame Grupo Editorial","isPartOf":{"@id":"https:\/\/letrame.com\/catalogo\/#website"},"primaryImageOfPage":{"@id":"https:\/\/letrame.com\/catalogo\/producto\/caminos-divergentes\/#primaryimage"},"image":{"@id":"https:\/\/letrame.com\/catalogo\/producto\/caminos-divergentes\/#primaryimage"},"thumbnailUrl":"https:\/\/letrame.com\/catalogo\/wp-content\/uploads\/2024\/04\/Caminos-Divergentes.jpeg","datePublished":"2024-04-29T10:54:38+00:00","dateModified":"2024-08-12T07:53:11+00:00","breadcrumb":{"@id":"https:\/\/letrame.com\/catalogo\/producto\/caminos-divergentes\/#breadcrumb"},"inLanguage":"es","potentialAction":[{"@type":"ReadAction","target":["https:\/\/letrame.com\/catalogo\/producto\/caminos-divergentes\/"]}]},{"@type":"ImageObject","inLanguage":"es","@id":"https:\/\/letrame.com\/catalogo\/producto\/caminos-divergentes\/#primaryimage","url":"https:\/\/letrame.com\/catalogo\/wp-content\/uploads\/2024\/04\/Caminos-Divergentes.jpeg","contentUrl":"https:\/\/letrame.com\/catalogo\/wp-content\/uploads\/2024\/04\/Caminos-Divergentes.jpeg","width":472,"height":713},{"@type":"BreadcrumbList","@id":"https:\/\/letrame.com\/catalogo\/producto\/caminos-divergentes\/#breadcrumb","itemListElement":[{"@type":"ListItem","position":1,"name":"Portada","item":"https:\/\/letrame.com\/catalogo\/"},{"@type":"ListItem","position":2,"name":"Cat\u00e1logo","item":"https:\/\/letrame.com\/catalogo\/"},{"@type":"ListItem","position":3,"name":"Caminos divergentes"}]},{"@type":"WebSite","@id":"https:\/\/letrame.com\/catalogo\/#website","url":"https:\/\/letrame.com\/catalogo\/","name":"Catalogo | Letrame Grupo Editorial","description":"","publisher":{"@id":"https:\/\/letrame.com\/catalogo\/#organization"},"potentialAction":[{"@type":"SearchAction","target":{"@type":"EntryPoint","urlTemplate":"https:\/\/letrame.com\/catalogo\/?s={search_term_string}"},"query-input":{"@type":"PropertyValueSpecification","valueRequired":true,"valueName":"search_term_string"}}],"inLanguage":"es"},{"@type":"Organization","@id":"https:\/\/letrame.com\/catalogo\/#organization","name":"Catalogo | Letrame Grupo Editorial","url":"https:\/\/letrame.com\/catalogo\/","logo":{"@type":"ImageObject","inLanguage":"es","@id":"https:\/\/letrame.com\/catalogo\/#\/schema\/logo\/image\/","url":"https:\/\/letrame.com\/catalogo\/wp-content\/uploads\/2024\/03\/logo2.webp","contentUrl":"https:\/\/letrame.com\/catalogo\/wp-content\/uploads\/2024\/03\/logo2.webp","width":394,"height":128,"caption":"Catalogo | Letrame Grupo Editorial"},"image":{"@id":"https:\/\/letrame.com\/catalogo\/#\/schema\/logo\/image\/"}}]}},"_links":{"self":[{"href":"https:\/\/letrame.com\/catalogo\/wp-json\/wp\/v2\/product\/97094","targetHints":{"allow":["GET"]}}],"collection":[{"href":"https:\/\/letrame.com\/catalogo\/wp-json\/wp\/v2\/product"}],"about":[{"href":"https:\/\/letrame.com\/catalogo\/wp-json\/wp\/v2\/types\/product"}],"replies":[{"embeddable":true,"href":"https:\/\/letrame.com\/catalogo\/wp-json\/wp\/v2\/comments?post=97094"}],"acf:post":[{"embeddable":true,"href":"https:\/\/letrame.com\/catalogo\/wp-json\/wp\/v2\/author_book\/76697"}],"wp:featuredmedia":[{"embeddable":true,"href":"https:\/\/letrame.com\/catalogo\/wp-json\/wp\/v2\/media\/97095"}],"wp:attachment":[{"href":"https:\/\/letrame.com\/catalogo\/wp-json\/wp\/v2\/media?parent=97094"}],"wp:term":[{"taxonomy":"libro","embeddable":true,"href":"https:\/\/letrame.com\/catalogo\/wp-json\/wp\/v2\/libro?post=97094"},{"taxonomy":"product_brand","embeddable":true,"href":"https:\/\/letrame.com\/catalogo\/wp-json\/wp\/v2\/product_brand?post=97094"},{"taxonomy":"product_cat","embeddable":true,"href":"https:\/\/letrame.com\/catalogo\/wp-json\/wp\/v2\/product_cat?post=97094"},{"taxonomy":"product_tag","embeddable":true,"href":"https:\/\/letrame.com\/catalogo\/wp-json\/wp\/v2\/product_tag?post=97094"}],"curies":[{"name":"wp","href":"https:\/\/api.w.org\/{rel}","templated":true}]}}