{"id":96996,"date":"2024-04-29T12:34:54","date_gmt":"2024-04-29T10:34:54","guid":{"rendered":"https:\/\/letrame.com\/catalogo\/producto\/fundamentos-de-la-semiotaxis-el-algoritmo-de-la-oracion-en-inteligencia-artificial\/"},"modified":"2024-04-29T12:35:30","modified_gmt":"2024-04-29T10:35:30","slug":"fundamentos-de-la-semiotaxis-el-algoritmo-de-la-oracion-en-inteligencia-artificial","status":"publish","type":"product","link":"https:\/\/letrame.com\/catalogo\/producto\/fundamentos-de-la-semiotaxis-el-algoritmo-de-la-oracion-en-inteligencia-artificial\/","title":{"rendered":"Fundamentos de la Semiotaxis: el algoritmo de la oraci\u00f3n en Inteligencia Artificial."},"content":{"rendered":"<div class=\"page\" title=\"Page 6\">\n<div class=\"layoutArea\">\n<div class=\"column\">\n<p><strong>ISBN<\/strong>: 978-84-1386-233-0<\/p>\n<\/div>\n<\/div>\n<\/div>\n<p><b>T\u00edtulo<\/b><span style=\"font-weight: 400;\">: \u00a0Fundamentos de la Semiotaxis: el algoritmo de la oraci\u00f3n en Inteligencia Artificial.<\/span><\/p>\n<p><b>Fecha<\/b><span style=\"font-weight: 400;\">: 2021<\/span><span style=\"font-weight: 400;\"><br \/>\n<\/span><b>P\u00e1ginas<\/b><span style=\"font-weight: 400;\">: 304<\/span><\/p>\n<p><b>SINOPSIS<\/b><\/p>\n<p>Se ha dicho que la mejor definici\u00f3n de la especie humana viene dada por la expresi\u00f3n \u00abhomo loquens\u00bb (\u2018hombre caracterizado por el habla\u2019) en vez de \u00abhomo sapiens\u00bb (\u2018hombre sabio\u2019), ligada a la de \u00abanimal rationale\u00bb (\u2018animal racional\u2019). De hecho, Jonathan Swift disent\u00eda de lo adecuado de este \u00faltimo apelativo y propon\u00eda sustituirlo por el de \u00abrationis capax\u00bb, es decir, \u2018capaz de razonar\u2019, porque, en ocasiones \u2014o, m\u00e1s bien, muchas veces\u2014 el ser humano no ejerce esa capacidad \u2014o no quiere ejercerla\u2014, aunque constantemente interact\u00faa con sus cong\u00e9neres mediante el lenguaje.<\/p>\n<p>Ahora bien, el lenguaje es mucho m\u00e1s que una herramienta para comunicarse: es un medio para vehicular y estructurar el pensamiento, que es el instrumento necesario para llevar a cabo cualquier iniciativa humana, sea una creaci\u00f3n art\u00edstica, sea un proyecto espacial. De este modo, esta obra se adentra en el examen de la estructura y los flujos semi\u00f3ticos de la secuencia oracional en la medida que esta constituye la manifestaci\u00f3n m\u00e1s representativa de la mente humana para, finalmente, encauzar el potencial de la producci\u00f3n ling\u00fc\u00edstica hacia la esfera de la Inteligencia Artificial.<\/p>\n<p>En definitiva, el objetivo de este libro consiste en explorar, desde una \u00f3ptica innovadora, nuevas dimensiones de la oraci\u00f3n con la confecci\u00f3n de unos tipos de an\u00e1lisis que desembocan en la formulaci\u00f3n del algoritmo oracional y su ecuaci\u00f3n, aplicables tanto a la traducci\u00f3n como al Procesamiento del Lenguaje Natural.<\/p>\n","protected":false},"excerpt":{"rendered":"<div class=\"page\" title=\"Page 6\">\n<div class=\"layoutArea\">\n<div class=\"column\">\n<p><strong>ISBN: 978-84-1386-233-0<\/strong><\/p>\n<p>De la misma forma que la diversidad \u00e9tnica no nos impide ser conscientes de que todos los individuos formamos parte de una misma humanidad, la variedad ling\u00fc\u00edstica tampoco puede hacernos olvidar que todos los idiomas son producto de una misma fuente: la mente humana. Por tanto, deben existir unos patrones comunes a la totalidad de las lenguas y, ciertamente, desde hace tiempo, una de las pretensiones de los ling\u00fcistas ha sido la de descubrir la existencia de una gram\u00e1tica universal. Sin embargo, al menos, desde el punto de vista de la Sintaxis, no parece ser tarea f\u00e1cil encontrar unos par\u00e1metros comunes bajo la complejidad estructural de los m\u00faltiples idiomas conocidos.<\/p>\n<p>Francisco Jos\u00e9 L\u00f3pez Quintana y Gloria L\u00f3pez Ramos son unos ling\u00fcistas procedentes del \u00e1mbito de la traductolog\u00eda, cuya investigaci\u00f3n cient\u00edfica afronta ese desaf\u00edo con esta obra, titulada<strong><em> <b><i>Fundamentos de la Semiotaxis: el algoritmo de la oraci\u00f3n en Inteligencia Artificial<\/i><\/b><\/em><\/strong>, ofreciendo una propuesta innovadora: si combinamos los diferentes planos del lenguaje y adoptamos una perspectiva m\u00e1s amplia que la gramatical, \u00bfser\u00eda posible formular una ecuaci\u00f3n para toda oraci\u00f3n de cualquier lengua? \u00bfY ser\u00eda esa ecuaci\u00f3n el resultado de un algoritmo universal a partir del cual el pensamiento logra expresarse en multitud de formas ling\u00fc\u00edsticas? \u00bfY podr\u00edan, entonces, el algoritmo y la ecuaci\u00f3n oracional aplicarse al \u00e1mbito de la Inteligencia Artificial?<\/p>\n<p>Las p\u00e1ginas de este libro nos van encaminando paulatinamente a descifrar esos enigmas a trav\u00e9s de una aventura intelectual apta no solo para los especialistas en Ling\u00fc\u00edstica, sino tambi\u00e9n para todos aquellos interesados en el lenguaje, en general, o, simplemente, deseosos de entender el funcionamiento real de la oraci\u00f3n y el potencial significativo que encierra en su interior, m\u00e1s all\u00e1 de lo aprendido\u00a0tradicionalmente en las aulas y en los libros de texto, de tal forma que se alcance a percibir la unidad\u00a0fundamental de todos\u00a0los idiomas en la medida que constituyen la expresi\u00f3n y el fruto del pensamiento humano.<\/p>\n<\/div>\n<\/div>\n<\/div>\n","protected":false},"featured_media":96997,"comment_status":"closed","ping_status":"open","template":"","meta":{"_acf_changed":false},"libro":[],"product_brand":[],"product_cat":[22,23],"product_tag":[],"class_list":{"0":"post-96996","1":"product","2":"type-product","3":"status-publish","4":"has-post-thumbnail","6":"product_cat-docencia","7":"product_cat-ensayos","9":"first","10":"instock","11":"purchasable","12":"product-type-simple"},"acf":{"autor":[75639],"enlace_de_compra":""},"yoast_head":"<!-- This site is optimized with the Yoast SEO plugin v27.4 - https:\/\/yoast.com\/product\/yoast-seo-wordpress\/ -->\n<title>Fundamentos de la Semiotaxis: el algoritmo de la oraci\u00f3n en Inteligencia Artificial. - Catalogo | Letrame Grupo Editorial<\/title>\n<meta name=\"robots\" content=\"index, follow, max-snippet:-1, max-image-preview:large, max-video-preview:-1\" \/>\n<link rel=\"canonical\" href=\"https:\/\/letrame.com\/catalogo\/producto\/fundamentos-de-la-semiotaxis-el-algoritmo-de-la-oracion-en-inteligencia-artificial\/\" \/>\n<meta property=\"og:locale\" content=\"es_ES\" \/>\n<meta property=\"og:type\" content=\"article\" \/>\n<meta property=\"og:title\" content=\"Fundamentos de la Semiotaxis: el algoritmo de la oraci\u00f3n en Inteligencia Artificial. - Catalogo | Letrame Grupo Editorial\" \/>\n<meta property=\"og:description\" content=\"ISBN: 978-84-1386-233-0 De la misma forma que la diversidad \u00e9tnica no nos impide ser conscientes de que todos los individuos formamos parte de una misma humanidad, la variedad ling\u00fc\u00edstica tampoco puede hacernos olvidar que todos los idiomas son producto de una misma fuente: la mente humana. Por tanto, deben existir unos patrones comunes a la totalidad de las lenguas y, ciertamente, desde hace tiempo, una de las pretensiones de los ling\u00fcistas ha sido la de descubrir la existencia de una gram\u00e1tica universal. Sin embargo, al menos, desde el punto de vista de la Sintaxis, no parece ser tarea f\u00e1cil encontrar unos par\u00e1metros comunes bajo la complejidad estructural de los m\u00faltiples idiomas conocidos. Francisco Jos\u00e9 L\u00f3pez Quintana y Gloria L\u00f3pez Ramos son unos ling\u00fcistas procedentes del \u00e1mbito de la traductolog\u00eda, cuya investigaci\u00f3n cient\u00edfica afronta ese desaf\u00edo con esta obra, titulada Fundamentos de la Semiotaxis: el algoritmo de la oraci\u00f3n en Inteligencia Artificial, ofreciendo una propuesta innovadora: si combinamos los diferentes planos del lenguaje y adoptamos una perspectiva m\u00e1s amplia que la gramatical, \u00bfser\u00eda posible formular una ecuaci\u00f3n para toda oraci\u00f3n de cualquier lengua? \u00bfY ser\u00eda esa ecuaci\u00f3n el resultado de un algoritmo universal a partir del cual el pensamiento logra expresarse en multitud de formas ling\u00fc\u00edsticas? \u00bfY podr\u00edan, entonces, el algoritmo y la ecuaci\u00f3n oracional aplicarse al \u00e1mbito de la Inteligencia Artificial? Las p\u00e1ginas de este libro nos van encaminando paulatinamente a descifrar esos enigmas a trav\u00e9s de una aventura intelectual apta no solo para los especialistas en Ling\u00fc\u00edstica, sino tambi\u00e9n para todos aquellos interesados en el lenguaje, en general, o, simplemente, deseosos de entender el funcionamiento real de la oraci\u00f3n y el potencial significativo que encierra en su interior, m\u00e1s all\u00e1 de lo aprendido\u00a0tradicionalmente en las aulas y en los libros de texto, de tal forma que se alcance a percibir la unidad\u00a0fundamental de todos\u00a0los idiomas en la medida que constituyen la expresi\u00f3n y el fruto del pensamiento humano.\" \/>\n<meta property=\"og:url\" content=\"https:\/\/letrame.com\/catalogo\/producto\/fundamentos-de-la-semiotaxis-el-algoritmo-de-la-oracion-en-inteligencia-artificial\/\" \/>\n<meta property=\"og:site_name\" content=\"Catalogo | Letrame Grupo Editorial\" \/>\n<meta property=\"article:modified_time\" content=\"2024-04-29T10:35:30+00:00\" \/>\n<meta property=\"og:image\" content=\"https:\/\/letrame.com\/catalogo\/wp-content\/uploads\/2024\/04\/FUNDAMENTOS-DE-LA-SEMIOTEXIS-scaled-1.jpeg\" \/>\n\t<meta property=\"og:image:width\" content=\"1746\" \/>\n\t<meta property=\"og:image:height\" content=\"2560\" \/>\n\t<meta property=\"og:image:type\" content=\"image\/jpeg\" \/>\n<meta name=\"twitter:card\" content=\"summary_large_image\" \/>\n<meta name=\"twitter:label1\" content=\"Tiempo de lectura\" \/>\n\t<meta name=\"twitter:data1\" content=\"1 minuto\" \/>\n<script type=\"application\/ld+json\" class=\"yoast-schema-graph\">{\"@context\":\"https:\\\/\\\/schema.org\",\"@graph\":[{\"@type\":\"WebPage\",\"@id\":\"https:\\\/\\\/letrame.com\\\/catalogo\\\/producto\\\/fundamentos-de-la-semiotaxis-el-algoritmo-de-la-oracion-en-inteligencia-artificial\\\/\",\"url\":\"https:\\\/\\\/letrame.com\\\/catalogo\\\/producto\\\/fundamentos-de-la-semiotaxis-el-algoritmo-de-la-oracion-en-inteligencia-artificial\\\/\",\"name\":\"Fundamentos de la Semiotaxis: el algoritmo de la oraci\u00f3n en Inteligencia Artificial. - Catalogo | Letrame Grupo Editorial\",\"isPartOf\":{\"@id\":\"https:\\\/\\\/letrame.com\\\/catalogo\\\/#website\"},\"primaryImageOfPage\":{\"@id\":\"https:\\\/\\\/letrame.com\\\/catalogo\\\/producto\\\/fundamentos-de-la-semiotaxis-el-algoritmo-de-la-oracion-en-inteligencia-artificial\\\/#primaryimage\"},\"image\":{\"@id\":\"https:\\\/\\\/letrame.com\\\/catalogo\\\/producto\\\/fundamentos-de-la-semiotaxis-el-algoritmo-de-la-oracion-en-inteligencia-artificial\\\/#primaryimage\"},\"thumbnailUrl\":\"https:\\\/\\\/letrame.com\\\/catalogo\\\/wp-content\\\/uploads\\\/2024\\\/04\\\/FUNDAMENTOS-DE-LA-SEMIOTEXIS-scaled-1.jpeg\",\"datePublished\":\"2024-04-29T10:34:54+00:00\",\"dateModified\":\"2024-04-29T10:35:30+00:00\",\"breadcrumb\":{\"@id\":\"https:\\\/\\\/letrame.com\\\/catalogo\\\/producto\\\/fundamentos-de-la-semiotaxis-el-algoritmo-de-la-oracion-en-inteligencia-artificial\\\/#breadcrumb\"},\"inLanguage\":\"es\",\"potentialAction\":[{\"@type\":\"ReadAction\",\"target\":[\"https:\\\/\\\/letrame.com\\\/catalogo\\\/producto\\\/fundamentos-de-la-semiotaxis-el-algoritmo-de-la-oracion-en-inteligencia-artificial\\\/\"]}]},{\"@type\":\"ImageObject\",\"inLanguage\":\"es\",\"@id\":\"https:\\\/\\\/letrame.com\\\/catalogo\\\/producto\\\/fundamentos-de-la-semiotaxis-el-algoritmo-de-la-oracion-en-inteligencia-artificial\\\/#primaryimage\",\"url\":\"https:\\\/\\\/letrame.com\\\/catalogo\\\/wp-content\\\/uploads\\\/2024\\\/04\\\/FUNDAMENTOS-DE-LA-SEMIOTEXIS-scaled-1.jpeg\",\"contentUrl\":\"https:\\\/\\\/letrame.com\\\/catalogo\\\/wp-content\\\/uploads\\\/2024\\\/04\\\/FUNDAMENTOS-DE-LA-SEMIOTEXIS-scaled-1.jpeg\",\"width\":1746,\"height\":2560},{\"@type\":\"BreadcrumbList\",\"@id\":\"https:\\\/\\\/letrame.com\\\/catalogo\\\/producto\\\/fundamentos-de-la-semiotaxis-el-algoritmo-de-la-oracion-en-inteligencia-artificial\\\/#breadcrumb\",\"itemListElement\":[{\"@type\":\"ListItem\",\"position\":1,\"name\":\"Portada\",\"item\":\"https:\\\/\\\/letrame.com\\\/catalogo\\\/\"},{\"@type\":\"ListItem\",\"position\":2,\"name\":\"Cat\u00e1logo\",\"item\":\"https:\\\/\\\/letrame.com\\\/catalogo\\\/\"},{\"@type\":\"ListItem\",\"position\":3,\"name\":\"Fundamentos de la Semiotaxis: el algoritmo de la oraci\u00f3n en Inteligencia Artificial.\"}]},{\"@type\":\"WebSite\",\"@id\":\"https:\\\/\\\/letrame.com\\\/catalogo\\\/#website\",\"url\":\"https:\\\/\\\/letrame.com\\\/catalogo\\\/\",\"name\":\"Catalogo | Letrame Grupo Editorial\",\"description\":\"\",\"publisher\":{\"@id\":\"https:\\\/\\\/letrame.com\\\/catalogo\\\/#organization\"},\"potentialAction\":[{\"@type\":\"SearchAction\",\"target\":{\"@type\":\"EntryPoint\",\"urlTemplate\":\"https:\\\/\\\/letrame.com\\\/catalogo\\\/?s={search_term_string}\"},\"query-input\":{\"@type\":\"PropertyValueSpecification\",\"valueRequired\":true,\"valueName\":\"search_term_string\"}}],\"inLanguage\":\"es\"},{\"@type\":\"Organization\",\"@id\":\"https:\\\/\\\/letrame.com\\\/catalogo\\\/#organization\",\"name\":\"Catalogo | Letrame Grupo Editorial\",\"url\":\"https:\\\/\\\/letrame.com\\\/catalogo\\\/\",\"logo\":{\"@type\":\"ImageObject\",\"inLanguage\":\"es\",\"@id\":\"https:\\\/\\\/letrame.com\\\/catalogo\\\/#\\\/schema\\\/logo\\\/image\\\/\",\"url\":\"https:\\\/\\\/letrame.com\\\/catalogo\\\/wp-content\\\/uploads\\\/2024\\\/03\\\/logo2.webp\",\"contentUrl\":\"https:\\\/\\\/letrame.com\\\/catalogo\\\/wp-content\\\/uploads\\\/2024\\\/03\\\/logo2.webp\",\"width\":394,\"height\":128,\"caption\":\"Catalogo | Letrame Grupo Editorial\"},\"image\":{\"@id\":\"https:\\\/\\\/letrame.com\\\/catalogo\\\/#\\\/schema\\\/logo\\\/image\\\/\"}}]}<\/script>\n<!-- \/ Yoast SEO plugin. -->","yoast_head_json":{"title":"Fundamentos de la Semiotaxis: el algoritmo de la oraci\u00f3n en Inteligencia Artificial. - Catalogo | Letrame Grupo Editorial","robots":{"index":"index","follow":"follow","max-snippet":"max-snippet:-1","max-image-preview":"max-image-preview:large","max-video-preview":"max-video-preview:-1"},"canonical":"https:\/\/letrame.com\/catalogo\/producto\/fundamentos-de-la-semiotaxis-el-algoritmo-de-la-oracion-en-inteligencia-artificial\/","og_locale":"es_ES","og_type":"article","og_title":"Fundamentos de la Semiotaxis: el algoritmo de la oraci\u00f3n en Inteligencia Artificial. - Catalogo | Letrame Grupo Editorial","og_description":"ISBN: 978-84-1386-233-0 De la misma forma que la diversidad \u00e9tnica no nos impide ser conscientes de que todos los individuos formamos parte de una misma humanidad, la variedad ling\u00fc\u00edstica tampoco puede hacernos olvidar que todos los idiomas son producto de una misma fuente: la mente humana. Por tanto, deben existir unos patrones comunes a la totalidad de las lenguas y, ciertamente, desde hace tiempo, una de las pretensiones de los ling\u00fcistas ha sido la de descubrir la existencia de una gram\u00e1tica universal. Sin embargo, al menos, desde el punto de vista de la Sintaxis, no parece ser tarea f\u00e1cil encontrar unos par\u00e1metros comunes bajo la complejidad estructural de los m\u00faltiples idiomas conocidos. Francisco Jos\u00e9 L\u00f3pez Quintana y Gloria L\u00f3pez Ramos son unos ling\u00fcistas procedentes del \u00e1mbito de la traductolog\u00eda, cuya investigaci\u00f3n cient\u00edfica afronta ese desaf\u00edo con esta obra, titulada Fundamentos de la Semiotaxis: el algoritmo de la oraci\u00f3n en Inteligencia Artificial, ofreciendo una propuesta innovadora: si combinamos los diferentes planos del lenguaje y adoptamos una perspectiva m\u00e1s amplia que la gramatical, \u00bfser\u00eda posible formular una ecuaci\u00f3n para toda oraci\u00f3n de cualquier lengua? \u00bfY ser\u00eda esa ecuaci\u00f3n el resultado de un algoritmo universal a partir del cual el pensamiento logra expresarse en multitud de formas ling\u00fc\u00edsticas? \u00bfY podr\u00edan, entonces, el algoritmo y la ecuaci\u00f3n oracional aplicarse al \u00e1mbito de la Inteligencia Artificial? Las p\u00e1ginas de este libro nos van encaminando paulatinamente a descifrar esos enigmas a trav\u00e9s de una aventura intelectual apta no solo para los especialistas en Ling\u00fc\u00edstica, sino tambi\u00e9n para todos aquellos interesados en el lenguaje, en general, o, simplemente, deseosos de entender el funcionamiento real de la oraci\u00f3n y el potencial significativo que encierra en su interior, m\u00e1s all\u00e1 de lo aprendido\u00a0tradicionalmente en las aulas y en los libros de texto, de tal forma que se alcance a percibir la unidad\u00a0fundamental de todos\u00a0los idiomas en la medida que constituyen la expresi\u00f3n y el fruto del pensamiento humano.","og_url":"https:\/\/letrame.com\/catalogo\/producto\/fundamentos-de-la-semiotaxis-el-algoritmo-de-la-oracion-en-inteligencia-artificial\/","og_site_name":"Catalogo | Letrame Grupo Editorial","article_modified_time":"2024-04-29T10:35:30+00:00","og_image":[{"width":1746,"height":2560,"url":"https:\/\/letrame.com\/catalogo\/wp-content\/uploads\/2024\/04\/FUNDAMENTOS-DE-LA-SEMIOTEXIS-scaled-1.jpeg","type":"image\/jpeg"}],"twitter_card":"summary_large_image","twitter_misc":{"Tiempo de lectura":"1 minuto"},"schema":{"@context":"https:\/\/schema.org","@graph":[{"@type":"WebPage","@id":"https:\/\/letrame.com\/catalogo\/producto\/fundamentos-de-la-semiotaxis-el-algoritmo-de-la-oracion-en-inteligencia-artificial\/","url":"https:\/\/letrame.com\/catalogo\/producto\/fundamentos-de-la-semiotaxis-el-algoritmo-de-la-oracion-en-inteligencia-artificial\/","name":"Fundamentos de la Semiotaxis: el algoritmo de la oraci\u00f3n en Inteligencia Artificial. - Catalogo | Letrame Grupo Editorial","isPartOf":{"@id":"https:\/\/letrame.com\/catalogo\/#website"},"primaryImageOfPage":{"@id":"https:\/\/letrame.com\/catalogo\/producto\/fundamentos-de-la-semiotaxis-el-algoritmo-de-la-oracion-en-inteligencia-artificial\/#primaryimage"},"image":{"@id":"https:\/\/letrame.com\/catalogo\/producto\/fundamentos-de-la-semiotaxis-el-algoritmo-de-la-oracion-en-inteligencia-artificial\/#primaryimage"},"thumbnailUrl":"https:\/\/letrame.com\/catalogo\/wp-content\/uploads\/2024\/04\/FUNDAMENTOS-DE-LA-SEMIOTEXIS-scaled-1.jpeg","datePublished":"2024-04-29T10:34:54+00:00","dateModified":"2024-04-29T10:35:30+00:00","breadcrumb":{"@id":"https:\/\/letrame.com\/catalogo\/producto\/fundamentos-de-la-semiotaxis-el-algoritmo-de-la-oracion-en-inteligencia-artificial\/#breadcrumb"},"inLanguage":"es","potentialAction":[{"@type":"ReadAction","target":["https:\/\/letrame.com\/catalogo\/producto\/fundamentos-de-la-semiotaxis-el-algoritmo-de-la-oracion-en-inteligencia-artificial\/"]}]},{"@type":"ImageObject","inLanguage":"es","@id":"https:\/\/letrame.com\/catalogo\/producto\/fundamentos-de-la-semiotaxis-el-algoritmo-de-la-oracion-en-inteligencia-artificial\/#primaryimage","url":"https:\/\/letrame.com\/catalogo\/wp-content\/uploads\/2024\/04\/FUNDAMENTOS-DE-LA-SEMIOTEXIS-scaled-1.jpeg","contentUrl":"https:\/\/letrame.com\/catalogo\/wp-content\/uploads\/2024\/04\/FUNDAMENTOS-DE-LA-SEMIOTEXIS-scaled-1.jpeg","width":1746,"height":2560},{"@type":"BreadcrumbList","@id":"https:\/\/letrame.com\/catalogo\/producto\/fundamentos-de-la-semiotaxis-el-algoritmo-de-la-oracion-en-inteligencia-artificial\/#breadcrumb","itemListElement":[{"@type":"ListItem","position":1,"name":"Portada","item":"https:\/\/letrame.com\/catalogo\/"},{"@type":"ListItem","position":2,"name":"Cat\u00e1logo","item":"https:\/\/letrame.com\/catalogo\/"},{"@type":"ListItem","position":3,"name":"Fundamentos de la Semiotaxis: el algoritmo de la oraci\u00f3n en Inteligencia Artificial."}]},{"@type":"WebSite","@id":"https:\/\/letrame.com\/catalogo\/#website","url":"https:\/\/letrame.com\/catalogo\/","name":"Catalogo | Letrame Grupo Editorial","description":"","publisher":{"@id":"https:\/\/letrame.com\/catalogo\/#organization"},"potentialAction":[{"@type":"SearchAction","target":{"@type":"EntryPoint","urlTemplate":"https:\/\/letrame.com\/catalogo\/?s={search_term_string}"},"query-input":{"@type":"PropertyValueSpecification","valueRequired":true,"valueName":"search_term_string"}}],"inLanguage":"es"},{"@type":"Organization","@id":"https:\/\/letrame.com\/catalogo\/#organization","name":"Catalogo | Letrame Grupo Editorial","url":"https:\/\/letrame.com\/catalogo\/","logo":{"@type":"ImageObject","inLanguage":"es","@id":"https:\/\/letrame.com\/catalogo\/#\/schema\/logo\/image\/","url":"https:\/\/letrame.com\/catalogo\/wp-content\/uploads\/2024\/03\/logo2.webp","contentUrl":"https:\/\/letrame.com\/catalogo\/wp-content\/uploads\/2024\/03\/logo2.webp","width":394,"height":128,"caption":"Catalogo | Letrame Grupo Editorial"},"image":{"@id":"https:\/\/letrame.com\/catalogo\/#\/schema\/logo\/image\/"}}]}},"_links":{"self":[{"href":"https:\/\/letrame.com\/catalogo\/wp-json\/wp\/v2\/product\/96996","targetHints":{"allow":["GET"]}}],"collection":[{"href":"https:\/\/letrame.com\/catalogo\/wp-json\/wp\/v2\/product"}],"about":[{"href":"https:\/\/letrame.com\/catalogo\/wp-json\/wp\/v2\/types\/product"}],"replies":[{"embeddable":true,"href":"https:\/\/letrame.com\/catalogo\/wp-json\/wp\/v2\/comments?post=96996"}],"acf:post":[{"embeddable":true,"href":"https:\/\/letrame.com\/catalogo\/wp-json\/wp\/v2\/author_book\/75639"}],"wp:featuredmedia":[{"embeddable":true,"href":"https:\/\/letrame.com\/catalogo\/wp-json\/wp\/v2\/media\/96997"}],"wp:attachment":[{"href":"https:\/\/letrame.com\/catalogo\/wp-json\/wp\/v2\/media?parent=96996"}],"wp:term":[{"taxonomy":"libro","embeddable":true,"href":"https:\/\/letrame.com\/catalogo\/wp-json\/wp\/v2\/libro?post=96996"},{"taxonomy":"product_brand","embeddable":true,"href":"https:\/\/letrame.com\/catalogo\/wp-json\/wp\/v2\/product_brand?post=96996"},{"taxonomy":"product_cat","embeddable":true,"href":"https:\/\/letrame.com\/catalogo\/wp-json\/wp\/v2\/product_cat?post=96996"},{"taxonomy":"product_tag","embeddable":true,"href":"https:\/\/letrame.com\/catalogo\/wp-json\/wp\/v2\/product_tag?post=96996"}],"curies":[{"name":"wp","href":"https:\/\/api.w.org\/{rel}","templated":true}]}}