{"id":96932,"date":"2024-04-29T12:23:06","date_gmt":"2024-04-29T10:23:06","guid":{"rendered":"https:\/\/letrame.com\/catalogo\/producto\/con-animo-de-ofender\/"},"modified":"2024-05-16T14:58:13","modified_gmt":"2024-05-16T12:58:13","slug":"con-animo-de-ofender","status":"publish","type":"product","link":"https:\/\/letrame.com\/catalogo\/producto\/con-animo-de-ofender\/","title":{"rendered":"Con \u00e1nimo de ofender"},"content":{"rendered":"<div class=\"page\" title=\"Page 6\">\n<div class=\"layoutArea\">\n<div class=\"column\">\n<p><strong>ISBN<\/strong>: 978-84-1386-474-7<\/p>\n<\/div>\n<\/div>\n<\/div>\n<p><b>T\u00edtulo<\/b><span style=\"font-weight: 400;\">: Con \u00e1nimo de ofender. <\/span>Ni pol\u00edtico ni religiosamente correcto.<\/p>\n<p><b>Fecha<\/b>: 2021<span style=\"font-weight: 400;\"><br \/>\n<\/span><b>P\u00e1ginas<\/b><span style=\"font-weight: 400;\">: 284<\/span><\/p>\n<p><b>SINOPSIS<\/b><\/p>\n<p>El hartazgo de la sociedad actual viene dado por la persecuci\u00f3n de objetivos vac\u00edos. Los pol\u00edticos, religiosos, empresarios o cualquier organizaci\u00f3n con \u00e1nimo de dominio se han encargado de cultivar crispaci\u00f3n y recoger furia, con la idea de radicalizarnos y dividirnos con palabras de pertenencia y miedo. Mataron al libre pensador.<\/p>\n<p>Pero \u00bfqu\u00e9 pasar\u00eda si les arranc\u00e1semos el poder? \u00bfSi de pronto todos alcanz\u00e1semos la zanahoria que nos pusieron? \u00bfQu\u00e9 har\u00edan nuestros dirigentes? \u00bfQu\u00e9 pasar\u00eda si de pronto todos tuvi\u00e9semos varios millones en el banco?<\/p>\n<p>En un pa\u00eds del sur etiquetado de vago y fiestero fue lo que pas\u00f3. Un 18 de mayo todo rico fue pobre y todo pobre rico, con algunas excepciones. El dinero se reparti\u00f3 dejando de estar en manos del 1% , un milagro inform\u00e1tico que se llam\u00f3 el Virus de Dios.<\/p>\n<p>Cuando la mente no tiene preocupaciones piensa, hecho que saben peligroso los que sustentan el poder por las consecuencias hacia ellos, sobre todo cuando a todo un pa\u00eds se le cae la venda de golpe reuniendo argumentos y seguridad para enfrentarse a sus dirigentes.<\/p>\n<p>&nbsp;<\/p>\n<p>&nbsp;<\/p>\n","protected":false},"excerpt":{"rendered":"<div class=\"page\" title=\"Page 6\">\n<div class=\"layoutArea\">\n<div class=\"column\">\n<p><strong>ISBN: 978-84-1386-474-7<\/strong><\/p>\n<p>El hartazgo de la sociedad actual viene dado por la persecuci\u00f3n de objetivos vac\u00edos. Los pol\u00edticos, religiosos, empresarios o cualquier organizaci\u00f3n con \u00e1nimo de dominio se han encargado de cultivar crispaci\u00f3n y recoger furia, con la idea de radicalizarnos y dividirnos con palabras de pertenencia y miedo. Mataron al libre pensador.<\/p>\n<p>Pero \u00bfqu\u00e9 pasar\u00eda si les arranc\u00e1semos el poder? \u00bfSi de pronto todos alcanz\u00e1semos la zanahoria que nos pusieron? \u00bfQu\u00e9 har\u00edan nuestros dirigentes? \u00bfQu\u00e9 pasar\u00eda si de pronto todos tuvi\u00e9semos varios millones en el banco?<\/p>\n<p>En un pa\u00eds del sur etiquetado de vago y fiestero fue lo que pas\u00f3. Un 18 de mayo todo rico fue pobre y todo pobre rico, con algunas excepciones. El dinero se reparti\u00f3 dejando de estar en manos del 1% , un milagro inform\u00e1tico que se llam\u00f3 el Virus de Dios.<\/p>\n<p>Cuando la mente no tiene preocupaciones piensa, hecho que saben peligroso los que sustentan el poder por las consecuencias hacia ellos, sobre todo cuando a todo un pa\u00eds se le cae la venda de golpe reuniendo argumentos y seguridad para enfrentarse a sus dirigentes.<\/p>\n<\/div>\n<\/div>\n<\/div>\n","protected":false},"featured_media":100322,"comment_status":"closed","ping_status":"closed","template":"","meta":{"_acf_changed":false},"libro":[],"product_brand":[],"product_cat":[26],"product_tag":[],"class_list":{"0":"post-96932","1":"product","2":"type-product","3":"status-publish","4":"has-post-thumbnail","6":"product_cat-sin-categoria","8":"first","9":"instock","10":"purchasable","11":"product-type-simple"},"acf":{"autor":"","enlace_de_compra":"https:\/\/www.paypal.com\/cgi-bin\/webscr?cmd=_s-xclick&amp;hosted_button_id=FUNY48AG3AM96"},"yoast_head":"<!-- This site is optimized with the Yoast SEO plugin v26.6 - https:\/\/yoast.com\/wordpress\/plugins\/seo\/ -->\n<title>Con \u00e1nimo de ofender - Catalogo | Letrame Grupo Editorial<\/title>\n<meta name=\"robots\" content=\"index, follow, max-snippet:-1, max-image-preview:large, max-video-preview:-1\" \/>\n<link rel=\"canonical\" href=\"https:\/\/letrame.com\/catalogo\/producto\/con-animo-de-ofender\/\" \/>\n<meta property=\"og:locale\" content=\"es_ES\" \/>\n<meta property=\"og:type\" content=\"article\" \/>\n<meta property=\"og:title\" content=\"Con \u00e1nimo de ofender - Catalogo | Letrame Grupo Editorial\" \/>\n<meta property=\"og:description\" content=\"ISBN: 978-84-1386-474-7  El hartazgo de la sociedad actual viene dado por la persecuci\u00f3n de objetivos vac\u00edos. Los pol\u00edticos, religiosos, empresarios o cualquier organizaci\u00f3n con \u00e1nimo de dominio se han encargado de cultivar crispaci\u00f3n y recoger furia, con la idea de radicalizarnos y dividirnos con palabras de pertenencia y miedo. Mataron al libre pensador.  Pero \u00bfqu\u00e9 pasar\u00eda si les arranc\u00e1semos el poder? \u00bfSi de pronto todos alcanz\u00e1semos la zanahoria que nos pusieron? \u00bfQu\u00e9 har\u00edan nuestros dirigentes? \u00bfQu\u00e9 pasar\u00eda si de pronto todos tuvi\u00e9semos varios millones en el banco?  En un pa\u00eds del sur etiquetado de vago y fiestero fue lo que pas\u00f3. Un 18 de mayo todo rico fue pobre y todo pobre rico, con algunas excepciones. El dinero se reparti\u00f3 dejando de estar en manos del 1% , un milagro inform\u00e1tico que se llam\u00f3 el Virus de Dios.  Cuando la mente no tiene preocupaciones piensa, hecho que saben peligroso los que sustentan el poder por las consecuencias hacia ellos, sobre todo cuando a todo un pa\u00eds se le cae la venda de golpe reuniendo argumentos y seguridad para enfrentarse a sus dirigentes.\" \/>\n<meta property=\"og:url\" content=\"https:\/\/letrame.com\/catalogo\/producto\/con-animo-de-ofender\/\" \/>\n<meta property=\"og:site_name\" content=\"Catalogo | Letrame Grupo Editorial\" \/>\n<meta property=\"article:modified_time\" content=\"2024-05-16T12:58:13+00:00\" \/>\n<meta property=\"og:image\" content=\"https:\/\/letrame.com\/catalogo\/wp-content\/uploads\/2024\/04\/Con-animo-de-ofender-scaled-1.webp\" \/>\n\t<meta property=\"og:image:width\" content=\"1746\" \/>\n\t<meta property=\"og:image:height\" content=\"2560\" \/>\n\t<meta property=\"og:image:type\" content=\"image\/webp\" \/>\n<meta name=\"twitter:card\" content=\"summary_large_image\" \/>\n<meta name=\"twitter:label1\" content=\"Tiempo de lectura\" \/>\n\t<meta name=\"twitter:data1\" content=\"2 minutos\" \/>\n<script type=\"application\/ld+json\" class=\"yoast-schema-graph\">{\"@context\":\"https:\/\/schema.org\",\"@graph\":[{\"@type\":\"WebPage\",\"@id\":\"https:\/\/letrame.com\/catalogo\/producto\/con-animo-de-ofender\/\",\"url\":\"https:\/\/letrame.com\/catalogo\/producto\/con-animo-de-ofender\/\",\"name\":\"Con \u00e1nimo de ofender - Catalogo | Letrame Grupo Editorial\",\"isPartOf\":{\"@id\":\"https:\/\/letrame.com\/catalogo\/#website\"},\"primaryImageOfPage\":{\"@id\":\"https:\/\/letrame.com\/catalogo\/producto\/con-animo-de-ofender\/#primaryimage\"},\"image\":{\"@id\":\"https:\/\/letrame.com\/catalogo\/producto\/con-animo-de-ofender\/#primaryimage\"},\"thumbnailUrl\":\"https:\/\/letrame.com\/catalogo\/wp-content\/uploads\/2024\/04\/Con-animo-de-ofender-scaled-1.webp\",\"datePublished\":\"2024-04-29T10:23:06+00:00\",\"dateModified\":\"2024-05-16T12:58:13+00:00\",\"breadcrumb\":{\"@id\":\"https:\/\/letrame.com\/catalogo\/producto\/con-animo-de-ofender\/#breadcrumb\"},\"inLanguage\":\"es\",\"potentialAction\":[{\"@type\":\"ReadAction\",\"target\":[\"https:\/\/letrame.com\/catalogo\/producto\/con-animo-de-ofender\/\"]}]},{\"@type\":\"ImageObject\",\"inLanguage\":\"es\",\"@id\":\"https:\/\/letrame.com\/catalogo\/producto\/con-animo-de-ofender\/#primaryimage\",\"url\":\"https:\/\/letrame.com\/catalogo\/wp-content\/uploads\/2024\/04\/Con-animo-de-ofender-scaled-1.webp\",\"contentUrl\":\"https:\/\/letrame.com\/catalogo\/wp-content\/uploads\/2024\/04\/Con-animo-de-ofender-scaled-1.webp\",\"width\":1746,\"height\":2560},{\"@type\":\"BreadcrumbList\",\"@id\":\"https:\/\/letrame.com\/catalogo\/producto\/con-animo-de-ofender\/#breadcrumb\",\"itemListElement\":[{\"@type\":\"ListItem\",\"position\":1,\"name\":\"Portada\",\"item\":\"https:\/\/letrame.com\/catalogo\/\"},{\"@type\":\"ListItem\",\"position\":2,\"name\":\"Cat\u00e1logo\",\"item\":\"https:\/\/letrame.com\/catalogo\/\"},{\"@type\":\"ListItem\",\"position\":3,\"name\":\"Con \u00e1nimo de ofender\"}]},{\"@type\":\"WebSite\",\"@id\":\"https:\/\/letrame.com\/catalogo\/#website\",\"url\":\"https:\/\/letrame.com\/catalogo\/\",\"name\":\"Catalogo | Letrame Grupo Editorial\",\"description\":\"\",\"publisher\":{\"@id\":\"https:\/\/letrame.com\/catalogo\/#organization\"},\"potentialAction\":[{\"@type\":\"SearchAction\",\"target\":{\"@type\":\"EntryPoint\",\"urlTemplate\":\"https:\/\/letrame.com\/catalogo\/?s={search_term_string}\"},\"query-input\":{\"@type\":\"PropertyValueSpecification\",\"valueRequired\":true,\"valueName\":\"search_term_string\"}}],\"inLanguage\":\"es\"},{\"@type\":\"Organization\",\"@id\":\"https:\/\/letrame.com\/catalogo\/#organization\",\"name\":\"Catalogo | Letrame Grupo Editorial\",\"url\":\"https:\/\/letrame.com\/catalogo\/\",\"logo\":{\"@type\":\"ImageObject\",\"inLanguage\":\"es\",\"@id\":\"https:\/\/letrame.com\/catalogo\/#\/schema\/logo\/image\/\",\"url\":\"https:\/\/letrame.com\/catalogo\/wp-content\/uploads\/2024\/03\/logo2.webp\",\"contentUrl\":\"https:\/\/letrame.com\/catalogo\/wp-content\/uploads\/2024\/03\/logo2.webp\",\"width\":394,\"height\":128,\"caption\":\"Catalogo | Letrame Grupo Editorial\"},\"image\":{\"@id\":\"https:\/\/letrame.com\/catalogo\/#\/schema\/logo\/image\/\"}}]}<\/script>\n<!-- \/ Yoast SEO plugin. -->","yoast_head_json":{"title":"Con \u00e1nimo de ofender - Catalogo | Letrame Grupo Editorial","robots":{"index":"index","follow":"follow","max-snippet":"max-snippet:-1","max-image-preview":"max-image-preview:large","max-video-preview":"max-video-preview:-1"},"canonical":"https:\/\/letrame.com\/catalogo\/producto\/con-animo-de-ofender\/","og_locale":"es_ES","og_type":"article","og_title":"Con \u00e1nimo de ofender - Catalogo | Letrame Grupo Editorial","og_description":"ISBN: 978-84-1386-474-7  El hartazgo de la sociedad actual viene dado por la persecuci\u00f3n de objetivos vac\u00edos. Los pol\u00edticos, religiosos, empresarios o cualquier organizaci\u00f3n con \u00e1nimo de dominio se han encargado de cultivar crispaci\u00f3n y recoger furia, con la idea de radicalizarnos y dividirnos con palabras de pertenencia y miedo. Mataron al libre pensador.  Pero \u00bfqu\u00e9 pasar\u00eda si les arranc\u00e1semos el poder? \u00bfSi de pronto todos alcanz\u00e1semos la zanahoria que nos pusieron? \u00bfQu\u00e9 har\u00edan nuestros dirigentes? \u00bfQu\u00e9 pasar\u00eda si de pronto todos tuvi\u00e9semos varios millones en el banco?  En un pa\u00eds del sur etiquetado de vago y fiestero fue lo que pas\u00f3. Un 18 de mayo todo rico fue pobre y todo pobre rico, con algunas excepciones. El dinero se reparti\u00f3 dejando de estar en manos del 1% , un milagro inform\u00e1tico que se llam\u00f3 el Virus de Dios.  Cuando la mente no tiene preocupaciones piensa, hecho que saben peligroso los que sustentan el poder por las consecuencias hacia ellos, sobre todo cuando a todo un pa\u00eds se le cae la venda de golpe reuniendo argumentos y seguridad para enfrentarse a sus dirigentes.","og_url":"https:\/\/letrame.com\/catalogo\/producto\/con-animo-de-ofender\/","og_site_name":"Catalogo | Letrame Grupo Editorial","article_modified_time":"2024-05-16T12:58:13+00:00","og_image":[{"width":1746,"height":2560,"url":"https:\/\/letrame.com\/catalogo\/wp-content\/uploads\/2024\/04\/Con-animo-de-ofender-scaled-1.webp","type":"image\/webp"}],"twitter_card":"summary_large_image","twitter_misc":{"Tiempo de lectura":"2 minutos"},"schema":{"@context":"https:\/\/schema.org","@graph":[{"@type":"WebPage","@id":"https:\/\/letrame.com\/catalogo\/producto\/con-animo-de-ofender\/","url":"https:\/\/letrame.com\/catalogo\/producto\/con-animo-de-ofender\/","name":"Con \u00e1nimo de ofender - Catalogo | Letrame Grupo Editorial","isPartOf":{"@id":"https:\/\/letrame.com\/catalogo\/#website"},"primaryImageOfPage":{"@id":"https:\/\/letrame.com\/catalogo\/producto\/con-animo-de-ofender\/#primaryimage"},"image":{"@id":"https:\/\/letrame.com\/catalogo\/producto\/con-animo-de-ofender\/#primaryimage"},"thumbnailUrl":"https:\/\/letrame.com\/catalogo\/wp-content\/uploads\/2024\/04\/Con-animo-de-ofender-scaled-1.webp","datePublished":"2024-04-29T10:23:06+00:00","dateModified":"2024-05-16T12:58:13+00:00","breadcrumb":{"@id":"https:\/\/letrame.com\/catalogo\/producto\/con-animo-de-ofender\/#breadcrumb"},"inLanguage":"es","potentialAction":[{"@type":"ReadAction","target":["https:\/\/letrame.com\/catalogo\/producto\/con-animo-de-ofender\/"]}]},{"@type":"ImageObject","inLanguage":"es","@id":"https:\/\/letrame.com\/catalogo\/producto\/con-animo-de-ofender\/#primaryimage","url":"https:\/\/letrame.com\/catalogo\/wp-content\/uploads\/2024\/04\/Con-animo-de-ofender-scaled-1.webp","contentUrl":"https:\/\/letrame.com\/catalogo\/wp-content\/uploads\/2024\/04\/Con-animo-de-ofender-scaled-1.webp","width":1746,"height":2560},{"@type":"BreadcrumbList","@id":"https:\/\/letrame.com\/catalogo\/producto\/con-animo-de-ofender\/#breadcrumb","itemListElement":[{"@type":"ListItem","position":1,"name":"Portada","item":"https:\/\/letrame.com\/catalogo\/"},{"@type":"ListItem","position":2,"name":"Cat\u00e1logo","item":"https:\/\/letrame.com\/catalogo\/"},{"@type":"ListItem","position":3,"name":"Con \u00e1nimo de ofender"}]},{"@type":"WebSite","@id":"https:\/\/letrame.com\/catalogo\/#website","url":"https:\/\/letrame.com\/catalogo\/","name":"Catalogo | Letrame Grupo Editorial","description":"","publisher":{"@id":"https:\/\/letrame.com\/catalogo\/#organization"},"potentialAction":[{"@type":"SearchAction","target":{"@type":"EntryPoint","urlTemplate":"https:\/\/letrame.com\/catalogo\/?s={search_term_string}"},"query-input":{"@type":"PropertyValueSpecification","valueRequired":true,"valueName":"search_term_string"}}],"inLanguage":"es"},{"@type":"Organization","@id":"https:\/\/letrame.com\/catalogo\/#organization","name":"Catalogo | Letrame Grupo Editorial","url":"https:\/\/letrame.com\/catalogo\/","logo":{"@type":"ImageObject","inLanguage":"es","@id":"https:\/\/letrame.com\/catalogo\/#\/schema\/logo\/image\/","url":"https:\/\/letrame.com\/catalogo\/wp-content\/uploads\/2024\/03\/logo2.webp","contentUrl":"https:\/\/letrame.com\/catalogo\/wp-content\/uploads\/2024\/03\/logo2.webp","width":394,"height":128,"caption":"Catalogo | Letrame Grupo Editorial"},"image":{"@id":"https:\/\/letrame.com\/catalogo\/#\/schema\/logo\/image\/"}}]}},"_links":{"self":[{"href":"https:\/\/letrame.com\/catalogo\/wp-json\/wp\/v2\/product\/96932","targetHints":{"allow":["GET"]}}],"collection":[{"href":"https:\/\/letrame.com\/catalogo\/wp-json\/wp\/v2\/product"}],"about":[{"href":"https:\/\/letrame.com\/catalogo\/wp-json\/wp\/v2\/types\/product"}],"replies":[{"embeddable":true,"href":"https:\/\/letrame.com\/catalogo\/wp-json\/wp\/v2\/comments?post=96932"}],"wp:featuredmedia":[{"embeddable":true,"href":"https:\/\/letrame.com\/catalogo\/wp-json\/wp\/v2\/media\/100322"}],"wp:attachment":[{"href":"https:\/\/letrame.com\/catalogo\/wp-json\/wp\/v2\/media?parent=96932"}],"wp:term":[{"taxonomy":"libro","embeddable":true,"href":"https:\/\/letrame.com\/catalogo\/wp-json\/wp\/v2\/libro?post=96932"},{"taxonomy":"product_brand","embeddable":true,"href":"https:\/\/letrame.com\/catalogo\/wp-json\/wp\/v2\/product_brand?post=96932"},{"taxonomy":"product_cat","embeddable":true,"href":"https:\/\/letrame.com\/catalogo\/wp-json\/wp\/v2\/product_cat?post=96932"},{"taxonomy":"product_tag","embeddable":true,"href":"https:\/\/letrame.com\/catalogo\/wp-json\/wp\/v2\/product_tag?post=96932"}],"curies":[{"name":"wp","href":"https:\/\/api.w.org\/{rel}","templated":true}]}}