{"id":96861,"date":"2024-04-29T12:08:44","date_gmt":"2024-04-29T10:08:44","guid":{"rendered":"https:\/\/letrame.com\/catalogo\/producto\/el-orden-superior\/"},"modified":"2024-04-29T12:09:37","modified_gmt":"2024-04-29T10:09:37","slug":"el-orden-superior","status":"publish","type":"product","link":"https:\/\/letrame.com\/catalogo\/producto\/el-orden-superior\/","title":{"rendered":"El orden superior"},"content":{"rendered":"<div class=\"page\" title=\"Page 6\">\n<div class=\"layoutArea\">\n<div class=\"column\">\n<p><strong>ISBN<\/strong>: 978-84-1386-590-4<\/p>\n<\/div>\n<\/div>\n<\/div>\n<p><b>T\u00edtulo<\/b><span style=\"font-weight: 400;\">: El orden superior<\/span><span style=\"font-weight: 400;\"><br \/>\n<\/span><b>Fecha<\/b><span style=\"font-weight: 400;\">: 2021<\/span><span style=\"font-weight: 400;\"><br \/>\n<\/span><b>P\u00e1ginas<\/b><span style=\"font-weight: 400;\">: 90<\/span><\/p>\n<p><b>SINOPSIS<\/b><\/p>\n<p>El ser humano puede considerarse un instrumento musical, pues la poes\u00eda es la ambici\u00f3n del lenguaje por volverse tan poderosamente emocional como la m\u00fasica. Los libros, as\u00ed, vienen a ser una partitura escrita para la intimidad de un solo ejecutante.<\/p>\n<p>&nbsp;<\/p>\n<p>La m\u00fasica y la poes\u00eda son lenguajes donde no existe la mentira. Ambos se articulan generando una tensi\u00f3n que se alivia como un descubrimiento sobre nosotros mismos. En un poemario, entonces, se pretende que ejecutemos los sonidos que revelar\u00e1n lo que somos.<\/p>\n<p>&nbsp;<\/p>\n<p>Mas la vida no es est\u00e1tica. De ah\u00ed que las constantes de la m\u00fasica y de la poes\u00eda sean el ritmo, el cambio. Y bienvenido sea a este libro quien desea escuchar la compleja sinfon\u00eda de lo que somos, de lo que hemos sido y en lo que ardientemente deseamos convertirnos.<\/p>\n<p>&nbsp;<\/p>\n<p><em>El orden superior <\/em>presenta el desarrollo emocional y cognitivo de una vida. En \u00e9l resuena, en m\u00faltiples y cambiantes ritmos, desde la infancia inquieta e imaginativa, hasta la madurez de quien, en el ruido del mundo, afirma el m\u00e1s alto grado de su existencia.<\/p>\n","protected":false},"excerpt":{"rendered":"<p><strong>ISBN: 978-84-1386-590-4<\/strong><\/p>\n<p><em>El orden superior <\/em>presenta el desarrollo emocional y cognitivo de una vida. En \u00e9l resuena, en m\u00faltiples y cambiantes ritmos, desde la infancia inquieta e imaginativa, hasta la madurez de quien, en el ruido del mundo, afirma el m\u00e1s alto grado de su existencia.<\/p>\n","protected":false},"featured_media":96862,"comment_status":"closed","ping_status":"open","template":"","meta":{"_acf_changed":false},"libro":[],"product_brand":[],"product_cat":[20],"product_tag":[],"class_list":{"0":"post-96861","1":"product","2":"type-product","3":"status-publish","4":"has-post-thumbnail","6":"product_cat-poesia","8":"first","9":"instock","10":"purchasable","11":"product-type-simple"},"acf":{"autor":"","enlace_de_compra":"https:\/\/www.amazon.es\/El-orden-superior-01-Poes%C3%ADa\/dp\/8413865905\/ref=sr_1_1?__mk_es_ES=%C3%85M%C3%85%C5%BD%C3%95%C3%91&amp;keywords=Letrame+S.L.+El+orden+superior&amp;qid=1637921615&amp;qsid=259-4054991-7065467&amp;sr=8-1&amp;sres=8413865905%2CB013VNSQLW&amp;srpt=ABIS_BOOK"},"yoast_head":"<!-- This site is optimized with the Yoast SEO plugin v27.4 - https:\/\/yoast.com\/product\/yoast-seo-wordpress\/ -->\n<title>El orden superior - Catalogo | Letrame Grupo Editorial<\/title>\n<meta name=\"robots\" content=\"index, follow, max-snippet:-1, max-image-preview:large, max-video-preview:-1\" \/>\n<link rel=\"canonical\" href=\"https:\/\/letrame.com\/catalogo\/producto\/el-orden-superior\/\" \/>\n<meta property=\"og:locale\" content=\"es_ES\" \/>\n<meta property=\"og:type\" content=\"article\" \/>\n<meta property=\"og:title\" content=\"El orden superior - Catalogo | Letrame Grupo Editorial\" \/>\n<meta property=\"og:description\" content=\"ISBN: 978-84-1386-590-4 El orden superior presenta el desarrollo emocional y cognitivo de una vida. En \u00e9l resuena, en m\u00faltiples y cambiantes ritmos, desde la infancia inquieta e imaginativa, hasta la madurez de quien, en el ruido del mundo, afirma el m\u00e1s alto grado de su existencia.\" \/>\n<meta property=\"og:url\" content=\"https:\/\/letrame.com\/catalogo\/producto\/el-orden-superior\/\" \/>\n<meta property=\"og:site_name\" content=\"Catalogo | Letrame Grupo Editorial\" \/>\n<meta property=\"article:modified_time\" content=\"2024-04-29T10:09:37+00:00\" \/>\n<meta property=\"og:image\" content=\"https:\/\/letrame.com\/catalogo\/wp-content\/uploads\/2024\/04\/El-Orden-Superior.jpeg\" \/>\n\t<meta property=\"og:image:width\" content=\"1594\" \/>\n\t<meta property=\"og:image:height\" content=\"2303\" \/>\n\t<meta property=\"og:image:type\" content=\"image\/jpeg\" \/>\n<meta name=\"twitter:card\" content=\"summary_large_image\" \/>\n<meta name=\"twitter:label1\" content=\"Tiempo de lectura\" \/>\n\t<meta name=\"twitter:data1\" content=\"1 minuto\" \/>\n<script type=\"application\/ld+json\" class=\"yoast-schema-graph\">{\"@context\":\"https:\\\/\\\/schema.org\",\"@graph\":[{\"@type\":\"WebPage\",\"@id\":\"https:\\\/\\\/letrame.com\\\/catalogo\\\/producto\\\/el-orden-superior\\\/\",\"url\":\"https:\\\/\\\/letrame.com\\\/catalogo\\\/producto\\\/el-orden-superior\\\/\",\"name\":\"El orden superior - Catalogo | Letrame Grupo Editorial\",\"isPartOf\":{\"@id\":\"https:\\\/\\\/letrame.com\\\/catalogo\\\/#website\"},\"primaryImageOfPage\":{\"@id\":\"https:\\\/\\\/letrame.com\\\/catalogo\\\/producto\\\/el-orden-superior\\\/#primaryimage\"},\"image\":{\"@id\":\"https:\\\/\\\/letrame.com\\\/catalogo\\\/producto\\\/el-orden-superior\\\/#primaryimage\"},\"thumbnailUrl\":\"https:\\\/\\\/letrame.com\\\/catalogo\\\/wp-content\\\/uploads\\\/2024\\\/04\\\/El-Orden-Superior.jpeg\",\"datePublished\":\"2024-04-29T10:08:44+00:00\",\"dateModified\":\"2024-04-29T10:09:37+00:00\",\"breadcrumb\":{\"@id\":\"https:\\\/\\\/letrame.com\\\/catalogo\\\/producto\\\/el-orden-superior\\\/#breadcrumb\"},\"inLanguage\":\"es\",\"potentialAction\":[{\"@type\":\"ReadAction\",\"target\":[\"https:\\\/\\\/letrame.com\\\/catalogo\\\/producto\\\/el-orden-superior\\\/\"]}]},{\"@type\":\"ImageObject\",\"inLanguage\":\"es\",\"@id\":\"https:\\\/\\\/letrame.com\\\/catalogo\\\/producto\\\/el-orden-superior\\\/#primaryimage\",\"url\":\"https:\\\/\\\/letrame.com\\\/catalogo\\\/wp-content\\\/uploads\\\/2024\\\/04\\\/El-Orden-Superior.jpeg\",\"contentUrl\":\"https:\\\/\\\/letrame.com\\\/catalogo\\\/wp-content\\\/uploads\\\/2024\\\/04\\\/El-Orden-Superior.jpeg\",\"width\":1594,\"height\":2303},{\"@type\":\"BreadcrumbList\",\"@id\":\"https:\\\/\\\/letrame.com\\\/catalogo\\\/producto\\\/el-orden-superior\\\/#breadcrumb\",\"itemListElement\":[{\"@type\":\"ListItem\",\"position\":1,\"name\":\"Portada\",\"item\":\"https:\\\/\\\/letrame.com\\\/catalogo\\\/\"},{\"@type\":\"ListItem\",\"position\":2,\"name\":\"Cat\u00e1logo\",\"item\":\"https:\\\/\\\/letrame.com\\\/catalogo\\\/\"},{\"@type\":\"ListItem\",\"position\":3,\"name\":\"El orden superior\"}]},{\"@type\":\"WebSite\",\"@id\":\"https:\\\/\\\/letrame.com\\\/catalogo\\\/#website\",\"url\":\"https:\\\/\\\/letrame.com\\\/catalogo\\\/\",\"name\":\"Catalogo | Letrame Grupo Editorial\",\"description\":\"\",\"publisher\":{\"@id\":\"https:\\\/\\\/letrame.com\\\/catalogo\\\/#organization\"},\"potentialAction\":[{\"@type\":\"SearchAction\",\"target\":{\"@type\":\"EntryPoint\",\"urlTemplate\":\"https:\\\/\\\/letrame.com\\\/catalogo\\\/?s={search_term_string}\"},\"query-input\":{\"@type\":\"PropertyValueSpecification\",\"valueRequired\":true,\"valueName\":\"search_term_string\"}}],\"inLanguage\":\"es\"},{\"@type\":\"Organization\",\"@id\":\"https:\\\/\\\/letrame.com\\\/catalogo\\\/#organization\",\"name\":\"Catalogo | Letrame Grupo Editorial\",\"url\":\"https:\\\/\\\/letrame.com\\\/catalogo\\\/\",\"logo\":{\"@type\":\"ImageObject\",\"inLanguage\":\"es\",\"@id\":\"https:\\\/\\\/letrame.com\\\/catalogo\\\/#\\\/schema\\\/logo\\\/image\\\/\",\"url\":\"https:\\\/\\\/letrame.com\\\/catalogo\\\/wp-content\\\/uploads\\\/2024\\\/03\\\/logo2.webp\",\"contentUrl\":\"https:\\\/\\\/letrame.com\\\/catalogo\\\/wp-content\\\/uploads\\\/2024\\\/03\\\/logo2.webp\",\"width\":394,\"height\":128,\"caption\":\"Catalogo | Letrame Grupo Editorial\"},\"image\":{\"@id\":\"https:\\\/\\\/letrame.com\\\/catalogo\\\/#\\\/schema\\\/logo\\\/image\\\/\"}}]}<\/script>\n<!-- \/ Yoast SEO plugin. -->","yoast_head_json":{"title":"El orden superior - Catalogo | Letrame Grupo Editorial","robots":{"index":"index","follow":"follow","max-snippet":"max-snippet:-1","max-image-preview":"max-image-preview:large","max-video-preview":"max-video-preview:-1"},"canonical":"https:\/\/letrame.com\/catalogo\/producto\/el-orden-superior\/","og_locale":"es_ES","og_type":"article","og_title":"El orden superior - Catalogo | Letrame Grupo Editorial","og_description":"ISBN: 978-84-1386-590-4 El orden superior presenta el desarrollo emocional y cognitivo de una vida. En \u00e9l resuena, en m\u00faltiples y cambiantes ritmos, desde la infancia inquieta e imaginativa, hasta la madurez de quien, en el ruido del mundo, afirma el m\u00e1s alto grado de su existencia.","og_url":"https:\/\/letrame.com\/catalogo\/producto\/el-orden-superior\/","og_site_name":"Catalogo | Letrame Grupo Editorial","article_modified_time":"2024-04-29T10:09:37+00:00","og_image":[{"width":1594,"height":2303,"url":"https:\/\/letrame.com\/catalogo\/wp-content\/uploads\/2024\/04\/El-Orden-Superior.jpeg","type":"image\/jpeg"}],"twitter_card":"summary_large_image","twitter_misc":{"Tiempo de lectura":"1 minuto"},"schema":{"@context":"https:\/\/schema.org","@graph":[{"@type":"WebPage","@id":"https:\/\/letrame.com\/catalogo\/producto\/el-orden-superior\/","url":"https:\/\/letrame.com\/catalogo\/producto\/el-orden-superior\/","name":"El orden superior - Catalogo | Letrame Grupo Editorial","isPartOf":{"@id":"https:\/\/letrame.com\/catalogo\/#website"},"primaryImageOfPage":{"@id":"https:\/\/letrame.com\/catalogo\/producto\/el-orden-superior\/#primaryimage"},"image":{"@id":"https:\/\/letrame.com\/catalogo\/producto\/el-orden-superior\/#primaryimage"},"thumbnailUrl":"https:\/\/letrame.com\/catalogo\/wp-content\/uploads\/2024\/04\/El-Orden-Superior.jpeg","datePublished":"2024-04-29T10:08:44+00:00","dateModified":"2024-04-29T10:09:37+00:00","breadcrumb":{"@id":"https:\/\/letrame.com\/catalogo\/producto\/el-orden-superior\/#breadcrumb"},"inLanguage":"es","potentialAction":[{"@type":"ReadAction","target":["https:\/\/letrame.com\/catalogo\/producto\/el-orden-superior\/"]}]},{"@type":"ImageObject","inLanguage":"es","@id":"https:\/\/letrame.com\/catalogo\/producto\/el-orden-superior\/#primaryimage","url":"https:\/\/letrame.com\/catalogo\/wp-content\/uploads\/2024\/04\/El-Orden-Superior.jpeg","contentUrl":"https:\/\/letrame.com\/catalogo\/wp-content\/uploads\/2024\/04\/El-Orden-Superior.jpeg","width":1594,"height":2303},{"@type":"BreadcrumbList","@id":"https:\/\/letrame.com\/catalogo\/producto\/el-orden-superior\/#breadcrumb","itemListElement":[{"@type":"ListItem","position":1,"name":"Portada","item":"https:\/\/letrame.com\/catalogo\/"},{"@type":"ListItem","position":2,"name":"Cat\u00e1logo","item":"https:\/\/letrame.com\/catalogo\/"},{"@type":"ListItem","position":3,"name":"El orden superior"}]},{"@type":"WebSite","@id":"https:\/\/letrame.com\/catalogo\/#website","url":"https:\/\/letrame.com\/catalogo\/","name":"Catalogo | Letrame Grupo Editorial","description":"","publisher":{"@id":"https:\/\/letrame.com\/catalogo\/#organization"},"potentialAction":[{"@type":"SearchAction","target":{"@type":"EntryPoint","urlTemplate":"https:\/\/letrame.com\/catalogo\/?s={search_term_string}"},"query-input":{"@type":"PropertyValueSpecification","valueRequired":true,"valueName":"search_term_string"}}],"inLanguage":"es"},{"@type":"Organization","@id":"https:\/\/letrame.com\/catalogo\/#organization","name":"Catalogo | Letrame Grupo Editorial","url":"https:\/\/letrame.com\/catalogo\/","logo":{"@type":"ImageObject","inLanguage":"es","@id":"https:\/\/letrame.com\/catalogo\/#\/schema\/logo\/image\/","url":"https:\/\/letrame.com\/catalogo\/wp-content\/uploads\/2024\/03\/logo2.webp","contentUrl":"https:\/\/letrame.com\/catalogo\/wp-content\/uploads\/2024\/03\/logo2.webp","width":394,"height":128,"caption":"Catalogo | Letrame Grupo Editorial"},"image":{"@id":"https:\/\/letrame.com\/catalogo\/#\/schema\/logo\/image\/"}}]}},"_links":{"self":[{"href":"https:\/\/letrame.com\/catalogo\/wp-json\/wp\/v2\/product\/96861","targetHints":{"allow":["GET"]}}],"collection":[{"href":"https:\/\/letrame.com\/catalogo\/wp-json\/wp\/v2\/product"}],"about":[{"href":"https:\/\/letrame.com\/catalogo\/wp-json\/wp\/v2\/types\/product"}],"replies":[{"embeddable":true,"href":"https:\/\/letrame.com\/catalogo\/wp-json\/wp\/v2\/comments?post=96861"}],"wp:featuredmedia":[{"embeddable":true,"href":"https:\/\/letrame.com\/catalogo\/wp-json\/wp\/v2\/media\/96862"}],"wp:attachment":[{"href":"https:\/\/letrame.com\/catalogo\/wp-json\/wp\/v2\/media?parent=96861"}],"wp:term":[{"taxonomy":"libro","embeddable":true,"href":"https:\/\/letrame.com\/catalogo\/wp-json\/wp\/v2\/libro?post=96861"},{"taxonomy":"product_brand","embeddable":true,"href":"https:\/\/letrame.com\/catalogo\/wp-json\/wp\/v2\/product_brand?post=96861"},{"taxonomy":"product_cat","embeddable":true,"href":"https:\/\/letrame.com\/catalogo\/wp-json\/wp\/v2\/product_cat?post=96861"},{"taxonomy":"product_tag","embeddable":true,"href":"https:\/\/letrame.com\/catalogo\/wp-json\/wp\/v2\/product_tag?post=96861"}],"curies":[{"name":"wp","href":"https:\/\/api.w.org\/{rel}","templated":true}]}}

<div class="page" title="Page 6">
<div class="layoutArea">
<div class="column">
<p><strong>ISBN</strong>: 978-84-1386-590-4</p>
</div>
</div>
</div>
<p><b>Título</b><span style="font-weight: 400;">: El orden superior</span><span style="font-weight: 400;"><br />
</span><b>Fecha</b><span style="font-weight: 400;">: 2021</span><span style="font-weight: 400;"><br />
</span><b>Páginas</b><span style="font-weight: 400;">: 90</span></p>
<p><b>SINOPSIS</b></p>
<p>El ser humano puede considerarse un instrumento musical, pues la poesía es la ambición del lenguaje por volverse tan poderosamente emocional como la música. Los libros, así, vienen a ser una partitura escrita para la intimidad de un solo ejecutante.</p>
<p>&nbsp;</p>
<p>La música y la poesía son lenguajes donde no existe la mentira. Ambos se articulan generando una tensión que se alivia como un descubrimiento sobre nosotros mismos. En un poemario, entonces, se pretende que ejecutemos los sonidos que revelarán lo que somos.</p>
<p>&nbsp;</p>
<p>Mas la vida no es estática. De ahí que las constantes de la música y de la poesía sean el ritmo, el cambio. Y bienvenido sea a este libro quien desea escuchar la compleja sinfonía de lo que somos, de lo que hemos sido y en lo que ardientemente deseamos convertirnos.</p>
<p>&nbsp;</p>
<p><em>El orden superior </em>presenta el desarrollo emocional y cognitivo de una vida. En él resuena, en múltiples y cambiantes ritmos, desde la infancia inquieta e imaginativa, hasta la madurez de quien, en el ruido del mundo, afirma el más alto grado de su existencia.</p>

<p><strong>ISBN: 978-84-1386-590-4</strong></p>
<p><em>El orden superior </em>presenta el desarrollo emocional y cognitivo de una vida. En él resuena, en múltiples y cambiantes ritmos, desde la infancia inquieta e imaginativa, hasta la madurez de quien, en el ruido del mundo, afirma el más alto grado de su existencia.</p>

<!-- This site is optimized with the Yoast SEO plugin v27.4 - https://yoast.com/product/yoast-seo-wordpress/ -->
<title>El orden superior - Catalogo | Letrame Grupo Editorial</title>
<meta name="robots" content="index, follow, max-snippet:-1, max-image-preview:large, max-video-preview:-1" />
<link rel="canonical" href="https://letrame.com/catalogo/producto/el-orden-superior/" />
<meta property="og:locale" content="es_ES" />
<meta property="og:type" content="article" />
<meta property="og:title" content="El orden superior - Catalogo | Letrame Grupo Editorial" />
<meta property="og:description" content="ISBN: 978-84-1386-590-4 El orden superior presenta el desarrollo emocional y cognitivo de una vida. En él resuena, en múltiples y cambiantes ritmos, desde la infancia inquieta e imaginativa, hasta la madurez de quien, en el ruido del mundo, afirma el más alto grado de su existencia." />
<meta property="og:url" content="https://letrame.com/catalogo/producto/el-orden-superior/" />
<meta property="og:site_name" content="Catalogo | Letrame Grupo Editorial" />
<meta property="article:modified_time" content="2024-04-29T10:09:37+00:00" />
<meta property="og:image" content="https://letrame.com/catalogo/wp-content/uploads/2024/04/El-Orden-Superior.jpeg" />
	<meta property="og:image:width" content="1594" />
	<meta property="og:image:height" content="2303" />
	<meta property="og:image:type" content="image/jpeg" />
<meta name="twitter:card" content="summary_large_image" />
<meta name="twitter:label1" content="Tiempo de lectura" />
	<meta name="twitter:data1" content="1 minuto" />
<script type="application/ld+json" class="yoast-schema-graph">{"@context":"https:\/\/schema.org","@graph":[{"@type":"WebPage","@id":"https:\/\/letrame.com\/catalogo\/producto\/el-orden-superior\/","url":"https:\/\/letrame.com\/catalogo\/producto\/el-orden-superior\/","name":"El orden superior - Catalogo | Letrame Grupo Editorial","isPartOf":{"@id":"https:\/\/letrame.com\/catalogo\/#website"},"primaryImageOfPage":{"@id":"https:\/\/letrame.com\/catalogo\/producto\/el-orden-superior\/#primaryimage"},"image":{"@id":"https:\/\/letrame.com\/catalogo\/producto\/el-orden-superior\/#primaryimage"},"thumbnailUrl":"https:\/\/letrame.com\/catalogo\/wp-content\/uploads\/2024\/04\/El-Orden-Superior.jpeg","datePublished":"2024-04-29T10:08:44+00:00","dateModified":"2024-04-29T10:09:37+00:00","breadcrumb":{"@id":"https:\/\/letrame.com\/catalogo\/producto\/el-orden-superior\/#breadcrumb"},"inLanguage":"es","potentialAction":[{"@type":"ReadAction","target":["https:\/\/letrame.com\/catalogo\/producto\/el-orden-superior\/"]}]},{"@type":"ImageObject","inLanguage":"es","@id":"https:\/\/letrame.com\/catalogo\/producto\/el-orden-superior\/#primaryimage","url":"https:\/\/letrame.com\/catalogo\/wp-content\/uploads\/2024\/04\/El-Orden-Superior.jpeg","contentUrl":"https:\/\/letrame.com\/catalogo\/wp-content\/uploads\/2024\/04\/El-Orden-Superior.jpeg","width":1594,"height":2303},{"@type":"BreadcrumbList","@id":"https:\/\/letrame.com\/catalogo\/producto\/el-orden-superior\/#breadcrumb","itemListElement":[{"@type":"ListItem","position":1,"name":"Portada","item":"https:\/\/letrame.com\/catalogo\/"},{"@type":"ListItem","position":2,"name":"Catálogo","item":"https:\/\/letrame.com\/catalogo\/"},{"@type":"ListItem","position":3,"name":"El orden superior"}]},{"@type":"WebSite","@id":"https:\/\/letrame.com\/catalogo\/#website","url":"https:\/\/letrame.com\/catalogo\/","name":"Catalogo | Letrame Grupo Editorial","description":"","publisher":{"@id":"https:\/\/letrame.com\/catalogo\/#organization"},"potentialAction":[{"@type":"SearchAction","target":{"@type":"EntryPoint","urlTemplate":"https:\/\/letrame.com\/catalogo\/?s={search_term_string}"},"query-input":{"@type":"PropertyValueSpecification","valueRequired":true,"valueName":"search_term_string"}}],"inLanguage":"es"},{"@type":"Organization","@id":"https:\/\/letrame.com\/catalogo\/#organization","name":"Catalogo | Letrame Grupo Editorial","url":"https:\/\/letrame.com\/catalogo\/","logo":{"@type":"ImageObject","inLanguage":"es","@id":"https:\/\/letrame.com\/catalogo\/#\/schema\/logo\/image\/","url":"https:\/\/letrame.com\/catalogo\/wp-content\/uploads\/2024\/03\/logo2.webp","contentUrl":"https:\/\/letrame.com\/catalogo\/wp-content\/uploads\/2024\/03\/logo2.webp","width":394,"height":128,"caption":"Catalogo | Letrame Grupo Editorial"},"image":{"@id":"https:\/\/letrame.com\/catalogo\/#\/schema\/logo\/image\/"}}]}</script>
<!-- / Yoast SEO plugin. -->

ISBN: 978-84-1386-590-4 El orden superior presenta el desarrollo emocional y cognitivo de una vida. En él resuena, en múltiples y cambiantes ritmos, desde la infancia inquieta e imaginativa, hasta la madurez de quien, en el ruido del mundo, afirma el más alto grado de su existencia.

Catálogo
